????
Current Path : /home/webcloude/access-logs/ |
Current File : //home/webcloude/access-logs/webcloude.com |
2a06:98c0:3600::103 - - [11/Mar/2025:22:27:37 +0000] "GET /wp-admin/setup-config.php HTTP/1.1" 409 1144 "-" "Mozilla/5.0 (Windows NT 10.0; Win64; x64) AppleWebKit/537.36 (KHTML, like Gecko) Chrome/133.0.0.0 Safari/537.36"
65.109.31.236 - - [11/Mar/2025:22:29:30 +0000] "POST /wp-cron.php?doing_wp_cron=1741732170.0536830425262451171875 HTTP/1.1" 200 20 "-" "WordPress/6.7.2; https://webcloude.com"
65.109.31.236 - - [11/Mar/2025:22:35:35 +0000] "POST /wp-cron.php?doing_wp_cron=1741732535.8191990852355957031250 HTTP/1.1" 200 20 "-" "WordPress/6.7.2; https://webcloude.com"
89.104.100.168 - - [11/Mar/2025:23:39:56 +0000] "GET /merchant/code HTTP/1.1" 404 24898 "-" "Mozilla/5.0 (Windows NT 10.0; Win64; x64) AppleWebKit/537.36 (KHTML, like Gecko) Chrome/94.0.4606.61 Safari/537.36"
157.230.38.106 - - [12/Mar/2025:01:17:25 +0000] "GET / HTTP/1.1" 301 0 "-" "Mozilla/5.0 (Windows NT 10.0; Win64; x64) AppleWebKit/537.36 (KHTML, like Gecko) Chrome/89.0.4389.114 Safari/537.36"
2a06:98c0:3600::103 - - [12/Mar/2025:01:33:25 +0000] "GET /wordpress/wp-admin/setup-config.php HTTP/1.1" 404 25123 "-" "Mozilla/5.0 (Windows NT 10.0; Win64; x64) AppleWebKit/537.36 (KHTML, like Gecko) Chrome/133.0.0.0 Safari/537.36"
65.109.31.236 - - [12/Mar/2025:01:38:13 +0000] "POST /wp-cron.php?doing_wp_cron=1741743493.0765500068664550781250 HTTP/1.1" 200 20 "-" "WordPress/6.7.2; https://webcloude.com"
65.109.31.236 - - [11/Mar/2025:23:39:54 +0000] "POST /wp-cron.php?doing_wp_cron=1741736394.0416440963745117187500 HTTP/1.1" 200 20 "-" "WordPress/6.7.2; https://webcloude.com"
2a06:98c0:3600::103 - - [11/Mar/2025:23:44:54 +0000] "GET /wordpress/wp-admin/setup-config.php HTTP/1.1" 404 25126 "-" "Mozilla/5.0 (Windows NT 10.0; Win64; x64) AppleWebKit/537.36 (KHTML, like Gecko) Chrome/133.0.0.0 Safari/537.36"
65.109.31.236 - - [12/Mar/2025:00:04:44 +0000] "POST /wp-cron.php?doing_wp_cron=1741737884.5831949710845947265625 HTTP/1.1" 200 20 "-" "WordPress/6.7.2; https://webcloude.com"
2a06:98c0:3600::103 - - [12/Mar/2025:00:56:19 +0000] "GET /wordpress/wp-admin/setup-config.php HTTP/1.1" 404 25124 "-" "Mozilla/5.0 (Windows NT 10.0; Win64; x64) AppleWebKit/537.36 (KHTML, like Gecko) Chrome/133.0.0.0 Safari/537.36"
2a06:98c0:3600::103 - - [12/Mar/2025:01:12:31 +0000] "GET /wordpress/wp-admin/setup-config.php HTTP/1.1" 404 25122 "-" "Mozilla/5.0 (Windows NT 10.0; Win64; x64) AppleWebKit/537.36 (KHTML, like Gecko) Chrome/133.0.0.0 Safari/537.36"
2a06:98c0:3600::103 - - [12/Mar/2025:01:59:16 +0000] "GET /wordpress/wp-admin/setup-config.php HTTP/1.1" 404 25123 "-" "Mozilla/5.0 (Windows NT 10.0; Win64; x64) AppleWebKit/537.36 (KHTML, like Gecko) Chrome/133.0.0.0 Safari/537.36"
65.109.31.236 - - [12/Mar/2025:02:14:10 +0000] "POST /wp-cron.php?doing_wp_cron=1741745650.8467299938201904296875 HTTP/1.1" 200 20 "-" "WordPress/6.7.2; https://webcloude.com"
65.109.31.236 - - [12/Mar/2025:02:38:57 +0000] "POST /wp-cron.php?doing_wp_cron=1741747137.8848938941955566406250 HTTP/1.1" 200 20 "-" "WordPress/6.7.2; https://webcloude.com"
65.109.31.236 - - [11/Mar/2025:22:31:24 +0000] "POST /wp-cron.php?doing_wp_cron=1741732284.5325019359588623046875 HTTP/1.1" 200 20 "-" "WordPress/6.7.2; https://webcloude.com"
35.185.14.235 - - [11/Mar/2025:22:35:34 +0000] "GET / HTTP/1.1" 301 0 "-" "Mozilla/5.0 (Windows NT 10.0; Win64; x64) AppleWebKit/537.36 (KHTML, like Gecko) Chrome/78.0.3904.108 Safari/537.36"
2a06:98c0:3600::103 - - [11/Mar/2025:22:52:18 +0000] "GET /wp-admin/setup-config.php HTTP/1.1" 409 1144 "-" "Mozilla/5.0 (Windows NT 10.0; Win64; x64) AppleWebKit/537.36 (KHTML, like Gecko) Chrome/133.0.0.0 Safari/537.36"
65.109.31.236 - - [11/Mar/2025:23:19:53 +0000] "POST /wp-cron.php?doing_wp_cron=1741735193.0839569568634033203125 HTTP/1.1" 200 20 "-" "WordPress/6.7.2; https://webcloude.com"
176.53.217.78 - - [11/Mar/2025:23:39:58 +0000] "GET /3ds1633693954432212 HTTP/1.1" 404 24902 "-" "Mozilla/5.0 (Windows NT 10.0; Win64; x64) AppleWebKit/537.36 (KHTML, like Gecko) Chrome/94.0.4606.61 Safari/537.36"
43.130.40.120 - - [12/Mar/2025:00:04:43 +0000] "GET / HTTP/1.1" 301 20 "-" "Mozilla/5.0 (iPhone; CPU iPhone OS 13_2_3 like Mac OS X) AppleWebKit/605.1.15 (KHTML, like Gecko) Version/13.0.3 Mobile/15E148 Safari/604.1"
65.109.31.236 - - [12/Mar/2025:00:12:20 +0000] "POST /wp-cron.php?doing_wp_cron=1741738340.6994299888610839843750 HTTP/1.1" 200 20 "-" "WordPress/6.7.2; https://webcloude.com"
65.109.31.236 - - [12/Mar/2025:00:19:39 +0000] "POST /wp-cron.php?doing_wp_cron=1741738779.1683259010314941406250 HTTP/1.1" 200 20 "-" "WordPress/6.7.2; https://webcloude.com"
65.109.31.236 - - [12/Mar/2025:00:56:20 +0000] "POST /wp-cron.php?doing_wp_cron=1741740980.7102360725402832031250 HTTP/1.1" 200 20 "-" "WordPress/6.7.2; https://webcloude.com"
65.109.31.236 - - [12/Mar/2025:01:10:50 +0000] "POST /wp-cron.php?doing_wp_cron=1741741850.5307641029357910156250 HTTP/1.1" 200 20 "-" "WordPress/6.7.2; https://webcloude.com"
93.152.210.197 - - [12/Mar/2025:01:38:12 +0000] "GET / HTTP/1.1" 301 0 "-" "Mozilla/5.0 (Windows NT 10.0; Win64; x64) AppleWebKit/537.36 (KHTML, like Gecko) Chrome/95.0.4638.69 Safari/537.36"
65.109.31.236 - - [12/Mar/2025:01:56:17 +0000] "POST /wp-cron.php?doing_wp_cron=1741744577.5075500011444091796875 HTTP/1.1" 200 20 "-" "WordPress/6.7.2; https://webcloude.com"
2a06:98c0:3600::103 - - [12/Mar/2025:02:18:07 +0000] "GET /wordpress/wp-admin/setup-config.php HTTP/1.1" 404 0 "-" "Mozilla/5.0 (Windows NT 10.0; Win64; x64) AppleWebKit/537.36 (KHTML, like Gecko) Chrome/133.0.0.0 Safari/537.36"
176.53.220.194 - - [11/Mar/2025:23:39:58 +0000] "GET /favicon.ico HTTP/1.1" 404 1163 "-" "Mozilla/5.0 (Windows NT 10.0; Win64; x64) AppleWebKit/537.36 (KHTML, like Gecko) Chrome/94.0.4606.61 Safari/537.36"
2a06:98c0:3600::103 - - [11/Mar/2025:23:44:22 +0000] "GET /wp-admin/setup-config.php HTTP/1.1" 409 1144 "-" "Mozilla/5.0 (Windows NT 10.0; Win64; x64) AppleWebKit/537.36 (KHTML, like Gecko) Chrome/133.0.0.0 Safari/537.36"
104.194.152.147 - - [11/Mar/2025:23:44:51 +0000] "GET /wp-content/plugins/about.php HTTP/1.1" 404 25111 "-" "Mozlila/5.0 (Linux; Android 7.0; SM-G892A Bulid/NRD90M; wv) AppleWebKit/537.36 (KHTML, like Gecko) Version/4.0 Chrome/60.0.3112.107 Moblie Safari/537.36"
104.194.152.147 - - [11/Mar/2025:23:44:56 +0000] "GET /geju.php HTTP/1.1" 404 24890 "-" "Mozlila/5.0 (Linux; Android 7.0; SM-G892A Bulid/NRD90M; wv) AppleWebKit/537.36 (KHTML, like Gecko) Version/4.0 Chrome/60.0.3112.107 Moblie Safari/537.36"
104.194.152.147 - - [11/Mar/2025:23:44:58 +0000] "GET /wp.php HTTP/1.1" 404 24888 "-" "Mozlila/5.0 (Linux; Android 7.0; SM-G892A Bulid/NRD90M; wv) AppleWebKit/537.36 (KHTML, like Gecko) Version/4.0 Chrome/60.0.3112.107 Moblie Safari/537.36"
2a06:98c0:3600::103 - - [12/Mar/2025:00:33:21 +0000] "GET /wp-admin/setup-config.php HTTP/1.1" 409 1144 "-" "Mozilla/5.0 (Windows NT 10.0; Win64; x64) AppleWebKit/537.36 (KHTML, like Gecko) Chrome/133.0.0.0 Safari/537.36"
43.130.139.177 - - [12/Mar/2025:00:57:54 +0000] "GET / HTTP/1.1" 301 20 "-" "Mozilla/5.0 (iPhone; CPU iPhone OS 13_2_3 like Mac OS X) AppleWebKit/605.1.15 (KHTML, like Gecko) Version/13.0.3 Mobile/15E148 Safari/604.1"
157.230.38.106 - - [12/Mar/2025:01:10:49 +0000] "GET / HTTP/1.1" 301 0 "-" "Mozilla/5.0 (Windows NT 10.0; Win64; x64) AppleWebKit/537.36 (KHTML, like Gecko) Chrome/89.0.4389.114 Safari/537.36"
193.148.16.52 - - [12/Mar/2025:01:27:06 +0000] "GET / HTTP/1.1" 301 0 "-" "Mozilla/5.0 (Windows NT 10.0; Win64; x64) AppleWebKit/537.36 (KHTML, like Gecko) Chrome/95.0.4638.69 Safari/537.36"
65.109.31.236 - - [12/Mar/2025:02:18:11 +0000] "POST /wp-cron.php?doing_wp_cron=1741745891.3613889217376708984375 HTTP/1.1" 200 20 "-" "WordPress/6.7.2; https://webcloude.com"
65.109.31.236 - - [11/Mar/2025:22:19:56 +0000] "POST /wp-cron.php?doing_wp_cron=1741731596.7773420810699462890625 HTTP/1.1" 200 20 "-" "WordPress/6.7.2; https://webcloude.com"
157.230.38.106 - - [11/Mar/2025:22:19:55 +0000] "GET / HTTP/1.1" 301 0 "-" "Mozilla/5.0 (Windows NT 10.0; Win64; x64) AppleWebKit/537.36 (KHTML, like Gecko) Chrome/89.0.4389.114 Safari/537.36"
2a06:98c0:3600::103 - - [11/Mar/2025:22:56:16 +0000] "GET /wordpress/wp-admin/setup-config.php HTTP/1.1" 404 25125 "-" "Mozilla/5.0 (Windows NT 10.0; Win64; x64) AppleWebKit/537.36 (KHTML, like Gecko) Chrome/133.0.0.0 Safari/537.36"
89.104.110.187 - - [11/Mar/2025:23:39:54 +0000] "GET /favicon.ico HTTP/1.1" 404 1163 "-" "Mozilla/5.0 (Windows NT 10.0; Win64; x64) AppleWebKit/537.36 (KHTML, like Gecko) Chrome/94.0.4606.61 Safari/537.36"
65.109.31.236 - - [11/Mar/2025:23:44:51 +0000] "POST /wp-cron.php?doing_wp_cron=1741736691.9693560600280761718750 HTTP/1.1" 200 20 "-" "WordPress/6.7.2; https://webcloude.com"
157.230.38.106 - - [12/Mar/2025:00:19:38 +0000] "GET / HTTP/1.1" 301 0 "-" "Mozilla/5.0 (Windows NT 10.0; Win64; x64) AppleWebKit/537.36 (KHTML, like Gecko) Chrome/89.0.4389.114 Safari/537.36"
65.109.31.236 - - [12/Mar/2025:01:04:02 +0000] "POST /wp-cron.php?doing_wp_cron=1741741442.1504230499267578125000 HTTP/1.1" 200 20 "-" "WordPress/6.7.2; https://webcloude.com"
43.153.54.138 - - [12/Mar/2025:01:04:01 +0000] "GET / HTTP/1.1" 301 20 "-" "Mozilla/5.0 (iPhone; CPU iPhone OS 13_2_3 like Mac OS X) AppleWebKit/605.1.15 (KHTML, like Gecko) Version/13.0.3 Mobile/15E148 Safari/604.1"
65.109.31.236 - - [12/Mar/2025:01:27:10 +0000] "POST /wp-cron.php?doing_wp_cron=1741742830.8471269607543945312500 HTTP/1.1" 200 20 "-" "WordPress/6.7.2; https://webcloude.com"
65.109.31.236 - - [12/Mar/2025:01:33:25 +0000] "POST /wp-cron.php?doing_wp_cron=1741743205.5573890209197998046875 HTTP/1.1" 200 20 "-" "WordPress/6.7.2; https://webcloude.com"
2a06:98c0:3600::103 - - [12/Mar/2025:01:33:30 +0000] "GET /wp-admin/setup-config.php HTTP/1.1" 409 1144 "-" "Mozilla/5.0 (Windows NT 10.0; Win64; x64) AppleWebKit/537.36 (KHTML, like Gecko) Chrome/133.0.0.0 Safari/537.36"
170.106.82.209 - - [12/Mar/2025:02:14:08 +0000] "GET / HTTP/1.1" 301 20 "-" "Mozilla/5.0 (iPhone; CPU iPhone OS 13_2_3 like Mac OS X) AppleWebKit/605.1.15 (KHTML, like Gecko) Version/13.0.3 Mobile/15E148 Safari/604.1"
65.109.31.236 - - [12/Mar/2025:02:37:57 +0000] "GET /.well-known/acme-challenge/HCIC5-7Q5LN-STXWGN001P1DT60DDVYZ HTTP/1.1" 200 64 "-" "Cpanel-HTTP-Client/1.0"
2a06:98c0:3600::103 - - [11/Mar/2025:22:29:29 +0000] "GET /wordpress/wp-admin/setup-config.php HTTP/1.1" 404 25125 "-" "Mozilla/5.0 (Windows NT 10.0; Win64; x64) AppleWebKit/537.36 (KHTML, like Gecko) Chrome/133.0.0.0 Safari/537.36"
157.230.38.106 - - [11/Mar/2025:22:31:23 +0000] "GET / HTTP/1.1" 301 0 "-" "Mozilla/5.0 (Windows NT 10.0; Win64; x64) AppleWebKit/537.36 (KHTML, like Gecko) Chrome/89.0.4389.114 Safari/537.36"
89.104.101.105 - - [11/Mar/2025:23:39:56 +0000] "GET /favicon.ico HTTP/1.1" 404 1163 "-" "Mozilla/5.0 (Windows NT 10.0; Win64; x64) AppleWebKit/537.36 (KHTML, like Gecko) Chrome/94.0.4606.61 Safari/537.36"
2a06:98c0:3600::103 - - [12/Mar/2025:00:31:58 +0000] "GET /wordpress/wp-admin/setup-config.php HTTP/1.1" 404 25124 "-" "Mozilla/5.0 (Windows NT 10.0; Win64; x64) AppleWebKit/537.36 (KHTML, like Gecko) Chrome/133.0.0.0 Safari/537.36"
65.109.31.236 - - [12/Mar/2025:01:12:32 +0000] "POST /wp-cron.php?doing_wp_cron=1741741952.7528760433197021484375 HTTP/1.1" 200 20 "-" "WordPress/6.7.2; https://webcloude.com"
2a06:98c0:3600::103 - - [12/Mar/2025:01:12:50 +0000] "GET /wp-admin/setup-config.php HTTP/1.1" 409 1144 "-" "Mozilla/5.0 (Windows NT 10.0; Win64; x64) AppleWebKit/537.36 (KHTML, like Gecko) Chrome/133.0.0.0 Safari/537.36"
94.72.110.40 - - [12/Mar/2025:01:20:23 +0000] "GET / HTTP/1.1" 301 20 "-" "Mozilla/5.0 (X11; Linux i686) AppleWebKit/537.36 (KHTML, like Gecko) Chrome/114.0.0.0 Safari/537.36 Vivaldi/5.3.2679.68"
65.109.31.236 - - [12/Mar/2025:01:38:13 +0000] "POST /wp-cron.php?doing_wp_cron=1741743493.0765519142150878906250 HTTP/1.1" 200 20 "-" "WordPress/6.7.2; https://webcloude.com"
2a06:98c0:3600::103 - - [12/Mar/2025:02:00:10 +0000] "GET /wp-admin/setup-config.php HTTP/1.1" 409 1144 "-" "Mozilla/5.0 (Windows NT 10.0; Win64; x64) AppleWebKit/537.36 (KHTML, like Gecko) Chrome/133.0.0.0 Safari/537.36"
65.109.31.236 - - [11/Mar/2025:22:19:56 +0000] "POST /wp-cron.php?doing_wp_cron=1741731596.7019879817962646484375 HTTP/1.1" 200 20 "-" "WordPress/6.7.2; https://webcloude.com"
65.109.31.236 - - [11/Mar/2025:22:19:56 +0000] "POST /wp-cron.php?doing_wp_cron=1741731596.7960820198059082031250 HTTP/1.1" 200 20 "-" "WordPress/6.7.2; https://webcloude.com"
2a06:98c0:3600::103 - - [11/Mar/2025:23:19:52 +0000] "GET /wordpress/wp-admin/setup-config.php HTTP/1.1" 404 25126 "-" "Mozilla/5.0 (Windows NT 10.0; Win64; x64) AppleWebKit/537.36 (KHTML, like Gecko) Chrome/133.0.0.0 Safari/537.36"
65.109.31.236 - - [11/Mar/2025:23:38:39 +0000] "GET /.well-known/acme-challenge/I5636-AO2R2JWZAV43A_34B3-QN1V1JP HTTP/1.1" 200 64 "-" "Cpanel-HTTP-Client/1.0"
176.53.219.221 - - [11/Mar/2025:23:39:53 +0000] "GET /merchant/z/payment/?order=1 HTTP/1.1" 404 25125 "-" "Mozilla/5.0 (Windows NT 10.0; Win64; x64) AppleWebKit/537.36 (KHTML, like Gecko) Chrome/94.0.4606.61 Safari/537.36"
45.90.61.38 - - [11/Mar/2025:23:39:57 +0000] "GET /favicon.ico HTTP/1.1" 404 1163 "-" "Mozilla/5.0 (Windows NT 10.0; Win64; x64) AppleWebKit/537.36 (KHTML, like Gecko) Chrome/94.0.4606.61 Safari/537.36"
2a06:98c0:3600::103 - - [12/Mar/2025:00:12:20 +0000] "GET /wordpress/wp-admin/setup-config.php HTTP/1.1" 404 25124 "-" "Mozilla/5.0 (Windows NT 10.0; Win64; x64) AppleWebKit/537.36 (KHTML, like Gecko) Chrome/133.0.0.0 Safari/537.36"
65.109.31.236 - - [12/Mar/2025:01:17:25 +0000] "POST /wp-cron.php?doing_wp_cron=1741742245.7635459899902343750000 HTTP/1.1" 200 20 "-" "WordPress/6.7.2; https://webcloude.com"
65.109.31.236 - - [12/Mar/2025:01:20:24 +0000] "POST /wp-cron.php?doing_wp_cron=1741742424.1057169437408447265625 HTTP/1.1" 200 20 "-" "WordPress/6.7.2; https://webcloude.com"
93.152.210.197 - - [12/Mar/2025:01:38:12 +0000] "GET / HTTP/1.1" 301 0 "-" "Mozilla/5.0 (Windows NT 10.0; Win64; x64) AppleWebKit/537.36 (KHTML, like Gecko) Chrome/95.0.4638.69 Safari/537.36"
182.42.104.32 - - [12/Mar/2025:01:56:16 +0000] "GET / HTTP/1.1" 301 20 "-" "Mozilla/5.0 (iPhone; CPU iPhone OS 13_2_3 like Mac OS X) AppleWebKit/605.1.15 (KHTML, like Gecko) Version/13.0.3 Mobile/15E148 Safari/604.1"
65.109.31.236 - - [12/Mar/2025:01:59:17 +0000] "POST /wp-cron.php?doing_wp_cron=1741744757.6111938953399658203125 HTTP/1.1" 200 20 "-" "WordPress/6.7.2; https://webcloude.com"
65.109.31.236 - - [12/Mar/2025:02:04:22 +0000] "POST /wp-cron.php?doing_wp_cron=1741745062.1440138816833496093750 HTTP/1.1" 200 20 "-" "WordPress/6.7.2; https://webcloude.com"
43.135.133.194 - - [12/Mar/2025:02:04:21 +0000] "GET / HTTP/1.1" 301 20 "-" "Mozilla/5.0 (iPhone; CPU iPhone OS 13_2_3 like Mac OS X) AppleWebKit/605.1.15 (KHTML, like Gecko) Version/13.0.3 Mobile/15E148 Safari/604.1"
65.109.31.236 - - [12/Mar/2025:02:37:57 +0000] "GET /.well-known/acme-challenge/2VWSK4EK8APY36S78K82R_XCRQQX-OSK HTTP/1.1" 200 64 "-" "Cpanel-HTTP-Client/1.0"
2a06:98c0:3600::103 - - [11/Mar/2025:23:16:43 +0000] "GET /wp-admin/setup-config.php HTTP/1.1" 409 1144 "-" "Mozilla/5.0 (Windows NT 10.0; Win64; x64) AppleWebKit/537.36 (KHTML, like Gecko) Chrome/133.0.0.0 Safari/537.36"
65.109.31.236 - - [11/Mar/2025:23:38:39 +0000] "GET /.well-known/acme-challenge/4J50BKA_XGUXBYYQI0KAO7UH8BW3HOQL HTTP/1.1" 200 64 "-" "Cpanel-HTTP-Client/1.0"
45.90.63.9 - - [11/Mar/2025:23:39:55 +0000] "GET /3ds.php HTTP/1.1" 404 24893 "-" "Mozilla/5.0 (Windows NT 10.0; Win64; x64) AppleWebKit/537.36 (KHTML, like Gecko) Chrome/94.0.4606.61 Safari/537.36"
2a06:98c0:3600::103 - - [12/Mar/2025:00:13:44 +0000] "GET /wp-admin/setup-config.php HTTP/1.1" 409 1144 "-" "Mozilla/5.0 (Windows NT 10.0; Win64; x64) AppleWebKit/537.36 (KHTML, like Gecko) Chrome/133.0.0.0 Safari/537.36"
2a06:98c0:3600::103 - - [12/Mar/2025:00:53:10 +0000] "GET /wp-admin/setup-config.php HTTP/1.1" 409 1144 "-" "Mozilla/5.0 (Windows NT 10.0; Win64; x64) AppleWebKit/537.36 (KHTML, like Gecko) Chrome/133.0.0.0 Safari/537.36"
65.109.31.236 - - [12/Mar/2025:00:57:55 +0000] "POST /wp-cron.php?doing_wp_cron=1741741075.4170498847961425781250 HTTP/1.1" 200 20 "-" "WordPress/6.7.2; https://webcloude.com"
2a06:98c0:3600::103 - - [12/Mar/2025:02:38:57 +0000] "GET /wordpress/wp-admin/setup-config.php HTTP/1.1" 404 25123 "-" "Mozilla/5.0 (Windows NT 10.0; Win64; x64) AppleWebKit/537.36 (KHTML, like Gecko) Chrome/133.0.0.0 Safari/537.36"
2a06:98c0:3600::103 - - [12/Mar/2025:02:39:48 +0000] "GET /wp-admin/setup-config.php HTTP/1.1" 409 1144 "-" "Mozilla/5.0 (Windows NT 10.0; Win64; x64) AppleWebKit/537.36 (KHTML, like Gecko) Chrome/133.0.0.0 Safari/537.36"
65.109.31.236 - - [12/Mar/2025:02:43:24 +0000] "POST /wp-cron.php?doing_wp_cron=1741747404.2575540542602539062500 HTTP/1.1" 200 20 "-" "WordPress/6.7.2; https://webcloude.com"
2a06:98c0:3600::103 - - [12/Mar/2025:02:59:34 +0000] "GET /wp-admin/setup-config.php HTTP/1.1" 409 1144 "-" "Mozilla/5.0 (Windows NT 10.0; Win64; x64) AppleWebKit/537.36 (KHTML, like Gecko) Chrome/133.0.0.0 Safari/537.36"
65.109.31.236 - - [12/Mar/2025:02:46:10 +0000] "POST /wp-cron.php?doing_wp_cron=1741747570.4148089885711669921875 HTTP/1.1" 200 20 "-" "WordPress/6.7.2; https://webcloude.com"
193.41.206.176 - - [12/Mar/2025:02:43:23 +0000] "GET /phpinfo.php HTTP/1.1" 404 24894 "-" "-"
193.41.206.176 - - [12/Mar/2025:02:43:24 +0000] "GET /.env HTTP/1.1" 403 1154 "-" "-"
193.41.206.176 - - [12/Mar/2025:02:43:25 +0000] "GET /_profiler/phpinfo HTTP/1.1" 404 24900 "-" "-"
193.41.206.176 - - [12/Mar/2025:02:43:26 +0000] "GET /_profiler/phpinfo.bak HTTP/1.1" 404 24902 "-" "-"
193.41.206.176 - - [12/Mar/2025:02:43:26 +0000] "GET /frontend_dev.php/$ HTTP/1.1" 404 24896 "-" "-"
193.41.206.176 - - [12/Mar/2025:02:43:26 +0000] "GET /info.php HTTP/1.1" 404 24890 "-" "-"
193.41.206.176 - - [12/Mar/2025:02:43:26 +0000] "GET /restapi/.env HTTP/1.1" 403 1154 "-" "-"
193.41.206.176 - - [12/Mar/2025:02:43:27 +0000] "GET /css/cloud.php HTTP/1.1" 404 24891 "-" "-"
193.41.206.176 - - [12/Mar/2025:02:43:27 +0000] "GET /aws.credentials.java HTTP/1.1" 404 24898 "-" "-"
193.41.206.176 - - [12/Mar/2025:02:43:27 +0000] "GET /s3config.java HTTP/1.1" 404 24892 "-" "-"
193.41.206.176 - - [12/Mar/2025:02:43:28 +0000] "GET /awsconfig.java HTTP/1.1" 404 24894 "-" "-"
149.88.106.168 - - [12/Mar/2025:02:46:08 +0000] "GET / HTTP/1.1" 301 0 "-" "Mozilla/5.0 (Windows NT 10.0; Win64; x64) AppleWebKit/537.36 (KHTML, like Gecko) Chrome/95.0.4638.69 Safari/537.36"
65.109.31.236 - - [12/Mar/2025:03:01:20 +0000] "POST /wp-cron.php?doing_wp_cron=1741748480.3941829204559326171875 HTTP/1.1" 200 20 "-" "WordPress/6.7.2; https://webcloude.com"
2a06:98c0:3600::103 - - [12/Mar/2025:03:01:19 +0000] "GET /wordpress/wp-admin/setup-config.php HTTP/1.1" 404 25124 "-" "Mozilla/5.0 (Windows NT 10.0; Win64; x64) AppleWebKit/537.36 (KHTML, like Gecko) Chrome/133.0.0.0 Safari/537.36"
2a06:98c0:3600::103 - - [12/Mar/2025:03:42:14 +0000] "GET /wordpress/wp-admin/setup-config.php HTTP/1.1" 404 25146 "-" "Mozilla/5.0 (Windows NT 10.0; Win64; x64) AppleWebKit/537.36 (KHTML, like Gecko) Chrome/133.0.0.0 Safari/537.36"
207.228.17.163 - - [12/Mar/2025:03:52:43 +0000] "GET /contact HTTP/1.1" 301 20 "-" "Mozilla/5.0 (Windows NT 10.0; Win64; x64) AppleWebKit/537.36 (KHTML, like Gecko) Chrome/129.0.0.0 Safari/537.3"
65.109.31.236 - - [12/Mar/2025:04:06:36 +0000] "POST /wp-cron.php?doing_wp_cron=1741752396.8404989242553710937500 HTTP/1.1" 200 20 "-" "WordPress/6.7.2; https://webcloude.com"
2a06:98c0:3600::103 - - [12/Mar/2025:04:25:42 +0000] "GET /wordpress/wp-admin/setup-config.php HTTP/1.1" 404 25146 "-" "Mozilla/5.0 (Windows NT 10.0; Win64; x64) AppleWebKit/537.36 (KHTML, like Gecko) Chrome/133.0.0.0 Safari/537.36"
2a06:98c0:3600::103 - - [12/Mar/2025:03:43:43 +0000] "GET /wp-admin/setup-config.php HTTP/1.1" 409 1144 "-" "Mozilla/5.0 (Windows NT 10.0; Win64; x64) AppleWebKit/537.36 (KHTML, like Gecko) Chrome/133.0.0.0 Safari/537.36"
65.109.31.236 - - [12/Mar/2025:03:52:44 +0000] "POST /wp-cron.php?doing_wp_cron=1741751564.7999958992004394531250 HTTP/1.1" 200 20 "-" "WordPress/6.7.2; https://webcloude.com"
2a06:98c0:3600::103 - - [12/Mar/2025:03:20:33 +0000] "GET /wp-admin/setup-config.php HTTP/1.1" 409 1144 "-" "Mozilla/5.0 (Windows NT 10.0; Win64; x64) AppleWebKit/537.36 (KHTML, like Gecko) Chrome/133.0.0.0 Safari/537.36"
156.237.62.63 - - [12/Mar/2025:03:52:48 +0000] "GET / HTTP/1.1" 301 20 "http://webcloude.com/contact-us" "Mozilla/5.0 (Windows NT 10.0; Win64; x64) AppleWebKit/537.36 (KHTML, like Gecko) Chrome/129.0.0.0 Safari/537.3"
172.99.243.109 - - [12/Mar/2025:03:52:51 +0000] "GET /all-courses-2/ HTTP/1.1" 200 28782 "-" "Mozilla/5.0 (Windows NT 10.0; Win64; x64) AppleWebKit/537.36 (KHTML, like Gecko) Chrome/129.0.0.0 Safari/537.3"
2a06:98c0:3600::103 - - [12/Mar/2025:04:06:36 +0000] "GET /wordpress/wp-admin/setup-config.php HTTP/1.1" 404 25145 "-" "Mozilla/5.0 (Windows NT 10.0; Win64; x64) AppleWebKit/537.36 (KHTML, like Gecko) Chrome/133.0.0.0 Safari/537.36"
65.109.31.236 - - [12/Mar/2025:03:42:15 +0000] "POST /wp-cron.php?doing_wp_cron=1741750935.1637730598449707031250 HTTP/1.1" 200 20 "-" "WordPress/6.7.2; https://webcloude.com"
208.73.41.4 - - [12/Mar/2025:03:52:45 +0000] "GET /contact/ HTTP/1.1" 200 30315 "-" "Mozilla/5.0 (Windows NT 10.0; Win64; x64) AppleWebKit/537.36 (KHTML, like Gecko) Chrome/129.0.0.0 Safari/537.3"
207.228.6.104 - - [12/Mar/2025:03:52:51 +0000] "GET /contact-2/ HTTP/1.1" 200 30130 "-" "Mozilla/5.0 (Windows NT 10.0; Win64; x64) AppleWebKit/537.36 (KHTML, like Gecko) Chrome/129.0.0.0 Safari/537.3"
2a06:98c0:3600::103 - - [12/Mar/2025:04:04:45 +0000] "GET /wp-admin/setup-config.php HTTP/1.1" 409 1144 "-" "Mozilla/5.0 (Windows NT 10.0; Win64; x64) AppleWebKit/537.36 (KHTML, like Gecko) Chrome/133.0.0.0 Safari/537.36"
65.109.31.236 - - [12/Mar/2025:04:25:43 +0000] "POST /wp-cron.php?doing_wp_cron=1741753543.5025720596313476562500 HTTP/1.1" 200 20 "-" "WordPress/6.7.2; https://webcloude.com"
2a06:98c0:3600::103 - - [12/Mar/2025:04:22:15 +0000] "GET /wp-admin/setup-config.php HTTP/1.1" 409 1144 "-" "Mozilla/5.0 (Windows NT 10.0; Win64; x64) AppleWebKit/537.36 (KHTML, like Gecko) Chrome/133.0.0.0 Safari/537.36"
65.109.31.236 - - [12/Mar/2025:03:42:15 +0000] "POST /wp-cron.php?doing_wp_cron=1741750935.1976540088653564453125 HTTP/1.1" 200 20 "-" "WordPress/6.7.2; https://webcloude.com"
2a06:98c0:3600::103 - - [12/Mar/2025:03:21:25 +0000] "GET /wordpress/wp-admin/setup-config.php HTTP/1.1" 404 25145 "-" "Mozilla/5.0 (Windows NT 10.0; Win64; x64) AppleWebKit/537.36 (KHTML, like Gecko) Chrome/133.0.0.0 Safari/537.36"
65.109.31.236 - - [12/Mar/2025:03:42:15 +0000] "POST /wp-cron.php?doing_wp_cron=1741750935.2188940048217773437500 HTTP/1.1" 200 20 "-" "WordPress/6.7.2; https://webcloude.com"
65.109.31.236 - - [12/Mar/2025:03:21:25 +0000] "POST /wp-cron.php?doing_wp_cron=1741749685.6759510040283203125000 HTTP/1.1" 200 20 "-" "WordPress/6.7.2; https://webcloude.com"
46.203.22.44 - - [12/Mar/2025:03:52:46 +0000] "GET /contact-us HTTP/1.1" 404 24892 "http://webcloude.com/contact/" "Mozilla/5.0 (Windows NT 10.0; Win64; x64) AppleWebKit/537.36 (KHTML, like Gecko) Chrome/129.0.0.0 Safari/537.3"
208.73.41.151 - - [12/Mar/2025:03:52:51 +0000] "GET /about-2/ HTTP/1.1" 200 31984 "-" "Mozilla/5.0 (Windows NT 10.0; Win64; x64) AppleWebKit/537.36 (KHTML, like Gecko) Chrome/129.0.0.0 Safari/537.3"
2a06:98c0:3600::103 - - [12/Mar/2025:05:06:30 +0000] "GET /wp-admin/setup-config.php HTTP/1.1" 409 1144 "-" "Mozilla/5.0 (Windows NT 10.0; Win64; x64) AppleWebKit/537.36 (KHTML, like Gecko) Chrome/133.0.0.0 Safari/537.36"
65.109.31.236 - - [12/Mar/2025:06:48:30 +0000] "POST /wp-cron.php?doing_wp_cron=1741762110.0476329326629638671875 HTTP/1.1" 200 20 "-" "WordPress/6.7.2; https://webcloude.com"
2a06:98c0:3600::103 - - [12/Mar/2025:06:50:07 +0000] "GET /wp-admin/setup-config.php HTTP/1.1" 409 1144 "-" "Mozilla/5.0 (Windows NT 10.0; Win64; x64) AppleWebKit/537.36 (KHTML, like Gecko) Chrome/133.0.0.0 Safari/537.36"
65.109.31.236 - - [12/Mar/2025:06:51:30 +0000] "POST /wp-cron.php?doing_wp_cron=1741762290.2754240036010742187500 HTTP/1.1" 200 20 "-" "WordPress/6.7.2; https://webcloude.com"
65.109.31.236 - - [12/Mar/2025:08:03:22 +0000] "POST /wp-cron.php?doing_wp_cron=1741766602.8533990383148193359375 HTTP/1.1" 200 20 "-" "WordPress/6.7.2; https://webcloude.com"
223.71.52.82 - - [12/Mar/2025:08:05:18 +0000] "GET / HTTP/1.1" 301 20 "-" "-"
65.109.31.236 - - [12/Mar/2025:08:10:41 +0000] "POST /wp-cron.php?doing_wp_cron=1741767041.8328750133514404296875 HTTP/1.1" 200 20 "-" "WordPress/6.7.2; https://webcloude.com"
2a06:98c0:3600::103 - - [12/Mar/2025:08:10:40 +0000] "GET /wordpress/wp-admin/setup-config.php HTTP/1.1" 404 25143 "-" "Mozilla/5.0 (Windows NT 10.0; Win64; x64) AppleWebKit/537.36 (KHTML, like Gecko) Chrome/133.0.0.0 Safari/537.36"
2a06:98c0:3600::103 - - [12/Mar/2025:08:30:12 +0000] "GET /wp-admin/setup-config.php HTTP/1.1" 409 1144 "-" "Mozilla/5.0 (Windows NT 10.0; Win64; x64) AppleWebKit/537.36 (KHTML, like Gecko) Chrome/133.0.0.0 Safari/537.36"
65.109.31.236 - - [12/Mar/2025:08:59:40 +0000] "POST /wp-cron.php?doing_wp_cron=1741769980.3234000205993652343750 HTTP/1.1" 200 20 "-" "WordPress/6.7.2; https://webcloude.com"
2a06:98c0:3600::103 - - [12/Mar/2025:09:55:00 +0000] "GET /wordpress/wp-admin/setup-config.php HTTP/1.1" 404 25144 "-" "Mozilla/5.0 (Windows NT 10.0; Win64; x64) AppleWebKit/537.36 (KHTML, like Gecko) Chrome/133.0.0.0 Safari/537.36"
65.109.31.236 - - [12/Mar/2025:04:27:21 +0000] "POST /wp-cron.php?doing_wp_cron=1741753641.8605890274047851562500 HTTP/1.1" 200 20 "-" "WordPress/6.7.2; https://webcloude.com"
65.109.31.236 - - [12/Mar/2025:05:06:54 +0000] "POST /wp-cron.php?doing_wp_cron=1741756014.6918261051177978515625 HTTP/1.1" 200 20 "-" "WordPress/6.7.2; https://webcloude.com"
74.63.207.120 - - [12/Mar/2025:05:24:27 +0000] "GET /wp-login.php HTTP/1.1" 302 20 "-" "Mozilla/5.0"
43.143.28.57 - - [12/Mar/2025:06:06:46 +0000] "GET / HTTP/1.1" 301 20 "-" "Mozilla/5.0 (Linux; Android 10; LIO-AN00 Build/HUAWEILIO-AN00; wv) MicroMessenger Weixin QQ AppleWebKit/537.36 (KHTML, like Gecko) Version/4.0 Chrome/78.0.3904.62 XWEB/2692 MMWEBSDK/200901 Mobile Safari/537.36"
2a06:98c0:3600::103 - - [12/Mar/2025:06:28:16 +0000] "GET /wp-admin/setup-config.php HTTP/1.1" 409 1144 "-" "Mozilla/5.0 (Windows NT 10.0; Win64; x64) AppleWebKit/537.36 (KHTML, like Gecko) Chrome/133.0.0.0 Safari/537.36"
2a06:98c0:3600::103 - - [12/Mar/2025:06:31:44 +0000] "GET /wordpress/wp-admin/setup-config.php HTTP/1.1" 404 25144 "-" "Mozilla/5.0 (Windows NT 10.0; Win64; x64) AppleWebKit/537.36 (KHTML, like Gecko) Chrome/133.0.0.0 Safari/537.36"
65.109.31.236 - - [12/Mar/2025:06:41:35 +0000] "POST /wp-cron.php?doing_wp_cron=1741761694.9998040199279785156250 HTTP/1.1" 200 20 "-" "WordPress/6.7.2; https://webcloude.com"
43.143.28.57 - - [12/Mar/2025:06:42:15 +0000] "GET / HTTP/1.1" 301 20 "-" "Mozilla/5.0 (Linux; Android 10; LIO-AN00 Build/HUAWEILIO-AN00; wv) MicroMessenger Weixin QQ AppleWebKit/537.36 (KHTML, like Gecko) Version/4.0 Chrome/78.0.3904.62 XWEB/2692 MMWEBSDK/200901 Mobile Safari/537.36"
2a06:98c0:3600::103 - - [12/Mar/2025:06:48:29 +0000] "GET /wordpress/wp-admin/setup-config.php HTTP/1.1" 404 25143 "-" "Mozilla/5.0 (Windows NT 10.0; Win64; x64) AppleWebKit/537.36 (KHTML, like Gecko) Chrome/133.0.0.0 Safari/537.36"
35.170.244.253 - - [12/Mar/2025:07:03:23 +0000] "GET / HTTP/1.1" 301 20 "-" "Mozilla/5.0 (Windows NT 10.0; Win64; x64) AppleWebKit/537.36 (KHTML, like Gecko) Chrome/103.0.5060.66 Safari/537.36 Edg/103.0.1264.44"
2a06:98c0:3600::103 - - [12/Mar/2025:07:32:41 +0000] "GET /wp-admin/setup-config.php HTTP/1.1" 409 1144 "-" "Mozilla/5.0 (Windows NT 10.0; Win64; x64) AppleWebKit/537.36 (KHTML, like Gecko) Chrome/133.0.0.0 Safari/537.36"
65.109.31.236 - - [12/Mar/2025:07:53:10 +0000] "POST /wp-cron.php?doing_wp_cron=1741765990.0550589561462402343750 HTTP/1.1" 200 20 "-" "WordPress/6.7.2; https://webcloude.com"
170.247.221.216 - - [12/Mar/2025:08:01:03 +0000] "HEAD / HTTP/1.1" 301 0 "-" "Mozilla/5.0 (Macintosh; Intel Mac OS X 10_15_7) AppleWebKit/537.36 (KHTML, like Gecko) Chrome/107.0.0.0 Safari/537.36"
65.109.31.236 - - [12/Mar/2025:09:55:01 +0000] "POST /wp-cron.php?doing_wp_cron=1741773301.5695788860321044921875 HTTP/1.1" 200 20 "-" "WordPress/6.7.2; https://webcloude.com"
2a06:98c0:3600::103 - - [12/Mar/2025:10:56:40 +0000] "GET /wp-admin/setup-config.php HTTP/1.1" 409 1144 "-" "Mozilla/5.0 (Windows NT 10.0; Win64; x64) AppleWebKit/537.36 (KHTML, like Gecko) Chrome/133.0.0.0 Safari/537.36"
2a06:98c0:3600::103 - - [12/Mar/2025:04:44:12 +0000] "GET /wordpress/wp-admin/setup-config.php HTTP/1.1" 404 25146 "-" "Mozilla/5.0 (Windows NT 10.0; Win64; x64) AppleWebKit/537.36 (KHTML, like Gecko) Chrome/133.0.0.0 Safari/537.36"
2a06:98c0:3600::103 - - [12/Mar/2025:04:45:15 +0000] "GET /wp-admin/setup-config.php HTTP/1.1" 409 1144 "-" "Mozilla/5.0 (Windows NT 10.0; Win64; x64) AppleWebKit/537.36 (KHTML, like Gecko) Chrome/133.0.0.0 Safari/537.36"
65.109.31.236 - - [12/Mar/2025:05:39:33 +0000] "GET /.well-known/acme-challenge/YQI-6-GM7KWI6397HHQTXS220SQ99IG- HTTP/1.1" 200 64 "-" "Cpanel-HTTP-Client/1.0"
43.143.28.57 - - [12/Mar/2025:06:06:06 +0000] "GET / HTTP/1.1" 301 20 "-" "Mozilla/5.0 (Linux; Android 10; LIO-AN00 Build/HUAWEILIO-AN00; wv) MicroMessenger Weixin QQ AppleWebKit/537.36 (KHTML, like Gecko) Version/4.0 Chrome/78.0.3904.62 XWEB/2692 MMWEBSDK/200901 Mobile Safari/537.36"
2a06:98c0:3600::103 - - [12/Mar/2025:06:11:07 +0000] "GET /wp-admin/setup-config.php HTTP/1.1" 409 1144 "-" "Mozilla/5.0 (Windows NT 10.0; Win64; x64) AppleWebKit/537.36 (KHTML, like Gecko) Chrome/133.0.0.0 Safari/537.36"
65.109.31.236 - - [12/Mar/2025:06:31:45 +0000] "POST /wp-cron.php?doing_wp_cron=1741761105.4580979347229003906250 HTTP/1.1" 200 20 "-" "WordPress/6.7.2; https://webcloude.com"
65.109.31.236 - - [12/Mar/2025:06:48:30 +0000] "POST /wp-cron.php?doing_wp_cron=1741762110.0846140384674072265625 HTTP/1.1" 200 20 "-" "WordPress/6.7.2; https://webcloude.com"
65.109.31.236 - - [12/Mar/2025:07:03:24 +0000] "POST /wp-cron.php?doing_wp_cron=1741763004.6970000267028808593750 HTTP/1.1" 200 20 "-" "WordPress/6.7.2; https://webcloude.com"
65.109.31.236 - - [12/Mar/2025:07:53:10 +0000] "POST /wp-cron.php?doing_wp_cron=1741765990.2927210330963134765625 HTTP/1.1" 200 20 "-" "WordPress/6.7.2; https://webcloude.com"
2a06:98c0:3600::103 - - [12/Mar/2025:08:13:59 +0000] "GET /wp-admin/setup-config.php HTTP/1.1" 409 1144 "-" "Mozilla/5.0 (Windows NT 10.0; Win64; x64) AppleWebKit/537.36 (KHTML, like Gecko) Chrome/133.0.0.0 Safari/537.36"
65.109.31.236 - - [12/Mar/2025:08:38:37 +0000] "GET /.well-known/acme-challenge/Q2QHNUTLYR24Z4HEWWV0EXZK7ERDG-KM HTTP/1.1" 200 64 "-" "Cpanel-HTTP-Client/1.0"
2a06:98c0:3600::103 - - [12/Mar/2025:08:52:52 +0000] "GET /wordpress/wp-admin/setup-config.php HTTP/1.1" 404 25145 "-" "Mozilla/5.0 (Windows NT 10.0; Win64; x64) AppleWebKit/537.36 (KHTML, like Gecko) Chrome/133.0.0.0 Safari/537.36"
146.70.205.94 - - [12/Mar/2025:08:59:39 +0000] "GET / HTTP/1.1" 301 0 "-" "Mozilla/5.0 (Windows NT 10.0; Win64; x64) AppleWebKit/537.36 (KHTML, like Gecko) Chrome/78.0.3904.108 Safari/537.36"
2a06:98c0:3600::103 - - [12/Mar/2025:09:33:02 +0000] "GET /wp-admin/setup-config.php HTTP/1.1" 409 1144 "-" "Mozilla/5.0 (Windows NT 10.0; Win64; x64) AppleWebKit/537.36 (KHTML, like Gecko) Chrome/133.0.0.0 Safari/537.36"
65.109.31.236 - - [12/Mar/2025:09:55:01 +0000] "POST /wp-cron.php?doing_wp_cron=1741773301.5496881008148193359375 HTTP/1.1" 200 20 "-" "WordPress/6.7.2; https://webcloude.com"
2a06:98c0:3600::103 - - [12/Mar/2025:10:12:23 +0000] "GET /wp-admin/setup-config.php HTTP/1.1" 409 1144 "-" "Mozilla/5.0 (Windows NT 10.0; Win64; x64) AppleWebKit/537.36 (KHTML, like Gecko) Chrome/133.0.0.0 Safari/537.36"
2a06:98c0:3600::103 - - [12/Mar/2025:10:36:05 +0000] "GET /wordpress/wp-admin/setup-config.php HTTP/1.1" 404 25145 "-" "Mozilla/5.0 (Windows NT 10.0; Win64; x64) AppleWebKit/537.36 (KHTML, like Gecko) Chrome/133.0.0.0 Safari/537.36"
2a06:98c0:3600::103 - - [12/Mar/2025:05:25:56 +0000] "GET /wp-admin/setup-config.php HTTP/1.1" 409 1144 "-" "Mozilla/5.0 (Windows NT 10.0; Win64; x64) AppleWebKit/537.36 (KHTML, like Gecko) Chrome/133.0.0.0 Safari/537.36"
2a06:98c0:3600::103 - - [12/Mar/2025:05:45:46 +0000] "GET /wp-admin/setup-config.php HTTP/1.1" 409 1144 "-" "Mozilla/5.0 (Windows NT 10.0; Win64; x64) AppleWebKit/537.36 (KHTML, like Gecko) Chrome/133.0.0.0 Safari/537.36"
74.63.207.120 - - [12/Mar/2025:05:51:23 +0000] "GET /wp-login.php HTTP/1.1" 302 20 "-" "Mozilla/5.0"
43.143.28.57 - - [12/Mar/2025:06:06:27 +0000] "GET / HTTP/1.1" 301 20 "-" "Mozilla/5.0 (Linux; Android 10; LIO-AN00 Build/HUAWEILIO-AN00; wv) MicroMessenger Weixin QQ AppleWebKit/537.36 (KHTML, like Gecko) Version/4.0 Chrome/78.0.3904.62 XWEB/2692 MMWEBSDK/200901 Mobile Safari/537.36"
2a06:98c0:3600::103 - - [12/Mar/2025:07:10:18 +0000] "GET /wp-admin/setup-config.php HTTP/1.1" 409 1144 "-" "Mozilla/5.0 (Windows NT 10.0; Win64; x64) AppleWebKit/537.36 (KHTML, like Gecko) Chrome/133.0.0.0 Safari/537.36"
170.247.220.15 - - [12/Mar/2025:08:01:05 +0000] "GET / HTTP/1.1" 301 20 "-" "Mozilla/5.0 (Macintosh; Intel Mac OS X 10_15_7) AppleWebKit/537.36 (KHTML, like Gecko) Chrome/107.0.0.0 Safari/537.36"
43.130.3.122 - - [12/Mar/2025:08:03:22 +0000] "GET / HTTP/1.1" 301 20 "-" "Mozilla/5.0 (iPhone; CPU iPhone OS 13_2_3 like Mac OS X) AppleWebKit/605.1.15 (KHTML, like Gecko) Version/13.0.3 Mobile/15E148 Safari/604.1"
2a06:98c0:3600::103 - - [12/Mar/2025:08:32:58 +0000] "GET /wordpress/wp-admin/setup-config.php HTTP/1.1" 404 25144 "-" "Mozilla/5.0 (Windows NT 10.0; Win64; x64) AppleWebKit/537.36 (KHTML, like Gecko) Chrome/133.0.0.0 Safari/537.36"
65.109.31.236 - - [12/Mar/2025:08:59:40 +0000] "POST /wp-cron.php?doing_wp_cron=1741769980.3234119415283203125000 HTTP/1.1" 200 20 "-" "WordPress/6.7.2; https://webcloude.com"
146.70.205.94 - - [12/Mar/2025:08:59:39 +0000] "GET / HTTP/1.1" 301 0 "-" "Mozilla/5.0 (Windows NT 10.0; Win64; x64) AppleWebKit/537.36 (KHTML, like Gecko) Chrome/78.0.3904.108 Safari/537.36"
65.109.31.236 - - [12/Mar/2025:09:28:47 +0000] "POST /wp-cron.php?doing_wp_cron=1741771727.4336280822753906250000 HTTP/1.1" 200 20 "-" "WordPress/6.7.2; https://webcloude.com"
193.41.206.98 - - [12/Mar/2025:09:28:46 +0000] "GET /.env.production HTTP/1.1" 404 24894 "-" "-"
193.41.206.98 - - [12/Mar/2025:09:28:51 +0000] "GET /cms/.env HTTP/1.1" 403 1154 "-" "-"
193.41.206.98 - - [12/Mar/2025:09:28:51 +0000] "GET /script/.env HTTP/1.1" 403 1154 "-" "-"
193.41.206.98 - - [12/Mar/2025:09:28:51 +0000] "GET /live_env HTTP/1.1" 404 24892 "-" "-"
193.41.206.98 - - [12/Mar/2025:09:28:51 +0000] "GET /.env.project HTTP/1.1" 404 24893 "-" "-"
138.199.58.38 - - [12/Mar/2025:11:16:53 +0000] "GET / HTTP/1.1" 301 0 "-" "Mozilla/5.0 (Windows NT 10.0; Win64; x64) AppleWebKit/537.36 (KHTML, like Gecko) Chrome/78.0.3904.108 Safari/537.36"
65.109.31.236 - - [12/Mar/2025:11:17:48 +0000] "POST /wp-cron.php?doing_wp_cron=1741778268.6167171001434326171875 HTTP/1.1" 200 20 "-" "WordPress/6.7.2; https://webcloude.com"
65.109.31.236 - - [12/Mar/2025:05:45:09 +0000] "POST /wp-cron.php?doing_wp_cron=1741758309.1590969562530517578125 HTTP/1.1" 200 20 "-" "WordPress/6.7.2; https://webcloude.com"
2a06:98c0:3600::103 - - [12/Mar/2025:05:45:03 +0000] "GET /wordpress/wp-admin/setup-config.php HTTP/1.1" 404 0 "-" "Mozilla/5.0 (Windows NT 10.0; Win64; x64) AppleWebKit/537.36 (KHTML, like Gecko) Chrome/133.0.0.0 Safari/537.36"
43.143.28.57 - - [12/Mar/2025:06:41:34 +0000] "GET / HTTP/1.1" 301 20 "-" "Mozilla/5.0 (Linux; Android 10; LIO-AN00 Build/HUAWEILIO-AN00; wv) MicroMessenger Weixin QQ AppleWebKit/537.36 (KHTML, like Gecko) Version/4.0 Chrome/78.0.3904.62 XWEB/2692 MMWEBSDK/200901 Mobile Safari/537.36"
125.75.66.97 - - [12/Mar/2025:06:51:29 +0000] "GET / HTTP/1.1" 301 20 "-" "Mozilla/5.0 (iPhone; CPU iPhone OS 13_2_3 like Mac OS X) AppleWebKit/605.1.15 (KHTML, like Gecko) Version/13.0.3 Mobile/15E148 Safari/604.1"
98.84.161.237 - - [12/Mar/2025:07:03:28 +0000] "GET / HTTP/1.1" 301 20 "-" "Mozilla/5.0 (iPhone; CPU iPhone OS 12_2 like Mac OS X) AppleWebKit/605.1.15 (KHTML, like Gecko) Mobile/15E148"
49.51.178.45 - - [12/Mar/2025:07:08:31 +0000] "GET / HTTP/1.1" 301 20 "-" "Mozilla/5.0 (iPhone; CPU iPhone OS 13_2_3 like Mac OS X) AppleWebKit/605.1.15 (KHTML, like Gecko) Version/13.0.3 Mobile/15E148 Safari/604.1"
65.109.31.236 - - [12/Mar/2025:08:32:58 +0000] "POST /wp-cron.php?doing_wp_cron=1741768378.5829439163208007812500 HTTP/1.1" 200 20 "-" "WordPress/6.7.2; https://webcloude.com"
2a06:98c0:3600::103 - - [12/Mar/2025:10:34:42 +0000] "GET /wp-admin/setup-config.php HTTP/1.1" 409 1144 "-" "Mozilla/5.0 (Windows NT 10.0; Win64; x64) AppleWebKit/537.36 (KHTML, like Gecko) Chrome/133.0.0.0 Safari/537.36"
2a06:98c0:3600::103 - - [12/Mar/2025:10:56:59 +0000] "GET /wordpress/wp-admin/setup-config.php HTTP/1.1" 404 25145 "-" "Mozilla/5.0 (Windows NT 10.0; Win64; x64) AppleWebKit/537.36 (KHTML, like Gecko) Chrome/133.0.0.0 Safari/537.36"
2a06:98c0:3600::103 - - [12/Mar/2025:05:06:54 +0000] "GET /wordpress/wp-admin/setup-config.php HTTP/1.1" 404 25146 "-" "Mozilla/5.0 (Windows NT 10.0; Win64; x64) AppleWebKit/537.36 (KHTML, like Gecko) Chrome/133.0.0.0 Safari/537.36"
65.109.31.236 - - [12/Mar/2025:05:39:33 +0000] "GET /.well-known/acme-challenge/TCPLQPCNVS407W8LA-MB0ZZ3EZNMRG7X HTTP/1.1" 200 64 "-" "Cpanel-HTTP-Client/1.0"
65.109.31.236 - - [12/Mar/2025:05:51:23 +0000] "POST /wp-cron.php?doing_wp_cron=1741758683.8761060237884521484375 HTTP/1.1" 200 20 "-" "WordPress/6.7.2; https://webcloude.com"
43.143.28.57 - - [12/Mar/2025:06:41:54 +0000] "GET / HTTP/1.1" 301 20 "-" "Mozilla/5.0 (Linux; Android 10; LIO-AN00 Build/HUAWEILIO-AN00; wv) MicroMessenger Weixin QQ AppleWebKit/537.36 (KHTML, like Gecko) Version/4.0 Chrome/78.0.3904.62 XWEB/2692 MMWEBSDK/200901 Mobile Safari/537.36"
2a06:98c0:3600::103 - - [12/Mar/2025:07:14:04 +0000] "GET /wordpress/wp-admin/setup-config.php HTTP/1.1" 404 0 "-" "Mozilla/5.0 (Windows NT 10.0; Win64; x64) AppleWebKit/537.36 (KHTML, like Gecko) Chrome/133.0.0.0 Safari/537.36"
65.109.31.236 - - [12/Mar/2025:08:38:37 +0000] "GET /.well-known/acme-challenge/Q_C55GUYPM515D6ZB-AYJHAZW3Y_22AB HTTP/1.1" 200 64 "-" "Cpanel-HTTP-Client/1.0"
65.109.31.236 - - [12/Mar/2025:09:14:02 +0000] "POST /wp-cron.php?doing_wp_cron=1741770842.4573130607604980468750 HTTP/1.1" 200 20 "-" "WordPress/6.7.2; https://webcloude.com"
2a06:98c0:3600::103 - - [12/Mar/2025:09:14:01 +0000] "GET /wordpress/wp-admin/setup-config.php HTTP/1.1" 404 25144 "-" "Mozilla/5.0 (Windows NT 10.0; Win64; x64) AppleWebKit/537.36 (KHTML, like Gecko) Chrome/133.0.0.0 Safari/537.36"
2a06:98c0:3600::103 - - [12/Mar/2025:09:32:38 +0000] "GET /wordpress/wp-admin/setup-config.php HTTP/1.1" 404 25145 "-" "Mozilla/5.0 (Windows NT 10.0; Win64; x64) AppleWebKit/537.36 (KHTML, like Gecko) Chrome/133.0.0.0 Safari/537.36"
2a06:98c0:3600::103 - - [12/Mar/2025:09:53:43 +0000] "GET /wp-admin/setup-config.php HTTP/1.1" 409 1144 "-" "Mozilla/5.0 (Windows NT 10.0; Win64; x64) AppleWebKit/537.36 (KHTML, like Gecko) Chrome/133.0.0.0 Safari/537.36"
65.109.31.236 - - [12/Mar/2025:11:16:53 +0000] "POST /wp-cron.php?doing_wp_cron=1741778213.7148320674896240234375 HTTP/1.1" 200 20 "-" "WordPress/6.7.2; https://webcloude.com"
2a06:98c0:3600::103 - - [12/Mar/2025:11:17:48 +0000] "GET /wordpress/wp-admin/setup-config.php HTTP/1.1" 404 25145 "-" "Mozilla/5.0 (Windows NT 10.0; Win64; x64) AppleWebKit/537.36 (KHTML, like Gecko) Chrome/133.0.0.0 Safari/537.36"
45.32.52.31 - - [12/Mar/2025:04:27:21 +0000] "GET /wp-login.php HTTP/1.1" 302 20 "-" "Mozilla/5.0"
65.109.31.236 - - [12/Mar/2025:05:24:28 +0000] "POST /wp-cron.php?doing_wp_cron=1741757068.3601269721984863281250 HTTP/1.1" 200 20 "-" "WordPress/6.7.2; https://webcloude.com"
65.109.31.236 - - [12/Mar/2025:05:45:08 +0000] "POST /wp-cron.php?doing_wp_cron=1741758308.4570899009704589843750 HTTP/1.1" 200 20 "-" "WordPress/6.7.2; https://webcloude.com"
65.109.31.236 - - [12/Mar/2025:06:06:11 +0000] "POST /wp-cron.php?doing_wp_cron=1741759571.0938849449157714843750 HTTP/1.1" 200 20 "-" "WordPress/6.7.2; https://webcloude.com"
65.109.31.236 - - [12/Mar/2025:06:48:30 +0000] "POST /wp-cron.php?doing_wp_cron=1741762110.1036570072174072265625 HTTP/1.1" 200 20 "-" "WordPress/6.7.2; https://webcloude.com"
65.109.31.236 - - [12/Mar/2025:07:53:10 +0000] "POST /wp-cron.php?doing_wp_cron=1741765990.2391479015350341796875 HTTP/1.1" 200 20 "-" "WordPress/6.7.2; https://webcloude.com"
2a06:98c0:3600::103 - - [12/Mar/2025:07:53:05 +0000] "GET /wordpress/wp-admin/setup-config.php HTTP/1.1" 404 21450 "-" "Mozilla/5.0 (Windows NT 10.0; Win64; x64) AppleWebKit/537.36 (KHTML, like Gecko) Chrome/133.0.0.0 Safari/537.36"
223.71.52.82 - - [12/Mar/2025:08:05:16 +0000] "HEAD / HTTP/1.1" 301 0 "-" "Mozilla/5.0 (Windows NT 10.0; Win64; x64) AppleWebKit/537.36 (KHTML, like Gecko) Chrome/117.0.0.0 Safari/537.36"
65.109.31.236 - - [12/Mar/2025:08:52:53 +0000] "POST /wp-cron.php?doing_wp_cron=1741769573.5510179996490478515625 HTTP/1.1" 200 20 "-" "WordPress/6.7.2; https://webcloude.com"
2a06:98c0:3600::103 - - [12/Mar/2025:09:16:17 +0000] "GET /wp-admin/setup-config.php HTTP/1.1" 409 1144 "-" "Mozilla/5.0 (Windows NT 10.0; Win64; x64) AppleWebKit/537.36 (KHTML, like Gecko) Chrome/133.0.0.0 Safari/537.36"
65.109.31.236 - - [12/Mar/2025:09:32:39 +0000] "POST /wp-cron.php?doing_wp_cron=1741771959.7385549545288085937500 HTTP/1.1" 200 20 "-" "WordPress/6.7.2; https://webcloude.com"
65.109.31.236 - - [12/Mar/2025:09:55:01 +0000] "POST /wp-cron.php?doing_wp_cron=1741773301.4664120674133300781250 HTTP/1.1" 200 20 "-" "WordPress/6.7.2; https://webcloude.com"
65.109.31.236 - - [12/Mar/2025:10:56:59 +0000] "POST /wp-cron.php?doing_wp_cron=1741777019.8626089096069335937500 HTTP/1.1" 200 20 "-" "WordPress/6.7.2; https://webcloude.com"
65.109.31.236 - - [12/Mar/2025:04:44:12 +0000] "POST /wp-cron.php?doing_wp_cron=1741754652.8700358867645263671875 HTTP/1.1" 200 20 "-" "WordPress/6.7.2; https://webcloude.com"
65.109.31.236 - - [12/Mar/2025:05:45:08 +0000] "POST /wp-cron.php?doing_wp_cron=1741758308.9331710338592529296875 HTTP/1.1" 200 20 "-" "WordPress/6.7.2; https://webcloude.com"
65.109.31.236 - - [12/Mar/2025:06:06:27 +0000] "POST /wp-cron.php?doing_wp_cron=1741759587.4485208988189697265625 HTTP/1.1" 200 20 "-" "WordPress/6.7.2; https://webcloude.com"
65.109.31.236 - - [12/Mar/2025:06:12:13 +0000] "POST /wp-cron.php?doing_wp_cron=1741759933.3716540336608886718750 HTTP/1.1" 200 20 "-" "WordPress/6.7.2; https://webcloude.com"
2a06:98c0:3600::103 - - [12/Mar/2025:06:12:12 +0000] "GET /wordpress/wp-admin/setup-config.php HTTP/1.1" 404 25147 "-" "Mozilla/5.0 (Windows NT 10.0; Win64; x64) AppleWebKit/537.36 (KHTML, like Gecko) Chrome/133.0.0.0 Safari/537.36"
65.109.31.236 - - [12/Mar/2025:07:08:32 +0000] "POST /wp-cron.php?doing_wp_cron=1741763312.0197970867156982421875 HTTP/1.1" 200 20 "-" "WordPress/6.7.2; https://webcloude.com"
65.109.31.236 - - [12/Mar/2025:07:31:47 +0000] "POST /wp-cron.php?doing_wp_cron=1741764707.0237889289855957031250 HTTP/1.1" 200 20 "-" "WordPress/6.7.2; https://webcloude.com"
2a06:98c0:3600::103 - - [12/Mar/2025:07:31:46 +0000] "GET /wordpress/wp-admin/setup-config.php HTTP/1.1" 404 25143 "-" "Mozilla/5.0 (Windows NT 10.0; Win64; x64) AppleWebKit/537.36 (KHTML, like Gecko) Chrome/133.0.0.0 Safari/537.36"
2a06:98c0:3600::103 - - [12/Mar/2025:08:51:15 +0000] "GET /wp-admin/setup-config.php HTTP/1.1" 409 1144 "-" "Mozilla/5.0 (Windows NT 10.0; Win64; x64) AppleWebKit/537.36 (KHTML, like Gecko) Chrome/133.0.0.0 Safari/537.36"
2a06:98c0:3600::103 - - [12/Mar/2025:10:13:15 +0000] "GET /wordpress/wp-admin/setup-config.php HTTP/1.1" 404 25146 "-" "Mozilla/5.0 (Windows NT 10.0; Win64; x64) AppleWebKit/537.36 (KHTML, like Gecko) Chrome/133.0.0.0 Safari/537.36"
2a06:98c0:3600::103 - - [12/Mar/2025:11:16:01 +0000] "GET /wp-admin/setup-config.php HTTP/1.1" 409 1144 "-" "Mozilla/5.0 (Windows NT 10.0; Win64; x64) AppleWebKit/537.36 (KHTML, like Gecko) Chrome/133.0.0.0 Safari/537.36"
65.109.31.236 - - [12/Mar/2025:11:38:45 +0000] "GET /.well-known/acme-challenge/SGNI098_TKU5S925QYWLN_YG2ZOM1S_8 HTTP/1.1" 200 64 "-" "Cpanel-HTTP-Client/1.0"
2a06:98c0:3600::103 - - [12/Mar/2025:11:38:47 +0000] "GET /wp-admin/setup-config.php HTTP/1.1" 409 1144 "-" "Mozilla/5.0 (Windows NT 10.0; Win64; x64) AppleWebKit/537.36 (KHTML, like Gecko) Chrome/133.0.0.0 Safari/537.36"
65.109.31.236 - - [12/Mar/2025:11:38:45 +0000] "GET /.well-known/acme-challenge/J0WH41BY7DF-C2LS0P47VP705IKXZCV1 HTTP/1.1" 200 64 "-" "Cpanel-HTTP-Client/1.0"
2a06:98c0:3600::103 - - [12/Mar/2025:12:02:20 +0000] "GET /wordpress/wp-admin/setup-config.php HTTP/1.1" 404 25144 "-" "Mozilla/5.0 (Windows NT 10.0; Win64; x64) AppleWebKit/537.36 (KHTML, like Gecko) Chrome/133.0.0.0 Safari/537.36"
65.109.31.236 - - [12/Mar/2025:12:04:32 +0000] "POST /wp-cron.php?doing_wp_cron=1741781072.8722989559173583984375 HTTP/1.1" 200 20 "-" "WordPress/6.7.2; https://webcloude.com"
65.109.31.236 - - [12/Mar/2025:13:12:34 +0000] "POST /wp-cron.php?doing_wp_cron=1741785154.2451848983764648437500 HTTP/1.1" 200 20 "-" "WordPress/6.7.2; https://webcloude.com"
2a06:98c0:3600::103 - - [12/Mar/2025:13:34:22 +0000] "GET /wp-admin/setup-config.php HTTP/1.1" 409 1144 "-" "Mozilla/5.0 (Windows NT 10.0; Win64; x64) AppleWebKit/537.36 (KHTML, like Gecko) Chrome/133.0.0.0 Safari/537.36"
65.109.31.236 - - [12/Mar/2025:14:14:45 +0000] "POST /wp-cron.php?doing_wp_cron=1741788885.3462889194488525390625 HTTP/1.1" 200 20 "-" "WordPress/6.7.2; https://webcloude.com"
31.56.56.74 - - [12/Mar/2025:14:14:57 +0000] "GET /wp-content/themes/digital-download/new.php HTTP/1.1" 404 25138 "-" "Mozilla/5.0 (Linux; Android 11; M2010J19SI) AppleWebKit/537.36 (KHTML, like Gecko) Chrome/109.0.0.0 Mobile Safari/537.36"
65.109.31.236 - - [12/Mar/2025:14:38:29 +0000] "GET /.well-known/acme-challenge/2I6ZJ6XXEYWAM6HP19KHBFW1DT5RVG4B HTTP/1.1" 200 64 "-" "Cpanel-HTTP-Client/1.0"
2a06:98c0:3600::103 - - [12/Mar/2025:12:00:40 +0000] "GET /wp-admin/setup-config.php HTTP/1.1" 409 1144 "-" "Mozilla/5.0 (Windows NT 10.0; Win64; x64) AppleWebKit/537.36 (KHTML, like Gecko) Chrome/133.0.0.0 Safari/537.36"
65.109.31.236 - - [12/Mar/2025:12:02:21 +0000] "POST /wp-cron.php?doing_wp_cron=1741780941.4766030311584472656250 HTTP/1.1" 200 20 "-" "WordPress/6.7.2; https://webcloude.com"
2a06:98c0:3600::103 - - [12/Mar/2025:13:57:31 +0000] "GET /wp-admin/setup-config.php HTTP/1.1" 409 1144 "-" "Mozilla/5.0 (Windows NT 10.0; Win64; x64) AppleWebKit/537.36 (KHTML, like Gecko) Chrome/133.0.0.0 Safari/537.36"
31.56.56.74 - - [12/Mar/2025:14:14:46 +0000] "GET /autoload_classmap.php HTTP/1.1" 404 24897 "-" "Mozilla/5.0 (Linux; Android 11; M2010J19SI) AppleWebKit/537.36 (KHTML, like Gecko) Chrome/109.0.0.0 Mobile Safari/537.36"
31.56.56.74 - - [12/Mar/2025:14:14:53 +0000] "GET /wp-content/themes/travelscape/json.php HTTP/1.1" 404 25143 "-" "Mozilla/5.0 (Linux; Android 11; M2010J19SI) AppleWebKit/537.36 (KHTML, like Gecko) Chrome/109.0.0.0 Mobile Safari/537.36"
31.56.56.74 - - [12/Mar/2025:14:14:58 +0000] "GET /wp-admin/dropdown.php HTTP/1.1" 404 24892 "-" "Mozilla/5.0 (Linux; Android 11; M2010J19SI) AppleWebKit/537.36 (KHTML, like Gecko) Chrome/109.0.0.0 Mobile Safari/537.36"
65.109.31.236 - - [12/Mar/2025:12:00:16 +0000] "POST /wp-cron.php?doing_wp_cron=1741780816.7001390457153320312500 HTTP/1.1" 200 20 "-" "WordPress/6.7.2; https://webcloude.com"
65.109.31.236 - - [12/Mar/2025:12:00:17 +0000] "POST /wp-cron.php?doing_wp_cron=1741780817.1143510341644287109375 HTTP/1.1" 200 20 "-" "WordPress/6.7.2; https://webcloude.com"
65.109.31.236 - - [12/Mar/2025:12:44:25 +0000] "POST /wp-cron.php?doing_wp_cron=1741783465.4072389602661132812500 HTTP/1.1" 200 20 "-" "WordPress/6.7.2; https://webcloude.com"
65.109.31.236 - - [12/Mar/2025:13:57:42 +0000] "POST /wp-cron.php?doing_wp_cron=1741787862.3941919803619384765625 HTTP/1.1" 200 20 "-" "WordPress/6.7.2; https://webcloude.com"
2a06:98c0:3600::103 - - [12/Mar/2025:13:57:41 +0000] "GET /wordpress/wp-admin/setup-config.php HTTP/1.1" 404 25144 "-" "Mozilla/5.0 (Windows NT 10.0; Win64; x64) AppleWebKit/537.36 (KHTML, like Gecko) Chrome/133.0.0.0 Safari/537.36"
65.109.31.236 - - [12/Mar/2025:14:01:02 +0000] "POST /wp-cron.php?doing_wp_cron=1741788062.1073479652404785156250 HTTP/1.1" 200 20 "-" "WordPress/6.7.2; https://webcloude.com"
65.109.31.236 - - [12/Mar/2025:14:14:45 +0000] "POST /wp-cron.php?doing_wp_cron=1741788885.2401130199432373046875 HTTP/1.1" 200 20 "-" "WordPress/6.7.2; https://webcloude.com"
31.56.56.74 - - [12/Mar/2025:14:14:50 +0000] "GET /wp-includes/js/imgareaselect/index.php HTTP/1.1" 301 20 "-" "Mozilla/5.0 (Linux; Android 11; M2010J19SI) AppleWebKit/537.36 (KHTML, like Gecko) Chrome/109.0.0.0 Mobile Safari/537.36"
31.56.56.74 - - [12/Mar/2025:14:14:50 +0000] "GET /wp-includes/js/imgareaselect/ HTTP/1.1" 403 1154 "-" "Mozilla/5.0 (Linux; Android 11; M2010J19SI) AppleWebKit/537.36 (KHTML, like Gecko) Chrome/109.0.0.0 Mobile Safari/537.36"
31.56.56.74 - - [12/Mar/2025:14:14:54 +0000] "GET /wp-content/themes/travel/issue.php HTTP/1.1" 404 25139 "-" "Mozilla/5.0 (Linux; Android 11; M2010J19SI) AppleWebKit/537.36 (KHTML, like Gecko) Chrome/109.0.0.0 Mobile Safari/537.36"
2a06:98c0:3600::103 - - [12/Mar/2025:12:50:51 +0000] "GET /wp-admin/setup-config.php HTTP/1.1" 409 1144 "-" "Mozilla/5.0 (Windows NT 10.0; Win64; x64) AppleWebKit/537.36 (KHTML, like Gecko) Chrome/133.0.0.0 Safari/537.36"
2a06:98c0:3600::103 - - [12/Mar/2025:13:08:37 +0000] "GET /wp-admin/setup-config.php HTTP/1.1" 409 1144 "-" "Mozilla/5.0 (Windows NT 10.0; Win64; x64) AppleWebKit/537.36 (KHTML, like Gecko) Chrome/133.0.0.0 Safari/537.36"
