2a06:98c0:3600::103 - - [13/Mar/2025:03:18:44 +0000] "GET /wordpress/wp-admin/setup-config.php HTTP/1.1" 404 25148 "-" "Mozilla/5.0 (Windows NT 10.0; Win64; x64) AppleWebKit/537.36 (KHTML, like Gecko) Chrome/133.0.0.0 Safari/537.36"
2a06:98c0:3600::103 - - [13/Mar/2025:03:20:24 +0000] "GET /wp-admin/setup-config.php HTTP/1.1" 409 1144 "-" "Mozilla/5.0 (Windows NT 10.0; Win64; x64) AppleWebKit/537.36 (KHTML, like Gecko) Chrome/133.0.0.0 Safari/537.36"
2a06:98c0:3600::103 - - [13/Mar/2025:03:41:56 +0000] "GET /wp-admin/setup-config.php HTTP/1.1" 409 1144 "-" "Mozilla/5.0 (Windows NT 10.0; Win64; x64) AppleWebKit/537.36 (KHTML, like Gecko) Chrome/133.0.0.0 Safari/537.36"
65.109.31.236 - - [13/Mar/2025:03:44:53 +0000] "POST /wp-cron.php?doing_wp_cron=1741837493.5843060016632080078125 HTTP/1.1" 200 20 "-" "WordPress/6.7.2; https://webcloude.com"
2a06:98c0:3600::103 - - [13/Mar/2025:03:44:53 +0000] "GET /wordpress/wp-admin/setup-config.php HTTP/1.1" 404 25148 "-" "Mozilla/5.0 (Windows NT 10.0; Win64; x64) AppleWebKit/537.36 (KHTML, like Gecko) Chrome/133.0.0.0 Safari/537.36"
65.109.31.236 - - [13/Mar/2025:04:05:28 +0000] "POST /wp-cron.php?doing_wp_cron=1741838728.7810928821563720703125 HTTP/1.1" 200 20 "-" "WordPress/6.7.2; https://webcloude.com"
65.109.31.236 - - [13/Mar/2025:04:14:23 +0000] "POST /wp-cron.php?doing_wp_cron=1741839263.2620980739593505859375 HTTP/1.1" 200 20 "-" "WordPress/6.7.2; https://webcloude.com"
139.99.52.207 - - [13/Mar/2025:04:14:22 +0000] "GET / HTTP/1.1" 301 0 "-" "Mozilla/5.0 (Windows NT 10.0; Win64; x64) AppleWebKit/537.36 (KHTML, like Gecko) Chrome/89.0.4389.114 Safari/537.36"
65.109.31.236 - - [13/Mar/2025:04:28:38 +0000] "POST /wp-cron.php?doing_wp_cron=1741840118.8985660076141357421875 HTTP/1.1" 200 20 "-" "WordPress/6.7.2; https://webcloude.com"
139.99.52.207 - - [13/Mar/2025:04:43:25 +0000] "GET / HTTP/1.1" 301 0 "-" "Mozilla/5.0 (Windows NT 10.0; Win64; x64) AppleWebKit/537.36 (KHTML, like Gecko) Chrome/89.0.4389.114 Safari/537.36"
65.109.31.236 - - [13/Mar/2025:04:51:05 +0000] "POST /wp-cron.php?doing_wp_cron=1741841465.4698030948638916015625 HTTP/1.1" 200 20 "-" "WordPress/6.7.2; https://webcloude.com"
2a06:98c0:3600::103 - - [13/Mar/2025:04:51:03 +0000] "GET /wordpress/wp-admin/setup-config.php HTTP/1.1" 404 21450 "-" "Mozilla/5.0 (Windows NT 10.0; Win64; x64) AppleWebKit/537.36 (KHTML, like Gecko) Chrome/133.0.0.0 Safari/537.36"
2a06:98c0:3600::103 - - [13/Mar/2025:04:05:28 +0000] "GET /wordpress/wp-admin/setup-config.php HTTP/1.1" 404 25147 "-" "Mozilla/5.0 (Windows NT 10.0; Win64; x64) AppleWebKit/537.36 (KHTML, like Gecko) Chrome/133.0.0.0 Safari/537.36"
146.70.205.132 - - [13/Mar/2025:04:28:40 +0000] "GET / HTTP/1.1" 301 0 "-" "Mozilla/5.0 (Windows NT 10.0; Win64; x64) AppleWebKit/537.36 (KHTML, like Gecko) Chrome/95.0.4638.69 Safari/537.36"
65.109.31.236 - - [13/Mar/2025:04:43:26 +0000] "POST /wp-cron.php?doing_wp_cron=1741841006.6735630035400390625000 HTTP/1.1" 200 20 "-" "WordPress/6.7.2; https://webcloude.com"
65.109.31.236 - - [13/Mar/2025:04:43:26 +0000] "POST /wp-cron.php?doing_wp_cron=1741841006.6255791187286376953125 HTTP/1.1" 200 20 "-" "WordPress/6.7.2; https://webcloude.com"
65.109.31.236 - - [13/Mar/2025:04:43:26 +0000] "POST /wp-cron.php?doing_wp_cron=1741841006.6527380943298339843750 HTTP/1.1" 200 20 "-" "WordPress/6.7.2; https://webcloude.com"
2a06:98c0:3600::103 - - [13/Mar/2025:04:28:38 +0000] "GET /wordpress/wp-admin/setup-config.php HTTP/1.1" 404 25147 "-" "Mozilla/5.0 (Windows NT 10.0; Win64; x64) AppleWebKit/537.36 (KHTML, like Gecko) Chrome/133.0.0.0 Safari/537.36"
2a06:98c0:3600::103 - - [13/Mar/2025:04:05:00 +0000] "GET /wp-admin/setup-config.php HTTP/1.1" 409 1144 "-" "Mozilla/5.0 (Windows NT 10.0; Win64; x64) AppleWebKit/537.36 (KHTML, like Gecko) Chrome/133.0.0.0 Safari/537.36"
65.109.31.236 - - [13/Mar/2025:04:18:06 +0000] "POST /wp-cron.php?doing_wp_cron=1741839486.4627099037170410156250 HTTP/1.1" 200 20 "-" "WordPress/6.7.2; https://webcloude.com"
154.47.23.99 - - [13/Mar/2025:04:18:03 +0000] "GET / HTTP/1.1" 301 0 "-" "Mozilla/5.0 (Windows NT 10.0; Win64; x64) AppleWebKit/537.36 (KHTML, like Gecko) Chrome/78.0.3904.108 Safari/537.36"
2a06:98c0:3600::103 - - [13/Mar/2025:04:25:50 +0000] "GET /wp-admin/setup-config.php HTTP/1.1" 409 1144 "-" "Mozilla/5.0 (Windows NT 10.0; Win64; x64) AppleWebKit/537.36 (KHTML, like Gecko) Chrome/133.0.0.0 Safari/537.36"
2a06:98c0:3600::103 - - [13/Mar/2025:05:13:49 +0000] "GET /wp-admin/setup-config.php HTTP/1.1" 409 1144 "-" "Mozilla/5.0 (Windows NT 10.0; Win64; x64) AppleWebKit/537.36 (KHTML, like Gecko) Chrome/133.0.0.0 Safari/537.36"
65.109.31.236 - - [13/Mar/2025:06:04:45 +0000] "POST /wp-cron.php?doing_wp_cron=1741845885.9893391132354736328125 HTTP/1.1" 200 20 "-" "WordPress/6.7.2; https://webcloude.com"
188.126.89.76 - - [13/Mar/2025:06:04:45 +0000] "GET / HTTP/1.1" 301 20 "-" "Mozilla/5.0 (iPhone; CPU iPhone OS 17_6_1 like Mac OS X) AppleWebKit/605.1.15 (KHTML, like Gecko) Version/17.6 Mobile/15E148 Safari/604.1"
2a06:98c0:3600::103 - - [13/Mar/2025:05:35:06 +0000] "GET /wp-admin/setup-config.php HTTP/1.1" 409 1144 "-" "Mozilla/5.0 (Windows NT 10.0; Win64; x64) AppleWebKit/537.36 (KHTML, like Gecko) Chrome/133.0.0.0 Safari/537.36"
65.109.31.236 - - [13/Mar/2025:05:36:24 +0000] "GET /.well-known/acme-challenge/5__N7VTM9HN518AGYBYIK3VD0CA-DPSX HTTP/1.1" 200 64 "-" "Cpanel-HTTP-Client/1.0"
164.90.241.135 - - [13/Mar/2025:06:04:45 +0000] "GET / HTTP/1.1" 301 20 "-" "Mozilla/5.0 (iPhone; CPU iPhone OS 17_5_1 like Mac OS X) AppleWebKit/605.1.15 (KHTML, like Gecko) Version/17.5 Mobile/15E148 Safari/604.1"
2a06:98c0:3600::103 - - [13/Mar/2025:05:14:04 +0000] "GET /wordpress/wp-admin/setup-config.php HTTP/1.1" 404 21450 "-" "Mozilla/5.0 (Windows NT 10.0; Win64; x64) AppleWebKit/537.36 (KHTML, like Gecko) Chrome/133.0.0.0 Safari/537.36"
65.109.31.236 - - [13/Mar/2025:05:36:24 +0000] "GET /.well-known/acme-challenge/OHEH6YXHQ6-U-LDOIBZQAQTO-QLJEZKM HTTP/1.1" 200 64 "-" "Cpanel-HTTP-Client/1.0"
65.109.31.236 - - [13/Mar/2025:05:56:38 +0000] "POST /wp-cron.php?doing_wp_cron=1741845398.9128019809722900390625 HTTP/1.1" 200 20 "-" "WordPress/6.7.2; https://webcloude.com"
2a06:98c0:3600::103 - - [13/Mar/2025:05:56:38 +0000] "GET /wordpress/wp-admin/setup-config.php HTTP/1.1" 404 25147 "-" "Mozilla/5.0 (Windows NT 10.0; Win64; x64) AppleWebKit/537.36 (KHTML, like Gecko) Chrome/133.0.0.0 Safari/537.36"
65.109.31.236 - - [13/Mar/2025:06:04:45 +0000] "POST /wp-cron.php?doing_wp_cron=1741845885.9893290996551513671875 HTTP/1.1" 200 20 "-" "WordPress/6.7.2; https://webcloude.com"
2a06:98c0:3600::103 - - [13/Mar/2025:05:34:42 +0000] "GET /wordpress/wp-admin/setup-config.php HTTP/1.1" 404 25146 "-" "Mozilla/5.0 (Windows NT 10.0; Win64; x64) AppleWebKit/537.36 (KHTML, like Gecko) Chrome/133.0.0.0 Safari/537.36"
65.109.31.236 - - [13/Mar/2025:05:57:44 +0000] "POST /wp-cron.php?doing_wp_cron=1741845464.1029820442199707031250 HTTP/1.1" 200 20 "-" "WordPress/6.7.2; https://webcloude.com"
2a06:98c0:3600::103 - - [13/Mar/2025:05:55:07 +0000] "GET /wp-admin/setup-config.php HTTP/1.1" 409 1144 "-" "Mozilla/5.0 (Windows NT 10.0; Win64; x64) AppleWebKit/537.36 (KHTML, like Gecko) Chrome/133.0.0.0 Safari/537.36"
159.65.143.214 - - [13/Mar/2025:06:07:08 +0000] "GET / HTTP/1.1" 301 0 "-" "Mozilla/5.0 (Windows NT 10.0; Win64; x64) AppleWebKit/537.36 (KHTML, like Gecko) Chrome/89.0.4389.114 Safari/537.36"
154.47.23.99 - - [13/Mar/2025:06:12:11 +0000] "GET / HTTP/1.1" 301 0 "-" "Mozilla/5.0 (Windows NT 10.0; Win64; x64) AppleWebKit/537.36 (KHTML, like Gecko) Chrome/78.0.3904.108 Safari/537.36"
65.109.31.236 - - [13/Mar/2025:05:34:42 +0000] "POST /wp-cron.php?doing_wp_cron=1741844082.7483549118041992187500 HTTP/1.1" 200 20 "-" "WordPress/6.7.2; https://webcloude.com"
43.167.157.80 - - [13/Mar/2025:05:57:43 +0000] "GET / HTTP/1.1" 301 20 "-" "Mozilla/5.0 (iPhone; CPU iPhone OS 13_2_3 like Mac OS X) AppleWebKit/605.1.15 (KHTML, like Gecko) Version/13.0.3 Mobile/15E148 Safari/604.1"
65.109.31.236 - - [13/Mar/2025:06:23:34 +0000] "POST /wp-cron.php?doing_wp_cron=1741847014.8058860301971435546875 HTTP/1.1" 200 20 "-" "WordPress/6.7.2; https://webcloude.com"
152.70.171.215 - - [13/Mar/2025:06:23:34 +0000] "GET / HTTP/1.1" 301 0 "-" "Go-http-client/1.1"
65.109.31.236 - - [13/Mar/2025:07:16:57 +0000] "POST /wp-cron.php?doing_wp_cron=1741850217.6894741058349609375000 HTTP/1.1" 200 20 "-" "WordPress/6.7.2; https://webcloude.com"
95.164.159.38 - - [13/Mar/2025:07:39:11 +0000] "HEAD / HTTP/1.1" 301 0 "-" "Mozilla/5.0 (Macintosh; Intel Mac OS X 10_15_7) AppleWebKit/537.36 (KHTML, like Gecko) Chrome/107.0.0.0 Safari/537.36"
2a06:98c0:3600::103 - - [13/Mar/2025:08:33:34 +0000] "GET /wp-admin/setup-config.php HTTP/1.1" 409 1144 "-" "Mozilla/5.0 (Windows NT 10.0; Win64; x64) AppleWebKit/537.36 (KHTML, like Gecko) Chrome/133.0.0.0 Safari/537.36"
65.109.31.236 - - [13/Mar/2025:08:36:21 +0000] "GET /.well-known/acme-challenge/3AZ1TRKHE9697VL4MZ-5M45HKK58OKAZ HTTP/1.1" 200 64 "-" "Cpanel-HTTP-Client/1.0"
2a06:98c0:3600::103 - - [13/Mar/2025:07:05:39 +0000] "GET /wordpress/wp-admin/setup-config.php HTTP/1.1" 404 25147 "-" "Mozilla/5.0 (Windows NT 10.0; Win64; x64) AppleWebKit/537.36 (KHTML, like Gecko) Chrome/133.0.0.0 Safari/537.36"
180.102.134.69 - - [13/Mar/2025:07:57:05 +0000] "GET / HTTP/1.1" 301 20 "-" "Mozilla/5.0 (iPhone; CPU iPhone OS 13_2_3 like Mac OS X) AppleWebKit/605.1.15 (KHTML, like Gecko) Version/13.0.3 Mobile/15E148 Safari/604.1"
65.109.31.236 - - [13/Mar/2025:08:34:00 +0000] "POST /wp-cron.php?doing_wp_cron=1741854840.7235879898071289062500 HTTP/1.1" 200 20 "-" "WordPress/6.7.2; https://webcloude.com"
65.109.31.236 - - [13/Mar/2025:06:16:59 +0000] "POST /wp-cron.php?doing_wp_cron=1741846619.8416230678558349609375 HTTP/1.1" 200 20 "-" "WordPress/6.7.2; https://webcloude.com"
2a06:98c0:3600::103 - - [13/Mar/2025:06:17:56 +0000] "GET /wp-admin/setup-config.php HTTP/1.1" 409 1144 "-" "Mozilla/5.0 (Windows NT 10.0; Win64; x64) AppleWebKit/537.36 (KHTML, like Gecko) Chrome/133.0.0.0 Safari/537.36"
65.109.31.236 - - [13/Mar/2025:06:36:45 +0000] "POST /wp-cron.php?doing_wp_cron=1741847805.3386619091033935546875 HTTP/1.1" 200 20 "-" "WordPress/6.7.2; https://webcloude.com"
65.109.31.236 - - [13/Mar/2025:06:45:11 +0000] "POST /wp-cron.php?doing_wp_cron=1741848311.2469699382781982421875 HTTP/1.1" 200 20 "-" "WordPress/6.7.2; https://webcloude.com"
65.109.31.236 - - [13/Mar/2025:06:24:33 +0000] "POST /wp-cron.php?doing_wp_cron=1741847073.4193010330200195312500 HTTP/1.1" 200 20 "-" "WordPress/6.7.2; https://webcloude.com"
27.115.124.53 - - [13/Mar/2025:06:36:45 +0000] "GET / HTTP/1.1" 301 20 "-" "Mozilla/5.0 (Linux; Android 11; CPH2185) AppleWebKit/537.36 (KHTML, like Gecko) Chrome/91.0.4472.101 Mobile Safari/537.36"
65.109.31.236 - - [13/Mar/2025:06:45:46 +0000] "POST /wp-cron.php?doing_wp_cron=1741848346.1384670734405517578125 HTTP/1.1" 200 20 "-" "WordPress/6.7.2; https://webcloude.com"
65.109.31.236 - - [13/Mar/2025:07:05:39 +0000] "POST /wp-cron.php?doing_wp_cron=1741849539.6552009582519531250000 HTTP/1.1" 200 20 "-" "WordPress/6.7.2; https://webcloude.com"
152.70.171.215 - - [13/Mar/2025:07:16:56 +0000] "GET / HTTP/1.1" 301 0 "-" "Go-http-client/1.1"
2a06:98c0:3600::103 - - [13/Mar/2025:07:50:36 +0000] "GET /wordpress/wp-admin/setup-config.php HTTP/1.1" 404 25147 "-" "Mozilla/5.0 (Windows NT 10.0; Win64; x64) AppleWebKit/537.36 (KHTML, like Gecko) Chrome/133.0.0.0 Safari/537.36"
2a06:98c0:3600::103 - - [13/Mar/2025:06:43:04 +0000] "GET /wp-admin/setup-config.php HTTP/1.1" 409 1144 "-" "Mozilla/5.0 (Windows NT 10.0; Win64; x64) AppleWebKit/537.36 (KHTML, like Gecko) Chrome/133.0.0.0 Safari/537.36"
2a06:98c0:3600::103 - - [13/Mar/2025:07:04:36 +0000] "GET /wp-admin/setup-config.php HTTP/1.1" 409 1144 "-" "Mozilla/5.0 (Windows NT 10.0; Win64; x64) AppleWebKit/537.36 (KHTML, like Gecko) Chrome/133.0.0.0 Safari/537.36"
2a06:98c0:3600::103 - - [13/Mar/2025:07:25:52 +0000] "GET /wordpress/wp-admin/setup-config.php HTTP/1.1" 404 25148 "-" "Mozilla/5.0 (Windows NT 10.0; Win64; x64) AppleWebKit/537.36 (KHTML, like Gecko) Chrome/133.0.0.0 Safari/537.36"
65.109.31.236 - - [13/Mar/2025:07:50:36 +0000] "POST /wp-cron.php?doing_wp_cron=1741852236.3182239532470703125000 HTTP/1.1" 200 20 "-" "WordPress/6.7.2; https://webcloude.com"
65.109.31.236 - - [13/Mar/2025:07:57:10 +0000] "POST /wp-cron.php?doing_wp_cron=1741852630.2681550979614257812500 HTTP/1.1" 200 20 "-" "WordPress/6.7.2; https://webcloude.com"
2a06:98c0:3600::103 - - [13/Mar/2025:08:13:02 +0000] "GET /wp-admin/setup-config.php HTTP/1.1" 409 1144 "-" "Mozilla/5.0 (Windows NT 10.0; Win64; x64) AppleWebKit/537.36 (KHTML, like Gecko) Chrome/133.0.0.0 Safari/537.36"
186.179.39.222 - - [13/Mar/2025:07:39:12 +0000] "GET / HTTP/1.1" 301 20 "-" "Mozilla/5.0 (Macintosh; Intel Mac OS X 10_15_7) AppleWebKit/537.36 (KHTML, like Gecko) Chrome/107.0.0.0 Safari/537.36"
2a06:98c0:3600::103 - - [13/Mar/2025:08:34:00 +0000] "GET /wordpress/wp-admin/setup-config.php HTTP/1.1" 404 25147 "-" "Mozilla/5.0 (Windows NT 10.0; Win64; x64) AppleWebKit/537.36 (KHTML, like Gecko) Chrome/133.0.0.0 Safari/537.36"
65.109.31.236 - - [13/Mar/2025:08:36:24 +0000] "POST /wp-cron.php?doing_wp_cron=1741854984.5912160873413085937500 HTTP/1.1" 200 20 "-" "WordPress/6.7.2; https://webcloude.com"
2a06:98c0:3600::103 - - [13/Mar/2025:06:16:59 +0000] "GET /wordpress/wp-admin/setup-config.php HTTP/1.1" 404 25147 "-" "Mozilla/5.0 (Windows NT 10.0; Win64; x64) AppleWebKit/537.36 (KHTML, like Gecko) Chrome/133.0.0.0 Safari/537.36"
65.109.31.236 - - [13/Mar/2025:06:41:14 +0000] "POST /wp-cron.php?doing_wp_cron=1741848074.0431089401245117187500 HTTP/1.1" 200 20 "-" "WordPress/6.7.2; https://webcloude.com"
65.109.31.236 - - [13/Mar/2025:07:25:53 +0000] "POST /wp-cron.php?doing_wp_cron=1741850753.6120300292968750000000 HTTP/1.1" 200 20 "-" "WordPress/6.7.2; https://webcloude.com"
2a06:98c0:3600::103 - - [13/Mar/2025:07:28:35 +0000] "GET /wp-admin/setup-config.php HTTP/1.1" 409 1144 "-" "Mozilla/5.0 (Windows NT 10.0; Win64; x64) AppleWebKit/537.36 (KHTML, like Gecko) Chrome/133.0.0.0 Safari/537.36"
2a06:98c0:3600::103 - - [13/Mar/2025:08:12:04 +0000] "GET /wordpress/wp-admin/setup-config.php HTTP/1.1" 404 25148 "-" "Mozilla/5.0 (Windows NT 10.0; Win64; x64) AppleWebKit/537.36 (KHTML, like Gecko) Chrome/133.0.0.0 Safari/537.36"
65.109.31.236 - - [13/Mar/2025:08:36:21 +0000] "GET /.well-known/acme-challenge/XJ920V_WNVOB_-PC3XZF6WARNXJYMJ_X HTTP/1.1" 200 64 "-" "Cpanel-HTTP-Client/1.0"
139.59.4.136 - - [13/Mar/2025:06:24:33 +0000] "GET / HTTP/1.1" 301 20 "-" "Mozilla/5.0 (compatible)"
2a06:98c0:3600::103 - - [13/Mar/2025:06:41:13 +0000] "GET /wordpress/wp-admin/setup-config.php HTTP/1.1" 404 25148 "-" "Mozilla/5.0 (Windows NT 10.0; Win64; x64) AppleWebKit/537.36 (KHTML, like Gecko) Chrome/133.0.0.0 Safari/537.36"
35.225.70.28 - - [13/Mar/2025:06:45:08 +0000] "GET / HTTP/1.1" 301 0 "-" "Mozilla/5.0 (Windows NT 10.0; Win64; x64) AppleWebKit/537.36 (KHTML, like Gecko) Chrome/78.0.3904.108 Safari/537.36"
49.51.183.15 - - [13/Mar/2025:06:45:45 +0000] "GET / HTTP/1.1" 301 20 "-" "Mozilla/5.0 (iPhone; CPU iPhone OS 13_2_3 like Mac OS X) AppleWebKit/605.1.15 (KHTML, like Gecko) Version/13.0.3 Mobile/15E148 Safari/604.1"
2a06:98c0:3600::103 - - [13/Mar/2025:07:50:17 +0000] "GET /wp-admin/setup-config.php HTTP/1.1" 409 1144 "-" "Mozilla/5.0 (Windows NT 10.0; Win64; x64) AppleWebKit/537.36 (KHTML, like Gecko) Chrome/133.0.0.0 Safari/537.36"
2a06:98c0:3600::103 - - [13/Mar/2025:08:36:24 +0000] "GET /wordpress/wp-admin/setup-config.php HTTP/1.1" 404 25148 "-" "Mozilla/5.0 (Windows NT 10.0; Win64; x64) AppleWebKit/537.36 (KHTML, like Gecko) Chrome/133.0.0.0 Safari/537.36"
203.83.11.14 - - [13/Mar/2025:08:42:22 +0000] "GET / HTTP/1.1" 301 20 "-" "Mozilla/5.0"
2a06:98c0:3600::103 - - [13/Mar/2025:08:54:41 +0000] "GET /wordpress/wp-admin/setup-config.php HTTP/1.1" 404 25146 "-" "Mozilla/5.0 (Windows NT 10.0; Win64; x64) AppleWebKit/537.36 (KHTML, like Gecko) Chrome/133.0.0.0 Safari/537.36"
124.220.171.218 - - [13/Mar/2025:08:57:43 +0000] "GET / HTTP/1.1" 301 20 "-" "Mozilla/5.0 (Linux; Android 10; LIO-AN00 Build/HUAWEILIO-AN00; wv) MicroMessenger Weixin QQ AppleWebKit/537.36 (KHTML, like Gecko) Version/4.0 Chrome/78.0.3904.62 XWEB/2692 MMWEBSDK/200901 Mobile Safari/537.36"
2a06:98c0:3600::103 - - [13/Mar/2025:09:15:13 +0000] "GET /wordpress/wp-admin/setup-config.php HTTP/1.1" 404 25148 "-" "Mozilla/5.0 (Windows NT 10.0; Win64; x64) AppleWebKit/537.36 (KHTML, like Gecko) Chrome/133.0.0.0 Safari/537.36"
2a06:98c0:3600::103 - - [13/Mar/2025:09:25:56 +0000] "GET /wp-admin/setup-config.php HTTP/1.1" 409 1144 "-" "Mozilla/5.0 (Windows NT 10.0; Win64; x64) AppleWebKit/537.36 (KHTML, like Gecko) Chrome/133.0.0.0 Safari/537.36"
2a06:98c0:3600::103 - - [13/Mar/2025:10:40:10 +0000] "GET /wp-admin/setup-config.php HTTP/1.1" 409 1144 "-" "Mozilla/5.0 (Windows NT 10.0; Win64; x64) AppleWebKit/537.36 (KHTML, like Gecko) Chrome/133.0.0.0 Safari/537.36"
106.219.161.102 - - [13/Mar/2025:10:54:08 +0000] "GET / HTTP/1.1" 301 20 "-" "Mozilla/5.0 (X11; Linux i686; rv:114.0) Gecko/20100101 Firefox/114.0"
65.109.31.236 - - [13/Mar/2025:11:02:27 +0000] "POST /wp-cron.php?doing_wp_cron=1741863747.0190949440002441406250 HTTP/1.1" 200 20 "-" "WordPress/6.7.2; https://webcloude.com"
2a06:98c0:3600::103 - - [13/Mar/2025:11:21:55 +0000] "GET /wordpress/wp-admin/setup-config.php HTTP/1.1" 404 25147 "-" "Mozilla/5.0 (Windows NT 10.0; Win64; x64) AppleWebKit/537.36 (KHTML, like Gecko) Chrome/133.0.0.0 Safari/537.36"
2a06:98c0:3600::103 - - [13/Mar/2025:11:24:18 +0000] "GET /wp-admin/setup-config.php HTTP/1.1" 409 1144 "-" "Mozilla/5.0 (Windows NT 10.0; Win64; x64) AppleWebKit/537.36 (KHTML, like Gecko) Chrome/133.0.0.0 Safari/537.36"
65.109.31.236 - - [13/Mar/2025:11:36:21 +0000] "GET /.well-known/acme-challenge/S87S0WI591FTFAPSRJ39JJXOXSTJ9F_V HTTP/1.1" 200 64 "-" "Cpanel-HTTP-Client/1.0"
2a06:98c0:3600::103 - - [13/Mar/2025:12:35:31 +0000] "GET /wp-admin/setup-config.php HTTP/1.1" 409 1144 "-" "Mozilla/5.0 (Windows NT 10.0; Win64; x64) AppleWebKit/537.36 (KHTML, like Gecko) Chrome/133.0.0.0 Safari/537.36"
65.109.31.236 - - [13/Mar/2025:12:39:40 +0000] "POST /wp-cron.php?doing_wp_cron=1741869580.7291560173034667968750 HTTP/1.1" 200 20 "-" "WordPress/6.7.2; https://webcloude.com"
2a06:98c0:3600::103 - - [13/Mar/2025:12:57:55 +0000] "GET /wp-admin/setup-config.php HTTP/1.1" 409 1144 "-" "Mozilla/5.0 (Windows NT 10.0; Win64; x64) AppleWebKit/537.36 (KHTML, like Gecko) Chrome/133.0.0.0 Safari/537.36"
65.109.31.236 - - [13/Mar/2025:14:36:21 +0000] "GET /.well-known/acme-challenge/PI2C0V0MVZJE10F40OQB2EGPYICGG2LN HTTP/1.1" 200 64 "-" "Cpanel-HTTP-Client/1.0"
207.228.58.32 - - [13/Mar/2025:14:45:03 +0000] "GET /contact HTTP/1.1" 301 20 "-" "Mozilla/5.0 (Windows NT 10.0; Win64; x64) AppleWebKit/537.36 (KHTML, like Gecko) Chrome/129.0.0.0 Safari/537.3"
45.56.178.73 - - [13/Mar/2025:14:45:12 +0000] "GET / HTTP/1.1" 301 20 "http://webcloude.com/contact-us" "Mozilla/5.0 (Windows NT 10.0; Win64; x64) AppleWebKit/537.36 (KHTML, like Gecko) Chrome/129.0.0.0 Safari/537.3"
2a06:98c0:3600::103 - - [13/Mar/2025:15:03:03 +0000] "GET /wp-admin/setup-config.php HTTP/1.1" 409 1144 "-" "Mozilla/5.0 (Windows NT 10.0; Win64; x64) AppleWebKit/537.36 (KHTML, like Gecko) Chrome/133.0.0.0 Safari/537.36"
65.109.31.236 - - [13/Mar/2025:15:03:12 +0000] "POST /wp-cron.php?doing_wp_cron=1741878192.6533160209655761718750 HTTP/1.1" 200 20 "-" "WordPress/6.7.2; https://webcloude.com"
2a06:98c0:3600::103 - - [13/Mar/2025:15:53:14 +0000] "GET /wordpress/wp-admin/setup-config.php HTTP/1.1" 404 25146 "-" "Mozilla/5.0 (Windows NT 10.0; Win64; x64) AppleWebKit/537.36 (KHTML, like Gecko) Chrome/133.0.0.0 Safari/537.36"
124.220.171.218 - - [13/Mar/2025:09:12:25 +0000] "GET / HTTP/1.1" 301 20 "-" "Mozilla/5.0 (Linux; Android 10; LIO-AN00 Build/HUAWEILIO-AN00; wv) MicroMessenger Weixin QQ AppleWebKit/537.36 (KHTML, like Gecko) Version/4.0 Chrome/78.0.3904.62 XWEB/2692 MMWEBSDK/200901 Mobile Safari/537.36"
2a06:98c0:3600::103 - - [13/Mar/2025:10:13:34 +0000] "GET /wp-admin/setup-config.php HTTP/1.1" 409 1144 "-" "Mozilla/5.0 (Windows NT 10.0; Win64; x64) AppleWebKit/537.36 (KHTML, like Gecko) Chrome/133.0.0.0 Safari/537.36"
65.109.31.236 - - [13/Mar/2025:10:39:23 +0000] "POST /wp-cron.php?doing_wp_cron=1741862363.3076090812683105468750 HTTP/1.1" 200 20 "-" "WordPress/6.7.2; https://webcloude.com"
43.130.72.177 - - [13/Mar/2025:10:58:46 +0000] "GET / HTTP/1.1" 301 20 "-" "Mozilla/5.0 (iPhone; CPU iPhone OS 13_2_3 like Mac OS X) AppleWebKit/605.1.15 (KHTML, like Gecko) Version/13.0.3 Mobile/15E148 Safari/604.1"
43.130.14.245 - - [13/Mar/2025:11:50:20 +0000] "GET / HTTP/1.1" 301 20 "-" "Mozilla/5.0 (iPhone; CPU iPhone OS 13_2_3 like Mac OS X) AppleWebKit/605.1.15 (KHTML, like Gecko) Version/13.0.3 Mobile/15E148 Safari/604.1"
2a06:98c0:3600::103 - - [13/Mar/2025:12:09:18 +0000] "GET /wordpress/wp-admin/setup-config.php HTTP/1.1" 404 25146 "-" "Mozilla/5.0 (Windows NT 10.0; Win64; x64) AppleWebKit/537.36 (KHTML, like Gecko) Chrome/133.0.0.0 Safari/537.36"
2a06:98c0:3600::103 - - [13/Mar/2025:12:09:54 +0000] "GET /wp-admin/setup-config.php HTTP/1.1" 409 1144 "-" "Mozilla/5.0 (Windows NT 10.0; Win64; x64) AppleWebKit/537.36 (KHTML, like Gecko) Chrome/133.0.0.0 Safari/537.36"
2a06:98c0:3600::103 - - [13/Mar/2025:13:48:32 +0000] "GET /wordpress/wp-admin/setup-config.php HTTP/1.1" 404 25146 "-" "Mozilla/5.0 (Windows NT 10.0; Win64; x64) AppleWebKit/537.36 (KHTML, like Gecko) Chrome/133.0.0.0 Safari/537.36"
2a06:98c0:3600::103 - - [13/Mar/2025:14:37:00 +0000] "GET /wordpress/wp-admin/setup-config.php HTTP/1.1" 404 25145 "-" "Mozilla/5.0 (Windows NT 10.0; Win64; x64) AppleWebKit/537.36 (KHTML, like Gecko) Chrome/133.0.0.0 Safari/537.36"
45.56.155.117 - - [13/Mar/2025:14:45:09 +0000] "GET /contact/ HTTP/1.1" 200 30324 "-" "Mozilla/5.0 (Windows NT 10.0; Win64; x64) AppleWebKit/537.36 (KHTML, like Gecko) Chrome/129.0.0.0 Safari/537.3"
4.234.9.215 - - [13/Mar/2025:15:11:17 +0000] "POST / HTTP/1.1" 403 1154 "-" "Mozilla/5.0 (X11; Linux x86_64) AppleWebKit/537.36 (KHTML, like Gecko) Chrome/81.0.4044.129 Safari/537.36"
65.109.31.236 - - [13/Mar/2025:16:03:23 +0000] "POST /wp-cron.php?doing_wp_cron=1741881803.0097000598907470703125 HTTP/1.1" 200 20 "-" "WordPress/6.7.2; https://webcloude.com"
65.109.31.236 - - [13/Mar/2025:16:03:23 +0000] "POST /wp-cron.php?doing_wp_cron=1741881803.1031289100646972656250 HTTP/1.1" 200 20 "-" "WordPress/6.7.2; https://webcloude.com"
65.109.31.236 - - [13/Mar/2025:16:03:23 +0000] "POST /wp-cron.php?doing_wp_cron=1741881803.1284210681915283203125 HTTP/1.1" 200 20 "-" "WordPress/6.7.2; https://webcloude.com"
2a06:98c0:3600::103 - - [13/Mar/2025:16:17:58 +0000] "GET /wordpress/wp-admin/setup-config.php HTTP/1.1" 404 25145 "-" "Mozilla/5.0 (Windows NT 10.0; Win64; x64) AppleWebKit/537.36 (KHTML, like Gecko) Chrome/133.0.0.0 Safari/537.36"
2a06:98c0:3600::103 - - [13/Mar/2025:16:43:59 +0000] "GET /wordpress/wp-admin/setup-config.php HTTP/1.1" 404 25145 "-" "Mozilla/5.0 (Windows NT 10.0; Win64; x64) AppleWebKit/537.36 (KHTML, like Gecko) Chrome/133.0.0.0 Safari/537.36"
65.109.31.236 - - [13/Mar/2025:16:48:44 +0000] "POST /wp-cron.php?doing_wp_cron=1741884524.1617879867553710937500 HTTP/1.1" 200 20 "-" "WordPress/6.7.2; https://webcloude.com"
65.109.31.236 - - [13/Mar/2025:17:07:03 +0000] "POST /wp-cron.php?doing_wp_cron=1741885623.7204229831695556640625 HTTP/1.1" 200 20 "-" "WordPress/6.7.2; https://webcloude.com"
65.109.31.236 - - [13/Mar/2025:17:07:03 +0000] "POST /wp-cron.php?doing_wp_cron=1741885623.7632589340209960937500 HTTP/1.1" 200 20 "-" "WordPress/6.7.2; https://webcloude.com"
65.109.31.236 - - [13/Mar/2025:09:12:25 +0000] "POST /wp-cron.php?doing_wp_cron=1741857145.5417749881744384765625 HTTP/1.1" 200 20 "-" "WordPress/6.7.2; https://webcloude.com"
2a06:98c0:3600::103 - - [13/Mar/2025:09:13:35 +0000] "GET /wp-admin/setup-config.php HTTP/1.1" 409 1144 "-" "Mozilla/5.0 (Windows NT 10.0; Win64; x64) AppleWebKit/537.36 (KHTML, like Gecko) Chrome/133.0.0.0 Safari/537.36"
65.109.31.236 - - [13/Mar/2025:10:14:07 +0000] "POST /wp-cron.php?doing_wp_cron=1741860847.3294589519500732421875 HTTP/1.1" 200 20 "-" "WordPress/6.7.2; https://webcloude.com"
65.109.31.236 - - [13/Mar/2025:10:14:08 +0000] "POST /wp-cron.php?doing_wp_cron=1741860848.0231180191040039062500 HTTP/1.1" 200 20 "-" "WordPress/6.7.2; https://webcloude.com"
65.109.31.236 - - [13/Mar/2025:11:48:10 +0000] "POST /wp-cron.php?doing_wp_cron=1741866489.8839890956878662109375 HTTP/1.1" 200 20 "-" "WordPress/6.7.2; https://webcloude.com"
65.109.31.236 - - [13/Mar/2025:11:50:21 +0000] "POST /wp-cron.php?doing_wp_cron=1741866621.6617689132690429687500 HTTP/1.1" 200 20 "-" "WordPress/6.7.2; https://webcloude.com"
65.109.31.236 - - [13/Mar/2025:12:09:19 +0000] "POST /wp-cron.php?doing_wp_cron=1741867759.6016860008239746093750 HTTP/1.1" 200 20 "-" "WordPress/6.7.2; https://webcloude.com"
65.109.31.236 - - [13/Mar/2025:12:34:14 +0000] "POST /wp-cron.php?doing_wp_cron=1741869254.1319169998168945312500 HTTP/1.1" 200 20 "-" "WordPress/6.7.2; https://webcloude.com"
65.109.31.236 - - [13/Mar/2025:13:48:32 +0000] "POST /wp-cron.php?doing_wp_cron=1741873712.8669569492340087890625 HTTP/1.1" 200 20 "-" "WordPress/6.7.2; https://webcloude.com"
65.109.31.236 - - [13/Mar/2025:14:12:58 +0000] "POST /wp-cron.php?doing_wp_cron=1741875178.1805090904235839843750 HTTP/1.1" 200 20 "-" "WordPress/6.7.2; https://webcloude.com"
207.228.6.249 - - [13/Mar/2025:14:45:11 +0000] "GET /contact-us HTTP/1.1" 404 24892 "http://webcloude.com/contact/" "Mozilla/5.0 (Windows NT 10.0; Win64; x64) AppleWebKit/537.36 (KHTML, like Gecko) Chrome/129.0.0.0 Safari/537.3"
192.53.141.177 - - [13/Mar/2025:14:45:15 +0000] "GET /about-2/ HTTP/1.1" 200 31986 "-" "Mozilla/5.0 (Windows NT 10.0; Win64; x64) AppleWebKit/537.36 (KHTML, like Gecko) Chrome/129.0.0.0 Safari/537.3"
65.109.31.236 - - [13/Mar/2025:15:03:12 +0000] "POST /wp-cron.php?doing_wp_cron=1741878192.5840868949890136718750 HTTP/1.1" 200 20 "-" "WordPress/6.7.2; https://webcloude.com"
2a06:98c0:3600::103 - - [13/Mar/2025:15:55:16 +0000] "GET /wp-admin/setup-config.php HTTP/1.1" 409 1144 "-" "Mozilla/5.0 (Windows NT 10.0; Win64; x64) AppleWebKit/537.36 (KHTML, like Gecko) Chrome/133.0.0.0 Safari/537.36"
34.56.31.240 - - [13/Mar/2025:16:03:22 +0000] "GET / HTTP/1.1" 301 0 "-" "Mozilla/5.0 (Windows NT 10.0; Win64; x64) AppleWebKit/537.36 (KHTML, like Gecko) Chrome/78.0.3904.108 Safari/537.36"
65.109.31.236 - - [13/Mar/2025:16:10:53 +0000] "POST /wp-cron.php?doing_wp_cron=1741882253.7716619968414306640625 HTTP/1.1" 200 20 "-" "WordPress/6.7.2; https://webcloude.com"
2a06:98c0:3600::103 - - [13/Mar/2025:16:46:54 +0000] "GET /wp-admin/setup-config.php HTTP/1.1" 409 1144 "-" "Mozilla/5.0 (Windows NT 10.0; Win64; x64) AppleWebKit/537.36 (KHTML, like Gecko) Chrome/133.0.0.0 Safari/537.36"
159.223.62.30 - - [13/Mar/2025:16:48:43 +0000] "GET / HTTP/1.1" 301 0 "-" "Mozilla/5.0 (Windows NT 10.0; Win64; x64) AppleWebKit/537.36 (KHTML, like Gecko) Chrome/89.0.4389.114 Safari/537.36"
65.109.31.236 - - [13/Mar/2025:16:55:59 +0000] "POST /wp-cron.php?doing_wp_cron=1741884959.1084640026092529296875 HTTP/1.1" 200 20 "-" "WordPress/6.7.2; https://webcloude.com"
65.109.31.236 - - [13/Mar/2025:17:03:11 +0000] "POST /wp-cron.php?doing_wp_cron=1741885391.4626049995422363281250 HTTP/1.1" 200 20 "-" "WordPress/6.7.2; https://webcloude.com"
2a06:98c0:3600::103 - - [13/Mar/2025:17:35:37 +0000] "GET /wp-admin/setup-config.php HTTP/1.1" 409 1144 "-" "Mozilla/5.0 (Windows NT 10.0; Win64; x64) AppleWebKit/537.36 (KHTML, like Gecko) Chrome/133.0.0.0 Safari/537.36"
124.220.171.218 - - [13/Mar/2025:08:57:23 +0000] "GET / HTTP/1.1" 301 20 "-" "Mozilla/5.0 (Linux; Android 10; LIO-AN00 Build/HUAWEILIO-AN00; wv) MicroMessenger Weixin QQ AppleWebKit/537.36 (KHTML, like Gecko) Version/4.0 Chrome/78.0.3904.62 XWEB/2692 MMWEBSDK/200901 Mobile Safari/537.36"
65.109.31.236 - - [13/Mar/2025:09:15:13 +0000] "POST /wp-cron.php?doing_wp_cron=1741857313.7132780551910400390625 HTTP/1.1" 200 20 "-" "WordPress/6.7.2; https://webcloude.com"
2a06:98c0:3600::103 - - [13/Mar/2025:09:25:10 +0000] "GET /wordpress/wp-admin/setup-config.php HTTP/1.1" 404 25148 "-" "Mozilla/5.0 (Windows NT 10.0; Win64; x64) AppleWebKit/537.36 (KHTML, like Gecko) Chrome/133.0.0.0 Safari/537.36"
65.109.31.236 - - [13/Mar/2025:11:06:21 +0000] "POST /wp-cron.php?doing_wp_cron=1741863981.7281520366668701171875 HTTP/1.1" 200 20 "-" "WordPress/6.7.2; https://webcloude.com"
89.187.163.216 - - [13/Mar/2025:11:06:20 +0000] "GET / HTTP/1.1" 301 0 "-" "Mozilla/5.0 (Windows NT 10.0; Win64; x64) AppleWebKit/537.36 (KHTML, like Gecko) Chrome/78.0.3904.108 Safari/537.36"
65.109.31.236 - - [13/Mar/2025:11:36:21 +0000] "GET /.well-known/acme-challenge/X8UPF1BQ-K28SXGBNSQ1OIQJEBMP1-CZ HTTP/1.1" 200 64 "-" "Cpanel-HTTP-Client/1.0"
65.109.31.236 - - [13/Mar/2025:12:34:14 +0000] "POST /wp-cron.php?doing_wp_cron=1741869254.1066329479217529296875 HTTP/1.1" 200 20 "-" "WordPress/6.7.2; https://webcloude.com"
89.187.160.155 - - [13/Mar/2025:12:39:39 +0000] "GET / HTTP/1.1" 301 0 "-" "Mozilla/5.0 (Windows NT 10.0; Win64; x64) AppleWebKit/537.36 (KHTML, like Gecko) Chrome/78.0.3904.108 Safari/537.36"
2a06:98c0:3600::103 - - [13/Mar/2025:13:24:43 +0000] "GET /wordpress/wp-admin/setup-config.php HTTP/1.1" 404 25146 "-" "Mozilla/5.0 (Windows NT 10.0; Win64; x64) AppleWebKit/537.36 (KHTML, like Gecko) Chrome/133.0.0.0 Safari/537.36"
2a06:98c0:3600::103 - - [13/Mar/2025:14:12:57 +0000] "GET /wordpress/wp-admin/setup-config.php HTTP/1.1" 404 25145 "-" "Mozilla/5.0 (Windows NT 10.0; Win64; x64) AppleWebKit/537.36 (KHTML, like Gecko) Chrome/133.0.0.0 Safari/537.36"
65.109.31.236 - - [13/Mar/2025:14:36:21 +0000] "GET /.well-known/acme-challenge/_QD7V3W_9A6Z65IS8_FP2CMXYY842WBA HTTP/1.1" 200 64 "-" "Cpanel-HTTP-Client/1.0"
65.109.31.236 - - [13/Mar/2025:14:45:08 +0000] "POST /wp-cron.php?doing_wp_cron=1741877108.0361669063568115234375 HTTP/1.1" 200 20 "-" "WordPress/6.7.2; https://webcloude.com"
43.153.119.119 - - [13/Mar/2025:15:03:11 +0000] "GET / HTTP/1.1" 301 20 "-" "Mozilla/5.0 (iPhone; CPU iPhone OS 13_2_3 like Mac OS X) AppleWebKit/605.1.15 (KHTML, like Gecko) Version/13.0.3 Mobile/15E148 Safari/604.1"
2a06:98c0:3600::103 - - [13/Mar/2025:15:29:00 +0000] "GET /wp-admin/setup-config.php HTTP/1.1" 409 1144 "-" "Mozilla/5.0 (Windows NT 10.0; Win64; x64) AppleWebKit/537.36 (KHTML, like Gecko) Chrome/133.0.0.0 Safari/537.36"
65.109.31.236 - - [13/Mar/2025:16:06:30 +0000] "POST /wp-cron.php?doing_wp_cron=1741881990.5715689659118652343750 HTTP/1.1" 200 20 "-" "WordPress/6.7.2; https://webcloude.com"
65.109.31.236 - - [13/Mar/2025:16:30:12 +0000] "POST /wp-cron.php?doing_wp_cron=1741883412.9219648838043212890625 HTTP/1.1" 200 20 "-" "WordPress/6.7.2; https://webcloude.com"
93.118.41.99 - - [13/Mar/2025:16:58:03 +0000] "GET / HTTP/1.1" 301 0 "-" "Mozilla/5.0 (Windows NT 10.0; Win64; x64) AppleWebKit/537.36 (KHTML, like Gecko) Chrome/78.0.3904.108 Safari/537.36"
65.109.31.236 - - [13/Mar/2025:17:58:59 +0000] "POST /wp-cron.php?doing_wp_cron=1741888739.3004820346832275390625 HTTP/1.1" 200 20 "-" "WordPress/6.7.2; https://webcloude.com"
65.109.31.236 - - [13/Mar/2025:18:03:46 +0000] "POST /wp-cron.php?doing_wp_cron=1741889026.6516039371490478515625 HTTP/1.1" 200 20 "-" "WordPress/6.7.2; https://webcloude.com"
65.109.31.236 - - [13/Mar/2025:18:24:23 +0000] "POST /wp-cron.php?doing_wp_cron=1741890263.7644279003143310546875 HTTP/1.1" 200 20 "-" "WordPress/6.7.2; https://webcloude.com"
65.109.31.236 - - [13/Mar/2025:08:42:23 +0000] "POST /wp-cron.php?doing_wp_cron=1741855343.3672389984130859375000 HTTP/1.1" 200 20 "-" "WordPress/6.7.2; https://webcloude.com"
2a06:98c0:3600::103 - - [13/Mar/2025:08:55:25 +0000] "GET /wp-admin/setup-config.php HTTP/1.1" 409 1144 "-" "Mozilla/5.0 (Windows NT 10.0; Win64; x64) AppleWebKit/537.36 (KHTML, like Gecko) Chrome/133.0.0.0 Safari/537.36"
124.220.171.218 - - [13/Mar/2025:09:11:45 +0000] "GET / HTTP/1.1" 301 20 "-" "Mozilla/5.0 (Linux; Android 10; LIO-AN00 Build/HUAWEILIO-AN00; wv) MicroMessenger Weixin QQ AppleWebKit/537.36 (KHTML, like Gecko) Version/4.0 Chrome/78.0.3904.62 XWEB/2692 MMWEBSDK/200901 Mobile Safari/537.36"
124.220.171.218 - - [13/Mar/2025:09:12:05 +0000] "GET / HTTP/1.1" 301 20 "-" "Mozilla/5.0 (Linux; Android 10; LIO-AN00 Build/HUAWEILIO-AN00; wv) MicroMessenger Weixin QQ AppleWebKit/537.36 (KHTML, like Gecko) Version/4.0 Chrome/78.0.3904.62 XWEB/2692 MMWEBSDK/200901 Mobile Safari/537.36"
65.109.31.236 - - [13/Mar/2025:09:25:12 +0000] "POST /wp-cron.php?doing_wp_cron=1741857912.8092770576477050781250 HTTP/1.1" 200 20 "-" "WordPress/6.7.2; https://webcloude.com"
2a06:98c0:3600::103 - - [13/Mar/2025:10:14:04 +0000] "GET /wordpress/wp-admin/setup-config.php HTTP/1.1" 404 0 "-" "Mozilla/5.0 (Windows NT 10.0; Win64; x64) AppleWebKit/537.36 (KHTML, like Gecko) Chrome/133.0.0.0 Safari/537.36"
2a06:98c0:3600::103 - - [13/Mar/2025:11:01:28 +0000] "GET /wp-admin/setup-config.php HTTP/1.1" 409 1144 "-" "Mozilla/5.0 (Windows NT 10.0; Win64; x64) AppleWebKit/537.36 (KHTML, like Gecko) Chrome/133.0.0.0 Safari/537.36"
2a06:98c0:3600::103 - - [13/Mar/2025:11:48:04 +0000] "GET /wordpress/wp-admin/setup-config.php HTTP/1.1" 404 0 "-" "Mozilla/5.0 (Windows NT 10.0; Win64; x64) AppleWebKit/537.36 (KHTML, like Gecko) Chrome/133.0.0.0 Safari/537.36"
65.109.31.236 - - [13/Mar/2025:12:05:10 +0000] "POST /wp-cron.php?doing_wp_cron=1741867510.7668929100036621093750 HTTP/1.1" 200 20 "-" "WordPress/6.7.2; https://webcloude.com"
65.109.31.236 - - [13/Mar/2025:13:24:44 +0000] "POST /wp-cron.php?doing_wp_cron=1741872284.6254599094390869140625 HTTP/1.1" 200 20 "-" "WordPress/6.7.2; https://webcloude.com"
65.109.31.236 - - [13/Mar/2025:13:48:32 +0000] "POST /wp-cron.php?doing_wp_cron=1741873712.9278030395507812500000 HTTP/1.1" 200 20 "-" "WordPress/6.7.2; https://webcloude.com"
65.109.31.236 - - [13/Mar/2025:14:37:01 +0000] "POST /wp-cron.php?doing_wp_cron=1741876621.0250489711761474609375 HTTP/1.1" 200 20 "-" "WordPress/6.7.2; https://webcloude.com"
2a06:98c0:3600::103 - - [13/Mar/2025:14:39:46 +0000] "GET /wp-admin/setup-config.php HTTP/1.1" 409 1144 "-" "Mozilla/5.0 (Windows NT 10.0; Win64; x64) AppleWebKit/537.36 (KHTML, like Gecko) Chrome/133.0.0.0 Safari/537.36"
65.109.31.236 - - [13/Mar/2025:15:03:12 +0000] "POST /wp-cron.php?doing_wp_cron=1741878192.6908690929412841796875 HTTP/1.1" 200 20 "-" "WordPress/6.7.2; https://webcloude.com"
65.109.31.236 - - [13/Mar/2025:15:53:15 +0000] "POST /wp-cron.php?doing_wp_cron=1741881195.0712020397186279296875 HTTP/1.1" 200 20 "-" "WordPress/6.7.2; https://webcloude.com"
34.27.116.103 - - [13/Mar/2025:16:10:52 +0000] "GET / HTTP/1.1" 301 0 "-" "Mozilla/5.0 (Windows NT 10.0; Win64; x64) AppleWebKit/537.36 (KHTML, like Gecko) Chrome/78.0.3904.108 Safari/537.36"
65.109.31.236 - - [13/Mar/2025:16:17:59 +0000] "POST /wp-cron.php?doing_wp_cron=1741882679.7831621170043945312500 HTTP/1.1" 200 20 "-" "WordPress/6.7.2; https://webcloude.com"
146.70.205.126 - - [13/Mar/2025:16:30:09 +0000] "GET / HTTP/1.1" 301 0 "-" "Mozilla/5.0 (Windows NT 10.0; Win64; x64) AppleWebKit/537.36 (KHTML, like Gecko) Chrome/95.0.4638.69 Safari/537.36"
2a06:98c0:3600::103 - - [13/Mar/2025:17:08:15 +0000] "GET /wp-admin/setup-config.php HTTP/1.1" 409 1144 "-" "Mozilla/5.0 (Windows NT 10.0; Win64; x64) AppleWebKit/537.36 (KHTML, like Gecko) Chrome/133.0.0.0 Safari/537.36"
65.109.31.236 - - [13/Mar/2025:08:54:42 +0000] "POST /wp-cron.php?doing_wp_cron=1741856082.5770230293273925781250 HTTP/1.1" 200 20 "-" "WordPress/6.7.2; https://webcloude.com"
65.109.31.236 - - [13/Mar/2025:09:54:17 +0000] "POST /wp-cron.php?doing_wp_cron=1741859657.0097610950469970703125 HTTP/1.1" 200 20 "-" "WordPress/6.7.2; https://webcloude.com"
2a06:98c0:3600::103 - - [13/Mar/2025:10:39:22 +0000] "GET /wordpress/wp-admin/setup-config.php HTTP/1.1" 404 25148 "-" "Mozilla/5.0 (Windows NT 10.0; Win64; x64) AppleWebKit/537.36 (KHTML, like Gecko) Chrome/133.0.0.0 Safari/537.36"
2a06:98c0:3600::103 - - [13/Mar/2025:11:02:26 +0000] "GET /wordpress/wp-admin/setup-config.php HTTP/1.1" 404 25147 "-" "Mozilla/5.0 (Windows NT 10.0; Win64; x64) AppleWebKit/537.36 (KHTML, like Gecko) Chrome/133.0.0.0 Safari/537.36"
65.109.31.236 - - [13/Mar/2025:11:21:56 +0000] "POST /wp-cron.php?doing_wp_cron=1741864916.4802060127258300781250 HTTP/1.1" 200 20 "-" "WordPress/6.7.2; https://webcloude.com"
65.109.31.236 - - [13/Mar/2025:11:21:56 +0000] "POST /wp-cron.php?doing_wp_cron=1741864916.5705409049987792968750 HTTP/1.1" 200 20 "-" "WordPress/6.7.2; https://webcloude.com"
65.109.31.236 - - [13/Mar/2025:11:21:56 +0000] "POST /wp-cron.php?doing_wp_cron=1741864916.5890510082244873046875 HTTP/1.1" 200 20 "-" "WordPress/6.7.2; https://webcloude.com"
65.109.31.236 - - [13/Mar/2025:12:34:14 +0000] "POST /wp-cron.php?doing_wp_cron=1741869254.1567800045013427734375 HTTP/1.1" 200 20 "-" "WordPress/6.7.2; https://webcloude.com"
65.109.31.236 - - [13/Mar/2025:13:00:22 +0000] "POST /wp-cron.php?doing_wp_cron=1741870822.8257889747619628906250 HTTP/1.1" 200 20 "-" "WordPress/6.7.2; https://webcloude.com"
65.109.31.236 - - [13/Mar/2025:13:15:47 +0000] "POST /wp-cron.php?doing_wp_cron=1741871747.3574199676513671875000 HTTP/1.1" 200 20 "-" "WordPress/6.7.2; https://webcloude.com"
84.8.142.45 - - [13/Mar/2025:13:31:28 +0000] "GET / HTTP/1.1" 301 0 "-" "Go-http-client/1.1"
65.109.31.236 - - [13/Mar/2025:13:48:32 +0000] "POST /wp-cron.php?doing_wp_cron=1741873712.9477829933166503906250 HTTP/1.1" 200 20 "-" "WordPress/6.7.2; https://webcloude.com"
2a06:98c0:3600::103 - - [13/Mar/2025:14:12:16 +0000] "GET /wp-admin/setup-config.php HTTP/1.1" 409 1144 "-" "Mozilla/5.0 (Windows NT 10.0; Win64; x64) AppleWebKit/537.36 (KHTML, like Gecko) Chrome/133.0.0.0 Safari/537.36"
2a06:98c0:3600::103 - - [13/Mar/2025:16:19:51 +0000] "GET /wp-admin/setup-config.php HTTP/1.1" 409 1144 "-" "Mozilla/5.0 (Windows NT 10.0; Win64; x64) AppleWebKit/537.36 (KHTML, like Gecko) Chrome/133.0.0.0 Safari/537.36"
134.209.146.211 - - [13/Mar/2025:17:03:10 +0000] "GET / HTTP/1.1" 301 0 "-" "Mozilla/5.0 (Windows NT 10.0; Win64; x64) AppleWebKit/537.36 (KHTML, like Gecko) Chrome/78.0.3904.108 Safari/537.36"
43.153.19.83 - - [13/Mar/2025:18:03:45 +0000] "GET / HTTP/1.1" 301 20 "-" "Mozilla/5.0 (iPhone; CPU iPhone OS 13_2_3 like Mac OS X) AppleWebKit/605.1.15 (KHTML, like Gecko) Version/13.0.3 Mobile/15E148 Safari/604.1"
2a06:98c0:3600::103 - - [13/Mar/2025:19:12:37 +0000] "GET /wordpress/wp-admin/setup-config.php HTTP/1.1" 404 25145 "-" "Mozilla/5.0 (Windows NT 10.0; Win64; x64) AppleWebKit/537.36 (KHTML, like Gecko) Chrome/133.0.0.0 Safari/537.36"
2a06:98c0:3600::103 - - [13/Mar/2025:19:59:16 +0000] "GET /wp-admin/setup-config.php HTTP/1.1" 409 1144 "-" "Mozilla/5.0 (Windows NT 10.0; Win64; x64) AppleWebKit/537.36 (KHTML, like Gecko) Chrome/133.0.0.0 Safari/537.36"
159.223.62.30 - - [13/Mar/2025:20:17:36 +0000] "GET / HTTP/1.1" 301 0 "-" "Mozilla/5.0 (Windows NT 10.0; Win64; x64) AppleWebKit/537.36 (KHTML, like Gecko) Chrome/89.0.4389.114 Safari/537.36"
134.209.146.211 - - [13/Mar/2025:20:18:35 +0000] "GET / HTTP/1.1" 301 0 "-" "Mozilla/5.0 (Windows NT 10.0; Win64; x64) AppleWebKit/537.36 (KHTML, like Gecko) Chrome/78.0.3904.108 Safari/537.36"
2a06:98c0:3600::103 - - [13/Mar/2025:20:46:32 +0000] "GET /wp-admin/setup-config.php HTTP/1.1" 409 1144 "-" "Mozilla/5.0 (Windows NT 10.0; Win64; x64) AppleWebKit/537.36 (KHTML, like Gecko) Chrome/133.0.0.0 Safari/537.36"
65.109.31.236 - - [13/Mar/2025:08:57:05 +0000] "POST /wp-cron.php?doing_wp_cron=1741856225.5821330547332763671875 HTTP/1.1" 200 20 "-" "WordPress/6.7.2; https://webcloude.com"
124.220.171.218 - - [13/Mar/2025:08:57:03 +0000] "GET / HTTP/1.1" 301 20 "-" "Mozilla/5.0 (Linux; Android 10; LIO-AN00 Build/HUAWEILIO-AN00; wv) MicroMessenger Weixin QQ AppleWebKit/537.36 (KHTML, like Gecko) Version/4.0 Chrome/78.0.3904.62 XWEB/2692 MMWEBSDK/200901 Mobile Safari/537.36"
65.109.31.236 - - [13/Mar/2025:09:11:46 +0000] "POST /wp-cron.php?doing_wp_cron=1741857106.2980849742889404296875 HTTP/1.1" 200 20 "-" "WordPress/6.7.2; https://webcloude.com"
2a06:98c0:3600::103 - - [13/Mar/2025:09:54:15 +0000] "GET /wordpress/wp-admin/setup-config.php HTTP/1.1" 404 25147 "-" "Mozilla/5.0 (Windows NT 10.0; Win64; x64) AppleWebKit/537.36 (KHTML, like Gecko) Chrome/133.0.0.0 Safari/537.36"
2a06:98c0:3600::103 - - [13/Mar/2025:09:55:27 +0000] "GET /wp-admin/setup-config.php HTTP/1.1" 409 1144 "-" "Mozilla/5.0 (Windows NT 10.0; Win64; x64) AppleWebKit/537.36 (KHTML, like Gecko) Chrome/133.0.0.0 Safari/537.36"
65.109.31.236 - - [13/Mar/2025:10:14:07 +0000] "POST /wp-cron.php?doing_wp_cron=1741860847.8513638973236083984375 HTTP/1.1" 200 20 "-" "WordPress/6.7.2; https://webcloude.com"
65.109.31.236 - - [13/Mar/2025:10:58:47 +0000] "POST /wp-cron.php?doing_wp_cron=1741863527.6816499233245849609375 HTTP/1.1" 200 20 "-" "WordPress/6.7.2; https://webcloude.com"
170.106.110.146 - - [13/Mar/2025:12:05:05 +0000] "GET / HTTP/1.1" 301 20 "-" "Mozilla/5.0 (iPhone; CPU iPhone OS 13_2_3 like Mac OS X) AppleWebKit/605.1.15 (KHTML, like Gecko) Version/13.0.3 Mobile/15E148 Safari/604.1"
165.227.71.208 - - [13/Mar/2025:13:15:46 +0000] "GET / HTTP/1.1" 301 20 "-" "Mozilla/5.0 (compatible)"
2a06:98c0:3600::103 - - [13/Mar/2025:13:47:21 +0000] "GET /wp-admin/setup-config.php HTTP/1.1" 409 1144 "-" "Mozilla/5.0 (Windows NT 10.0; Win64; x64) AppleWebKit/537.36 (KHTML, like Gecko) Chrome/133.0.0.0 Safari/537.36"
156.237.52.207 - - [13/Mar/2025:14:45:15 +0000] "GET /contact-2/ HTTP/1.1" 200 30136 "-" "Mozilla/5.0 (Windows NT 10.0; Win64; x64) AppleWebKit/537.36 (KHTML, like Gecko) Chrome/129.0.0.0 Safari/537.3"
23.229.91.3 - - [13/Mar/2025:14:45:15 +0000] "GET /all-courses-2/ HTTP/1.1" 200 28785 "-" "Mozilla/5.0 (Windows NT 10.0; Win64; x64) AppleWebKit/537.36 (KHTML, like Gecko) Chrome/129.0.0.0 Safari/537.3"
43.159.132.207 - - [13/Mar/2025:16:06:29 +0000] "GET / HTTP/1.1" 301 20 "-" "Mozilla/5.0 (iPhone; CPU iPhone OS 13_2_3 like Mac OS X) AppleWebKit/605.1.15 (KHTML, like Gecko) Version/13.0.3 Mobile/15E148 Safari/604.1"
2a06:98c0:3600::103 - - [13/Mar/2025:17:35:12 +0000] "GET /wordpress/wp-admin/setup-config.php HTTP/1.1" 404 25146 "-" "Mozilla/5.0 (Windows NT 10.0; Win64; x64) AppleWebKit/537.36 (KHTML, like Gecko) Chrome/133.0.0.0 Safari/537.36"
65.109.31.236 - - [13/Mar/2025:17:36:20 +0000] "GET /.well-known/acme-challenge/17WTED5_YKCI-WWFYDVK4TGOQ80T5N2X HTTP/1.1" 200 64 "-" "Cpanel-HTTP-Client/1.0"
65.109.31.236 - - [13/Mar/2025:18:02:27 +0000] "POST /wp-cron.php?doing_wp_cron=1741888947.6956529617309570312500 HTTP/1.1" 200 20 "-" "WordPress/6.7.2; https://webcloude.com"
65.109.31.236 - - [13/Mar/2025:19:33:59 +0000] "POST /wp-cron.php?doing_wp_cron=1741894439.1851680278778076171875 HTTP/1.1" 200 20 "-" "WordPress/6.7.2; https://webcloude.com"
65.109.31.236 - - [13/Mar/2025:20:01:12 +0000] "POST /wp-cron.php?doing_wp_cron=1741896072.9611670970916748046875 HTTP/1.1" 200 20 "-" "WordPress/6.7.2; https://webcloude.com"
159.223.62.30 - - [13/Mar/2025:20:17:42 +0000] "GET / HTTP/1.1" 301 0 "-" "Mozilla/5.0 (Windows NT 10.0; Win64; x64) AppleWebKit/537.36 (KHTML, like Gecko) Chrome/89.0.4389.114 Safari/537.36"
65.109.31.236 - - [13/Mar/2025:21:11:08 +0000] "POST /wp-cron.php?doing_wp_cron=1741900268.4270269870758056640625 HTTP/1.1" 200 20 "-" "WordPress/6.7.2; https://webcloude.com"
65.109.31.236 - - [13/Mar/2025:08:57:23 +0000] "POST /wp-cron.php?doing_wp_cron=1741856243.9709770679473876953125 HTTP/1.1" 200 20 "-" "WordPress/6.7.2; https://webcloude.com"
65.109.31.236 - - [13/Mar/2025:10:54:12 +0000] "POST /wp-cron.php?doing_wp_cron=1741863252.5325269699096679687500 HTTP/1.1" 200 20 "-" "WordPress/6.7.2; https://webcloude.com"
2a06:98c0:3600::103 - - [13/Mar/2025:12:34:13 +0000] "GET /wordpress/wp-admin/setup-config.php HTTP/1.1" 404 25147 "-" "Mozilla/5.0 (Windows NT 10.0; Win64; x64) AppleWebKit/537.36 (KHTML, like Gecko) Chrome/133.0.0.0 Safari/537.36"
2a06:98c0:3600::103 - - [13/Mar/2025:13:00:19 +0000] "GET /wordpress/wp-admin/setup-config.php HTTP/1.1" 404 21450 "-" "Mozilla/5.0 (Windows NT 10.0; Win64; x64) AppleWebKit/537.36 (KHTML, like Gecko) Chrome/133.0.0.0 Safari/537.36"
2a06:98c0:3600::103 - - [13/Mar/2025:13:23:13 +0000] "GET /wp-admin/setup-config.php HTTP/1.1" 409 1144 "-" "Mozilla/5.0 (Windows NT 10.0; Win64; x64) AppleWebKit/537.36 (KHTML, like Gecko) Chrome/133.0.0.0 Safari/537.36"
65.109.31.236 - - [13/Mar/2025:13:31:29 +0000] "POST /wp-cron.php?doing_wp_cron=1741872689.2101399898529052734375 HTTP/1.1" 200 20 "-" "WordPress/6.7.2; https://webcloude.com"
4.234.9.215 - - [13/Mar/2025:15:11:14 +0000] "GET /.env HTTP/1.1" 403 1154 "-" "Mozilla/5.0 (X11; Linux x86_64) AppleWebKit/537.36 (KHTML, like Gecko) Chrome/81.0.4044.129 Safari/537.36"
65.109.31.236 - - [13/Mar/2025:15:31:25 +0000] "POST /wp-cron.php?doing_wp_cron=1741879885.8474910259246826171875 HTTP/1.1" 200 20 "-" "WordPress/6.7.2; https://webcloude.com"
2a06:98c0:3600::103 - - [13/Mar/2025:15:31:25 +0000] "GET /wordpress/wp-admin/setup-config.php HTTP/1.1" 404 25146 "-" "Mozilla/5.0 (Windows NT 10.0; Win64; x64) AppleWebKit/537.36 (KHTML, like Gecko) Chrome/133.0.0.0 Safari/537.36"
2a06:98c0:3600::103 - - [13/Mar/2025:16:42:30 +0000] "GET /wp-admin/setup-config.php HTTP/1.1" 409 1144 "-" "Mozilla/5.0 (Windows NT 10.0; Win64; x64) AppleWebKit/537.36 (KHTML, like Gecko) Chrome/133.0.0.0 Safari/537.36"
65.109.31.236 - - [13/Mar/2025:17:07:03 +0000] "POST /wp-cron.php?doing_wp_cron=1741885623.7910239696502685546875 HTTP/1.1" 200 20 "-" "WordPress/6.7.2; https://webcloude.com"
65.109.31.236 - - [13/Mar/2025:17:36:20 +0000] "GET /.well-known/acme-challenge/1MK9E1JQ9LNRCQC99TX0FXGBJM-V7_OJ HTTP/1.1" 200 64 "-" "Cpanel-HTTP-Client/1.0"
65.109.31.236 - - [13/Mar/2025:17:46:48 +0000] "POST /wp-cron.php?doing_wp_cron=1741888008.8225290775299072265625 HTTP/1.1" 200 20 "-" "WordPress/6.7.2; https://webcloude.com"
2a06:98c0:3600::103 - - [13/Mar/2025:18:23:21 +0000] "GET /wp-admin/setup-config.php HTTP/1.1" 409 1144 "-" "Mozilla/5.0 (Windows NT 10.0; Win64; x64) AppleWebKit/537.36 (KHTML, like Gecko) Chrome/133.0.0.0 Safari/537.36"
65.109.31.236 - - [13/Mar/2025:19:14:28 +0000] "POST /wp-cron.php?doing_wp_cron=1741893268.7528340816497802734375 HTTP/1.1" 200 20 "-" "WordPress/6.7.2; https://webcloude.com"
2a06:98c0:3600::103 - - [13/Mar/2025:20:01:12 +0000] "GET /wordpress/wp-admin/setup-config.php HTTP/1.1" 404 25147 "-" "Mozilla/5.0 (Windows NT 10.0; Win64; x64) AppleWebKit/537.36 (KHTML, like Gecko) Chrome/133.0.0.0 Safari/537.36"
65.109.31.236 - - [13/Mar/2025:20:36:22 +0000] "GET /.well-known/acme-challenge/3OWKLZ77ZJRLXBM4XTYK7FNNXA84SOB- HTTP/1.1" 200 64 "-" "Cpanel-HTTP-Client/1.0"
65.109.31.236 - - [13/Mar/2025:20:46:33 +0000] "POST /wp-cron.php?doing_wp_cron=1741898793.7157630920410156250000 HTTP/1.1" 200 20 "-" "WordPress/6.7.2; https://webcloude.com"
65.109.31.236 - - [13/Mar/2025:21:06:30 +0000] "POST /wp-cron.php?doing_wp_cron=1741899990.2985599040985107421875 HTTP/1.1" 200 20 "-" "WordPress/6.7.2; https://webcloude.com"
65.109.31.236 - - [13/Mar/2025:21:33:28 +0000] "POST /wp-cron.php?doing_wp_cron=1741901608.4870989322662353515625 HTTP/1.1" 200 20 "-" "WordPress/6.7.2; https://webcloude.com"
65.109.31.236 - - [13/Mar/2025:21:55:49 +0000] "POST /wp-cron.php?doing_wp_cron=1741902949.8261320590972900390625 HTTP/1.1" 200 20 "-" "WordPress/6.7.2; https://webcloude.com"
65.109.31.236 - - [13/Mar/2025:16:43:59 +0000] "POST /wp-cron.php?doing_wp_cron=1741884239.8981370925903320312500 HTTP/1.1" 200 20 "-" "WordPress/6.7.2; https://webcloude.com"
43.130.228.73 - - [13/Mar/2025:16:55:58 +0000] "GET / HTTP/1.1" 301 20 "-" "Mozilla/5.0 (iPhone; CPU iPhone OS 13_2_3 like Mac OS X) AppleWebKit/605.1.15 (KHTML, like Gecko) Version/13.0.3 Mobile/15E148 Safari/604.1"
65.109.31.236 - - [13/Mar/2025:16:58:07 +0000] "POST /wp-cron.php?doing_wp_cron=1741885087.1058719158172607421875 HTTP/1.1" 200 20 "-" "WordPress/6.7.2; https://webcloude.com"
2a06:98c0:3600::103 - - [13/Mar/2025:17:07:02 +0000] "GET /wordpress/wp-admin/setup-config.php HTTP/1.1" 404 25146 "-" "Mozilla/5.0 (Windows NT 10.0; Win64; x64) AppleWebKit/537.36 (KHTML, like Gecko) Chrome/133.0.0.0 Safari/537.36"
120.71.59.24 - - [13/Mar/2025:18:02:27 +0000] "GET / HTTP/1.1" 301 20 "-" "Mozilla/5.0 (iPhone; CPU iPhone OS 13_2_3 like Mac OS X) AppleWebKit/605.1.15 (KHTML, like Gecko) Version/13.0.3 Mobile/15E148 Safari/604.1"
65.109.31.236 - - [13/Mar/2025:18:24:23 +0000] "POST /wp-cron.php?doing_wp_cron=1741890263.7149469852447509765625 HTTP/1.1" 200 20 "-" "WordPress/6.7.2; https://webcloude.com"
2a06:98c0:3600::103 - - [13/Mar/2025:18:24:23 +0000] "GET /wordpress/wp-admin/setup-config.php HTTP/1.1" 404 25147 "-" "Mozilla/5.0 (Windows NT 10.0; Win64; x64) AppleWebKit/537.36 (KHTML, like Gecko) Chrome/133.0.0.0 Safari/537.36"
93.118.41.99 - - [13/Mar/2025:19:14:28 +0000] "GET / HTTP/1.1" 301 0 "-" "Mozilla/5.0 (Windows NT 10.0; Win64; x64) AppleWebKit/537.36 (KHTML, like Gecko) Chrome/78.0.3904.108 Safari/537.36"
159.223.62.30 - - [13/Mar/2025:19:53:34 +0000] "GET / HTTP/1.1" 301 0 "-" "Mozilla/5.0 (Windows NT 10.0; Win64; x64) AppleWebKit/537.36 (KHTML, like Gecko) Chrome/89.0.4389.114 Safari/537.36"
65.109.31.236 - - [13/Mar/2025:20:46:33 +0000] "POST /wp-cron.php?doing_wp_cron=1741898793.7782270908355712890625 HTTP/1.1" 200 20 "-" "WordPress/6.7.2; https://webcloude.com"
2a06:98c0:3600::103 - - [13/Mar/2025:22:19:47 +0000] "GET /wordpress/wp-admin/setup-config.php HTTP/1.1" 404 25146 "-" "Mozilla/5.0 (Windows NT 10.0; Win64; x64) AppleWebKit/537.36 (KHTML, like Gecko) Chrome/133.0.0.0 Safari/537.36"
65.109.31.236 - - [13/Mar/2025:22:44:42 +0000] "POST /wp-cron.php?doing_wp_cron=1741905882.6887969970703125000000 HTTP/1.1" 200 20 "-" "WordPress/6.7.2; https://webcloude.com"
