31.56.56.74 - - [12/Mar/2025:14:14:44 +0000] "GET /wp-content/uploads/2017-------/09/wp-console.php HTTP/1.1" 403 1154 "-" "Mozilla/5.0 (Linux; Android 11; M2010J19SI) AppleWebKit/537.36 (KHTML, like Gecko) Chrome/109.0.0.0 Mobile Safari/537.36"
31.56.56.74 - - [12/Mar/2025:14:14:48 +0000] "GET /wp-admin/css/colors/midnight/index.php HTTP/1.1" 301 20 "-" "Mozilla/5.0 (Linux; Android 11; M2010J19SI) AppleWebKit/537.36 (KHTML, like Gecko) Chrome/109.0.0.0 Mobile Safari/537.36"
31.56.56.74 - - [12/Mar/2025:14:14:48 +0000] "GET /wp-admin/css/colors/midnight/ HTTP/1.1" 403 1154 "-" "Mozilla/5.0 (Linux; Android 11; M2010J19SI) AppleWebKit/537.36 (KHTML, like Gecko) Chrome/109.0.0.0 Mobile Safari/537.36"
65.109.31.236 - - [12/Mar/2025:14:38:29 +0000] "GET /.well-known/acme-challenge/9HSFR-UISGYB621GP2F0VG6TYOO36V8Z HTTP/1.1" 200 64 "-" "Cpanel-HTTP-Client/1.0"
2a06:98c0:3600::103 - - [12/Mar/2025:12:22:35 +0000] "GET /wp-admin/setup-config.php HTTP/1.1" 409 1144 "-" "Mozilla/5.0 (Windows NT 10.0; Win64; x64) AppleWebKit/537.36 (KHTML, like Gecko) Chrome/133.0.0.0 Safari/537.36"
2a06:98c0:3600::103 - - [12/Mar/2025:13:12:33 +0000] "GET /wordpress/wp-admin/setup-config.php HTTP/1.1" 404 25145 "-" "Mozilla/5.0 (Windows NT 10.0; Win64; x64) AppleWebKit/537.36 (KHTML, like Gecko) Chrome/133.0.0.0 Safari/537.36"
43.153.73.200 - - [12/Mar/2025:13:37:02 +0000] "GET / HTTP/1.1" 301 20 "-" "Mozilla/5.0 (iPhone; CPU iPhone OS 13_2_3 like Mac OS X) AppleWebKit/605.1.15 (KHTML, like Gecko) Version/13.0.3 Mobile/15E148 Safari/604.1"
65.109.31.236 - - [12/Mar/2025:14:14:45 +0000] "POST /wp-cron.php?doing_wp_cron=1741788885.3209650516510009765625 HTTP/1.1" 200 20 "-" "WordPress/6.7.2; https://webcloude.com"
31.56.56.74 - - [12/Mar/2025:14:14:46 +0000] "GET /wp-content/themes/bltm/wp-login.php HTTP/1.1" 404 25138 "-" "Mozilla/5.0 (Linux; Android 11; M2010J19SI) AppleWebKit/537.36 (KHTML, like Gecko) Chrome/109.0.0.0 Mobile Safari/537.36"
31.56.56.74 - - [12/Mar/2025:14:14:47 +0000] "GET /wp-content/uploads/2014/07/olx.php HTTP/1.1" 403 1154 "-" "Mozilla/5.0 (Linux; Android 11; M2010J19SI) AppleWebKit/537.36 (KHTML, like Gecko) Chrome/109.0.0.0 Mobile Safari/537.36"
31.56.56.74 - - [12/Mar/2025:14:14:51 +0000] "GET /wp-links.php HTTP/1.1" 404 24890 "-" "Mozilla/5.0 (Linux; Android 11; M2010J19SI) AppleWebKit/537.36 (KHTML, like Gecko) Chrome/109.0.0.0 Mobile Safari/537.36"
31.56.56.74 - - [12/Mar/2025:14:14:56 +0000] "GET /xx.php HTTP/1.1" 404 24887 "-" "Mozilla/5.0 (Linux; Android 11; M2010J19SI) AppleWebKit/537.36 (KHTML, like Gecko) Chrome/109.0.0.0 Mobile Safari/537.36"
31.56.56.74 - - [12/Mar/2025:14:15:01 +0000] "GET /wp-content/mah.php HTTP/1.1" 404 24890 "-" "Mozilla/5.0 (Linux; Android 11; M2010J19SI) AppleWebKit/537.36 (KHTML, like Gecko) Chrome/109.0.0.0 Mobile Safari/537.36"
2a06:98c0:3600::103 - - [12/Mar/2025:14:16:58 +0000] "GET /wp-admin/setup-config.php HTTP/1.1" 409 1144 "-" "Mozilla/5.0 (Windows NT 10.0; Win64; x64) AppleWebKit/537.36 (KHTML, like Gecko) Chrome/133.0.0.0 Safari/537.36"
65.109.31.236 - - [12/Mar/2025:12:00:17 +0000] "POST /wp-cron.php?doing_wp_cron=1741780817.0309669971466064453125 HTTP/1.1" 200 20 "-" "WordPress/6.7.2; https://webcloude.com"
106.119.167.146 - - [12/Mar/2025:12:00:14 +0000] "GET / HTTP/1.1" 301 20 "-" "Mozilla/5.0 (iPhone; CPU iPhone OS 13_2_3 like Mac OS X) AppleWebKit/605.1.15 (KHTML, like Gecko) Version/13.0.3 Mobile/15E148 Safari/604.1"
2a06:98c0:3600::103 - - [12/Mar/2025:12:23:00 +0000] "GET /wordpress/wp-admin/setup-config.php HTTP/1.1" 404 25145 "-" "Mozilla/5.0 (Windows NT 10.0; Win64; x64) AppleWebKit/537.36 (KHTML, like Gecko) Chrome/133.0.0.0 Safari/537.36"
2a06:98c0:3600::103 - - [12/Mar/2025:13:33:29 +0000] "GET /wordpress/wp-admin/setup-config.php HTTP/1.1" 404 25144 "-" "Mozilla/5.0 (Windows NT 10.0; Win64; x64) AppleWebKit/537.36 (KHTML, like Gecko) Chrome/133.0.0.0 Safari/537.36"
31.56.56.74 - - [12/Mar/2025:14:14:49 +0000] "GET /wp-content/plugins/523453244/ninja.php HTTP/1.1" 404 25143 "-" "Mozilla/5.0 (Linux; Android 11; M2010J19SI) AppleWebKit/537.36 (KHTML, like Gecko) Chrome/109.0.0.0 Mobile Safari/537.36"
31.56.56.74 - - [12/Mar/2025:14:14:50 +0000] "GET /wp-includes/PHPMailer/load.php HTTP/1.1" 404 25140 "-" "Mozilla/5.0 (Linux; Android 11; M2010J19SI) AppleWebKit/537.36 (KHTML, like Gecko) Chrome/109.0.0.0 Mobile Safari/537.36"
31.56.56.74 - - [12/Mar/2025:14:14:55 +0000] "GET /about.php HTTP/1.1" 404 24889 "-" "Mozilla/5.0 (Linux; Android 11; M2010J19SI) AppleWebKit/537.36 (KHTML, like Gecko) Chrome/109.0.0.0 Mobile Safari/537.36"
65.109.31.236 - - [12/Mar/2025:14:16:44 +0000] "POST /wp-cron.php?doing_wp_cron=1741789004.3579239845275878906250 HTTP/1.1" 200 20 "-" "WordPress/6.7.2; https://webcloude.com"
2a06:98c0:3600::103 - - [12/Mar/2025:14:16:43 +0000] "GET /wordpress/wp-admin/setup-config.php HTTP/1.1" 404 25145 "-" "Mozilla/5.0 (Windows NT 10.0; Win64; x64) AppleWebKit/537.36 (KHTML, like Gecko) Chrome/133.0.0.0 Safari/537.36"
43.130.74.193 - - [12/Mar/2025:12:44:24 +0000] "GET / HTTP/1.1" 301 20 "-" "Mozilla/5.0 (iPhone; CPU iPhone OS 13_2_3 like Mac OS X) AppleWebKit/605.1.15 (KHTML, like Gecko) Version/13.0.3 Mobile/15E148 Safari/604.1"
65.109.31.236 - - [12/Mar/2025:12:48:12 +0000] "POST /wp-cron.php?doing_wp_cron=1741783692.4414610862731933593750 HTTP/1.1" 200 20 "-" "WordPress/6.7.2; https://webcloude.com"
2a06:98c0:3600::103 - - [12/Mar/2025:12:48:10 +0000] "GET /wordpress/wp-admin/setup-config.php HTTP/1.1" 404 25144 "-" "Mozilla/5.0 (Windows NT 10.0; Win64; x64) AppleWebKit/537.36 (KHTML, like Gecko) Chrome/133.0.0.0 Safari/537.36"
65.109.31.236 - - [12/Mar/2025:13:33:30 +0000] "POST /wp-cron.php?doing_wp_cron=1741786410.1647291183471679687500 HTTP/1.1" 200 20 "-" "WordPress/6.7.2; https://webcloude.com"
65.109.31.236 - - [12/Mar/2025:13:37:03 +0000] "POST /wp-cron.php?doing_wp_cron=1741786623.1663570404052734375000 HTTP/1.1" 200 20 "-" "WordPress/6.7.2; https://webcloude.com"
31.56.56.74 - - [12/Mar/2025:14:14:48 +0000] "GET /wp-content/uploads/2020/wp-couldent.php.suspected HTTP/1.1" 403 1154 "-" "Mozilla/5.0 (Linux; Android 11; M2010J19SI) AppleWebKit/537.36 (KHTML, like Gecko) Chrome/109.0.0.0 Mobile Safari/537.36"
31.56.56.74 - - [12/Mar/2025:14:15:00 +0000] "GET /dropdown.php HTTP/1.1" 404 24889 "-" "Mozilla/5.0 (Linux; Android 11; M2010J19SI) AppleWebKit/537.36 (KHTML, like Gecko) Chrome/109.0.0.0 Mobile Safari/537.36"
31.56.56.74 - - [12/Mar/2025:14:15:00 +0000] "GET /wp-admin/css/index.php HTTP/1.1" 301 20 "-" "Mozilla/5.0 (Linux; Android 11; M2010J19SI) AppleWebKit/537.36 (KHTML, like Gecko) Chrome/109.0.0.0 Mobile Safari/537.36"
31.56.56.74 - - [12/Mar/2025:14:15:01 +0000] "GET /wp-admin/css/ HTTP/1.1" 403 1154 "-" "Mozilla/5.0 (Linux; Android 11; M2010J19SI) AppleWebKit/537.36 (KHTML, like Gecko) Chrome/109.0.0.0 Mobile Safari/537.36"
31.56.56.74 - - [12/Mar/2025:14:15:03 +0000] "GET /wp-content/plugins/shell/about.php HTTP/1.1" 403 1154 "-" "Mozilla/5.0 (Linux; Android 11; M2010J19SI) AppleWebKit/537.36 (KHTML, like Gecko) Chrome/109.0.0.0 Mobile Safari/537.36"
43.159.152.4 - - [12/Mar/2025:12:04:32 +0000] "GET / HTTP/1.1" 301 20 "-" "Mozilla/5.0 (iPhone; CPU iPhone OS 13_2_3 like Mac OS X) AppleWebKit/605.1.15 (KHTML, like Gecko) Version/13.0.3 Mobile/15E148 Safari/604.1"
45.148.10.111 - - [12/Mar/2025:14:01:01 +0000] "GET / HTTP/1.1" 301 20 "-" "Mozilla/5.0 (compatible; MSIE 10.0; Windows NT 6.1; Trident/6.0)"
31.56.56.74 - - [12/Mar/2025:14:14:44 +0000] "GET /wp-includes/js/crop/uword.php HTTP/1.1" 404 25138 "-" "Mozilla/5.0 (Linux; Android 11; M2010J19SI) AppleWebKit/537.36 (KHTML, like Gecko) Chrome/109.0.0.0 Mobile Safari/537.36"
31.56.56.74 - - [12/Mar/2025:14:14:52 +0000] "GET /wp-aa.php HTTP/1.1" 404 24890 "-" "Mozilla/5.0 (Linux; Android 11; M2010J19SI) AppleWebKit/537.36 (KHTML, like Gecko) Chrome/109.0.0.0 Mobile Safari/537.36"
31.56.56.74 - - [12/Mar/2025:14:14:58 +0000] "GET /epinyins.php HTTP/1.1" 404 24893 "-" "Mozilla/5.0 (Linux; Android 11; M2010J19SI) AppleWebKit/537.36 (KHTML, like Gecko) Chrome/109.0.0.0 Mobile Safari/537.36"
31.56.56.74 - - [12/Mar/2025:14:15:02 +0000] "GET /wp-content/item.php HTTP/1.1" 404 24890 "-" "Mozilla/5.0 (Linux; Android 11; M2010J19SI) AppleWebKit/537.36 (KHTML, like Gecko) Chrome/109.0.0.0 Mobile Safari/537.36"
2a06:98c0:3600::103 - - [12/Mar/2025:14:43:13 +0000] "GET /wp-admin/setup-config.php HTTP/1.1" 409 1144 "-" "Mozilla/5.0 (Windows NT 10.0; Win64; x64) AppleWebKit/537.36 (KHTML, like Gecko) Chrome/133.0.0.0 Safari/537.36"
2a06:98c0:3600::103 - - [12/Mar/2025:15:52:43 +0000] "GET /wp-admin/setup-config.php HTTP/1.1" 409 1144 "-" "Mozilla/5.0 (Windows NT 10.0; Win64; x64) AppleWebKit/537.36 (KHTML, like Gecko) Chrome/133.0.0.0 Safari/537.36"
65.109.31.236 - - [12/Mar/2025:15:58:32 +0000] "POST /wp-cron.php?doing_wp_cron=1741795112.5666790008544921875000 HTTP/1.1" 200 20 "-" "WordPress/6.7.2; https://webcloude.com"
65.109.31.236 - - [12/Mar/2025:15:59:50 +0000] "POST /wp-cron.php?doing_wp_cron=1741795190.9112060070037841796875 HTTP/1.1" 200 20 "-" "WordPress/6.7.2; https://webcloude.com"
2a06:98c0:3600::103 - - [12/Mar/2025:16:44:47 +0000] "GET /wp-admin/setup-config.php HTTP/1.1" 409 1144 "-" "Mozilla/5.0 (Windows NT 10.0; Win64; x64) AppleWebKit/537.36 (KHTML, like Gecko) Chrome/133.0.0.0 Safari/537.36"
65.109.31.236 - - [12/Mar/2025:14:41:58 +0000] "POST /wp-cron.php?doing_wp_cron=1741790518.6764121055603027343750 HTTP/1.1" 200 20 "-" "WordPress/6.7.2; https://webcloude.com"
124.70.203.191 - - [12/Mar/2025:15:11:23 +0000] "GET / HTTP/1.1" 301 20 "-" "Mozilla/5.0 (Windows NT 5.5; Win64; x64) AppleWebKit/537.36 (KHTML, like Gecko) Chrome/73.0.1372.88 Safari/537.36"
2a06:98c0:3600::103 - - [12/Mar/2025:15:29:54 +0000] "GET /wordpress/wp-admin/setup-config.php HTTP/1.1" 404 25146 "-" "Mozilla/5.0 (Windows NT 10.0; Win64; x64) AppleWebKit/537.36 (KHTML, like Gecko) Chrome/133.0.0.0 Safari/537.36"
159.223.62.30 - - [12/Mar/2025:16:12:10 +0000] "GET / HTTP/1.1" 301 0 "-" "Mozilla/5.0 (Windows NT 10.0; Win64; x64) AppleWebKit/537.36 (KHTML, like Gecko) Chrome/89.0.4389.114 Safari/537.36"
101.91.148.219 - - [12/Mar/2025:17:04:14 +0000] "GET / HTTP/1.1" 301 20 "-" "Mozilla/5.0 (iPhone; CPU iPhone OS 13_2_3 like Mac OS X) AppleWebKit/605.1.15 (KHTML, like Gecko) Version/13.0.3 Mobile/15E148 Safari/604.1"
65.109.31.236 - - [12/Mar/2025:17:08:25 +0000] "POST /wp-cron.php?doing_wp_cron=1741799305.0679509639739990234375 HTTP/1.1" 200 20 "-" "WordPress/6.7.2; https://webcloude.com"
2a06:98c0:3600::103 - - [12/Mar/2025:17:08:24 +0000] "GET /wordpress/wp-admin/setup-config.php HTTP/1.1" 404 25144 "-" "Mozilla/5.0 (Windows NT 10.0; Win64; x64) AppleWebKit/537.36 (KHTML, like Gecko) Chrome/133.0.0.0 Safari/537.36"
65.109.31.236 - - [12/Mar/2025:15:11:24 +0000] "POST /wp-cron.php?doing_wp_cron=1741792284.7004299163818359375000 HTTP/1.1" 200 20 "-" "WordPress/6.7.2; https://webcloude.com"
2a06:98c0:3600::103 - - [12/Mar/2025:15:28:50 +0000] "GET /wp-admin/setup-config.php HTTP/1.1" 409 1144 "-" "Mozilla/5.0 (Windows NT 10.0; Win64; x64) AppleWebKit/537.36 (KHTML, like Gecko) Chrome/133.0.0.0 Safari/537.36"
124.220.24.137 - - [12/Mar/2025:15:58:31 +0000] "GET / HTTP/1.1" 301 20 "-" "Mozilla/5.0 (Linux; Android 10; LIO-AN00 Build/HUAWEILIO-AN00; wv) MicroMessenger Weixin QQ AppleWebKit/537.36 (KHTML, like Gecko) Version/4.0 Chrome/78.0.3904.62 XWEB/2692 MMWEBSDK/200901 Mobile Safari/537.36"
65.109.31.236 - - [12/Mar/2025:16:05:24 +0000] "POST /wp-cron.php?doing_wp_cron=1741795524.3887319564819335937500 HTTP/1.1" 200 20 "-" "WordPress/6.7.2; https://webcloude.com"
65.109.31.236 - - [12/Mar/2025:16:08:16 +0000] "POST /wp-cron.php?doing_wp_cron=1741795696.0239570140838623046875 HTTP/1.1" 200 20 "-" "WordPress/6.7.2; https://webcloude.com"
65.109.31.236 - - [12/Mar/2025:16:18:49 +0000] "POST /wp-cron.php?doing_wp_cron=1741796329.8115129470825195312500 HTTP/1.1" 200 20 "-" "WordPress/6.7.2; https://webcloude.com"
134.209.146.211 - - [12/Mar/2025:17:05:15 +0000] "GET / HTTP/1.1" 301 0 "-" "Mozilla/5.0 (Windows NT 10.0; Win64; x64) AppleWebKit/537.36 (KHTML, like Gecko) Chrome/78.0.3904.108 Safari/537.36"
65.109.31.236 - - [12/Mar/2025:17:36:21 +0000] "GET /.well-known/acme-challenge/I6R1XSGL_7Q7ED9MBK9S3AIUS99MJTH2 HTTP/1.1" 200 64 "-" "Cpanel-HTTP-Client/1.0"
65.109.31.236 - - [12/Mar/2025:15:05:55 +0000] "POST /wp-cron.php?doing_wp_cron=1741791955.5379509925842285156250 HTTP/1.1" 200 20 "-" "WordPress/6.7.2; https://webcloude.com"
65.109.31.236 - - [12/Mar/2025:15:50:58 +0000] "POST /wp-cron.php?doing_wp_cron=1741794658.9674420356750488281250 HTTP/1.1" 200 20 "-" "WordPress/6.7.2; https://webcloude.com"
65.109.31.236 - - [12/Mar/2025:16:12:12 +0000] "POST /wp-cron.php?doing_wp_cron=1741795932.0307528972625732421875 HTTP/1.1" 200 20 "-" "WordPress/6.7.2; https://webcloude.com"
2a06:98c0:3600::103 - - [12/Mar/2025:16:18:49 +0000] "GET /wordpress/wp-admin/setup-config.php HTTP/1.1" 404 25145 "-" "Mozilla/5.0 (Windows NT 10.0; Win64; x64) AppleWebKit/537.36 (KHTML, like Gecko) Chrome/133.0.0.0 Safari/537.36"
2a06:98c0:3600::103 - - [12/Mar/2025:16:19:08 +0000] "GET /wp-admin/setup-config.php HTTP/1.1" 409 1144 "-" "Mozilla/5.0 (Windows NT 10.0; Win64; x64) AppleWebKit/537.36 (KHTML, like Gecko) Chrome/133.0.0.0 Safari/537.36"
65.109.31.236 - - [12/Mar/2025:16:46:16 +0000] "POST /wp-cron.php?doing_wp_cron=1741797976.7957520484924316406250 HTTP/1.1" 200 20 "-" "WordPress/6.7.2; https://webcloude.com"
65.109.31.236 - - [12/Mar/2025:17:05:15 +0000] "POST /wp-cron.php?doing_wp_cron=1741799115.6534950733184814453125 HTTP/1.1" 200 20 "-" "WordPress/6.7.2; https://webcloude.com"
2a06:98c0:3600::103 - - [12/Mar/2025:17:34:41 +0000] "GET /wordpress/wp-admin/setup-config.php HTTP/1.1" 404 25144 "-" "Mozilla/5.0 (Windows NT 10.0; Win64; x64) AppleWebKit/537.36 (KHTML, like Gecko) Chrome/133.0.0.0 Safari/537.36"
65.109.31.236 - - [12/Mar/2025:17:36:21 +0000] "GET /.well-known/acme-challenge/FL471NL37PE_2GPSH8K5-Y-_IZ9N3-V5 HTTP/1.1" 200 64 "-" "Cpanel-HTTP-Client/1.0"
124.220.24.137 - - [12/Mar/2025:15:58:51 +0000] "GET / HTTP/1.1" 301 20 "-" "Mozilla/5.0 (Linux; Android 10; LIO-AN00 Build/HUAWEILIO-AN00; wv) MicroMessenger Weixin QQ AppleWebKit/537.36 (KHTML, like Gecko) Version/4.0 Chrome/78.0.3904.62 XWEB/2692 MMWEBSDK/200901 Mobile Safari/537.36"
159.223.62.30 - - [12/Mar/2025:15:59:50 +0000] "GET / HTTP/1.1" 301 0 "-" "Mozilla/5.0 (Windows NT 10.0; Win64; x64) AppleWebKit/537.36 (KHTML, like Gecko) Chrome/89.0.4389.114 Safari/537.36"
124.220.24.137 - - [12/Mar/2025:16:08:15 +0000] "GET / HTTP/1.1" 301 20 "-" "Mozilla/5.0 (Linux; Android 10; LIO-AN00 Build/HUAWEILIO-AN00; wv) MicroMessenger Weixin QQ AppleWebKit/537.36 (KHTML, like Gecko) Version/4.0 Chrome/78.0.3904.62 XWEB/2692 MMWEBSDK/200901 Mobile Safari/537.36"
2a06:98c0:3600::103 - - [12/Mar/2025:16:46:15 +0000] "GET /wordpress/wp-admin/setup-config.php HTTP/1.1" 404 25144 "-" "Mozilla/5.0 (Windows NT 10.0; Win64; x64) AppleWebKit/537.36 (KHTML, like Gecko) Chrome/133.0.0.0 Safari/537.36"
2a06:98c0:3600::103 - - [12/Mar/2025:14:41:57 +0000] "GET /wordpress/wp-admin/setup-config.php HTTP/1.1" 404 25144 "-" "Mozilla/5.0 (Windows NT 10.0; Win64; x64) AppleWebKit/537.36 (KHTML, like Gecko) Chrome/133.0.0.0 Safari/537.36"
43.130.39.254 - - [12/Mar/2025:15:03:59 +0000] "GET / HTTP/1.1" 301 20 "-" "Mozilla/5.0 (iPhone; CPU iPhone OS 13_2_3 like Mac OS X) AppleWebKit/605.1.15 (KHTML, like Gecko) Version/13.0.3 Mobile/15E148 Safari/604.1"
2a06:98c0:3600::103 - - [12/Mar/2025:15:05:55 +0000] "GET /wordpress/wp-admin/setup-config.php HTTP/1.1" 404 25146 "-" "Mozilla/5.0 (Windows NT 10.0; Win64; x64) AppleWebKit/537.36 (KHTML, like Gecko) Chrome/133.0.0.0 Safari/537.36"
2a06:98c0:3600::103 - - [12/Mar/2025:15:50:58 +0000] "GET /wordpress/wp-admin/setup-config.php HTTP/1.1" 404 25145 "-" "Mozilla/5.0 (Windows NT 10.0; Win64; x64) AppleWebKit/537.36 (KHTML, like Gecko) Chrome/133.0.0.0 Safari/537.36"
124.220.24.137 - - [12/Mar/2025:16:08:34 +0000] "GET / HTTP/1.1" 301 20 "-" "Mozilla/5.0 (Linux; Android 10; LIO-AN00 Build/HUAWEILIO-AN00; wv) MicroMessenger Weixin QQ AppleWebKit/537.36 (KHTML, like Gecko) Version/4.0 Chrome/78.0.3904.62 XWEB/2692 MMWEBSDK/200901 Mobile Safari/537.36"
65.109.31.236 - - [12/Mar/2025:15:29:54 +0000] "POST /wp-cron.php?doing_wp_cron=1741793394.8364059925079345703125 HTTP/1.1" 200 20 "-" "WordPress/6.7.2; https://webcloude.com"
34.21.76.131 - - [12/Mar/2025:16:41:46 +0000] "GET / HTTP/1.1" 301 0 "-" "Mozilla/5.0 (Windows NT 10.0; Win64; x64) AppleWebKit/537.36 (KHTML, like Gecko) Chrome/78.0.3904.108 Safari/537.36"
65.109.31.236 - - [12/Mar/2025:17:27:00 +0000] "POST /wp-cron.php?doing_wp_cron=1741800420.5315470695495605468750 HTTP/1.1" 200 20 "-" "WordPress/6.7.2; https://webcloude.com"
65.109.31.236 - - [12/Mar/2025:15:04:00 +0000] "POST /wp-cron.php?doing_wp_cron=1741791840.3931701183319091796875 HTTP/1.1" 200 20 "-" "WordPress/6.7.2; https://webcloude.com"
2a06:98c0:3600::103 - - [12/Mar/2025:15:05:40 +0000] "GET /wp-admin/setup-config.php HTTP/1.1" 409 1144 "-" "Mozilla/5.0 (Windows NT 10.0; Win64; x64) AppleWebKit/537.36 (KHTML, like Gecko) Chrome/133.0.0.0 Safari/537.36"
146.235.222.235 - - [12/Mar/2025:16:05:23 +0000] "GET / HTTP/1.1" 301 0 "-" "Go-http-client/1.1"
124.220.24.137 - - [12/Mar/2025:16:09:04 +0000] "GET / HTTP/1.1" 301 20 "-" "Mozilla/5.0 (Linux; Android 10; LIO-AN00 Build/HUAWEILIO-AN00; wv) MicroMessenger Weixin QQ AppleWebKit/537.36 (KHTML, like Gecko) Version/4.0 Chrome/78.0.3904.62 XWEB/2692 MMWEBSDK/200901 Mobile Safari/537.36"
65.109.31.236 - - [12/Mar/2025:17:04:15 +0000] "POST /wp-cron.php?doing_wp_cron=1741799055.5030369758605957031250 HTTP/1.1" 200 20 "-" "WordPress/6.7.2; https://webcloude.com"
2a06:98c0:3600::103 - - [12/Mar/2025:17:07:38 +0000] "GET /wp-admin/setup-config.php HTTP/1.1" 409 1144 "-" "Mozilla/5.0 (Windows NT 10.0; Win64; x64) AppleWebKit/537.36 (KHTML, like Gecko) Chrome/133.0.0.0 Safari/537.36"
139.59.227.194 - - [12/Mar/2025:17:26:59 +0000] "GET / HTTP/1.1" 301 0 "-" "Mozilla/5.0 (Windows NT 10.0; Win64; x64) AppleWebKit/537.36 (KHTML, like Gecko) Chrome/89.0.4389.114 Safari/537.36"
2a06:98c0:3600::103 - - [12/Mar/2025:17:30:58 +0000] "GET /wp-admin/setup-config.php HTTP/1.1" 409 1144 "-" "Mozilla/5.0 (Windows NT 10.0; Win64; x64) AppleWebKit/537.36 (KHTML, like Gecko) Chrome/133.0.0.0 Safari/537.36"
65.109.31.236 - - [12/Mar/2025:17:34:42 +0000] "POST /wp-cron.php?doing_wp_cron=1741800882.3186559677124023437500 HTTP/1.1" 200 20 "-" "WordPress/6.7.2; https://webcloude.com"
2a06:98c0:3600::103 - - [12/Mar/2025:17:54:59 +0000] "GET /wordpress/wp-admin/setup-config.php HTTP/1.1" 404 25144 "-" "Mozilla/5.0 (Windows NT 10.0; Win64; x64) AppleWebKit/537.36 (KHTML, like Gecko) Chrome/133.0.0.0 Safari/537.36"
43.153.67.21 - - [12/Mar/2025:18:04:20 +0000] "GET / HTTP/1.1" 301 20 "-" "Mozilla/5.0 (iPhone; CPU iPhone OS 13_2_3 like Mac OS X) AppleWebKit/605.1.15 (KHTML, like Gecko) Version/13.0.3 Mobile/15E148 Safari/604.1"
65.109.31.236 - - [12/Mar/2025:17:52:11 +0000] "POST /wp-cron.php?doing_wp_cron=1741801931.4821538925170898437500 HTTP/1.1" 200 20 "-" "WordPress/6.7.2; https://webcloude.com"
2a06:98c0:3600::103 - - [12/Mar/2025:17:53:58 +0000] "GET /wp-admin/setup-config.php HTTP/1.1" 409 1144 "-" "Mozilla/5.0 (Windows NT 10.0; Win64; x64) AppleWebKit/537.36 (KHTML, like Gecko) Chrome/133.0.0.0 Safari/537.36"
65.109.31.236 - - [12/Mar/2025:18:04:20 +0000] "POST /wp-cron.php?doing_wp_cron=1741802660.8684780597686767578125 HTTP/1.1" 200 20 "-" "WordPress/6.7.2; https://webcloude.com"
149.34.253.149 - - [12/Mar/2025:17:52:08 +0000] "GET / HTTP/1.1" 301 0 "-" "Mozilla/5.0 (Windows NT 10.0; Win64; x64) AppleWebKit/537.36 (KHTML, like Gecko) Chrome/95.0.4638.69 Safari/537.36"
65.109.31.236 - - [12/Mar/2025:18:14:11 +0000] "POST /wp-cron.php?doing_wp_cron=1741803250.9889678955078125000000 HTTP/1.1" 200 20 "-" "WordPress/6.7.2; https://webcloude.com"
43.130.105.21 - - [12/Mar/2025:18:14:06 +0000] "GET / HTTP/1.1" 301 20 "-" "Mozilla/5.0 (iPhone; CPU iPhone OS 13_2_3 like Mac OS X) AppleWebKit/605.1.15 (KHTML, like Gecko) Version/13.0.3 Mobile/15E148 Safari/604.1"
2a06:98c0:3600::103 - - [12/Mar/2025:18:20:30 +0000] "GET /wordpress/wp-admin/setup-config.php HTTP/1.1" 404 21450 "-" "Mozilla/5.0 (Windows NT 10.0; Win64; x64) AppleWebKit/537.36 (KHTML, like Gecko) Chrome/133.0.0.0 Safari/537.36"
65.109.31.236 - - [12/Mar/2025:17:52:11 +0000] "POST /wp-cron.php?doing_wp_cron=1741801931.3714010715484619140625 HTTP/1.1" 200 20 "-" "WordPress/6.7.2; https://webcloude.com"
65.109.31.236 - - [12/Mar/2025:18:20:34 +0000] "POST /wp-cron.php?doing_wp_cron=1741803634.4881410598754882812500 HTTP/1.1" 200 20 "-" "WordPress/6.7.2; https://webcloude.com"
65.109.31.236 - - [12/Mar/2025:17:52:11 +0000] "POST /wp-cron.php?doing_wp_cron=1741801931.1701869964599609375000 HTTP/1.1" 200 20 "-" "WordPress/6.7.2; https://webcloude.com"
159.223.62.30 - - [12/Mar/2025:18:14:14 +0000] "GET / HTTP/1.1" 301 0 "-" "Mozilla/5.0 (Windows NT 10.0; Win64; x64) AppleWebKit/537.36 (KHTML, like Gecko) Chrome/89.0.4389.114 Safari/537.36"
65.109.31.236 - - [12/Mar/2025:19:03:58 +0000] "POST /wp-cron.php?doing_wp_cron=1741806238.7397520542144775390625 HTTP/1.1" 200 20 "-" "WordPress/6.7.2; https://webcloude.com"
65.109.31.236 - - [12/Mar/2025:19:03:58 +0000] "POST /wp-cron.php?doing_wp_cron=1741806238.7972929477691650390625 HTTP/1.1" 200 20 "-" "WordPress/6.7.2; https://webcloude.com"
65.109.31.236 - - [12/Mar/2025:19:07:30 +0000] "POST /wp-cron.php?doing_wp_cron=1741806450.0488660335540771484375 HTTP/1.1" 200 20 "-" "WordPress/6.7.2; https://webcloude.com"
65.109.31.236 - - [12/Mar/2025:19:12:19 +0000] "POST /wp-cron.php?doing_wp_cron=1741806739.1704289913177490234375 HTTP/1.1" 200 20 "-" "WordPress/6.7.2; https://webcloude.com"
159.223.62.30 - - [12/Mar/2025:19:22:35 +0000] "GET / HTTP/1.1" 301 0 "-" "Mozilla/5.0 (Windows NT 10.0; Win64; x64) AppleWebKit/537.36 (KHTML, like Gecko) Chrome/89.0.4389.114 Safari/537.36"
65.109.31.236 - - [12/Mar/2025:19:40:27 +0000] "POST /wp-cron.php?doing_wp_cron=1741808427.3272700309753417968750 HTTP/1.1" 200 20 "-" "WordPress/6.7.2; https://webcloude.com"
65.109.31.236 - - [12/Mar/2025:20:36:26 +0000] "GET /.well-known/acme-challenge/3-PYP-MNIHKCN4PQIISLCHJIV24JFJI3 HTTP/1.1" 200 64 "-" "Cpanel-HTTP-Client/1.0"
2a06:98c0:3600::103 - - [12/Mar/2025:18:45:09 +0000] "GET /wp-admin/setup-config.php HTTP/1.1" 409 1144 "-" "Mozilla/5.0 (Windows NT 10.0; Win64; x64) AppleWebKit/537.36 (KHTML, like Gecko) Chrome/133.0.0.0 Safari/537.36"
65.109.31.236 - - [12/Mar/2025:19:03:58 +0000] "POST /wp-cron.php?doing_wp_cron=1741806238.7752590179443359375000 HTTP/1.1" 200 20 "-" "WordPress/6.7.2; https://webcloude.com"
2a06:98c0:3600::103 - - [12/Mar/2025:19:47:25 +0000] "GET /wordpress/wp-admin/setup-config.php HTTP/1.1" 404 25144 "-" "Mozilla/5.0 (Windows NT 10.0; Win64; x64) AppleWebKit/537.36 (KHTML, like Gecko) Chrome/133.0.0.0 Safari/537.36"
65.109.31.236 - - [12/Mar/2025:20:20:15 +0000] "POST /wp-cron.php?doing_wp_cron=1741810815.3667249679565429687500 HTTP/1.1" 200 20 "-" "WordPress/6.7.2; https://webcloude.com"
65.109.31.236 - - [12/Mar/2025:20:20:55 +0000] "POST /wp-cron.php?doing_wp_cron=1741810855.9041459560394287109375 HTTP/1.1" 200 20 "-" "WordPress/6.7.2; https://webcloude.com"
217.160.11.236 - - [12/Mar/2025:19:03:58 +0000] "GET / HTTP/1.1" 301 20 "-" "python-requests/2.32.3"
65.109.31.236 - - [12/Mar/2025:19:05:15 +0000] "POST /wp-cron.php?doing_wp_cron=1741806315.3194460868835449218750 HTTP/1.1" 200 20 "-" "WordPress/6.7.2; https://webcloude.com"
65.109.31.236 - - [12/Mar/2025:19:26:48 +0000] "POST /wp-cron.php?doing_wp_cron=1741807608.6620340347290039062500 HTTP/1.1" 200 20 "-" "WordPress/6.7.2; https://webcloude.com"
2a06:98c0:3600::103 - - [12/Mar/2025:19:47:21 +0000] "GET /wp-admin/setup-config.php HTTP/1.1" 409 1144 "-" "Mozilla/5.0 (Windows NT 10.0; Win64; x64) AppleWebKit/537.36 (KHTML, like Gecko) Chrome/133.0.0.0 Safari/537.36"
65.109.31.236 - - [12/Mar/2025:20:06:23 +0000] "POST /wp-cron.php?doing_wp_cron=1741809983.4491279125213623046875 HTTP/1.1" 200 20 "-" "WordPress/6.7.2; https://webcloude.com"
134.209.146.211 - - [12/Mar/2025:20:06:22 +0000] "GET / HTTP/1.1" 301 0 "-" "Mozilla/5.0 (Windows NT 10.0; Win64; x64) AppleWebKit/537.36 (KHTML, like Gecko) Chrome/78.0.3904.108 Safari/537.36"
185.12.151.99 - - [12/Mar/2025:20:20:55 +0000] "GET /robots.txt HTTP/1.1" 200 154 "-" "Mozilla/5.0 (iPhone; CPU iPhone OS 16_3 like Mac OS X) AppleWebKit/605.1.15 (KHTML, like Gecko) CriOS/122.0.6261.89 Mobile/15E148 Safari/604"
65.109.31.236 - - [12/Mar/2025:18:42:27 +0000] "POST /wp-cron.php?doing_wp_cron=1741804947.7882630825042724609375 HTTP/1.1" 200 20 "-" "WordPress/6.7.2; https://webcloude.com"
2a06:98c0:3600::103 - - [12/Mar/2025:18:42:27 +0000] "GET /wordpress/wp-admin/setup-config.php HTTP/1.1" 404 25145 "-" "Mozilla/5.0 (Windows NT 10.0; Win64; x64) AppleWebKit/537.36 (KHTML, like Gecko) Chrome/133.0.0.0 Safari/537.36"
65.109.31.236 - - [12/Mar/2025:19:10:22 +0000] "POST /wp-cron.php?doing_wp_cron=1741806622.7284040451049804687500 HTTP/1.1" 200 20 "-" "WordPress/6.7.2; https://webcloude.com"
139.59.227.194 - - [12/Mar/2025:19:40:26 +0000] "GET / HTTP/1.1" 301 0 "-" "Mozilla/5.0 (Windows NT 10.0; Win64; x64) AppleWebKit/537.36 (KHTML, like Gecko) Chrome/89.0.4389.114 Safari/537.36"
134.209.146.211 - - [12/Mar/2025:20:00:21 +0000] "GET / HTTP/1.1" 301 0 "-" "Mozilla/5.0 (Windows NT 10.0; Win64; x64) AppleWebKit/537.36 (KHTML, like Gecko) Chrome/78.0.3904.108 Safari/537.36"
2a06:98c0:3600::103 - - [12/Mar/2025:19:07:29 +0000] "GET /wordpress/wp-admin/setup-config.php HTTP/1.1" 404 25145 "-" "Mozilla/5.0 (Windows NT 10.0; Win64; x64) AppleWebKit/537.36 (KHTML, like Gecko) Chrome/133.0.0.0 Safari/537.36"
2a06:98c0:3600::103 - - [12/Mar/2025:19:07:44 +0000] "GET /wp-admin/setup-config.php HTTP/1.1" 409 1144 "-" "Mozilla/5.0 (Windows NT 10.0; Win64; x64) AppleWebKit/537.36 (KHTML, like Gecko) Chrome/133.0.0.0 Safari/537.36"
103.216.223.206 - - [12/Mar/2025:19:12:18 +0000] "GET / HTTP/1.1" 301 0 "-" "Mozilla/5.0 (Windows NT 10.0; Win64; x64) AppleWebKit/537.36 (KHTML, like Gecko) Chrome/95.0.4638.69 Safari/537.36"
65.109.31.236 - - [12/Mar/2025:19:22:36 +0000] "POST /wp-cron.php?doing_wp_cron=1741807356.4408640861511230468750 HTTP/1.1" 200 20 "-" "WordPress/6.7.2; https://webcloude.com"
2a06:98c0:3600::103 - - [12/Mar/2025:19:27:32 +0000] "GET /wp-admin/setup-config.php HTTP/1.1" 409 1144 "-" "Mozilla/5.0 (Windows NT 10.0; Win64; x64) AppleWebKit/537.36 (KHTML, like Gecko) Chrome/133.0.0.0 Safari/537.36"
65.109.31.236 - - [12/Mar/2025:20:06:23 +0000] "POST /wp-cron.php?doing_wp_cron=1741809983.3848059177398681640625 HTTP/1.1" 200 20 "-" "WordPress/6.7.2; https://webcloude.com"
65.109.31.236 - - [12/Mar/2025:20:36:26 +0000] "GET /.well-known/acme-challenge/KKQGRM7A9PA_KSTHXLZK1BDLIW-O-0F_ HTTP/1.1" 200 64 "-" "Cpanel-HTTP-Client/1.0"
159.223.62.30 - - [12/Mar/2025:19:05:13 +0000] "GET / HTTP/1.1" 301 0 "-" "Mozilla/5.0 (Windows NT 10.0; Win64; x64) AppleWebKit/537.36 (KHTML, like Gecko) Chrome/89.0.4389.114 Safari/537.36"
43.159.128.155 - - [12/Mar/2025:19:10:22 +0000] "GET / HTTP/1.1" 301 20 "-" "Mozilla/5.0 (iPhone; CPU iPhone OS 13_2_3 like Mac OS X) AppleWebKit/605.1.15 (KHTML, like Gecko) Version/13.0.3 Mobile/15E148 Safari/604.1"
2a06:98c0:3600::103 - - [12/Mar/2025:20:19:54 +0000] "GET /wp-admin/setup-config.php HTTP/1.1" 409 1144 "-" "Mozilla/5.0 (Windows NT 10.0; Win64; x64) AppleWebKit/537.36 (KHTML, like Gecko) Chrome/133.0.0.0 Safari/537.36"
2a06:98c0:3600::103 - - [12/Mar/2025:20:20:14 +0000] "GET /wordpress/wp-admin/setup-config.php HTTP/1.1" 404 25145 "-" "Mozilla/5.0 (Windows NT 10.0; Win64; x64) AppleWebKit/537.36 (KHTML, like Gecko) Chrome/133.0.0.0 Safari/537.36"
2a06:98c0:3600::103 - - [12/Mar/2025:19:26:47 +0000] "GET /wordpress/wp-admin/setup-config.php HTTP/1.1" 404 25143 "-" "Mozilla/5.0 (Windows NT 10.0; Win64; x64) AppleWebKit/537.36 (KHTML, like Gecko) Chrome/133.0.0.0 Safari/537.36"
65.109.31.236 - - [12/Mar/2025:19:47:26 +0000] "POST /wp-cron.php?doing_wp_cron=1741808846.5534100532531738281250 HTTP/1.1" 200 20 "-" "WordPress/6.7.2; https://webcloude.com"
65.109.31.236 - - [12/Mar/2025:20:00:22 +0000] "POST /wp-cron.php?doing_wp_cron=1741809622.0382549762725830078125 HTTP/1.1" 200 20 "-" "WordPress/6.7.2; https://webcloude.com"
65.109.31.236 - - [12/Mar/2025:20:06:23 +0000] "POST /wp-cron.php?doing_wp_cron=1741809983.4268810749053955078125 HTTP/1.1" 200 20 "-" "WordPress/6.7.2; https://webcloude.com"
5.133.192.193 - - [12/Mar/2025:20:20:55 +0000] "GET / HTTP/1.1" 301 20 "-" "Mozilla/5.0 (iPhone; CPU iPhone OS 16_3 like Mac OS X) AppleWebKit/605.1.15 (KHTML, like Gecko) CriOS/122.0.6261.89 Mobile/15E148 Safari/604"
65.109.31.236 - - [12/Mar/2025:21:02:40 +0000] "POST /wp-cron.php?doing_wp_cron=1741813360.1998789310455322265625 HTTP/1.1" 200 20 "-" "WordPress/6.7.2; https://webcloude.com"
34.138.150.134 - - [12/Mar/2025:21:02:39 +0000] "GET / HTTP/1.1" 301 0 "-" "Mozilla/5.0 (Windows NT 10.0; Win64; x64) AppleWebKit/537.36 (KHTML, like Gecko) Chrome/78.0.3904.108 Safari/537.36"
2a06:98c0:3600::103 - - [12/Mar/2025:21:25:10 +0000] "GET /wordpress/wp-admin/setup-config.php HTTP/1.1" 404 25144 "-" "Mozilla/5.0 (Windows NT 10.0; Win64; x64) AppleWebKit/537.36 (KHTML, like Gecko) Chrome/133.0.0.0 Safari/537.36"
173.252.79.9 - - [12/Mar/2025:21:50:13 +0000] "GET / HTTP/1.1" 301 0 "-" "facebookexternalhit/1.1 (+http://www.facebook.com/externalhit_uatext.php)"
2a06:98c0:3600::103 - - [12/Mar/2025:22:08:12 +0000] "GET /wp-admin/setup-config.php HTTP/1.1" 409 1144 "-" "Mozilla/5.0 (Windows NT 10.0; Win64; x64) AppleWebKit/537.36 (KHTML, like Gecko) Chrome/133.0.0.0 Safari/537.36"
65.109.31.236 - - [12/Mar/2025:22:32:36 +0000] "POST /wp-cron.php?doing_wp_cron=1741818756.9450359344482421875000 HTTP/1.1" 200 20 "-" "WordPress/6.7.2; https://webcloude.com"
65.109.31.236 - - [12/Mar/2025:23:36:10 +0000] "GET /.well-known/acme-challenge/V25TZN5NPLWK9SR4P9OO5TLQWYM-OQYC HTTP/1.1" 200 64 "-" "Cpanel-HTTP-Client/1.0"
176.53.222.116 - - [13/Mar/2025:00:21:20 +0000] "GET /favicon.ico HTTP/1.1" 404 1163 "-" "Mozilla/5.0 (Windows NT 10.0; Win64; x64) AppleWebKit/537.36 (KHTML, like Gecko) Chrome/94.0.4606.61 Safari/537.36"
65.109.31.236 - - [13/Mar/2025:00:45:16 +0000] "POST /wp-cron.php?doing_wp_cron=1741826716.9937980175018310546875 HTTP/1.1" 200 20 "-" "WordPress/6.7.2; https://webcloude.com"
43.166.132.142 - - [13/Mar/2025:00:57:45 +0000] "GET / HTTP/1.1" 301 20 "-" "Mozilla/5.0 (iPhone; CPU iPhone OS 13_2_3 like Mac OS X) AppleWebKit/605.1.15 (KHTML, like Gecko) Version/13.0.3 Mobile/15E148 Safari/604.1"
2a06:98c0:3600::103 - - [13/Mar/2025:01:27:49 +0000] "GET /wp-admin/setup-config.php HTTP/1.1" 409 1144 "-" "Mozilla/5.0 (Windows NT 10.0; Win64; x64) AppleWebKit/537.36 (KHTML, like Gecko) Chrome/133.0.0.0 Safari/537.36"
65.109.31.236 - - [13/Mar/2025:02:11:50 +0000] "POST /wp-cron.php?doing_wp_cron=1741831910.0657820701599121093750 HTTP/1.1" 200 20 "-" "WordPress/6.7.2; https://webcloude.com"
139.59.227.194 - - [12/Mar/2025:20:59:39 +0000] "GET / HTTP/1.1" 301 0 "-" "Mozilla/5.0 (Windows NT 10.0; Win64; x64) AppleWebKit/537.36 (KHTML, like Gecko) Chrome/89.0.4389.114 Safari/537.36"
173.252.79.10 - - [12/Mar/2025:21:50:16 +0000] "GET / HTTP/1.1" 301 0 "-" "facebookexternalhit/1.1 (+http://www.facebook.com/externalhit_uatext.php)"
2a06:98c0:3600::103 - - [12/Mar/2025:22:08:45 +0000] "GET /wordpress/wp-admin/setup-config.php HTTP/1.1" 404 25144 "-" "Mozilla/5.0 (Windows NT 10.0; Win64; x64) AppleWebKit/537.36 (KHTML, like Gecko) Chrome/133.0.0.0 Safari/537.36"
65.109.31.236 - - [13/Mar/2025:00:21:17 +0000] "POST /wp-cron.php?doing_wp_cron=1741825277.7950010299682617187500 HTTP/1.1" 200 20 "-" "WordPress/6.7.2; https://webcloude.com"
176.53.221.172 - - [13/Mar/2025:00:21:23 +0000] "GET /3ds1633693954432212 HTTP/1.1" 404 24906 "-" "Mozilla/5.0 (Windows NT 10.0; Win64; x64) AppleWebKit/537.36 (KHTML, like Gecko) Chrome/94.0.4606.61 Safari/537.36"
65.109.31.236 - - [13/Mar/2025:01:04:52 +0000] "POST /wp-cron.php?doing_wp_cron=1741827892.7874829769134521484375 HTTP/1.1" 200 20 "-" "WordPress/6.7.2; https://webcloude.com"
2a06:98c0:3600::103 - - [13/Mar/2025:01:07:47 +0000] "GET /wp-admin/setup-config.php HTTP/1.1" 409 1144 "-" "Mozilla/5.0 (Windows NT 10.0; Win64; x64) AppleWebKit/537.36 (KHTML, like Gecko) Chrome/133.0.0.0 Safari/537.36"
2a06:98c0:3600::103 - - [13/Mar/2025:02:11:49 +0000] "GET /wordpress/wp-admin/setup-config.php HTTP/1.1" 404 25146 "-" "Mozilla/5.0 (Windows NT 10.0; Win64; x64) AppleWebKit/537.36 (KHTML, like Gecko) Chrome/133.0.0.0 Safari/537.36"
2a06:98c0:3600::103 - - [13/Mar/2025:03:00:05 +0000] "GET /wp-admin/setup-config.php HTTP/1.1" 409 1144 "-" "Mozilla/5.0 (Windows NT 10.0; Win64; x64) AppleWebKit/537.36 (KHTML, like Gecko) Chrome/133.0.0.0 Safari/537.36"
2a06:98c0:3600::103 - - [12/Mar/2025:21:25:10 +0000] "GET /wp-admin/setup-config.php HTTP/1.1" 409 1144 "-" "Mozilla/5.0 (Windows NT 10.0; Win64; x64) AppleWebKit/537.36 (KHTML, like Gecko) Chrome/133.0.0.0 Safari/537.36"
2a06:98c0:3600::103 - - [12/Mar/2025:21:46:55 +0000] "GET /wp-admin/setup-config.php HTTP/1.1" 409 1144 "-" "Mozilla/5.0 (Windows NT 10.0; Win64; x64) AppleWebKit/537.36 (KHTML, like Gecko) Chrome/133.0.0.0 Safari/537.36"
173.252.79.116 - - [12/Mar/2025:21:50:10 +0000] "GET /robots.txt HTTP/1.1" 200 263 "-" "facebookexternalhit/1.1 (+http://www.facebook.com/externalhit_uatext.php)"
2a06:98c0:3600::103 - - [12/Mar/2025:22:32:36 +0000] "GET /wordpress/wp-admin/setup-config.php HTTP/1.1" 404 25144 "-" "Mozilla/5.0 (Windows NT 10.0; Win64; x64) AppleWebKit/537.36 (KHTML, like Gecko) Chrome/133.0.0.0 Safari/537.36"
65.109.31.236 - - [12/Mar/2025:23:52:10 +0000] "POST /wp-cron.php?doing_wp_cron=1741823530.1098749637603759765625 HTTP/1.1" 200 20 "-" "WordPress/6.7.2; https://webcloude.com"
45.90.60.19 - - [13/Mar/2025:00:21:19 +0000] "GET /3ds.php HTTP/1.1" 404 24893 "-" "Mozilla/5.0 (Windows NT 10.0; Win64; x64) AppleWebKit/537.36 (KHTML, like Gecko) Chrome/94.0.4606.61 Safari/537.36"
65.109.31.236 - - [13/Mar/2025:00:28:00 +0000] "POST /wp-cron.php?doing_wp_cron=1741825680.4294090270996093750000 HTTP/1.1" 200 20 "-" "WordPress/6.7.2; https://webcloude.com"
65.109.31.236 - - [13/Mar/2025:00:57:46 +0000] "POST /wp-cron.php?doing_wp_cron=1741827466.5085330009460449218750 HTTP/1.1" 200 20 "-" "WordPress/6.7.2; https://webcloude.com"
65.109.31.236 - - [13/Mar/2025:01:36:44 +0000] "POST /wp-cron.php?doing_wp_cron=1741829804.2459509372711181640625 HTTP/1.1" 200 20 "-" "WordPress/6.7.2; https://webcloude.com"
65.109.31.236 - - [13/Mar/2025:02:04:58 +0000] "POST /wp-cron.php?doing_wp_cron=1741831498.9699308872222900390625 HTTP/1.1" 200 20 "-" "WordPress/6.7.2; https://webcloude.com"
2a06:98c0:3600::103 - - [12/Mar/2025:20:46:24 +0000] "GET /wp-admin/setup-config.php HTTP/1.1" 409 1144 "-" "Mozilla/5.0 (Windows NT 10.0; Win64; x64) AppleWebKit/537.36 (KHTML, like Gecko) Chrome/133.0.0.0 Safari/537.36"
65.109.31.236 - - [12/Mar/2025:21:50:12 +0000] "POST /wp-cron.php?doing_wp_cron=1741816212.4854989051818847656250 HTTP/1.1" 200 20 "-" "WordPress/6.7.2; https://webcloude.com"
65.109.31.236 - - [12/Mar/2025:22:08:45 +0000] "POST /wp-cron.php?doing_wp_cron=1741817325.8922109603881835937500 HTTP/1.1" 200 20 "-" "WordPress/6.7.2; https://webcloude.com"
65.109.31.236 - - [12/Mar/2025:22:08:45 +0000] "POST /wp-cron.php?doing_wp_cron=1741817325.9630589485168457031250 HTTP/1.1" 200 20 "-" "WordPress/6.7.2; https://webcloude.com"
2a06:98c0:3600::103 - - [12/Mar/2025:22:51:34 +0000] "GET /wp-admin/setup-config.php HTTP/1.1" 409 1144 "-" "Mozilla/5.0 (Windows NT 10.0; Win64; x64) AppleWebKit/537.36 (KHTML, like Gecko) Chrome/133.0.0.0 Safari/537.36"
2a06:98c0:3600::103 - - [12/Mar/2025:23:37:12 +0000] "GET /wordpress/wp-admin/setup-config.php HTTP/1.1" 404 25143 "-" "Mozilla/5.0 (Windows NT 10.0; Win64; x64) AppleWebKit/537.36 (KHTML, like Gecko) Chrome/133.0.0.0 Safari/537.36"
2a06:98c0:3600::103 - - [12/Mar/2025:23:37:22 +0000] "GET /wp-admin/setup-config.php HTTP/1.1" 409 1144 "-" "Mozilla/5.0 (Windows NT 10.0; Win64; x64) AppleWebKit/537.36 (KHTML, like Gecko) Chrome/133.0.0.0 Safari/537.36"
65.109.31.236 - - [13/Mar/2025:00:21:17 +0000] "POST /wp-cron.php?doing_wp_cron=1741825277.8459060192108154296875 HTTP/1.1" 200 20 "-" "WordPress/6.7.2; https://webcloude.com"
45.90.62.51 - - [13/Mar/2025:00:21:18 +0000] "GET /favicon.ico HTTP/1.1" 404 1163 "-" "Mozilla/5.0 (Windows NT 10.0; Win64; x64) AppleWebKit/537.36 (KHTML, like Gecko) Chrome/94.0.4606.61 Safari/537.36"
65.109.31.236 - - [13/Mar/2025:00:25:59 +0000] "POST /wp-cron.php?doing_wp_cron=1741825559.1853859424591064453125 HTTP/1.1" 200 20 "-" "WordPress/6.7.2; https://webcloude.com"
49.51.33.159 - - [13/Mar/2025:01:04:52 +0000] "GET / HTTP/1.1" 301 20 "-" "Mozilla/5.0 (iPhone; CPU iPhone OS 13_2_3 like Mac OS X) AppleWebKit/605.1.15 (KHTML, like Gecko) Version/13.0.3 Mobile/15E148 Safari/604.1"
134.209.146.211 - - [13/Mar/2025:01:36:43 +0000] "GET / HTTP/1.1" 301 0 "-" "Mozilla/5.0 (Windows NT 10.0; Win64; x64) AppleWebKit/537.36 (KHTML, like Gecko) Chrome/78.0.3904.108 Safari/537.36"
2a06:98c0:3600::103 - - [13/Mar/2025:01:49:27 +0000] "GET /wordpress/wp-admin/setup-config.php HTTP/1.1" 404 25148 "-" "Mozilla/5.0 (Windows NT 10.0; Win64; x64) AppleWebKit/537.36 (KHTML, like Gecko) Chrome/133.0.0.0 Safari/537.36"
65.109.31.236 - - [13/Mar/2025:02:36:12 +0000] "GET /.well-known/acme-challenge/G94RXMAKAPG0ZPLL7MU_WG7ZF0ECTPGC HTTP/1.1" 200 64 "-" "Cpanel-HTTP-Client/1.0"
65.109.31.236 - - [12/Mar/2025:20:41:53 +0000] "POST /wp-cron.php?doing_wp_cron=1741812113.6268219947814941406250 HTTP/1.1" 200 20 "-" "WordPress/6.7.2; https://webcloude.com"
2a06:98c0:3600::103 - - [12/Mar/2025:22:31:46 +0000] "GET /wp-admin/setup-config.php HTTP/1.1" 409 1144 "-" "Mozilla/5.0 (Windows NT 10.0; Win64; x64) AppleWebKit/537.36 (KHTML, like Gecko) Chrome/133.0.0.0 Safari/537.36"
65.109.31.236 - - [12/Mar/2025:23:14:46 +0000] "POST /wp-cron.php?doing_wp_cron=1741821286.2176740169525146484375 HTTP/1.1" 200 20 "-" "WordPress/6.7.2; https://webcloude.com"
2a06:98c0:3600::103 - - [12/Mar/2025:23:15:23 +0000] "GET /wp-admin/setup-config.php HTTP/1.1" 409 1144 "-" "Mozilla/5.0 (Windows NT 10.0; Win64; x64) AppleWebKit/537.36 (KHTML, like Gecko) Chrome/133.0.0.0 Safari/537.36"
65.109.31.236 - - [13/Mar/2025:00:03:54 +0000] "POST /wp-cron.php?doing_wp_cron=1741824234.4263060092926025390625 HTTP/1.1" 200 20 "-" "WordPress/6.7.2; https://webcloude.com"
2a06:98c0:3600::103 - - [13/Mar/2025:00:04:10 +0000] "GET /wordpress/wp-admin/setup-config.php HTTP/1.1" 404 25147 "-" "Mozilla/5.0 (Windows NT 10.0; Win64; x64) AppleWebKit/537.36 (KHTML, like Gecko) Chrome/133.0.0.0 Safari/537.36"
2a06:98c0:3600::103 - - [13/Mar/2025:01:29:58 +0000] "GET /wordpress/wp-admin/setup-config.php HTTP/1.1" 404 25147 "-" "Mozilla/5.0 (Windows NT 10.0; Win64; x64) AppleWebKit/537.36 (KHTML, like Gecko) Chrome/133.0.0.0 Safari/537.36"
65.109.31.236 - - [13/Mar/2025:01:49:27 +0000] "POST /wp-cron.php?doing_wp_cron=1741830567.9048368930816650390625 HTTP/1.1" 200 20 "-" "WordPress/6.7.2; https://webcloude.com"
2a06:98c0:3600::103 - - [13/Mar/2025:01:49:50 +0000] "GET /wp-admin/setup-config.php HTTP/1.1" 409 1144 "-" "Mozilla/5.0 (Windows NT 10.0; Win64; x64) AppleWebKit/537.36 (KHTML, like Gecko) Chrome/133.0.0.0 Safari/537.36"
139.59.227.194 - - [13/Mar/2025:02:18:28 +0000] "GET / HTTP/1.1" 301 0 "-" "Mozilla/5.0 (Windows NT 10.0; Win64; x64) AppleWebKit/537.36 (KHTML, like Gecko) Chrome/89.0.4389.114 Safari/537.36"
65.109.31.236 - - [13/Mar/2025:02:35:35 +0000] "POST /wp-cron.php?doing_wp_cron=1741833334.9749410152435302734375 HTTP/1.1" 200 20 "-" "WordPress/6.7.2; https://webcloude.com"
2a06:98c0:3600::103 - - [13/Mar/2025:02:57:20 +0000] "GET /wordpress/wp-admin/setup-config.php HTTP/1.1" 404 25147 "-" "Mozilla/5.0 (Windows NT 10.0; Win64; x64) AppleWebKit/537.36 (KHTML, like Gecko) Chrome/133.0.0.0 Safari/537.36"
65.109.31.236 - - [12/Mar/2025:20:47:35 +0000] "POST /wp-cron.php?doing_wp_cron=1741812455.0989260673522949218750 HTTP/1.1" 200 20 "-" "WordPress/6.7.2; https://webcloude.com"
65.109.31.236 - - [12/Mar/2025:20:57:45 +0000] "POST /wp-cron.php?doing_wp_cron=1741813065.2468590736389160156250 HTTP/1.1" 200 20 "-" "WordPress/6.7.2; https://webcloude.com"
43.155.188.157 - - [12/Mar/2025:21:03:56 +0000] "GET / HTTP/1.1" 301 20 "-" "Mozilla/5.0 (iPhone; CPU iPhone OS 13_2_3 like Mac OS X) AppleWebKit/605.1.15 (KHTML, like Gecko) Version/13.0.3 Mobile/15E148 Safari/604.1"
2a06:98c0:3600::103 - - [12/Mar/2025:21:48:41 +0000] "GET /wordpress/wp-admin/setup-config.php HTTP/1.1" 404 25143 "-" "Mozilla/5.0 (Windows NT 10.0; Win64; x64) AppleWebKit/537.36 (KHTML, like Gecko) Chrome/133.0.0.0 Safari/537.36"
65.109.31.236 - - [12/Mar/2025:22:08:45 +0000] "POST /wp-cron.php?doing_wp_cron=1741817325.9429800510406494140625 HTTP/1.1" 200 20 "-" "WordPress/6.7.2; https://webcloude.com"
2a06:98c0:3600::103 - - [12/Mar/2025:23:14:45 +0000] "GET /wordpress/wp-admin/setup-config.php HTTP/1.1" 404 25144 "-" "Mozilla/5.0 (Windows NT 10.0; Win64; x64) AppleWebKit/537.36 (KHTML, like Gecko) Chrome/133.0.0.0 Safari/537.36"
65.109.31.236 - - [12/Mar/2025:23:36:10 +0000] "GET /.well-known/acme-challenge/O_BA_662AZSQRAT48CSXJ039S9JQ4J4U HTTP/1.1" 200 64 "-" "Cpanel-HTTP-Client/1.0"
65.109.31.236 - - [12/Mar/2025:23:37:12 +0000] "POST /wp-cron.php?doing_wp_cron=1741822632.8534870147705078125000 HTTP/1.1" 200 20 "-" "WordPress/6.7.2; https://webcloude.com"
2a06:98c0:3600::103 - - [12/Mar/2025:23:41:22 +0000] "GET /wp-admin/setup-config.php HTTP/1.1" 409 1144 "-" "Mozilla/5.0 (Windows NT 10.0; Win64; x64) AppleWebKit/537.36 (KHTML, like Gecko) Chrome/133.0.0.0 Safari/537.36"
2a06:98c0:3600::103 - - [13/Mar/2025:00:01:37 +0000] "GET /wp-admin/setup-config.php HTTP/1.1" 409 1144 "-" "Mozilla/5.0 (Windows NT 10.0; Win64; x64) AppleWebKit/537.36 (KHTML, like Gecko) Chrome/133.0.0.0 Safari/537.36"
139.59.227.194 - - [13/Mar/2025:00:28:00 +0000] "GET / HTTP/1.1" 301 0 "-" "Mozilla/5.0 (Windows NT 10.0; Win64; x64) AppleWebKit/537.36 (KHTML, like Gecko) Chrome/89.0.4389.114 Safari/537.36"
65.109.31.236 - - [13/Mar/2025:01:06:39 +0000] "POST /wp-cron.php?doing_wp_cron=1741827999.8040928840637207031250 HTTP/1.1" 200 20 "-" "WordPress/6.7.2; https://webcloude.com"
65.109.31.236 - - [13/Mar/2025:01:29:59 +0000] "POST /wp-cron.php?doing_wp_cron=1741829399.0076730251312255859375 HTTP/1.1" 200 20 "-" "WordPress/6.7.2; https://webcloude.com"
43.166.7.113 - - [13/Mar/2025:02:04:58 +0000] "GET / HTTP/1.1" 301 20 "-" "Mozilla/5.0 (iPhone; CPU iPhone OS 13_2_3 like Mac OS X) AppleWebKit/605.1.15 (KHTML, like Gecko) Version/13.0.3 Mobile/15E148 Safari/604.1"
65.109.31.236 - - [13/Mar/2025:02:26:29 +0000] "POST /wp-cron.php?doing_wp_cron=1741832789.6307129859924316406250 HTTP/1.1" 200 20 "-" "WordPress/6.7.2; https://webcloude.com"
139.99.52.207 - - [13/Mar/2025:02:26:28 +0000] "GET / HTTP/1.1" 301 0 "-" "Mozilla/5.0 (Windows NT 10.0; Win64; x64) AppleWebKit/537.36 (KHTML, like Gecko) Chrome/89.0.4389.114 Safari/537.36"
2a06:98c0:3600::103 - - [12/Mar/2025:20:41:52 +0000] "GET /wordpress/wp-admin/setup-config.php HTTP/1.1" 404 25145 "-" "Mozilla/5.0 (Windows NT 10.0; Win64; x64) AppleWebKit/537.36 (KHTML, like Gecko) Chrome/133.0.0.0 Safari/537.36"
139.59.227.194 - - [12/Mar/2025:20:57:44 +0000] "GET / HTTP/1.1" 301 0 "-" "Mozilla/5.0 (Windows NT 10.0; Win64; x64) AppleWebKit/537.36 (KHTML, like Gecko) Chrome/89.0.4389.114 Safari/537.36"
65.109.31.236 - - [12/Mar/2025:20:59:40 +0000] "POST /wp-cron.php?doing_wp_cron=1741813180.2983970642089843750000 HTTP/1.1" 200 20 "-" "WordPress/6.7.2; https://webcloude.com"
65.109.31.236 - - [12/Mar/2025:21:03:56 +0000] "POST /wp-cron.php?doing_wp_cron=1741813436.5276179313659667968750 HTTP/1.1" 200 20 "-" "WordPress/6.7.2; https://webcloude.com"
2a06:98c0:3600::103 - - [12/Mar/2025:21:07:06 +0000] "GET /wordpress/wp-admin/setup-config.php HTTP/1.1" 404 25144 "-" "Mozilla/5.0 (Windows NT 10.0; Win64; x64) AppleWebKit/537.36 (KHTML, like Gecko) Chrome/133.0.0.0 Safari/537.36"
65.109.31.236 - - [12/Mar/2025:21:48:41 +0000] "POST /wp-cron.php?doing_wp_cron=1741816121.9177899360656738281250 HTTP/1.1" 200 20 "-" "WordPress/6.7.2; https://webcloude.com"
65.109.31.236 - - [12/Mar/2025:22:55:15 +0000] "POST /wp-cron.php?doing_wp_cron=1741820115.5983769893646240234375 HTTP/1.1" 200 20 "-" "WordPress/6.7.2; https://webcloude.com"
72.13.46.5 - - [12/Mar/2025:23:52:06 +0000] "GET /robots.txt HTTP/1.1" 301 20 "-" "Mozilla/5.0 (compatible; ips-agent)"
72.13.46.5 - - [12/Mar/2025:23:52:11 +0000] "GET / HTTP/1.1" 301 20 "-" "Mozilla/5.0 (compatible; ips-agent)"
2a06:98c0:3600::103 - - [13/Mar/2025:00:22:53 +0000] "GET /wp-admin/setup-config.php HTTP/1.1" 409 1144 "-" "Mozilla/5.0 (Windows NT 10.0; Win64; x64) AppleWebKit/537.36 (KHTML, like Gecko) Chrome/133.0.0.0 Safari/537.36"
2a06:98c0:3600::103 - - [13/Mar/2025:00:45:15 +0000] "GET /wordpress/wp-admin/setup-config.php HTTP/1.1" 404 25147 "-" "Mozilla/5.0 (Windows NT 10.0; Win64; x64) AppleWebKit/537.36 (KHTML, like Gecko) Chrome/133.0.0.0 Safari/537.36"
2a06:98c0:3600::103 - - [13/Mar/2025:01:06:39 +0000] "GET /wordpress/wp-admin/setup-config.php HTTP/1.1" 404 25147 "-" "Mozilla/5.0 (Windows NT 10.0; Win64; x64) AppleWebKit/537.36 (KHTML, like Gecko) Chrome/133.0.0.0 Safari/537.36"
65.109.31.236 - - [13/Mar/2025:02:18:29 +0000] "POST /wp-cron.php?doing_wp_cron=1741832309.6439640522003173828125 HTTP/1.1" 200 20 "-" "WordPress/6.7.2; https://webcloude.com"
65.109.31.236 - - [13/Mar/2025:02:36:12 +0000] "GET /.well-known/acme-challenge/AXJ7B0Z9MG7MK9MUETSG9S8LX08RP3H8 HTTP/1.1" 200 64 "-" "Cpanel-HTTP-Client/1.0"
103.227.176.18 - - [12/Mar/2025:20:47:34 +0000] "GET / HTTP/1.1" 301 20 "-" "Mozilla/5.0 (Windows NT 10.0; Win64; x64) AppleWebKit/537.36 (KHTML, like Gecko) Chrome/113.0.5672.126 Safari/537.36 Edg/113.0.1774.50"
2a06:98c0:3600::103 - - [12/Mar/2025:21:02:55 +0000] "GET /wp-admin/setup-config.php HTTP/1.1" 409 1144 "-" "Mozilla/5.0 (Windows NT 10.0; Win64; x64) AppleWebKit/537.36 (KHTML, like Gecko) Chrome/133.0.0.0 Safari/537.36"
2a06:98c0:3600::103 - - [12/Mar/2025:22:55:14 +0000] "GET /wordpress/wp-admin/setup-config.php HTTP/1.1" 404 25145 "-" "Mozilla/5.0 (Windows NT 10.0; Win64; x64) AppleWebKit/537.36 (KHTML, like Gecko) Chrome/133.0.0.0 Safari/537.36"
65.109.31.236 - - [12/Mar/2025:23:58:24 +0000] "POST /wp-cron.php?doing_wp_cron=1741823904.1231191158294677734375 HTTP/1.1" 200 20 "-" "WordPress/6.7.2; https://webcloude.com"
43.153.12.58 - - [12/Mar/2025:23:58:23 +0000] "GET / HTTP/1.1" 301 20 "-" "Mozilla/5.0 (iPhone; CPU iPhone OS 13_2_3 like Mac OS X) AppleWebKit/605.1.15 (KHTML, like Gecko) Version/13.0.3 Mobile/15E148 Safari/604.1"
43.130.40.120 - - [13/Mar/2025:00:03:54 +0000] "GET / HTTP/1.1" 301 20 "-" "Mozilla/5.0 (iPhone; CPU iPhone OS 13_2_3 like Mac OS X) AppleWebKit/605.1.15 (KHTML, like Gecko) Version/13.0.3 Mobile/15E148 Safari/604.1"
65.109.31.236 - - [13/Mar/2025:00:21:17 +0000] "POST /wp-cron.php?doing_wp_cron=1741825277.8261780738830566406250 HTTP/1.1" 200 20 "-" "WordPress/6.7.2; https://webcloude.com"
176.53.219.199 - - [13/Mar/2025:00:21:16 +0000] "GET /merchant/code HTTP/1.1" 404 24898 "-" "Mozilla/5.0 (Windows NT 10.0; Win64; x64) AppleWebKit/537.36 (KHTML, like Gecko) Chrome/94.0.4606.61 Safari/537.36"
176.53.223.32 - - [13/Mar/2025:00:21:21 +0000] "GET /merchant/z/payment/?order=1 HTTP/1.1" 404 25144 "-" "Mozilla/5.0 (Windows NT 10.0; Win64; x64) AppleWebKit/537.36 (KHTML, like Gecko) Chrome/94.0.4606.61 Safari/537.36"
45.90.60.231 - - [13/Mar/2025:00:21:21 +0000] "GET /favicon.ico HTTP/1.1" 404 1163 "-" "Mozilla/5.0 (Windows NT 10.0; Win64; x64) AppleWebKit/537.36 (KHTML, like Gecko) Chrome/94.0.4606.61 Safari/537.36"
45.90.62.67 - - [13/Mar/2025:00:21:23 +0000] "GET /favicon.ico HTTP/1.1" 404 1163 "-" "Mozilla/5.0 (Windows NT 10.0; Win64; x64) AppleWebKit/537.36 (KHTML, like Gecko) Chrome/94.0.4606.61 Safari/537.36"
2a06:98c0:3600::103 - - [13/Mar/2025:00:25:58 +0000] "GET /wordpress/wp-admin/setup-config.php HTTP/1.1" 404 25147 "-" "Mozilla/5.0 (Windows NT 10.0; Win64; x64) AppleWebKit/537.36 (KHTML, like Gecko) Chrome/133.0.0.0 Safari/537.36"
2a06:98c0:3600::103 - - [13/Mar/2025:00:47:08 +0000] "GET /wp-admin/setup-config.php HTTP/1.1" 409 1144 "-" "Mozilla/5.0 (Windows NT 10.0; Win64; x64) AppleWebKit/537.36 (KHTML, like Gecko) Chrome/133.0.0.0 Safari/537.36"
2a06:98c0:3600::103 - - [13/Mar/2025:02:08:47 +0000] "GET /wp-admin/setup-config.php HTTP/1.1" 409 1144 "-" "Mozilla/5.0 (Windows NT 10.0; Win64; x64) AppleWebKit/537.36 (KHTML, like Gecko) Chrome/133.0.0.0 Safari/537.36"
2a06:98c0:3600::103 - - [13/Mar/2025:02:35:33 +0000] "GET /wordpress/wp-admin/setup-config.php HTTP/1.1" 404 25147 "-" "Mozilla/5.0 (Windows NT 10.0; Win64; x64) AppleWebKit/537.36 (KHTML, like Gecko) Chrome/133.0.0.0 Safari/537.36"
2a06:98c0:3600::103 - - [13/Mar/2025:02:36:51 +0000] "GET /wp-admin/setup-config.php HTTP/1.1" 409 1144 "-" "Mozilla/5.0 (Windows NT 10.0; Win64; x64) AppleWebKit/537.36 (KHTML, like Gecko) Chrome/133.0.0.0 Safari/537.36"
65.109.31.236 - - [13/Mar/2025:03:18:44 +0000] "POST /wp-cron.php?doing_wp_cron=1741835924.2728440761566162109375 HTTP/1.1" 200 20 "-" "WordPress/6.7.2; https://webcloude.com"
65.109.31.236 - - [13/Mar/2025:03:10:00 +0000] "POST /wp-cron.php?doing_wp_cron=1741835400.0844419002532958984375 HTTP/1.1" 200 20 "-" "WordPress/6.7.2; https://webcloude.com"
146.70.163.204 - - [13/Mar/2025:03:09:59 +0000] "GET / HTTP/1.1" 301 0 "-" "Mozilla/5.0 (Windows NT 10.0; Win64; x64) AppleWebKit/537.36 (KHTML, like Gecko) Chrome/95.0.4638.69 Safari/537.36"
