2a06:98c0:3600::103 - - [13/Mar/2025:22:46:00 +0000] "GET /wp-admin/setup-config.php HTTP/1.1" 409 1144 "-" "Mozilla/5.0 (Windows NT 10.0; Win64; x64) AppleWebKit/537.36 (KHTML, like Gecko) Chrome/133.0.0.0 Safari/537.36"
65.109.31.236 - - [13/Mar/2025:23:07:18 +0000] "POST /wp-cron.php?doing_wp_cron=1741907238.6366539001464843750000 HTTP/1.1" 200 20 "-" "WordPress/6.7.2; https://webcloude.com"
2a06:98c0:3600::103 - - [13/Mar/2025:23:07:17 +0000] "GET /wordpress/wp-admin/setup-config.php HTTP/1.1" 404 25145 "-" "Mozilla/5.0 (Windows NT 10.0; Win64; x64) AppleWebKit/537.36 (KHTML, like Gecko) Chrome/133.0.0.0 Safari/537.36"
2a06:98c0:3600::103 - - [13/Mar/2025:23:32:36 +0000] "GET /wordpress/wp-admin/setup-config.php HTTP/1.1" 404 25146 "-" "Mozilla/5.0 (Windows NT 10.0; Win64; x64) AppleWebKit/537.36 (KHTML, like Gecko) Chrome/133.0.0.0 Safari/537.36"
65.109.31.236 - - [13/Mar/2025:23:36:06 +0000] "GET /.well-known/acme-challenge/KM_SU7N-RI4DT3766PVNE2XS2WWET3BU HTTP/1.1" 200 64 "-" "Cpanel-HTTP-Client/1.0"
65.109.31.236 - - [13/Mar/2025:23:52:32 +0000] "POST /wp-cron.php?doing_wp_cron=1741909952.5970380306243896484375 HTTP/1.1" 200 20 "-" "WordPress/6.7.2; https://webcloude.com"
43.153.76.247 - - [14/Mar/2025:00:05:06 +0000] "GET / HTTP/1.1" 301 20 "-" "Mozilla/5.0 (iPhone; CPU iPhone OS 13_2_3 like Mac OS X) AppleWebKit/605.1.15 (KHTML, like Gecko) Version/13.0.3 Mobile/15E148 Safari/604.1"
2a06:98c0:3600::103 - - [14/Mar/2025:00:14:28 +0000] "GET /wordpress/wp-admin/setup-config.php HTTP/1.1" 404 25146 "-" "Mozilla/5.0 (Windows NT 10.0; Win64; x64) AppleWebKit/537.36 (KHTML, like Gecko) Chrome/133.0.0.0 Safari/537.36"
2a06:98c0:3600::103 - - [14/Mar/2025:00:57:34 +0000] "GET /wordpress/wp-admin/setup-config.php HTTP/1.1" 404 25147 "-" "Mozilla/5.0 (Windows NT 10.0; Win64; x64) AppleWebKit/537.36 (KHTML, like Gecko) Chrome/133.0.0.0 Safari/537.36"
2a06:98c0:3600::103 - - [14/Mar/2025:01:01:08 +0000] "GET /wp-admin/setup-config.php HTTP/1.1" 409 1144 "-" "Mozilla/5.0 (Windows NT 10.0; Win64; x64) AppleWebKit/537.36 (KHTML, like Gecko) Chrome/133.0.0.0 Safari/537.36"
195.181.170.235 - - [14/Mar/2025:01:46:27 +0000] "GET /favicon.ico HTTP/1.1" 404 1163 "-" "Mozilla/5.0 (Windows NT 10.0; Win64; x64) AppleWebKit/537.36 (KHTML, like Gecko) Chrome/130.0.0.0 Safari/537.36 Edg/130.0.0.0"
65.109.31.236 - - [14/Mar/2025:02:38:44 +0000] "GET /.well-known/acme-challenge/-ENAMRLS04-P3XB_INYTSIOWWWN8C7P0 HTTP/1.1" 200 64 "-" "Cpanel-HTTP-Client/1.0"
65.109.31.236 - - [14/Mar/2025:02:50:10 +0000] "POST /wp-cron.php?doing_wp_cron=1741920610.5185880661010742187500 HTTP/1.1" 200 20 "-" "WordPress/6.7.2; https://webcloude.com"
2a06:98c0:3600::103 - - [13/Mar/2025:19:10:34 +0000] "GET /wp-admin/setup-config.php HTTP/1.1" 409 1144 "-" "Mozilla/5.0 (Windows NT 10.0; Win64; x64) AppleWebKit/537.36 (KHTML, like Gecko) Chrome/133.0.0.0 Safari/537.36"
65.109.31.236 - - [13/Mar/2025:20:17:36 +0000] "POST /wp-cron.php?doing_wp_cron=1741897056.8787109851837158203125 HTTP/1.1" 200 20 "-" "WordPress/6.7.2; https://webcloude.com"
65.109.31.236 - - [13/Mar/2025:20:36:22 +0000] "GET /.well-known/acme-challenge/BO_P60IEV0YKBV2Z4FFXSDK1HYQ3TAZA HTTP/1.1" 200 64 "-" "Cpanel-HTTP-Client/1.0"
2a06:98c0:3600::103 - - [13/Mar/2025:21:09:42 +0000] "GET /wp-admin/setup-config.php HTTP/1.1" 409 1144 "-" "Mozilla/5.0 (Windows NT 10.0; Win64; x64) AppleWebKit/537.36 (KHTML, like Gecko) Chrome/133.0.0.0 Safari/537.36"
2a06:98c0:3600::103 - - [13/Mar/2025:21:57:09 +0000] "GET /wordpress/wp-admin/setup-config.php HTTP/1.1" 404 25145 "-" "Mozilla/5.0 (Windows NT 10.0; Win64; x64) AppleWebKit/537.36 (KHTML, like Gecko) Chrome/133.0.0.0 Safari/537.36"
2a06:98c0:3600::103 - - [13/Mar/2025:22:22:01 +0000] "GET /wp-admin/setup-config.php HTTP/1.1" 409 1144 "-" "Mozilla/5.0 (Windows NT 10.0; Win64; x64) AppleWebKit/537.36 (KHTML, like Gecko) Chrome/133.0.0.0 Safari/537.36"
2a06:98c0:3600::103 - - [13/Mar/2025:23:08:00 +0000] "GET /wp-admin/setup-config.php HTTP/1.1" 409 1144 "-" "Mozilla/5.0 (Windows NT 10.0; Win64; x64) AppleWebKit/537.36 (KHTML, like Gecko) Chrome/133.0.0.0 Safari/537.36"
2a06:98c0:3600::103 - - [13/Mar/2025:23:52:31 +0000] "GET /wordpress/wp-admin/setup-config.php HTTP/1.1" 404 25145 "-" "Mozilla/5.0 (Windows NT 10.0; Win64; x64) AppleWebKit/537.36 (KHTML, like Gecko) Chrome/133.0.0.0 Safari/537.36"
65.109.31.236 - - [14/Mar/2025:00:57:34 +0000] "POST /wp-cron.php?doing_wp_cron=1741913854.8854360580444335937500 HTTP/1.1" 200 20 "-" "WordPress/6.7.2; https://webcloude.com"
2a06:98c0:3600::103 - - [14/Mar/2025:01:43:10 +0000] "GET /wordpress/wp-admin/setup-config.php HTTP/1.1" 404 25146 "-" "Mozilla/5.0 (Windows NT 10.0; Win64; x64) AppleWebKit/537.36 (KHTML, like Gecko) Chrome/133.0.0.0 Safari/537.36"
195.181.170.235 - - [14/Mar/2025:01:45:20 +0000] "GET / HTTP/1.1" 301 20 "-" "Mozilla/5.0 (Windows NT 10.0; Win64; x64) AppleWebKit/537.36 (KHTML, like Gecko) Chrome/130.0.0.0 Safari/537.36 Edg/130.0.0.0"
2a06:98c0:3600::103 - - [14/Mar/2025:02:05:32 +0000] "GET /wp-admin/setup-config.php HTTP/1.1" 409 1144 "-" "Mozilla/5.0 (Windows NT 10.0; Win64; x64) AppleWebKit/537.36 (KHTML, like Gecko) Chrome/133.0.0.0 Safari/537.36"
2a06:98c0:3600::103 - - [13/Mar/2025:17:59:13 +0000] "GET /wp-admin/setup-config.php HTTP/1.1" 409 1144 "-" "Mozilla/5.0 (Windows NT 10.0; Win64; x64) AppleWebKit/537.36 (KHTML, like Gecko) Chrome/133.0.0.0 Safari/537.36"
2a06:98c0:3600::103 - - [13/Mar/2025:18:45:03 +0000] "GET /wordpress/wp-admin/setup-config.php HTTP/1.1" 200 0 "-" "Mozilla/5.0 (Windows NT 10.0; Win64; x64) AppleWebKit/537.36 (KHTML, like Gecko) Chrome/133.0.0.0 Safari/537.36"
65.109.31.236 - - [13/Mar/2025:19:33:59 +0000] "POST /wp-cron.php?doing_wp_cron=1741894439.1654520034790039062500 HTTP/1.1" 200 20 "-" "WordPress/6.7.2; https://webcloude.com"
2a06:98c0:3600::103 - - [13/Mar/2025:19:36:16 +0000] "GET /wp-admin/setup-config.php HTTP/1.1" 409 1144 "-" "Mozilla/5.0 (Windows NT 10.0; Win64; x64) AppleWebKit/537.36 (KHTML, like Gecko) Chrome/133.0.0.0 Safari/537.36"
65.109.31.236 - - [13/Mar/2025:20:18:35 +0000] "POST /wp-cron.php?doing_wp_cron=1741897115.6193699836730957031250 HTTP/1.1" 200 20 "-" "WordPress/6.7.2; https://webcloude.com"
43.153.96.233 - - [13/Mar/2025:21:05:28 +0000] "GET / HTTP/1.1" 301 20 "-" "Mozilla/5.0 (iPhone; CPU iPhone OS 13_2_3 like Mac OS X) AppleWebKit/605.1.15 (KHTML, like Gecko) Version/13.0.3 Mobile/15E148 Safari/604.1"
49.51.183.220 - - [13/Mar/2025:21:55:49 +0000] "GET / HTTP/1.1" 301 20 "-" "Mozilla/5.0 (iPhone; CPU iPhone OS 13_2_3 like Mac OS X) AppleWebKit/605.1.15 (KHTML, like Gecko) Version/13.0.3 Mobile/15E148 Safari/604.1"
2a06:98c0:3600::103 - - [13/Mar/2025:21:57:16 +0000] "GET /wp-admin/setup-config.php HTTP/1.1" 409 1144 "-" "Mozilla/5.0 (Windows NT 10.0; Win64; x64) AppleWebKit/537.36 (KHTML, like Gecko) Chrome/133.0.0.0 Safari/537.36"
65.109.31.236 - - [13/Mar/2025:23:07:18 +0000] "POST /wp-cron.php?doing_wp_cron=1741907238.6603291034698486328125 HTTP/1.1" 200 20 "-" "WordPress/6.7.2; https://webcloude.com"
2a06:98c0:3600::103 - - [13/Mar/2025:23:54:15 +0000] "GET /wp-admin/setup-config.php HTTP/1.1" 409 1144 "-" "Mozilla/5.0 (Windows NT 10.0; Win64; x64) AppleWebKit/537.36 (KHTML, like Gecko) Chrome/133.0.0.0 Safari/537.36"
65.109.31.236 - - [14/Mar/2025:01:21:24 +0000] "POST /wp-cron.php?doing_wp_cron=1741915284.9110209941864013671875 HTTP/1.1" 200 20 "-" "WordPress/6.7.2; https://webcloude.com"
188.126.89.133 - - [14/Mar/2025:01:45:19 +0000] "GET / HTTP/1.1" 301 20 "-" "Mozilla/5.0 (Linux; Android 10; K) AppleWebKit/537.36 (KHTML, like Gecko) Chrome/132.0.0.0 Safari/537.36"
65.109.31.236 - - [14/Mar/2025:02:03:52 +0000] "POST /wp-cron.php?doing_wp_cron=1741917832.3340411186218261718750 HTTP/1.1" 200 20 "-" "WordPress/6.7.2; https://webcloude.com"
134.209.146.211 - - [14/Mar/2025:02:30:20 +0000] "GET / HTTP/1.1" 301 0 "-" "Mozilla/5.0 (Windows NT 10.0; Win64; x64) AppleWebKit/537.36 (KHTML, like Gecko) Chrome/78.0.3904.108 Safari/537.36"
2a06:98c0:3600::103 - - [14/Mar/2025:02:50:05 +0000] "GET /wordpress/wp-admin/setup-config.php HTTP/1.1" 404 21450 "-" "Mozilla/5.0 (Windows NT 10.0; Win64; x64) AppleWebKit/537.36 (KHTML, like Gecko) Chrome/133.0.0.0 Safari/537.36"
2a06:98c0:3600::103 - - [13/Mar/2025:21:33:27 +0000] "GET /wordpress/wp-admin/setup-config.php HTTP/1.1" 404 25144 "-" "Mozilla/5.0 (Windows NT 10.0; Win64; x64) AppleWebKit/537.36 (KHTML, like Gecko) Chrome/133.0.0.0 Safari/537.36"
2a06:98c0:3600::103 - - [13/Mar/2025:22:44:41 +0000] "GET /wordpress/wp-admin/setup-config.php HTTP/1.1" 404 25145 "-" "Mozilla/5.0 (Windows NT 10.0; Win64; x64) AppleWebKit/537.36 (KHTML, like Gecko) Chrome/133.0.0.0 Safari/537.36"
65.109.31.236 - - [13/Mar/2025:23:07:18 +0000] "POST /wp-cron.php?doing_wp_cron=1741907238.5899651050567626953125 HTTP/1.1" 200 20 "-" "WordPress/6.7.2; https://webcloude.com"
65.109.31.236 - - [13/Mar/2025:23:32:36 +0000] "POST /wp-cron.php?doing_wp_cron=1741908756.4662079811096191406250 HTTP/1.1" 200 20 "-" "WordPress/6.7.2; https://webcloude.com"
65.109.31.236 - - [14/Mar/2025:00:34:56 +0000] "POST /wp-cron.php?doing_wp_cron=1741912496.1056940555572509765625 HTTP/1.1" 200 20 "-" "WordPress/6.7.2; https://webcloude.com"
2a06:98c0:3600::103 - - [14/Mar/2025:00:36:14 +0000] "GET /wp-admin/setup-config.php HTTP/1.1" 409 1144 "-" "Mozilla/5.0 (Windows NT 10.0; Win64; x64) AppleWebKit/537.36 (KHTML, like Gecko) Chrome/133.0.0.0 Safari/537.36"
65.109.31.236 - - [14/Mar/2025:02:26:51 +0000] "POST /wp-cron.php?doing_wp_cron=1741919211.3132140636444091796875 HTTP/1.1" 200 20 "-" "WordPress/6.7.2; https://webcloude.com"
2a06:98c0:3600::103 - - [13/Mar/2025:19:33:58 +0000] "GET /wordpress/wp-admin/setup-config.php HTTP/1.1" 404 25146 "-" "Mozilla/5.0 (Windows NT 10.0; Win64; x64) AppleWebKit/537.36 (KHTML, like Gecko) Chrome/133.0.0.0 Safari/537.36"
2a06:98c0:3600::103 - - [13/Mar/2025:20:22:42 +0000] "GET /wordpress/wp-admin/setup-config.php HTTP/1.1" 404 25147 "-" "Mozilla/5.0 (Windows NT 10.0; Win64; x64) AppleWebKit/537.36 (KHTML, like Gecko) Chrome/133.0.0.0 Safari/537.36"
2a06:98c0:3600::103 - - [13/Mar/2025:20:46:32 +0000] "GET /wordpress/wp-admin/setup-config.php HTTP/1.1" 404 25146 "-" "Mozilla/5.0 (Windows NT 10.0; Win64; x64) AppleWebKit/537.36 (KHTML, like Gecko) Chrome/133.0.0.0 Safari/537.36"
65.109.31.236 - - [13/Mar/2025:21:05:29 +0000] "POST /wp-cron.php?doing_wp_cron=1741899929.2936089038848876953125 HTTP/1.1" 200 20 "-" "WordPress/6.7.2; https://webcloude.com"
134.209.146.211 - - [13/Mar/2025:21:06:30 +0000] "GET / HTTP/1.1" 301 0 "-" "Mozilla/5.0 (Windows NT 10.0; Win64; x64) AppleWebKit/537.36 (KHTML, like Gecko) Chrome/78.0.3904.108 Safari/537.36"
2a06:98c0:3600::103 - - [13/Mar/2025:23:30:09 +0000] "GET /wp-admin/setup-config.php HTTP/1.1" 409 1144 "-" "Mozilla/5.0 (Windows NT 10.0; Win64; x64) AppleWebKit/537.36 (KHTML, like Gecko) Chrome/133.0.0.0 Safari/537.36"
2a06:98c0:3600::103 - - [14/Mar/2025:00:13:18 +0000] "GET /wp-admin/setup-config.php HTTP/1.1" 409 1144 "-" "Mozilla/5.0 (Windows NT 10.0; Win64; x64) AppleWebKit/537.36 (KHTML, like Gecko) Chrome/133.0.0.0 Safari/537.36"
65.109.31.236 - - [14/Mar/2025:00:14:29 +0000] "POST /wp-cron.php?doing_wp_cron=1741911269.0823760032653808593750 HTTP/1.1" 200 20 "-" "WordPress/6.7.2; https://webcloude.com"
170.106.73.216 - - [14/Mar/2025:01:04:13 +0000] "GET / HTTP/1.1" 301 20 "-" "Mozilla/5.0 (iPhone; CPU iPhone OS 13_2_3 like Mac OS X) AppleWebKit/605.1.15 (KHTML, like Gecko) Version/13.0.3 Mobile/15E148 Safari/604.1"
195.181.170.235 - - [14/Mar/2025:01:45:54 +0000] "GET / HTTP/1.1" 301 20 "-" "Mozilla/5.0 (iPhone; CPU iPhone OS 18_1_1 like Mac OS X) AppleWebKit/605.1.15 (KHTML, like Gecko) Version/18.1.1 Mobile/15E148 Safari/604.1"
2a06:98c0:3600::103 - - [14/Mar/2025:02:25:23 +0000] "GET /wp-admin/setup-config.php HTTP/1.1" 409 1144 "-" "Mozilla/5.0 (Windows NT 10.0; Win64; x64) AppleWebKit/537.36 (KHTML, like Gecko) Chrome/133.0.0.0 Safari/537.36"
65.109.31.236 - - [14/Mar/2025:02:26:51 +0000] "POST /wp-cron.php?doing_wp_cron=1741919211.3320219516754150390625 HTTP/1.1" 200 20 "-" "WordPress/6.7.2; https://webcloude.com"
2a06:98c0:3600::103 - - [14/Mar/2025:02:26:50 +0000] "GET /wordpress/wp-admin/setup-config.php HTTP/1.1" 404 25146 "-" "Mozilla/5.0 (Windows NT 10.0; Win64; x64) AppleWebKit/537.36 (KHTML, like Gecko) Chrome/133.0.0.0 Safari/537.36"
65.109.31.236 - - [14/Mar/2025:02:38:44 +0000] "GET /.well-known/acme-challenge/F2LG6BOAI5TI3PEOU2MKG3WA-RW-84JB HTTP/1.1" 200 64 "-" "Cpanel-HTTP-Client/1.0"
65.109.31.236 - - [13/Mar/2025:17:35:13 +0000] "POST /wp-cron.php?doing_wp_cron=1741887312.9235179424285888671875 HTTP/1.1" 200 20 "-" "WordPress/6.7.2; https://webcloude.com"
146.70.205.126 - - [13/Mar/2025:17:46:48 +0000] "GET / HTTP/1.1" 301 0 "-" "Mozilla/5.0 (Windows NT 10.0; Win64; x64) AppleWebKit/537.36 (KHTML, like Gecko) Chrome/95.0.4638.69 Safari/537.36"
2a06:98c0:3600::103 - - [13/Mar/2025:17:58:58 +0000] "GET /wordpress/wp-admin/setup-config.php HTTP/1.1" 404 25145 "-" "Mozilla/5.0 (Windows NT 10.0; Win64; x64) AppleWebKit/537.36 (KHTML, like Gecko) Chrome/133.0.0.0 Safari/537.36"
65.109.31.236 - - [13/Mar/2025:18:24:23 +0000] "POST /wp-cron.php?doing_wp_cron=1741890263.7924981117248535156250 HTTP/1.1" 200 20 "-" "WordPress/6.7.2; https://webcloude.com"
65.109.31.236 - - [13/Mar/2025:18:45:34 +0000] "POST /wp-cron.php?doing_wp_cron=1741891534.0623118877410888671875 HTTP/1.1" 200 20 "-" "WordPress/6.7.2; https://webcloude.com"
65.109.31.236 - - [13/Mar/2025:19:33:59 +0000] "POST /wp-cron.php?doing_wp_cron=1741894439.0698249340057373046875 HTTP/1.1" 200 20 "-" "WordPress/6.7.2; https://webcloude.com"
65.109.31.236 - - [13/Mar/2025:20:22:43 +0000] "POST /wp-cron.php?doing_wp_cron=1741897363.3379569053649902343750 HTTP/1.1" 200 20 "-" "WordPress/6.7.2; https://webcloude.com"
2a06:98c0:3600::103 - - [13/Mar/2025:20:23:25 +0000] "GET /wp-admin/setup-config.php HTTP/1.1" 409 1144 "-" "Mozilla/5.0 (Windows NT 10.0; Win64; x64) AppleWebKit/537.36 (KHTML, like Gecko) Chrome/133.0.0.0 Safari/537.36"
2a06:98c0:3600::103 - - [13/Mar/2025:21:31:33 +0000] "GET /wp-admin/setup-config.php HTTP/1.1" 409 1144 "-" "Mozilla/5.0 (Windows NT 10.0; Win64; x64) AppleWebKit/537.36 (KHTML, like Gecko) Chrome/133.0.0.0 Safari/537.36"
65.109.31.236 - - [13/Mar/2025:22:46:27 +0000] "POST /wp-cron.php?doing_wp_cron=1741905987.5404999256134033203125 HTTP/1.1" 200 20 "-" "WordPress/6.7.2; https://webcloude.com"
43.166.134.47 - - [13/Mar/2025:22:46:26 +0000] "GET / HTTP/1.1" 301 20 "-" "Mozilla/5.0 (iPhone; CPU iPhone OS 13_2_3 like Mac OS X) AppleWebKit/605.1.15 (KHTML, like Gecko) Version/13.0.3 Mobile/15E148 Safari/604.1"
2a06:98c0:3600::103 - - [14/Mar/2025:00:34:55 +0000] "GET /wordpress/wp-admin/setup-config.php HTTP/1.1" 404 25146 "-" "Mozilla/5.0 (Windows NT 10.0; Win64; x64) AppleWebKit/537.36 (KHTML, like Gecko) Chrome/133.0.0.0 Safari/537.36"
2a06:98c0:3600::103 - - [14/Mar/2025:01:43:10 +0000] "GET /wp-admin/setup-config.php HTTP/1.1" 409 1144 "-" "Mozilla/5.0 (Windows NT 10.0; Win64; x64) AppleWebKit/537.36 (KHTML, like Gecko) Chrome/133.0.0.0 Safari/537.36"
86.105.155.248 - - [14/Mar/2025:01:45:21 +0000] "GET / HTTP/1.1" 301 20 "-" "Mozilla/5.0 (Linux; Android 10; K) AppleWebKit/537.36 (KHTML, like Gecko) Chrome/126.0.0.0 Mobile Safari/537.36"
65.109.31.236 - - [14/Mar/2025:01:45:54 +0000] "POST /wp-cron.php?doing_wp_cron=1741916754.8949639797210693359375 HTTP/1.1" 200 20 "-" "WordPress/6.7.2; https://webcloude.com"
2a06:98c0:3600::103 - - [14/Mar/2025:02:04:10 +0000] "GET /wordpress/wp-admin/setup-config.php HTTP/1.1" 404 25145 "-" "Mozilla/5.0 (Windows NT 10.0; Win64; x64) AppleWebKit/537.36 (KHTML, like Gecko) Chrome/133.0.0.0 Safari/537.36"
2a06:98c0:3600::103 - - [14/Mar/2025:01:18:57 +0000] "GET /wp-admin/setup-config.php HTTP/1.1" 409 1144 "-" "Mozilla/5.0 (Windows NT 10.0; Win64; x64) AppleWebKit/537.36 (KHTML, like Gecko) Chrome/133.0.0.0 Safari/537.36"
65.109.31.236 - - [14/Mar/2025:01:45:20 +0000] "POST /wp-cron.php?doing_wp_cron=1741916720.6201970577239990234375 HTTP/1.1" 200 20 "-" "WordPress/6.7.2; https://webcloude.com"
65.109.31.236 - - [14/Mar/2025:02:26:51 +0000] "POST /wp-cron.php?doing_wp_cron=1741919211.2653000354766845703125 HTTP/1.1" 200 20 "-" "WordPress/6.7.2; https://webcloude.com"
65.109.31.236 - - [14/Mar/2025:02:30:21 +0000] "POST /wp-cron.php?doing_wp_cron=1741919421.7935600280761718750000 HTTP/1.1" 200 20 "-" "WordPress/6.7.2; https://webcloude.com"
65.109.31.236 - - [13/Mar/2025:20:46:33 +0000] "POST /wp-cron.php?doing_wp_cron=1741898793.7611629962921142578125 HTTP/1.1" 200 20 "-" "WordPress/6.7.2; https://webcloude.com"
34.48.114.13 - - [13/Mar/2025:21:08:14 +0000] "GET / HTTP/1.1" 301 0 "-" "Mozilla/5.0 (Windows NT 10.0; Win64; x64) AppleWebKit/537.36 (KHTML, like Gecko) Chrome/78.0.3904.108 Safari/537.36"
2a06:98c0:3600::103 - - [13/Mar/2025:21:11:07 +0000] "GET /wordpress/wp-admin/setup-config.php HTTP/1.1" 404 25145 "-" "Mozilla/5.0 (Windows NT 10.0; Win64; x64) AppleWebKit/537.36 (KHTML, like Gecko) Chrome/133.0.0.0 Safari/537.36"
65.109.31.236 - - [13/Mar/2025:21:57:09 +0000] "POST /wp-cron.php?doing_wp_cron=1741903029.5144588947296142578125 HTTP/1.1" 200 20 "-" "WordPress/6.7.2; https://webcloude.com"
65.109.31.236 - - [13/Mar/2025:23:36:06 +0000] "GET /.well-known/acme-challenge/51ZBVK0PEUUK_39EIZ_47UKI_GGTF98P HTTP/1.1" 200 64 "-" "Cpanel-HTTP-Client/1.0"
65.109.31.236 - - [14/Mar/2025:00:05:12 +0000] "POST /wp-cron.php?doing_wp_cron=1741910712.0475809574127197265625 HTTP/1.1" 200 20 "-" "WordPress/6.7.2; https://webcloude.com"
2a06:98c0:3600::103 - - [14/Mar/2025:01:21:24 +0000] "GET /wordpress/wp-admin/setup-config.php HTTP/1.1" 404 25147 "-" "Mozilla/5.0 (Windows NT 10.0; Win64; x64) AppleWebKit/537.36 (KHTML, like Gecko) Chrome/133.0.0.0 Safari/537.36"
170.106.143.6 - - [14/Mar/2025:02:03:51 +0000] "GET / HTTP/1.1" 301 20 "-" "Mozilla/5.0 (iPhone; CPU iPhone OS 13_2_3 like Mac OS X) AppleWebKit/605.1.15 (KHTML, like Gecko) Version/13.0.3 Mobile/15E148 Safari/604.1"
65.109.31.236 - - [14/Mar/2025:03:50:25 +0000] "POST /wp-cron.php?doing_wp_cron=1741924225.2004709243774414062500 HTTP/1.1" 200 20 "-" "WordPress/6.7.2; https://webcloude.com"
65.109.31.236 - - [14/Mar/2025:04:15:59 +0000] "POST /wp-cron.php?doing_wp_cron=1741925759.9611330032348632812500 HTTP/1.1" 200 20 "-" "WordPress/6.7.2; https://webcloude.com"
65.109.31.236 - - [14/Mar/2025:04:33:10 +0000] "POST /wp-cron.php?doing_wp_cron=1741926790.2677121162414550781250 HTTP/1.1" 200 20 "-" "WordPress/6.7.2; https://webcloude.com"
65.109.31.236 - - [14/Mar/2025:05:19:23 +0000] "POST /wp-cron.php?doing_wp_cron=1741929563.6407959461212158203125 HTTP/1.1" 200 20 "-" "WordPress/6.7.2; https://webcloude.com"
2a06:98c0:3600::103 - - [14/Mar/2025:05:19:28 +0000] "GET /wp-admin/setup-config.php HTTP/1.1" 409 1144 "-" "Mozilla/5.0 (Windows NT 10.0; Win64; x64) AppleWebKit/537.36 (KHTML, like Gecko) Chrome/133.0.0.0 Safari/537.36"
65.109.31.236 - - [14/Mar/2025:05:36:23 +0000] "GET /.well-known/acme-challenge/7UZ_R_R3XN213HBM0VWU-N8RN3_5TFEM HTTP/1.1" 200 64 "-" "Cpanel-HTTP-Client/1.0"
65.109.31.236 - - [14/Mar/2025:05:39:45 +0000] "POST /wp-cron.php?doing_wp_cron=1741930785.7501718997955322265625 HTTP/1.1" 200 20 "-" "WordPress/6.7.2; https://webcloude.com"
2a06:98c0:3600::103 - - [14/Mar/2025:05:39:45 +0000] "GET /wordpress/wp-admin/setup-config.php HTTP/1.1" 404 25147 "-" "Mozilla/5.0 (Windows NT 10.0; Win64; x64) AppleWebKit/537.36 (KHTML, like Gecko) Chrome/133.0.0.0 Safari/537.36"
2a06:98c0:3600::103 - - [14/Mar/2025:06:37:33 +0000] "GET /wp-admin/setup-config.php HTTP/1.1" 409 1144 "-" "Mozilla/5.0 (Windows NT 10.0; Win64; x64) AppleWebKit/537.36 (KHTML, like Gecko) Chrome/133.0.0.0 Safari/537.36"
152.32.132.30 - - [14/Mar/2025:07:31:59 +0000] "GET / HTTP/1.1" 301 20 "http://webcloude.com/" "Mozilla/5.0 (Linux; Android 11; vivo 1906; wv) AppleWebKit/537.36 (KHTML, like Gecko) Version/4.0 Chrome/87.0.4280.141 Mobile Safari/537.36 VivoBrowser/8.9.0.0 uni-app Html5Plus/1.0"
2a06:98c0:3600::103 - - [14/Mar/2025:07:47:38 +0000] "GET /wp-admin/setup-config.php HTTP/1.1" 409 1144 "-" "Mozilla/5.0 (Windows NT 10.0; Win64; x64) AppleWebKit/537.36 (KHTML, like Gecko) Chrome/133.0.0.0 Safari/537.36"
2a06:98c0:3600::103 - - [14/Mar/2025:08:05:36 +0000] "GET /wordpress/wp-admin/setup-config.php HTTP/1.1" 404 25146 "-" "Mozilla/5.0 (Windows NT 10.0; Win64; x64) AppleWebKit/537.36 (KHTML, like Gecko) Chrome/133.0.0.0 Safari/537.36"
2a06:98c0:3600::103 - - [14/Mar/2025:08:30:10 +0000] "GET /wp-admin/setup-config.php HTTP/1.1" 409 1144 "-" "Mozilla/5.0 (Windows NT 10.0; Win64; x64) AppleWebKit/537.36 (KHTML, like Gecko) Chrome/133.0.0.0 Safari/537.36"
65.109.31.236 - - [14/Mar/2025:08:44:12 +0000] "POST /wp-cron.php?doing_wp_cron=1741941852.1844539642333984375000 HTTP/1.1" 200 20 "-" "WordPress/6.7.2; https://webcloude.com"
43.159.149.216 - - [14/Mar/2025:08:44:08 +0000] "GET / HTTP/1.1" 301 20 "-" "Mozilla/5.0 (iPhone; CPU iPhone OS 13_2_3 like Mac OS X) AppleWebKit/605.1.15 (KHTML, like Gecko) Version/13.0.3 Mobile/15E148 Safari/604.1"
2a06:98c0:3600::103 - - [14/Mar/2025:09:14:24 +0000] "GET /wp-admin/setup-config.php HTTP/1.1" 409 1144 "-" "Mozilla/5.0 (Windows NT 10.0; Win64; x64) AppleWebKit/537.36 (KHTML, like Gecko) Chrome/133.0.0.0 Safari/537.36"
65.109.31.236 - - [14/Mar/2025:09:58:22 +0000] "POST /wp-cron.php?doing_wp_cron=1741946302.6937880516052246093750 HTTP/1.1" 200 20 "-" "WordPress/6.7.2; https://webcloude.com"
124.220.171.34 - - [14/Mar/2025:10:09:45 +0000] "GET / HTTP/1.1" 301 20 "-" "Mozilla/5.0 (Linux; Android 10; LIO-AN00 Build/HUAWEILIO-AN00; wv) MicroMessenger Weixin QQ AppleWebKit/537.36 (KHTML, like Gecko) Version/4.0 Chrome/78.0.3904.62 XWEB/2692 MMWEBSDK/200901 Mobile Safari/537.36"
65.109.31.236 - - [14/Mar/2025:10:19:28 +0000] "POST /wp-cron.php?doing_wp_cron=1741947568.8716518878936767578125 HTTP/1.1" 200 20 "-" "WordPress/6.7.2; https://webcloude.com"
2a06:98c0:3600::103 - - [14/Mar/2025:03:09:46 +0000] "GET /wordpress/wp-admin/setup-config.php HTTP/1.1" 404 25147 "-" "Mozilla/5.0 (Windows NT 10.0; Win64; x64) AppleWebKit/537.36 (KHTML, like Gecko) Chrome/133.0.0.0 Safari/537.36"
34.123.170.104 - - [14/Mar/2025:03:43:16 +0000] "GET / HTTP/1.1" 301 20 "-" "Mozilla/5.0 (X11; Linux x86_64) AppleWebKit/537.36 (KHTML, like Gecko) HeadlessChrome/125.0.6422.60 Safari/537.36"
2a06:98c0:3600::103 - - [14/Mar/2025:04:35:25 +0000] "GET /wordpress/wp-admin/setup-config.php HTTP/1.1" 404 25146 "-" "Mozilla/5.0 (Windows NT 10.0; Win64; x64) AppleWebKit/537.36 (KHTML, like Gecko) Chrome/133.0.0.0 Safari/537.36"
2a06:98c0:3600::103 - - [14/Mar/2025:04:56:06 +0000] "GET /wp-admin/setup-config.php HTTP/1.1" 409 1144 "-" "Mozilla/5.0 (Windows NT 10.0; Win64; x64) AppleWebKit/537.36 (KHTML, like Gecko) Chrome/133.0.0.0 Safari/537.36"
65.109.31.236 - - [14/Mar/2025:06:40:30 +0000] "POST /wp-cron.php?doing_wp_cron=1741934430.6690540313720703125000 HTTP/1.1" 200 20 "-" "WordPress/6.7.2; https://webcloude.com"
2a06:98c0:3600::103 - - [14/Mar/2025:08:06:00 +0000] "GET /wp-admin/setup-config.php HTTP/1.1" 409 1144 "-" "Mozilla/5.0 (Windows NT 10.0; Win64; x64) AppleWebKit/537.36 (KHTML, like Gecko) Chrome/133.0.0.0 Safari/537.36"
89.187.163.218 - - [14/Mar/2025:08:29:48 +0000] "GET / HTTP/1.1" 301 0 "-" "Mozilla/5.0 (Windows NT 10.0; Win64; x64) AppleWebKit/537.36 (KHTML, like Gecko) Chrome/95.0.4638.69 Safari/537.36"
65.109.31.236 - - [14/Mar/2025:08:31:36 +0000] "POST /wp-cron.php?doing_wp_cron=1741941096.4374330043792724609375 HTTP/1.1" 200 20 "-" "WordPress/6.7.2; https://webcloude.com"
65.109.31.236 - - [14/Mar/2025:08:48:06 +0000] "POST /wp-cron.php?doing_wp_cron=1741942085.6871480941772460937500 HTTP/1.1" 200 20 "-" "WordPress/6.7.2; https://webcloude.com"
65.109.31.236 - - [14/Mar/2025:09:32:25 +0000] "POST /wp-cron.php?doing_wp_cron=1741944745.7147130966186523437500 HTTP/1.1" 200 20 "-" "WordPress/6.7.2; https://webcloude.com"
65.109.31.236 - - [14/Mar/2025:10:09:26 +0000] "POST /wp-cron.php?doing_wp_cron=1741946966.0114820003509521484375 HTTP/1.1" 200 20 "-" "WordPress/6.7.2; https://webcloude.com"
65.109.31.236 - - [14/Mar/2025:10:11:29 +0000] "POST /wp-cron.php?doing_wp_cron=1741947089.9464919567108154296875 HTTP/1.1" 200 20 "-" "WordPress/6.7.2; https://webcloude.com"
124.220.171.34 - - [14/Mar/2025:10:19:28 +0000] "GET / HTTP/1.1" 301 20 "-" "Mozilla/5.0 (Linux; Android 10; LIO-AN00 Build/HUAWEILIO-AN00; wv) MicroMessenger Weixin QQ AppleWebKit/537.36 (KHTML, like Gecko) Version/4.0 Chrome/78.0.3904.62 XWEB/2692 MMWEBSDK/200901 Mobile Safari/537.36"
65.109.31.236 - - [14/Mar/2025:03:09:47 +0000] "POST /wp-cron.php?doing_wp_cron=1741921787.5875918865203857421875 HTTP/1.1" 200 20 "-" "WordPress/6.7.2; https://webcloude.com"
65.109.31.236 - - [14/Mar/2025:03:16:59 +0000] "POST /wp-cron.php?doing_wp_cron=1741922219.6341180801391601562500 HTTP/1.1" 200 20 "-" "WordPress/6.7.2; https://webcloude.com"
65.109.31.236 - - [14/Mar/2025:03:43:17 +0000] "POST /wp-cron.php?doing_wp_cron=1741923797.2164609432220458984375 HTTP/1.1" 200 20 "-" "WordPress/6.7.2; https://webcloude.com"
205.169.39.130 - - [14/Mar/2025:03:43:57 +0000] "GET / HTTP/1.1" 301 20 "-" "Mozilla/5.0 (Windows NT 6.1; Win64; x64) AppleWebKit/537.36 (KHTML, like Gecko) Chrome/83.0.4103.61 Safari/537.36"
65.109.31.236 - - [14/Mar/2025:03:54:51 +0000] "POST /wp-cron.php?doing_wp_cron=1741924491.3824989795684814453125 HTTP/1.1" 200 20 "-" "WordPress/6.7.2; https://webcloude.com"
2a06:98c0:3600::103 - - [14/Mar/2025:04:15:59 +0000] "GET /wordpress/wp-admin/setup-config.php HTTP/1.1" 404 25146 "-" "Mozilla/5.0 (Windows NT 10.0; Win64; x64) AppleWebKit/537.36 (KHTML, like Gecko) Chrome/133.0.0.0 Safari/537.36"
65.109.31.236 - - [14/Mar/2025:04:33:10 +0000] "POST /wp-cron.php?doing_wp_cron=1741926790.0749740600585937500000 HTTP/1.1" 200 20 "-" "WordPress/6.7.2; https://webcloude.com"
65.109.31.236 - - [14/Mar/2025:04:58:30 +0000] "POST /wp-cron.php?doing_wp_cron=1741928310.5116729736328125000000 HTTP/1.1" 200 20 "-" "WordPress/6.7.2; https://webcloude.com"
65.109.31.236 - - [14/Mar/2025:08:48:06 +0000] "POST /wp-cron.php?doing_wp_cron=1741942086.4529609680175781250000 HTTP/1.1" 200 20 "-" "WordPress/6.7.2; https://webcloude.com"
65.109.31.236 - - [14/Mar/2025:09:11:08 +0000] "POST /wp-cron.php?doing_wp_cron=1741943468.8507580757141113281250 HTTP/1.1" 200 20 "-" "WordPress/6.7.2; https://webcloude.com"
2a06:98c0:3600::103 - - [14/Mar/2025:09:34:20 +0000] "GET /wp-admin/setup-config.php HTTP/1.1" 409 1144 "-" "Mozilla/5.0 (Windows NT 10.0; Win64; x64) AppleWebKit/537.36 (KHTML, like Gecko) Chrome/133.0.0.0 Safari/537.36"
2a06:98c0:3600::103 - - [14/Mar/2025:09:56:52 +0000] "GET /wp-admin/setup-config.php HTTP/1.1" 409 1144 "-" "Mozilla/5.0 (Windows NT 10.0; Win64; x64) AppleWebKit/537.36 (KHTML, like Gecko) Chrome/133.0.0.0 Safari/537.36"
124.220.171.34 - - [14/Mar/2025:10:09:25 +0000] "GET / HTTP/1.1" 301 20 "-" "Mozilla/5.0 (Linux; Android 10; LIO-AN00 Build/HUAWEILIO-AN00; wv) MicroMessenger Weixin QQ AppleWebKit/537.36 (KHTML, like Gecko) Version/4.0 Chrome/78.0.3904.62 XWEB/2692 MMWEBSDK/200901 Mobile Safari/537.36"
146.70.192.158 - - [14/Mar/2025:11:17:11 +0000] "GET / HTTP/1.1" 301 0 "-" "Mozilla/5.0 (Windows NT 10.0; Win64; x64) AppleWebKit/537.36 (KHTML, like Gecko) Chrome/78.0.3904.108 Safari/537.36"
2a06:98c0:3600::103 - - [14/Mar/2025:11:26:58 +0000] "GET /wordpress/wp-admin/setup-config.php HTTP/1.1" 404 25146 "-" "Mozilla/5.0 (Windows NT 10.0; Win64; x64) AppleWebKit/537.36 (KHTML, like Gecko) Chrome/133.0.0.0 Safari/537.36"
2a06:98c0:3600::103 - - [14/Mar/2025:03:08:29 +0000] "GET /wp-admin/setup-config.php HTTP/1.1" 409 1144 "-" "Mozilla/5.0 (Windows NT 10.0; Win64; x64) AppleWebKit/537.36 (KHTML, like Gecko) Chrome/133.0.0.0 Safari/537.36"
205.169.39.130 - - [14/Mar/2025:03:44:06 +0000] "GET / HTTP/1.1" 301 20 "-" "Mozilla/5.0 (Windows NT 10.0; Win64; x64) AppleWebKit/537.36 (KHTML, like Gecko) Chrome/79.0.3945.79 Safari/537.36"
43.159.135.203 - - [14/Mar/2025:04:17:14 +0000] "GET / HTTP/1.1" 301 20 "-" "Mozilla/5.0 (iPhone; CPU iPhone OS 13_2_3 like Mac OS X) AppleWebKit/605.1.15 (KHTML, like Gecko) Version/13.0.3 Mobile/15E148 Safari/604.1"
65.109.31.236 - - [14/Mar/2025:04:33:10 +0000] "POST /wp-cron.php?doing_wp_cron=1741926790.3911449909210205078125 HTTP/1.1" 200 20 "-" "WordPress/6.7.2; https://webcloude.com"
65.109.31.236 - - [14/Mar/2025:04:35:26 +0000] "POST /wp-cron.php?doing_wp_cron=1741926926.3158249855041503906250 HTTP/1.1" 200 20 "-" "WordPress/6.7.2; https://webcloude.com"
2a06:98c0:3600::103 - - [14/Mar/2025:04:35:55 +0000] "GET /wp-admin/setup-config.php HTTP/1.1" 409 1144 "-" "Mozilla/5.0 (Windows NT 10.0; Win64; x64) AppleWebKit/537.36 (KHTML, like Gecko) Chrome/133.0.0.0 Safari/537.36"
2a06:98c0:3600::103 - - [14/Mar/2025:04:58:29 +0000] "GET /wordpress/wp-admin/setup-config.php HTTP/1.1" 404 25146 "-" "Mozilla/5.0 (Windows NT 10.0; Win64; x64) AppleWebKit/537.36 (KHTML, like Gecko) Chrome/133.0.0.0 Safari/537.36"
65.109.31.236 - - [14/Mar/2025:06:03:39 +0000] "POST /wp-cron.php?doing_wp_cron=1741932219.5404760837554931640625 HTTP/1.1" 200 20 "-" "WordPress/6.7.2; https://webcloude.com"
2a06:98c0:3600::103 - - [14/Mar/2025:06:04:35 +0000] "GET /wp-admin/setup-config.php HTTP/1.1" 409 1144 "-" "Mozilla/5.0 (Windows NT 10.0; Win64; x64) AppleWebKit/537.36 (KHTML, like Gecko) Chrome/133.0.0.0 Safari/537.36"
65.109.31.236 - - [14/Mar/2025:06:40:30 +0000] "POST /wp-cron.php?doing_wp_cron=1741934430.7331809997558593750000 HTTP/1.1" 200 20 "-" "WordPress/6.7.2; https://webcloude.com"
2a06:98c0:3600::103 - - [14/Mar/2025:06:40:29 +0000] "GET /wordpress/wp-admin/setup-config.php HTTP/1.1" 404 25146 "-" "Mozilla/5.0 (Windows NT 10.0; Win64; x64) AppleWebKit/537.36 (KHTML, like Gecko) Chrome/133.0.0.0 Safari/537.36"
2a06:98c0:3600::103 - - [14/Mar/2025:07:27:57 +0000] "GET /wp-admin/setup-config.php HTTP/1.1" 409 1144 "-" "Mozilla/5.0 (Windows NT 10.0; Win64; x64) AppleWebKit/537.36 (KHTML, like Gecko) Chrome/133.0.0.0 Safari/537.36"
4.43.184.114 - - [14/Mar/2025:08:27:13 +0000] "GET / HTTP/1.0" 301 0 "-" "Mozilla/4.0 (compatible; MSIE 6.0; Windows NT 5.1; SV1; .NET CLR 1.1.4322; .NET CLR 2.0.50728)"
65.109.31.236 - - [14/Mar/2025:08:36:25 +0000] "GET /.well-known/acme-challenge/WUCKX8D7OTSFCTPSE8SAP5794CNYC4IC HTTP/1.1" 200 64 "-" "Cpanel-HTTP-Client/1.0"
101.91.148.219 - - [14/Mar/2025:08:48:03 +0000] "GET / HTTP/1.1" 301 20 "-" "Mozilla/5.0 (iPhone; CPU iPhone OS 13_2_3 like Mac OS X) AppleWebKit/605.1.15 (KHTML, like Gecko) Version/13.0.3 Mobile/15E148 Safari/604.1"
89.187.163.218 - - [14/Mar/2025:09:09:19 +0000] "GET / HTTP/1.1" 301 0 "-" "Mozilla/5.0 (Windows NT 10.0; Win64; x64) AppleWebKit/537.36 (KHTML, like Gecko) Chrome/95.0.4638.69 Safari/537.36"
124.220.171.34 - - [14/Mar/2025:10:10:05 +0000] "GET / HTTP/1.1" 301 20 "-" "Mozilla/5.0 (Linux; Android 10; LIO-AN00 Build/HUAWEILIO-AN00; wv) MicroMessenger Weixin QQ AppleWebKit/537.36 (KHTML, like Gecko) Version/4.0 Chrome/78.0.3904.62 XWEB/2692 MMWEBSDK/200901 Mobile Safari/537.36"
167.94.138.120 - - [14/Mar/2025:10:11:29 +0000] "GET / HTTP/1.1" 301 20 "-" "Mozilla/5.0 (compatible; CensysInspect/1.1; +https://about.censys.io/)"
65.109.31.236 - - [14/Mar/2025:10:43:30 +0000] "POST /wp-cron.php?doing_wp_cron=1741949010.7055668830871582031250 HTTP/1.1" 200 20 "-" "WordPress/6.7.2; https://webcloude.com"
65.109.31.236 - - [14/Mar/2025:11:26:58 +0000] "POST /wp-cron.php?doing_wp_cron=1741951618.7970089912414550781250 HTTP/1.1" 200 20 "-" "WordPress/6.7.2; https://webcloude.com"
43.153.96.79 - - [14/Mar/2025:03:16:58 +0000] "GET / HTTP/1.1" 301 20 "-" "Mozilla/5.0 (iPhone; CPU iPhone OS 13_2_3 like Mac OS X) AppleWebKit/605.1.15 (KHTML, like Gecko) Version/13.0.3 Mobile/15E148 Safari/604.1"
65.109.31.236 - - [14/Mar/2025:03:31:31 +0000] "POST /wp-cron.php?doing_wp_cron=1741923091.7383720874786376953125 HTTP/1.1" 200 20 "-" "WordPress/6.7.2; https://webcloude.com"
2a06:98c0:3600::103 - - [14/Mar/2025:03:32:05 +0000] "GET /wp-admin/setup-config.php HTTP/1.1" 409 1144 "-" "Mozilla/5.0 (Windows NT 10.0; Win64; x64) AppleWebKit/537.36 (KHTML, like Gecko) Chrome/133.0.0.0 Safari/537.36"
146.70.205.84 - - [14/Mar/2025:04:33:04 +0000] "GET / HTTP/1.1" 301 0 "-" "Mozilla/5.0 (Windows NT 10.0; Win64; x64) AppleWebKit/537.36 (KHTML, like Gecko) Chrome/95.0.4638.69 Safari/537.36"
65.109.31.236 - - [14/Mar/2025:05:36:23 +0000] "GET /.well-known/acme-challenge/R3L6-UM8GA1CQ5IA8JVY7M6BYLMBE8VX HTTP/1.1" 200 64 "-" "Cpanel-HTTP-Client/1.0"
2a06:98c0:3600::103 - - [14/Mar/2025:06:16:49 +0000] "GET /wordpress/wp-admin/setup-config.php HTTP/1.1" 404 25145 "-" "Mozilla/5.0 (Windows NT 10.0; Win64; x64) AppleWebKit/537.36 (KHTML, like Gecko) Chrome/133.0.0.0 Safari/537.36"
2a06:98c0:3600::103 - - [14/Mar/2025:06:19:39 +0000] "GET /wp-admin/setup-config.php HTTP/1.1" 409 1144 "-" "Mozilla/5.0 (Windows NT 10.0; Win64; x64) AppleWebKit/537.36 (KHTML, like Gecko) Chrome/133.0.0.0 Safari/537.36"
2a06:98c0:3600::103 - - [14/Mar/2025:07:00:16 +0000] "GET /wordpress/wp-admin/setup-config.php HTTP/1.1" 404 25146 "-" "Mozilla/5.0 (Windows NT 10.0; Win64; x64) AppleWebKit/537.36 (KHTML, like Gecko) Chrome/133.0.0.0 Safari/537.36"
2a06:98c0:3600::103 - - [14/Mar/2025:07:00:59 +0000] "GET /wp-admin/setup-config.php HTTP/1.1" 409 1144 "-" "Mozilla/5.0 (Windows NT 10.0; Win64; x64) AppleWebKit/537.36 (KHTML, like Gecko) Chrome/133.0.0.0 Safari/537.36"
65.109.31.236 - - [14/Mar/2025:07:32:00 +0000] "POST /wp-cron.php?doing_wp_cron=1741937520.3477671146392822265625 HTTP/1.1" 200 20 "-" "WordPress/6.7.2; https://webcloude.com"
65.109.31.236 - - [14/Mar/2025:08:27:13 +0000] "POST /wp-cron.php?doing_wp_cron=1741940833.9534740447998046875000 HTTP/1.1" 200 20 "-" "WordPress/6.7.2; https://webcloude.com"
65.109.31.236 - - [14/Mar/2025:08:29:48 +0000] "POST /wp-cron.php?doing_wp_cron=1741940988.9099090099334716796875 HTTP/1.1" 200 20 "-" "WordPress/6.7.2; https://webcloude.com"
2a06:98c0:3600::103 - - [14/Mar/2025:08:50:05 +0000] "GET /wp-admin/setup-config.php HTTP/1.1" 409 1144 "-" "Mozilla/5.0 (Windows NT 10.0; Win64; x64) AppleWebKit/537.36 (KHTML, like Gecko) Chrome/133.0.0.0 Safari/537.36"
2a06:98c0:3600::103 - - [14/Mar/2025:09:32:24 +0000] "GET /wordpress/wp-admin/setup-config.php HTTP/1.1" 404 25147 "-" "Mozilla/5.0 (Windows NT 10.0; Win64; x64) AppleWebKit/537.36 (KHTML, like Gecko) Chrome/133.0.0.0 Safari/537.36"
2a06:98c0:3600::103 - - [14/Mar/2025:09:58:22 +0000] "GET /wordpress/wp-admin/setup-config.php HTTP/1.1" 404 25146 "-" "Mozilla/5.0 (Windows NT 10.0; Win64; x64) AppleWebKit/537.36 (KHTML, like Gecko) Chrome/133.0.0.0 Safari/537.36"
65.109.31.236 - - [14/Mar/2025:11:06:41 +0000] "POST /wp-cron.php?doing_wp_cron=1741950401.3784699440002441406250 HTTP/1.1" 200 20 "-" "WordPress/6.7.2; https://webcloude.com"
2a06:98c0:3600::103 - - [14/Mar/2025:11:06:40 +0000] "GET /wordpress/wp-admin/setup-config.php HTTP/1.1" 404 25146 "-" "Mozilla/5.0 (Windows NT 10.0; Win64; x64) AppleWebKit/537.36 (KHTML, like Gecko) Chrome/133.0.0.0 Safari/537.36"
2a06:98c0:3600::103 - - [14/Mar/2025:11:27:31 +0000] "GET /wp-admin/setup-config.php HTTP/1.1" 409 1144 "-" "Mozilla/5.0 (Windows NT 10.0; Win64; x64) AppleWebKit/537.36 (KHTML, like Gecko) Chrome/133.0.0.0 Safari/537.36"
65.109.31.236 - - [14/Mar/2025:11:36:23 +0000] "GET /.well-known/acme-challenge/SYS-E0X5IZHZVRQC983_6Z7HCVZNPDXO HTTP/1.1" 200 64 "-" "Cpanel-HTTP-Client/1.0"
124.220.171.34 - - [14/Mar/2025:10:19:48 +0000] "GET / HTTP/1.1" 301 20 "-" "Mozilla/5.0 (Linux; Android 10; LIO-AN00 Build/HUAWEILIO-AN00; wv) MicroMessenger Weixin QQ AppleWebKit/537.36 (KHTML, like Gecko) Version/4.0 Chrome/78.0.3904.62 XWEB/2692 MMWEBSDK/200901 Mobile Safari/537.36"
124.220.171.34 - - [14/Mar/2025:10:20:08 +0000] "GET / HTTP/1.1" 301 20 "-" "Mozilla/5.0 (Linux; Android 10; LIO-AN00 Build/HUAWEILIO-AN00; wv) MicroMessenger Weixin QQ AppleWebKit/537.36 (KHTML, like Gecko) Version/4.0 Chrome/78.0.3904.62 XWEB/2692 MMWEBSDK/200901 Mobile Safari/537.36"
2a06:98c0:3600::103 - - [14/Mar/2025:10:43:07 +0000] "GET /wp-admin/setup-config.php HTTP/1.1" 409 1144 "-" "Mozilla/5.0 (Windows NT 10.0; Win64; x64) AppleWebKit/537.36 (KHTML, like Gecko) Chrome/133.0.0.0 Safari/537.36"
65.109.31.236 - - [14/Mar/2025:04:17:15 +0000] "POST /wp-cron.php?doing_wp_cron=1741925835.4042460918426513671875 HTTP/1.1" 200 20 "-" "WordPress/6.7.2; https://webcloude.com"
65.109.31.236 - - [14/Mar/2025:05:12:18 +0000] "POST /wp-cron.php?doing_wp_cron=1741929138.6627430915832519531250 HTTP/1.1" 200 20 "-" "WordPress/6.7.2; https://webcloude.com"
2a06:98c0:3600::103 - - [14/Mar/2025:07:27:09 +0000] "GET /wordpress/wp-admin/setup-config.php HTTP/1.1" 404 25146 "-" "Mozilla/5.0 (Windows NT 10.0; Win64; x64) AppleWebKit/537.36 (KHTML, like Gecko) Chrome/133.0.0.0 Safari/537.36"
65.109.31.236 - - [14/Mar/2025:08:48:06 +0000] "POST /wp-cron.php?doing_wp_cron=1741942086.2143049240112304687500 HTTP/1.1" 200 20 "-" "WordPress/6.7.2; https://webcloude.com"
2a06:98c0:3600::103 - - [14/Mar/2025:09:11:06 +0000] "GET /wordpress/wp-admin/setup-config.php HTTP/1.1" 404 25146 "-" "Mozilla/5.0 (Windows NT 10.0; Win64; x64) AppleWebKit/537.36 (KHTML, like Gecko) Chrome/133.0.0.0 Safari/537.36"
65.109.31.236 - - [14/Mar/2025:09:15:13 +0000] "POST /wp-cron.php?doing_wp_cron=1741943713.0891339778900146484375 HTTP/1.1" 200 20 "-" "WordPress/6.7.2; https://webcloude.com"
65.109.31.236 - - [14/Mar/2025:09:25:55 +0000] "POST /wp-cron.php?doing_wp_cron=1741944355.2148640155792236328125 HTTP/1.1" 200 20 "-" "WordPress/6.7.2; https://webcloude.com"
43.135.182.43 - - [14/Mar/2025:09:25:54 +0000] "GET / HTTP/1.1" 301 20 "-" "Mozilla/5.0 (iPhone; CPU iPhone OS 13_2_3 like Mac OS X) AppleWebKit/605.1.15 (KHTML, like Gecko) Version/13.0.3 Mobile/15E148 Safari/604.1"
2a06:98c0:3600::103 - - [14/Mar/2025:10:19:32 +0000] "GET /wp-admin/setup-config.php HTTP/1.1" 409 1144 "-" "Mozilla/5.0 (Windows NT 10.0; Win64; x64) AppleWebKit/537.36 (KHTML, like Gecko) Chrome/133.0.0.0 Safari/537.36"
65.109.31.236 - - [14/Mar/2025:11:17:12 +0000] "POST /wp-cron.php?doing_wp_cron=1741951032.7717919349670410156250 HTTP/1.1" 200 20 "-" "WordPress/6.7.2; https://webcloude.com"
65.109.31.236 - - [14/Mar/2025:11:36:23 +0000] "GET /.well-known/acme-challenge/U1T_CUYZG-48Q6SB0134JCZK6KLBMM1S HTTP/1.1" 200 64 "-" "Cpanel-HTTP-Client/1.0"
58.49.233.126 - - [14/Mar/2025:03:50:23 +0000] "GET / HTTP/1.1" 301 20 "-" "Mozilla/5.0 (iPhone; CPU iPhone OS 13_2_3 like Mac OS X) AppleWebKit/605.1.15 (KHTML, like Gecko) Version/13.0.3 Mobile/15E148 Safari/604.1"
106.219.167.199 - - [14/Mar/2025:03:50:25 +0000] "GET / HTTP/1.1" 301 20 "-" "Mozilla/5.0 (X11; Linux x86_64) AppleWebKit/537.36 (KHTML, like Gecko) Chrome/114.0.0.0 Safari/537.36"
2a06:98c0:3600::103 - - [14/Mar/2025:03:50:44 +0000] "GET /wp-admin/setup-config.php HTTP/1.1" 409 1144 "-" "Mozilla/5.0 (Windows NT 10.0; Win64; x64) AppleWebKit/537.36 (KHTML, like Gecko) Chrome/133.0.0.0 Safari/537.36"
2a06:98c0:3600::103 - - [14/Mar/2025:05:38:37 +0000] "GET /wp-admin/setup-config.php HTTP/1.1" 409 1144 "-" "Mozilla/5.0 (Windows NT 10.0; Win64; x64) AppleWebKit/537.36 (KHTML, like Gecko) Chrome/133.0.0.0 Safari/537.36"
65.109.31.236 - - [14/Mar/2025:06:40:30 +0000] "POST /wp-cron.php?doing_wp_cron=1741934430.7564840316772460937500 HTTP/1.1" 200 20 "-" "WordPress/6.7.2; https://webcloude.com"
2a06:98c0:3600::103 - - [14/Mar/2025:07:23:38 +0000] "GET /wp-admin/setup-config.php HTTP/1.1" 409 1144 "-" "Mozilla/5.0 (Windows NT 10.0; Win64; x64) AppleWebKit/537.36 (KHTML, like Gecko) Chrome/133.0.0.0 Safari/537.36"
65.109.31.236 - - [14/Mar/2025:07:27:11 +0000] "POST /wp-cron.php?doing_wp_cron=1741937231.0571138858795166015625 HTTP/1.1" 200 20 "-" "WordPress/6.7.2; https://webcloude.com"
2a06:98c0:3600::103 - - [14/Mar/2025:08:31:10 +0000] "GET /wordpress/wp-admin/setup-config.php HTTP/1.1" 404 25146 "-" "Mozilla/5.0 (Windows NT 10.0; Win64; x64) AppleWebKit/537.36 (KHTML, like Gecko) Chrome/133.0.0.0 Safari/537.36"
2a06:98c0:3600::103 - - [14/Mar/2025:08:31:31 +0000] "GET /wp-admin/setup-config.php HTTP/1.1" 409 1144 "-" "Mozilla/5.0 (Windows NT 10.0; Win64; x64) AppleWebKit/537.36 (KHTML, like Gecko) Chrome/133.0.0.0 Safari/537.36"
2a06:98c0:3600::103 - - [14/Mar/2025:08:31:36 +0000] "GET /wordpress/wp-admin/setup-config.php HTTP/1.1" 404 25146 "-" "Mozilla/5.0 (Windows NT 10.0; Win64; x64) AppleWebKit/537.36 (KHTML, like Gecko) Chrome/133.0.0.0 Safari/537.36"
65.109.31.236 - - [14/Mar/2025:09:09:20 +0000] "POST /wp-cron.php?doing_wp_cron=1741943360.3357570171356201171875 HTTP/1.1" 200 20 "-" "WordPress/6.7.2; https://webcloude.com"
65.109.31.236 - - [14/Mar/2025:10:21:43 +0000] "POST /wp-cron.php?doing_wp_cron=1741947703.8624880313873291015625 HTTP/1.1" 200 20 "-" "WordPress/6.7.2; https://webcloude.com"
2a06:98c0:3600::103 - - [14/Mar/2025:10:21:43 +0000] "GET /wordpress/wp-admin/setup-config.php HTTP/1.1" 404 25145 "-" "Mozilla/5.0 (Windows NT 10.0; Win64; x64) AppleWebKit/537.36 (KHTML, like Gecko) Chrome/133.0.0.0 Safari/537.36"
2a06:98c0:3600::103 - - [14/Mar/2025:10:43:30 +0000] "GET /wordpress/wp-admin/setup-config.php HTTP/1.1" 404 25146 "-" "Mozilla/5.0 (Windows NT 10.0; Win64; x64) AppleWebKit/537.36 (KHTML, like Gecko) Chrome/133.0.0.0 Safari/537.36"
2a06:98c0:3600::103 - - [14/Mar/2025:11:06:04 +0000] "GET /wp-admin/setup-config.php HTTP/1.1" 409 1144 "-" "Mozilla/5.0 (Windows NT 10.0; Win64; x64) AppleWebKit/537.36 (KHTML, like Gecko) Chrome/133.0.0.0 Safari/537.36"
65.109.31.236 - - [14/Mar/2025:03:31:31 +0000] "POST /wp-cron.php?doing_wp_cron=1741923091.6832699775695800781250 HTTP/1.1" 200 20 "-" "WordPress/6.7.2; https://webcloude.com"
65.109.31.236 - - [14/Mar/2025:03:31:31 +0000] "POST /wp-cron.php?doing_wp_cron=1741923091.7146179676055908203125 HTTP/1.1" 200 20 "-" "WordPress/6.7.2; https://webcloude.com"
2a06:98c0:3600::103 - - [14/Mar/2025:03:31:30 +0000] "GET /wordpress/wp-admin/setup-config.php HTTP/1.1" 404 25146 "-" "Mozilla/5.0 (Windows NT 10.0; Win64; x64) AppleWebKit/537.36 (KHTML, like Gecko) Chrome/133.0.0.0 Safari/537.36"
2a06:98c0:3600::103 - - [14/Mar/2025:03:54:50 +0000] "GET /wordpress/wp-admin/setup-config.php HTTP/1.1" 404 25146 "-" "Mozilla/5.0 (Windows NT 10.0; Win64; x64) AppleWebKit/537.36 (KHTML, like Gecko) Chrome/133.0.0.0 Safari/537.36"
2a06:98c0:3600::103 - - [14/Mar/2025:04:15:02 +0000] "GET /wp-admin/setup-config.php HTTP/1.1" 409 1144 "-" "Mozilla/5.0 (Windows NT 10.0; Win64; x64) AppleWebKit/537.36 (KHTML, like Gecko) Chrome/133.0.0.0 Safari/537.36"
89.187.160.155 - - [14/Mar/2025:05:12:17 +0000] "GET / HTTP/1.1" 301 0 "-" "Mozilla/5.0 (Windows NT 10.0; Win64; x64) AppleWebKit/537.36 (KHTML, like Gecko) Chrome/95.0.4638.69 Safari/537.36"
2a06:98c0:3600::103 - - [14/Mar/2025:05:19:23 +0000] "GET /wordpress/wp-admin/setup-config.php HTTP/1.1" 404 25147 "-" "Mozilla/5.0 (Windows NT 10.0; Win64; x64) AppleWebKit/537.36 (KHTML, like Gecko) Chrome/133.0.0.0 Safari/537.36"
2a06:98c0:3600::103 - - [14/Mar/2025:06:03:38 +0000] "GET /wordpress/wp-admin/setup-config.php HTTP/1.1" 404 25146 "-" "Mozilla/5.0 (Windows NT 10.0; Win64; x64) AppleWebKit/537.36 (KHTML, like Gecko) Chrome/133.0.0.0 Safari/537.36"
65.109.31.236 - - [14/Mar/2025:07:00:17 +0000] "POST /wp-cron.php?doing_wp_cron=1741935617.8005020618438720703125 HTTP/1.1" 200 20 "-" "WordPress/6.7.2; https://webcloude.com"
65.109.31.236 - - [14/Mar/2025:07:47:00 +0000] "POST /wp-cron.php?doing_wp_cron=1741938420.7185389995574951171875 HTTP/1.1" 200 20 "-" "WordPress/6.7.2; https://webcloude.com"
2a06:98c0:3600::103 - - [14/Mar/2025:07:46:59 +0000] "GET /wordpress/wp-admin/setup-config.php HTTP/1.1" 404 25146 "-" "Mozilla/5.0 (Windows NT 10.0; Win64; x64) AppleWebKit/537.36 (KHTML, like Gecko) Chrome/133.0.0.0 Safari/537.36"
65.109.31.236 - - [14/Mar/2025:08:36:25 +0000] "GET /.well-known/acme-challenge/EC43QAX-4UPBUL1DME9WT19L-BVJ0321 HTTP/1.1" 200 64 "-" "Cpanel-HTTP-Client/1.0"
2a06:98c0:3600::103 - - [14/Mar/2025:08:49:50 +0000] "GET /wordpress/wp-admin/setup-config.php HTTP/1.1" 404 25146 "-" "Mozilla/5.0 (Windows NT 10.0; Win64; x64) AppleWebKit/537.36 (KHTML, like Gecko) Chrome/133.0.0.0 Safari/537.36"
2a06:98c0:3600::103 - - [14/Mar/2025:09:15:12 +0000] "GET /wordpress/wp-admin/setup-config.php HTTP/1.1" 404 25147 "-" "Mozilla/5.0 (Windows NT 10.0; Win64; x64) AppleWebKit/537.36 (KHTML, like Gecko) Chrome/133.0.0.0 Safari/537.36"
2a06:98c0:3600::103 - - [14/Mar/2025:11:52:42 +0000] "GET /wp-admin/setup-config.php HTTP/1.1" 409 1144 "-" "Mozilla/5.0 (Windows NT 10.0; Win64; x64) AppleWebKit/537.36 (KHTML, like Gecko) Chrome/133.0.0.0 Safari/537.36"
2a06:98c0:3600::103 - - [14/Mar/2025:12:34:12 +0000] "GET /wp-admin/setup-config.php HTTP/1.1" 409 1144 "-" "Mozilla/5.0 (Windows NT 10.0; Win64; x64) AppleWebKit/537.36 (KHTML, like Gecko) Chrome/133.0.0.0 Safari/537.36"
2a06:98c0:3600::103 - - [14/Mar/2025:12:57:00 +0000] "GET /wp-admin/setup-config.php HTTP/1.1" 409 1144 "-" "Mozilla/5.0 (Windows NT 10.0; Win64; x64) AppleWebKit/537.36 (KHTML, like Gecko) Chrome/133.0.0.0 Safari/537.36"
2a06:98c0:3600::103 - - [14/Mar/2025:13:37:55 +0000] "GET /wordpress/wp-admin/setup-config.php HTTP/1.1" 404 25147 "-" "Mozilla/5.0 (Windows NT 10.0; Win64; x64) AppleWebKit/537.36 (KHTML, like Gecko) Chrome/133.0.0.0 Safari/537.36"
2a06:98c0:3600::103 - - [14/Mar/2025:14:04:44 +0000] "GET /wordpress/wp-admin/setup-config.php HTTP/1.1" 404 25147 "-" "Mozilla/5.0 (Windows NT 10.0; Win64; x64) AppleWebKit/537.36 (KHTML, like Gecko) Chrome/133.0.0.0 Safari/537.36"
65.109.31.236 - - [14/Mar/2025:14:36:21 +0000] "GET /.well-known/acme-challenge/D6KOOOCMHS5FI9RW0WBW7C6DIS3E9VT5 HTTP/1.1" 200 64 "-" "Cpanel-HTTP-Client/1.0"
65.109.31.236 - - [14/Mar/2025:14:48:10 +0000] "POST /wp-cron.php?doing_wp_cron=1741963690.6691579818725585937500 HTTP/1.1" 200 20 "-" "WordPress/6.7.2; https://webcloude.com"
65.109.31.236 - - [14/Mar/2025:14:58:30 +0000] "POST /wp-cron.php?doing_wp_cron=1741964310.6456840038299560546875 HTTP/1.1" 200 20 "-" "WordPress/6.7.2; https://webcloude.com"
2a06:98c0:3600::103 - - [14/Mar/2025:15:13:37 +0000] "GET /wp-admin/setup-config.php HTTP/1.1" 409 1144 "-" "Mozilla/5.0 (Windows NT 10.0; Win64; x64) AppleWebKit/537.36 (KHTML, like Gecko) Chrome/133.0.0.0 Safari/537.36"
65.109.31.236 - - [14/Mar/2025:15:26:46 +0000] "POST /wp-cron.php?doing_wp_cron=1741966006.9841499328613281250000 HTTP/1.1" 200 20 "-" "WordPress/6.7.2; https://webcloude.com"
65.109.31.236 - - [14/Mar/2025:16:01:31 +0000] "POST /wp-cron.php?doing_wp_cron=1741968091.6854319572448730468750 HTTP/1.1" 200 20 "-" "WordPress/6.7.2; https://webcloude.com"
2a06:98c0:3600::103 - - [14/Mar/2025:16:01:31 +0000] "GET /wordpress/wp-admin/setup-config.php HTTP/1.1" 404 25146 "-" "Mozilla/5.0 (Windows NT 10.0; Win64; x64) AppleWebKit/537.36 (KHTML, like Gecko) Chrome/133.0.0.0 Safari/537.36"
2a06:98c0:3600::103 - - [14/Mar/2025:16:23:10 +0000] "GET /wordpress/wp-admin/setup-config.php HTTP/1.1" 404 25146 "-" "Mozilla/5.0 (Windows NT 10.0; Win64; x64) AppleWebKit/537.36 (KHTML, like Gecko) Chrome/133.0.0.0 Safari/537.36"
2a06:98c0:3600::103 - - [14/Mar/2025:16:46:49 +0000] "GET /wp-admin/setup-config.php HTTP/1.1" 409 1144 "-" "Mozilla/5.0 (Windows NT 10.0; Win64; x64) AppleWebKit/537.36 (KHTML, like Gecko) Chrome/133.0.0.0 Safari/537.36"
34.29.31.250 - - [14/Mar/2025:16:54:43 +0000] "GET / HTTP/1.1" 301 0 "-" "Mozilla/5.0 (Windows NT 10.0; Win64; x64) AppleWebKit/537.36 (KHTML, like Gecko) Chrome/78.0.3904.108 Safari/537.36"
163.172.179.57 - - [14/Mar/2025:17:33:16 +0000] "GET / HTTP/1.1" 301 20 "-" "Mozilla/5.0 (Windows NT 10.0; Win64; x64) AppleWebKit/537.36 (KHTML, like Gecko) Chrome/123.0.0.0 Safari/537.36"
65.109.31.236 - - [14/Mar/2025:12:05:23 +0000] "POST /wp-cron.php?doing_wp_cron=1741953923.9250481128692626953125 HTTP/1.1" 200 20 "-" "WordPress/6.7.2; https://webcloude.com"
65.109.31.236 - - [14/Mar/2025:12:05:23 +0000] "POST /wp-cron.php?doing_wp_cron=1741953923.9667379856109619140625 HTTP/1.1" 200 20 "-" "WordPress/6.7.2; https://webcloude.com"
43.153.123.3 - - [14/Mar/2025:12:05:22 +0000] "GET / HTTP/1.1" 301 20 "-" "Mozilla/5.0 (iPhone; CPU iPhone OS 13_2_3 like Mac OS X) AppleWebKit/605.1.15 (KHTML, like Gecko) Version/13.0.3 Mobile/15E148 Safari/604.1"
2a06:98c0:3600::103 - - [14/Mar/2025:12:53:08 +0000] "GET /wordpress/wp-admin/setup-config.php HTTP/1.1" 404 25147 "-" "Mozilla/5.0 (Windows NT 10.0; Win64; x64) AppleWebKit/537.36 (KHTML, like Gecko) Chrome/133.0.0.0 Safari/537.36"
65.109.31.236 - - [14/Mar/2025:13:15:56 +0000] "POST /wp-cron.php?doing_wp_cron=1741958156.6555459499359130859375 HTTP/1.1" 200 20 "-" "WordPress/6.7.2; https://webcloude.com"
65.109.31.236 - - [14/Mar/2025:13:17:58 +0000] "POST /wp-cron.php?doing_wp_cron=1741958278.7794129848480224609375 HTTP/1.1" 200 20 "-" "WordPress/6.7.2; https://webcloude.com"
179.43.149.114 - - [14/Mar/2025:14:54:20 +0000] "GET //webcloude.com/wp-content/plugins/elementor/assets/js/frontend.min.js HTTP/1.1" 301 20 "-" "Mozilla/5.0 (Windows NT 10.0; Win64; x64) AppleWebKit/537.36 (KHTML, like Gecko) Chrome/76.0.3809.100 Safari/537.36 OPR/63.0.3368.35"
65.109.31.236 - - [14/Mar/2025:15:04:11 +0000] "POST /wp-cron.php?doing_wp_cron=1741964651.2394530773162841796875 HTTP/1.1" 200 20 "-" "WordPress/6.7.2; https://webcloude.com"
65.109.31.236 - - [14/Mar/2025:16:47:18 +0000] "POST /wp-cron.php?doing_wp_cron=1741970838.7464559078216552734375 HTTP/1.1" 200 20 "-" "WordPress/6.7.2; https://webcloude.com"
65.109.31.236 - - [14/Mar/2025:17:08:27 +0000] "POST /wp-cron.php?doing_wp_cron=1741972107.3490231037139892578125 HTTP/1.1" 200 20 "-" "WordPress/6.7.2; https://webcloude.com"
2a06:98c0:3600::103 - - [14/Mar/2025:17:09:44 +0000] "GET /wordpress/wp-admin/setup-config.php HTTP/1.1" 404 25147 "-" "Mozilla/5.0 (Windows NT 10.0; Win64; x64) AppleWebKit/537.36 (KHTML, like Gecko) Chrome/133.0.0.0 Safari/537.36"
