196.251.72.127 - - [14/Mar/2025:00:09:04 +0000] "GET /.env HTTP/1.1" 404 1163 "-" "Mozilla/5.0 (Macintosh; Intel Mac OS X 10.15; rv:77.0) Gecko/20100101 Firefox/77.0"
65.109.31.236 - - [14/Mar/2025:02:38:44 +0000] "GET /.well-known/acme-challenge/1ZBDN8JC8R1OD2XAWE_Z5_2DUV36I4QT HTTP/1.1" 200 64 "-" "Cpanel-HTTP-Client/1.0"
65.109.31.236 - - [14/Mar/2025:02:38:44 +0000] "GET /.well-known/acme-challenge/V-F9BLG1P4J_SDFL4SV58_CEVES8E46X HTTP/1.1" 200 64 "-" "Cpanel-HTTP-Client/1.0"
64.225.54.119 - - [14/Mar/2025:02:41:33 +0000] "GET / HTTP/1.1" 301 0 "-" "Mozilla/5.0 (compatible)"
194.33.45.89 - - [13/Mar/2025:18:42:00 +0000] "POST /xmlrpc.php HTTP/1.1" 200 401 "-" "Mozilla/5.0 (Windows NT 10.0; Win64; x64) AppleWebKit/537.36 (KHTML, like Gecko) Chrome/95.0.4638.69 Safari/537.36"
194.33.45.89 - - [13/Mar/2025:18:42:00 +0000] "POST /xmlrpc.php HTTP/1.1" 200 401 "-" "Mozilla/5.0 (Windows NT 10.0; Win64; x64) AppleWebKit/537.36 (KHTML, like Gecko) Chrome/95.0.4638.69 Safari/537.36"
194.33.45.89 - - [13/Mar/2025:18:42:03 +0000] "POST /xmlrpc.php HTTP/1.1" 200 401 "-" "Mozilla/5.0 (Windows NT 10.0; Win64; x64) AppleWebKit/537.36 (KHTML, like Gecko) Chrome/95.0.4638.69 Safari/537.36"
194.33.45.89 - - [13/Mar/2025:18:42:03 +0000] "POST /xmlrpc.php HTTP/1.1" 200 401 "-" "Mozilla/5.0 (Windows NT 10.0; Win64; x64) AppleWebKit/537.36 (KHTML, like Gecko) Chrome/95.0.4638.69 Safari/537.36"
194.33.45.89 - - [13/Mar/2025:18:42:15 +0000] "POST /xmlrpc.php HTTP/1.1" 200 401 "-" "Mozilla/5.0 (Windows NT 10.0; Win64; x64) AppleWebKit/537.36 (KHTML, like Gecko) Chrome/95.0.4638.69 Safari/537.36"
194.33.45.89 - - [13/Mar/2025:18:42:15 +0000] "POST /xmlrpc.php HTTP/1.1" 200 401 "-" "Mozilla/5.0 (Windows NT 10.0; Win64; x64) AppleWebKit/537.36 (KHTML, like Gecko) Chrome/95.0.4638.69 Safari/537.36"
194.33.45.89 - - [13/Mar/2025:18:42:19 +0000] "POST /xmlrpc.php HTTP/1.1" 200 401 "-" "Mozilla/5.0 (Windows NT 10.0; Win64; x64) AppleWebKit/537.36 (KHTML, like Gecko) Chrome/95.0.4638.69 Safari/537.36"
194.33.45.89 - - [13/Mar/2025:18:42:19 +0000] "POST /xmlrpc.php HTTP/1.1" 200 401 "-" "Mozilla/5.0 (Windows NT 10.0; Win64; x64) AppleWebKit/537.36 (KHTML, like Gecko) Chrome/95.0.4638.69 Safari/537.36"
194.33.45.89 - - [13/Mar/2025:18:42:30 +0000] "POST /xmlrpc.php HTTP/1.1" 200 401 "-" "Mozilla/5.0 (Windows NT 10.0; Win64; x64) AppleWebKit/537.36 (KHTML, like Gecko) Chrome/95.0.4638.69 Safari/537.36"
194.33.45.89 - - [13/Mar/2025:18:42:30 +0000] "POST /xmlrpc.php HTTP/1.1" 200 401 "-" "Mozilla/5.0 (Windows NT 10.0; Win64; x64) AppleWebKit/537.36 (KHTML, like Gecko) Chrome/95.0.4638.69 Safari/537.36"
194.33.45.89 - - [13/Mar/2025:18:42:45 +0000] "POST /xmlrpc.php HTTP/1.1" 200 401 "-" "Mozilla/5.0 (Windows NT 10.0; Win64; x64) AppleWebKit/537.36 (KHTML, like Gecko) Chrome/95.0.4638.69 Safari/537.36"
194.33.45.89 - - [13/Mar/2025:18:42:45 +0000] "POST /xmlrpc.php HTTP/1.1" 200 401 "-" "Mozilla/5.0 (Windows NT 10.0; Win64; x64) AppleWebKit/537.36 (KHTML, like Gecko) Chrome/95.0.4638.69 Safari/537.36"
194.33.45.89 - - [13/Mar/2025:18:42:48 +0000] "POST /xmlrpc.php HTTP/1.1" 200 401 "-" "Mozilla/5.0 (Windows NT 10.0; Win64; x64) AppleWebKit/537.36 (KHTML, like Gecko) Chrome/95.0.4638.69 Safari/537.36"
194.33.45.89 - - [13/Mar/2025:18:42:48 +0000] "POST /xmlrpc.php HTTP/1.1" 200 401 "-" "Mozilla/5.0 (Windows NT 10.0; Win64; x64) AppleWebKit/537.36 (KHTML, like Gecko) Chrome/95.0.4638.69 Safari/537.36"
65.109.31.236 - - [13/Mar/2025:20:36:22 +0000] "GET /.well-known/acme-challenge/BZJ64QADPUGYTKTBCLEV-JMQX2R1FAJE HTTP/1.1" 200 64 "-" "Cpanel-HTTP-Client/1.0"
196.251.72.127 - - [13/Mar/2025:22:17:16 +0000] "GET /.git/config HTTP/1.1" 403 1154 "-" "Mozilla/5.0 (Macintosh; Intel Mac OS X 10.15; rv:77.0) Gecko/20100101 Firefox/77.0"
65.109.31.236 - - [13/Mar/2025:23:36:06 +0000] "GET /.well-known/acme-challenge/F8F2I5QEEDHQSQQM43UP813QRY6PO810 HTTP/1.1" 200 64 "-" "Cpanel-HTTP-Client/1.0"
65.109.31.236 - - [14/Mar/2025:01:49:42 +0000] "POST /wp-cron.php?doing_wp_cron=1741916982.7234909534454345703125 HTTP/1.1" 200 0 "-" "WordPress/6.7.2; https://wpt-1m9w.65-109-31-236.cpanel.site"
65.109.31.236 - - [13/Mar/2025:11:36:21 +0000] "GET /.well-known/acme-challenge/J87Q3KZ0SMI7IZF1_Y3ZQSXOELC-Y4VG HTTP/1.1" 200 64 "-" "Cpanel-HTTP-Client/1.0"
65.109.31.236 - - [13/Mar/2025:18:30:00 +0000] "POST /wp-cron.php?doing_wp_cron=1741890600.1652309894561767578125 HTTP/1.1" 200 0 "-" "WordPress/6.7.2; https://wpt-1m9w.65-109-31-236.cpanel.site"
65.109.31.236 - - [14/Mar/2025:02:38:44 +0000] "GET /.well-known/acme-challenge/BRZO2MHL4Y10NXPHVKPJ3YAH42R7TDIS HTTP/1.1" 200 64 "-" "Cpanel-HTTP-Client/1.0"
65.109.31.236 - - [13/Mar/2025:11:36:21 +0000] "GET /.well-known/acme-challenge/H06A5__O2QLBXUXT2CG-17LW1XNDNW8B HTTP/1.1" 200 64 "-" "Cpanel-HTTP-Client/1.0"
65.109.31.236 - - [13/Mar/2025:14:36:21 +0000] "GET /.well-known/acme-challenge/YZ_V9OSNS342PVXFD1NFMOL-XCY23R6P HTTP/1.1" 200 64 "-" "Cpanel-HTTP-Client/1.0"
65.109.31.236 - - [13/Mar/2025:17:36:20 +0000] "GET /.well-known/acme-challenge/CG-CZE0XE4PVU43YPM54PIW7IC28CS9Q HTTP/1.1" 200 64 "-" "Cpanel-HTTP-Client/1.0"
65.109.31.236 - - [13/Mar/2025:18:26:45 +0000] "POST /wp-cron.php?doing_wp_cron=1741890405.1682589054107666015625 HTTP/1.1" 200 0 "-" "WordPress/6.7.2; https://wpt-1m9w.65-109-31-236.cpanel.site"
65.109.31.236 - - [13/Mar/2025:18:26:49 +0000] "POST /wp-cron.php?doing_wp_cron=1741890409.1564610004425048828125 HTTP/1.1" 200 0 "-" "WordPress/6.7.2; https://wpt-1m9w.65-109-31-236.cpanel.site"
65.109.31.236 - - [13/Mar/2025:20:36:22 +0000] "GET /.well-known/acme-challenge/IAE3S2P87L9QI9U47Y2ETN64_CSMS2E9 HTTP/1.1" 200 64 "-" "Cpanel-HTTP-Client/1.0"
194.26.192.168 - - [14/Mar/2025:03:02:30 +0000] "POST /xmlrpc.php HTTP/1.1" 200 401 "-" "Mozilla/5.0 (Windows NT 10.0; Win64; x64) AppleWebKit/537.36 (KHTML, like Gecko) Chrome/89.0.4389.114 Safari/537.36"
194.26.192.168 - - [14/Mar/2025:03:02:45 +0000] "POST /xmlrpc.php HTTP/1.1" 200 401 "-" "Mozilla/5.0 (Windows NT 10.0; Win64; x64) AppleWebKit/537.36 (KHTML, like Gecko) Chrome/89.0.4389.114 Safari/537.36"
194.26.192.168 - - [14/Mar/2025:03:03:00 +0000] "POST /xmlrpc.php HTTP/1.1" 200 401 "-" "Mozilla/5.0 (Windows NT 10.0; Win64; x64) AppleWebKit/537.36 (KHTML, like Gecko) Chrome/89.0.4389.114 Safari/537.36"
194.26.192.168 - - [14/Mar/2025:03:03:15 +0000] "POST /xmlrpc.php HTTP/1.1" 200 401 "-" "Mozilla/5.0 (Windows NT 10.0; Win64; x64) AppleWebKit/537.36 (KHTML, like Gecko) Chrome/89.0.4389.114 Safari/537.36"
194.26.192.168 - - [14/Mar/2025:03:03:30 +0000] "POST /xmlrpc.php HTTP/1.1" 200 401 "-" "Mozilla/5.0 (Windows NT 10.0; Win64; x64) AppleWebKit/537.36 (KHTML, like Gecko) Chrome/89.0.4389.114 Safari/537.36"
194.26.192.168 - - [14/Mar/2025:03:03:45 +0000] "POST /xmlrpc.php HTTP/1.1" 200 401 "-" "Mozilla/5.0 (Windows NT 10.0; Win64; x64) AppleWebKit/537.36 (KHTML, like Gecko) Chrome/89.0.4389.114 Safari/537.36"
194.26.192.168 - - [14/Mar/2025:03:04:00 +0000] "POST /xmlrpc.php HTTP/1.1" 200 401 "-" "Mozilla/5.0 (Windows NT 10.0; Win64; x64) AppleWebKit/537.36 (KHTML, like Gecko) Chrome/89.0.4389.114 Safari/537.36"
194.26.192.168 - - [14/Mar/2025:03:04:15 +0000] "POST /xmlrpc.php HTTP/1.1" 200 401 "-" "Mozilla/5.0 (Windows NT 10.0; Win64; x64) AppleWebKit/537.36 (KHTML, like Gecko) Chrome/89.0.4389.114 Safari/537.36"
194.26.192.168 - - [14/Mar/2025:03:04:30 +0000] "POST /xmlrpc.php HTTP/1.1" 200 401 "-" "Mozilla/5.0 (Windows NT 10.0; Win64; x64) AppleWebKit/537.36 (KHTML, like Gecko) Chrome/89.0.4389.114 Safari/537.36"
194.26.192.168 - - [14/Mar/2025:03:04:45 +0000] "POST /xmlrpc.php HTTP/1.1" 200 401 "-" "Mozilla/5.0 (Windows NT 10.0; Win64; x64) AppleWebKit/537.36 (KHTML, like Gecko) Chrome/89.0.4389.114 Safari/537.36"
194.26.192.168 - - [14/Mar/2025:03:05:00 +0000] "POST /xmlrpc.php HTTP/1.1" 200 401 "-" "Mozilla/5.0 (Windows NT 10.0; Win64; x64) AppleWebKit/537.36 (KHTML, like Gecko) Chrome/89.0.4389.114 Safari/537.36"
194.26.192.168 - - [14/Mar/2025:03:05:17 +0000] "POST /xmlrpc.php HTTP/1.1" 200 401 "-" "Mozilla/5.0 (Windows NT 10.0; Win64; x64) AppleWebKit/537.36 (KHTML, like Gecko) Chrome/89.0.4389.114 Safari/537.36"
194.26.192.168 - - [14/Mar/2025:03:05:30 +0000] "POST /xmlrpc.php HTTP/1.1" 200 401 "-" "Mozilla/5.0 (Windows NT 10.0; Win64; x64) AppleWebKit/537.36 (KHTML, like Gecko) Chrome/89.0.4389.114 Safari/537.36"
194.26.192.168 - - [14/Mar/2025:03:05:45 +0000] "POST /xmlrpc.php HTTP/1.1" 200 401 "-" "Mozilla/5.0 (Windows NT 10.0; Win64; x64) AppleWebKit/537.36 (KHTML, like Gecko) Chrome/89.0.4389.114 Safari/537.36"
194.26.192.168 - - [14/Mar/2025:03:06:00 +0000] "POST /xmlrpc.php HTTP/1.1" 200 401 "-" "Mozilla/5.0 (Windows NT 10.0; Win64; x64) AppleWebKit/537.36 (KHTML, like Gecko) Chrome/89.0.4389.114 Safari/537.36"
194.26.192.168 - - [14/Mar/2025:03:06:15 +0000] "POST /xmlrpc.php HTTP/1.1" 200 401 "-" "Mozilla/5.0 (Windows NT 10.0; Win64; x64) AppleWebKit/537.36 (KHTML, like Gecko) Chrome/89.0.4389.114 Safari/537.36"
194.26.192.168 - - [14/Mar/2025:03:06:30 +0000] "POST /xmlrpc.php HTTP/1.1" 200 401 "-" "Mozilla/5.0 (Windows NT 10.0; Win64; x64) AppleWebKit/537.36 (KHTML, like Gecko) Chrome/89.0.4389.114 Safari/537.36"
194.26.192.168 - - [14/Mar/2025:03:06:45 +0000] "POST /xmlrpc.php HTTP/1.1" 200 401 "-" "Mozilla/5.0 (Windows NT 10.0; Win64; x64) AppleWebKit/537.36 (KHTML, like Gecko) Chrome/89.0.4389.114 Safari/537.36"
194.26.192.168 - - [14/Mar/2025:03:07:00 +0000] "POST /xmlrpc.php HTTP/1.1" 200 401 "-" "Mozilla/5.0 (Windows NT 10.0; Win64; x64) AppleWebKit/537.36 (KHTML, like Gecko) Chrome/89.0.4389.114 Safari/537.36"
65.109.31.236 - - [13/Mar/2025:14:36:21 +0000] "GET /.well-known/acme-challenge/UTL5FOZCZYQOWQDGZ323RHDBNHBBTPII HTTP/1.1" 200 64 "-" "Cpanel-HTTP-Client/1.0"
65.109.31.236 - - [13/Mar/2025:23:36:06 +0000] "GET /.well-known/acme-challenge/ZYDOJL0OEWJUB-1JE4XJ9UJR6EULI2B- HTTP/1.1" 200 64 "-" "Cpanel-HTTP-Client/1.0"
65.109.31.236 - - [13/Mar/2025:23:36:06 +0000] "GET /.well-known/acme-challenge/GFTG0Z2GA9JJFBYTLKO5NV_ZJ-3-FSKP HTTP/1.1" 200 64 "-" "Cpanel-HTTP-Client/1.0"
65.109.31.236 - - [13/Mar/2025:23:36:09 +0000] "GET /.well-known/acme-challenge/QQ6C0RFTDZEBZN317U_IAFOAMVS9EN7D HTTP/1.1" 200 64 "-" "Cpanel-HTTP-Client/1.0"
143.198.21.43 - - [14/Mar/2025:01:49:42 +0000] "GET / HTTP/1.1" 200 12111 "-" "Mozilla/5.0 (compatible)"
194.26.192.168 - - [14/Mar/2025:03:07:15 +0000] "POST /xmlrpc.php HTTP/1.1" 200 401 "-" "Mozilla/5.0 (Windows NT 10.0; Win64; x64) AppleWebKit/537.36 (KHTML, like Gecko) Chrome/89.0.4389.114 Safari/537.36"
194.26.192.168 - - [14/Mar/2025:03:07:30 +0000] "POST /xmlrpc.php HTTP/1.1" 200 401 "-" "Mozilla/5.0 (Windows NT 10.0; Win64; x64) AppleWebKit/537.36 (KHTML, like Gecko) Chrome/89.0.4389.114 Safari/537.36"
194.26.192.168 - - [14/Mar/2025:03:07:45 +0000] "POST /xmlrpc.php HTTP/1.1" 200 401 "-" "Mozilla/5.0 (Windows NT 10.0; Win64; x64) AppleWebKit/537.36 (KHTML, like Gecko) Chrome/89.0.4389.114 Safari/537.36"
194.26.192.168 - - [14/Mar/2025:03:08:00 +0000] "POST /xmlrpc.php HTTP/1.1" 200 401 "-" "Mozilla/5.0 (Windows NT 10.0; Win64; x64) AppleWebKit/537.36 (KHTML, like Gecko) Chrome/89.0.4389.114 Safari/537.36"
194.26.192.168 - - [14/Mar/2025:03:08:15 +0000] "POST /xmlrpc.php HTTP/1.1" 200 401 "-" "Mozilla/5.0 (Windows NT 10.0; Win64; x64) AppleWebKit/537.36 (KHTML, like Gecko) Chrome/89.0.4389.114 Safari/537.36"
194.26.192.168 - - [14/Mar/2025:03:08:30 +0000] "POST /xmlrpc.php HTTP/1.1" 200 401 "-" "Mozilla/5.0 (Windows NT 10.0; Win64; x64) AppleWebKit/537.36 (KHTML, like Gecko) Chrome/89.0.4389.114 Safari/537.36"
194.26.192.168 - - [14/Mar/2025:03:08:45 +0000] "POST /xmlrpc.php HTTP/1.1" 200 401 "-" "Mozilla/5.0 (Windows NT 10.0; Win64; x64) AppleWebKit/537.36 (KHTML, like Gecko) Chrome/89.0.4389.114 Safari/537.36"
194.26.192.168 - - [14/Mar/2025:03:09:00 +0000] "POST /xmlrpc.php HTTP/1.1" 200 401 "-" "Mozilla/5.0 (Windows NT 10.0; Win64; x64) AppleWebKit/537.36 (KHTML, like Gecko) Chrome/89.0.4389.114 Safari/537.36"
194.26.192.168 - - [14/Mar/2025:03:09:15 +0000] "POST /xmlrpc.php HTTP/1.1" 200 401 "-" "Mozilla/5.0 (Windows NT 10.0; Win64; x64) AppleWebKit/537.36 (KHTML, like Gecko) Chrome/89.0.4389.114 Safari/537.36"
194.26.192.168 - - [14/Mar/2025:03:09:30 +0000] "POST /xmlrpc.php HTTP/1.1" 200 401 "-" "Mozilla/5.0 (Windows NT 10.0; Win64; x64) AppleWebKit/537.36 (KHTML, like Gecko) Chrome/89.0.4389.114 Safari/537.36"
194.26.192.168 - - [14/Mar/2025:03:09:45 +0000] "POST /xmlrpc.php HTTP/1.1" 200 401 "-" "Mozilla/5.0 (Windows NT 10.0; Win64; x64) AppleWebKit/537.36 (KHTML, like Gecko) Chrome/89.0.4389.114 Safari/537.36"
194.26.192.168 - - [14/Mar/2025:03:10:00 +0000] "POST /xmlrpc.php HTTP/1.1" 200 401 "-" "Mozilla/5.0 (Windows NT 10.0; Win64; x64) AppleWebKit/537.36 (KHTML, like Gecko) Chrome/89.0.4389.114 Safari/537.36"
194.26.192.168 - - [14/Mar/2025:03:10:16 +0000] "POST /xmlrpc.php HTTP/1.1" 200 401 "-" "Mozilla/5.0 (Windows NT 10.0; Win64; x64) AppleWebKit/537.36 (KHTML, like Gecko) Chrome/89.0.4389.114 Safari/537.36"
194.26.192.168 - - [14/Mar/2025:03:10:30 +0000] "POST /xmlrpc.php HTTP/1.1" 200 401 "-" "Mozilla/5.0 (Windows NT 10.0; Win64; x64) AppleWebKit/537.36 (KHTML, like Gecko) Chrome/89.0.4389.114 Safari/537.36"
194.26.192.168 - - [14/Mar/2025:03:10:45 +0000] "POST /xmlrpc.php HTTP/1.1" 200 401 "-" "Mozilla/5.0 (Windows NT 10.0; Win64; x64) AppleWebKit/537.36 (KHTML, like Gecko) Chrome/89.0.4389.114 Safari/537.36"
65.109.31.236 - - [14/Mar/2025:05:36:23 +0000] "GET /.well-known/acme-challenge/P9VZFP_PA1HQFCRBHDX3QWDA2ZPO32W1 HTTP/1.1" 200 64 "-" "Cpanel-HTTP-Client/1.0"
65.109.31.236 - - [14/Mar/2025:05:36:23 +0000] "GET /.well-known/acme-challenge/5O_HJTZY0WXTK7KNBFZEFHOGCH5W3CN6 HTTP/1.1" 200 64 "-" "Cpanel-HTTP-Client/1.0"
64.227.70.2 - - [14/Mar/2025:06:57:38 +0000] "GET /v2/_catalog HTTP/1.1" 404 1163 "-" "Go-http-client/1.1"
64.227.70.2 - - [14/Mar/2025:06:57:38 +0000] "GET /.DS_Store HTTP/1.1" 404 1163 "-" "Go-http-client/1.1"
64.227.70.2 - - [14/Mar/2025:06:57:38 +0000] "GET /.env HTTP/1.1" 404 1163 "-" "Go-http-client/1.1"
64.227.70.2 - - [14/Mar/2025:06:57:38 +0000] "GET /s/633323e21333e2930313e25363/_/;/META-INF/maven/com.atlassian.jira/jira-webapp-dist/pom.properties HTTP/1.1" 404 1163 "-" "Go-http-client/1.1"
64.227.70.2 - - [14/Mar/2025:06:57:38 +0000] "GET /config.json HTTP/1.1" 404 1163 "-" "Go-http-client/1.1"
65.109.31.236 - - [14/Mar/2025:08:36:25 +0000] "GET /.well-known/acme-challenge/B5OQXQN4YVCMDY-LWGD2IR9IAODHZG3U HTTP/1.1" 200 64 "-" "Cpanel-HTTP-Client/1.0"
65.109.31.236 - - [14/Mar/2025:08:36:25 +0000] "GET /.well-known/acme-challenge/X9_5T2A-S3S5Y1QNJ6QK4YQ_LNFGQMW7 HTTP/1.1" 200 64 "-" "Cpanel-HTTP-Client/1.0"
65.109.31.236 - - [14/Mar/2025:05:36:23 +0000] "GET /.well-known/acme-challenge/ROXZFWOKKWUXCNYP-UC1HJ1GVBYAZPF7 HTTP/1.1" 200 64 "-" "Cpanel-HTTP-Client/1.0"
64.227.70.2 - - [14/Mar/2025:06:57:37 +0000] "GET / HTTP/1.1" 200 50190 "-" "-"
64.227.70.2 - - [14/Mar/2025:06:57:37 +0000] "GET /server HTTP/1.1" 404 1163 "-" "Go-http-client/1.1"
64.227.70.2 - - [14/Mar/2025:06:57:38 +0000] "GET /.vscode/sftp.json HTTP/1.1" 404 1163 "-" "Go-http-client/1.1"
65.109.31.236 - - [14/Mar/2025:08:36:25 +0000] "GET /.well-known/acme-challenge/_HAV56COSSS4QKDBLEKTAP8B6ZO7PR5F HTTP/1.1" 200 64 "-" "Cpanel-HTTP-Client/1.0"
65.109.31.236 - - [14/Mar/2025:11:36:24 +0000] "GET /.well-known/acme-challenge/T61XBRGR71WFC-TG-TI-NY51IBMY0M1H HTTP/1.1" 200 64 "-" "Cpanel-HTTP-Client/1.0"
65.109.31.236 - - [14/Mar/2025:05:36:23 +0000] "GET /.well-known/acme-challenge/MC4NWFFSAZX2YS_OHFCH6P_ZZQXWI452 HTTP/1.1" 200 64 "-" "Cpanel-HTTP-Client/1.0"
64.227.70.2 - - [14/Mar/2025:06:57:37 +0000] "GET / HTTP/1.1" 200 50190 "-" "Mozilla/5.0 (Linux; Android 6.0; HTC One M9 Build/MRA674070) AppleWebKit/537.36 (KHTML, like Gecko) Chrome/52.0.1097.98 Mobile Safari/537.3"
65.109.31.236 - - [14/Mar/2025:11:36:24 +0000] "GET /.well-known/acme-challenge/U3BV0X_F0RDX37IHEV07VX3MR03QB4XR HTTP/1.1" 200 64 "-" "Cpanel-HTTP-Client/1.0"
65.109.31.236 - - [14/Mar/2025:11:36:24 +0000] "GET /.well-known/acme-challenge/5LSFJT-TTU5M0RWKOVV3ZOIEP3B50W8U HTTP/1.1" 200 64 "-" "Cpanel-HTTP-Client/1.0"
65.109.31.236 - - [14/Mar/2025:11:36:24 +0000] "GET /.well-known/acme-challenge/CUI3EMGGV7B85L_3JPCIZQJF1YBN9R-I HTTP/1.1" 200 64 "-" "Cpanel-HTTP-Client/1.0"
64.227.70.2 - - [14/Mar/2025:06:57:38 +0000] "GET /?rest_route=/wp/v2/users/ HTTP/1.1" 200 327 "-" "Go-http-client/1.1"
65.109.31.236 - - [14/Mar/2025:08:36:25 +0000] "GET /.well-known/acme-challenge/DTB97SKW3RCB_R-ZALFQC1QSP6YFG9K7 HTTP/1.1" 200 64 "-" "Cpanel-HTTP-Client/1.0"
65.109.31.236 - - [14/Mar/2025:08:36:25 +0000] "GET /.well-known/acme-challenge/H8LQGAL_WPJPGMYSA859F8RN3IUK5E8W HTTP/1.1" 200 64 "-" "Cpanel-HTTP-Client/1.0"
65.109.31.236 - - [14/Mar/2025:05:36:23 +0000] "GET /.well-known/acme-challenge/1HM_3IU1RETB9_S_N3BF5M19FH5PNFSG HTTP/1.1" 200 64 "-" "Cpanel-HTTP-Client/1.0"
64.227.70.2 - - [14/Mar/2025:06:57:38 +0000] "GET /telescope/requests HTTP/1.1" 404 1163 "-" "Go-http-client/1.1"
65.109.31.236 - - [14/Mar/2025:08:36:25 +0000] "GET /.well-known/acme-challenge/7M_2IDJ6ZMI3YKDTABC0DVCG0QD-M46Q HTTP/1.1" 200 64 "-" "Cpanel-HTTP-Client/1.0"
65.109.31.236 - - [14/Mar/2025:11:36:24 +0000] "GET /.well-known/acme-challenge/6P-7RR52DJW6GQK13LE7TXXU_GMVIA2U HTTP/1.1" 200 64 "-" "Cpanel-HTTP-Client/1.0"
65.109.31.236 - - [14/Mar/2025:05:36:23 +0000] "GET /.well-known/acme-challenge/XBC2COEIXILL19BWQ7589NHMQ8HNI835 HTTP/1.1" 200 64 "-" "Cpanel-HTTP-Client/1.0"
64.227.70.2 - - [14/Mar/2025:06:57:37 +0000] "GET /actuator/env HTTP/1.1" 404 1163 "-" "Go-http-client/1.1"
64.227.70.2 - - [14/Mar/2025:06:57:38 +0000] "GET /server-status HTTP/1.1" 404 1163 "-" "Go-http-client/1.1"
64.227.70.2 - - [14/Mar/2025:06:57:38 +0000] "GET /info.php HTTP/1.1" 404 1163 "-" "Go-http-client/1.1"
65.109.31.236 - - [14/Mar/2025:11:36:24 +0000] "GET /.well-known/acme-challenge/AMNXOAINSEG-ML147XJQAILAR_BPV1_Q HTTP/1.1" 200 64 "-" "Cpanel-HTTP-Client/1.0"
65.109.31.236 - - [14/Mar/2025:05:36:23 +0000] "GET /.well-known/acme-challenge/CR0S1ICV4U6OI0560ERZVOU3VQUECUFZ HTTP/1.1" 200 64 "-" "Cpanel-HTTP-Client/1.0"
65.109.31.236 - - [14/Mar/2025:06:57:37 +0000] "POST /wp-cron.php?doing_wp_cron=1741935457.5804400444030761718750 HTTP/1.1" 200 0 "-" "WordPress/6.7.2; https://wpt-1m9w.65-109-31-236.cpanel.site"
64.227.70.2 - - [14/Mar/2025:06:57:38 +0000] "GET /about HTTP/1.1" 404 1163 "-" "Go-http-client/1.1"
64.227.70.2 - - [14/Mar/2025:06:57:38 +0000] "GET /debug/default/view?panel=config HTTP/1.1" 404 1163 "-" "Go-http-client/1.1"
64.227.70.2 - - [14/Mar/2025:06:57:38 +0000] "GET /ecp/Current/exporttool/microsoft.exchange.ediscovery.exporttool.application HTTP/1.1" 404 1163 "-" "Go-http-client/1.1"
64.227.70.2 - - [14/Mar/2025:06:57:38 +0000] "GET /.git/config HTTP/1.1" 403 1154 "-" "Go-http-client/1.1"
65.109.31.236 - - [14/Mar/2025:08:36:25 +0000] "GET /.well-known/acme-challenge/WMLL-H5UZ9AZHXLBE8EJNTVYQMUIS63C HTTP/1.1" 200 64 "-" "Cpanel-HTTP-Client/1.0"
65.109.31.236 - - [14/Mar/2025:11:36:24 +0000] "GET /.well-known/acme-challenge/D9CV__YIU273PL4WPFII-J8VH6FOZ_8G HTTP/1.1" 200 64 "-" "Cpanel-HTTP-Client/1.0"
65.109.31.236 - - [14/Mar/2025:05:36:23 +0000] "GET /.well-known/acme-challenge/QZ-WBTE9_DQH2I8P6L2Y0EZBC16OFDF7 HTTP/1.1" 200 64 "-" "Cpanel-HTTP-Client/1.0"
64.227.70.2 - - [14/Mar/2025:06:57:38 +0000] "GET /login.action HTTP/1.1" 404 1163 "-" "Go-http-client/1.1"
64.227.70.2 - - [14/Mar/2025:06:57:38 +0000] "GET /_all_dbs HTTP/1.1" 404 1163 "-" "Mozilla/5.0 (l9scan/2.0.633323e21333e2930313e25363; +https://leakix.net)"
65.109.31.236 - - [14/Mar/2025:08:36:25 +0000] "GET /.well-known/acme-challenge/SCWGZ3M_38B_Z87TE7BDKSAGK00IVE5B HTTP/1.1" 200 64 "-" "Cpanel-HTTP-Client/1.0"
65.109.31.236 - - [14/Mar/2025:11:36:23 +0000] "GET /.well-known/acme-challenge/QDOIRJGDJR7K_LTMDDZLA6C_Q3P1YAHZ HTTP/1.1" 200 64 "-" "Cpanel-HTTP-Client/1.0"
65.109.31.236 - - [14/Mar/2025:17:36:27 +0000] "GET /.well-known/acme-challenge/YPS2L592MMSCBL4OI_7Q9KFE8AA1I35Q HTTP/1.1" 200 64 "-" "Cpanel-HTTP-Client/1.0"
65.109.31.236 - - [14/Mar/2025:13:52:18 +0000] "POST /wp-cron.php?doing_wp_cron=1741960338.9616110324859619140625 HTTP/1.1" 200 0 "-" "WordPress/6.7.2; https://wpt-1m9w.65-109-31-236.cpanel.site"
65.109.31.236 - - [14/Mar/2025:17:36:27 +0000] "GET /.well-known/acme-challenge/RVOB_NS9M4-L-JF4X74B_O2W80CBQH3E HTTP/1.1" 200 64 "-" "Cpanel-HTTP-Client/1.0"
65.109.31.236 - - [14/Mar/2025:17:36:27 +0000] "GET /.well-known/acme-challenge/KSE7X9MAQBQOGRVREH7KW0XVLAYS-D3R HTTP/1.1" 200 64 "-" "Cpanel-HTTP-Client/1.0"
162.142.125.212 - - [14/Mar/2025:13:52:58 +0000] "GET /favicon.ico HTTP/1.1" 404 1163 "-" "Mozilla/5.0 (compatible; CensysInspect/1.1; +https://about.censys.io/)"
65.109.31.236 - - [14/Mar/2025:14:36:21 +0000] "GET /.well-known/acme-challenge/IQV5ZCG6--IXQ6Y--SB1U9IBLBSF9XOE HTTP/1.1" 200 64 "-" "Cpanel-HTTP-Client/1.0"
65.109.31.236 - - [14/Mar/2025:14:36:21 +0000] "GET /.well-known/acme-challenge/A2AQMHW-KN767SN9XL06237GRR-4CC96 HTTP/1.1" 200 64 "-" "Cpanel-HTTP-Client/1.0"
65.109.31.236 - - [14/Mar/2025:14:36:21 +0000] "GET /.well-known/acme-challenge/HIW06P43HNDXIFIAHK-YR_1SCUJ-_ZNY HTTP/1.1" 200 64 "-" "Cpanel-HTTP-Client/1.0"
65.109.31.236 - - [14/Mar/2025:17:36:27 +0000] "GET /.well-known/acme-challenge/G6V8XJLS1I43HSHE-34W3M7962UASAPZ HTTP/1.1" 200 64 "-" "Cpanel-HTTP-Client/1.0"
65.109.31.236 - - [14/Mar/2025:17:36:27 +0000] "GET /.well-known/acme-challenge/FLPQ4IOK6I97M6PLAQ8_EB2-MQUTCGAK HTTP/1.1" 200 64 "-" "Cpanel-HTTP-Client/1.0"
162.142.125.212 - - [14/Mar/2025:13:52:31 +0000] "GET / HTTP/1.1" 200 12134 "-" "Mozilla/5.0 (compatible; CensysInspect/1.1; +https://about.censys.io/)"
162.142.125.212 - - [14/Mar/2025:13:52:18 +0000] "GET / HTTP/1.1" 301 0 "-" "Mozilla/5.0 (compatible; CensysInspect/1.1; +https://about.censys.io/)"
65.109.31.236 - - [14/Mar/2025:14:36:21 +0000] "GET /.well-known/acme-challenge/X54CUR8-MVSWYTR_YDN9RJYYZLD1UWDO HTTP/1.1" 200 64 "-" "Cpanel-HTTP-Client/1.0"
65.109.31.236 - - [14/Mar/2025:14:36:21 +0000] "GET /.well-known/acme-challenge/GOKVC6HC1I-_4IPPPXSG6T1G1LJBWK3X HTTP/1.1" 200 64 "-" "Cpanel-HTTP-Client/1.0"
65.109.31.236 - - [14/Mar/2025:17:36:27 +0000] "GET /.well-known/acme-challenge/_K3T_85D3GVGE_NEX5AVU8EHMERI-O67 HTTP/1.1" 200 64 "-" "Cpanel-HTTP-Client/1.0"
65.109.31.236 - - [14/Mar/2025:17:36:27 +0000] "GET /.well-known/acme-challenge/9AO_7WX46-G6_-CWOLHBBBPQ8PW6GQYF HTTP/1.1" 200 64 "-" "Cpanel-HTTP-Client/1.0"
162.142.125.212 - - [14/Mar/2025:13:52:35 +0000] "GET /favicon.ico HTTP/1.1" 404 1163 "-" "Mozilla/5.0 (compatible; CensysInspect/1.1; +https://about.censys.io/)"
65.109.31.236 - - [14/Mar/2025:14:36:21 +0000] "GET /.well-known/acme-challenge/MY28_07ZB-MHKA-ACBWXL8Z6DEJWOZ0E HTTP/1.1" 200 64 "-" "Cpanel-HTTP-Client/1.0"
65.109.31.236 - - [14/Mar/2025:14:36:21 +0000] "GET /.well-known/acme-challenge/QP3SBU8LLMFEH8-JL1RE432KQ6-9NLZX HTTP/1.1" 200 64 "-" "Cpanel-HTTP-Client/1.0"
65.109.31.236 - - [14/Mar/2025:17:36:27 +0000] "GET /.well-known/acme-challenge/DAP22RQU9V81317Z-XSBH5D098UVRHFQ HTTP/1.1" 200 64 "-" "Cpanel-HTTP-Client/1.0"
65.109.31.236 - - [14/Mar/2025:14:36:21 +0000] "GET /.well-known/acme-challenge/8QYBHF-QS99HG6JS8MDD86DK-4XRA_FF HTTP/1.1" 200 64 "-" "Cpanel-HTTP-Client/1.0"