????
Current Path : /home/webcloude/access-logs/ |
Current File : //home/webcloude/access-logs/wpt-1m9w.65-109-31-236.cpanel.site.webcloude.com-ssl_log |
65.109.31.236 - - [11/Mar/2025:22:40:28 +0000] "POST /wp-cron.php?doing_wp_cron=1741732828.2341558933258056640625 HTTP/1.1" 200 0 "-" "WordPress/6.7.2; https://wpt-1m9w.65-109-31-236.cpanel.site"
199.45.155.104 - - [11/Mar/2025:22:41:12 +0000] "GET / HTTP/1.1" 200 12099 "-" "Mozilla/5.0 (compatible; CensysInspect/1.1; +https://about.censys.io/)"
141.148.153.213 - - [12/Mar/2025:00:44:43 +0000] "GET / HTTP/1.1" 403 1154 "-" "Mozilla/5.0 (iPhone; CPU iPhone OS 17_0 like Mac OS X) AppleWebKit/605.1.15 (KHTML, like Gecko) Version/17.0 Mobile/15E148 Safari/604.1"
141.148.153.213 - - [12/Mar/2025:00:44:46 +0000] "GET /favicon.ico HTTP/1.1" 403 1154 "-" "Mozilla/5.0 (iPhone; CPU iPhone OS 17_0 like Mac OS X) AppleWebKit/605.1.15 (KHTML, like Gecko) Version/17.0 Mobile/15E148 Safari/604.1"
167.71.36.206 - - [12/Mar/2025:01:41:58 +0000] "GET /favicon.ico HTTP/1.1" 403 1154 "https://cpcontacts.wpt-1m9w.65-109-31-236.cpanel.site/" "Mozilla/5.0 (compatible)"
50.19.167.206 - - [12/Mar/2025:01:56:35 +0000] "GET / HTTP/1.1" 401 52 "-" "Mozilla/5.0 (X11; Ubuntu; Linux i686; rv:24.0) Gecko/20100101 Firefox/24.0"
199.45.155.104 - - [11/Mar/2025:22:41:41 +0000] "GET /favicon.ico HTTP/1.1" 404 1163 "-" "Mozilla/5.0 (compatible; CensysInspect/1.1; +https://about.censys.io/)"
167.94.145.98 - - [11/Mar/2025:23:50:17 +0000] "GET /favicon.ico HTTP/1.1" 200 12321 "http://cpanel.wpt-1m9w.65-109-31-236.cpanel.site/favicon.ico" "Mozilla/5.0 (compatible; CensysInspect/1.1; +https://about.censys.io/)"
199.45.155.104 - - [11/Mar/2025:22:40:28 +0000] "GET / HTTP/1.1" 301 0 "-" "Mozilla/5.0 (compatible; CensysInspect/1.1; +https://about.censys.io/)"
199.45.155.104 - - [11/Mar/2025:22:41:22 +0000] "GET /favicon.ico HTTP/1.1" 404 1163 "-" "Mozilla/5.0 (compatible; CensysInspect/1.1; +https://about.censys.io/)"
156.226.7.47 - - [11/Mar/2025:23:04:31 +0000] "GET / HTTP/1.1" 403 1154 "-" "Mozilla/5.0 (Windows NT 10.0; Win64; x64) AppleWebKit/537.36 (KHTML, like Gecko) Chrome/94.0.4606.61 Safari/537.36"
156.226.7.47 - - [11/Mar/2025:23:04:31 +0000] "GET /favicon.ico HTTP/1.1" 403 1154 "-" "Mozilla/5.0 (Windows NT 10.0; Win64; x64) AppleWebKit/537.36 (KHTML, like Gecko) Chrome/94.0.4606.61 Safari/537.36"
141.148.153.213 - - [12/Mar/2025:00:44:46 +0000] "GET /favicon.ico HTTP/1.1" 403 1154 "-" "Mozilla/5.0 (iPhone; CPU iPhone OS 16_0 like Mac OS X) AppleWebKit/605.1.15 (KHTML, like Gecko) Version/18.2 Mobile/15E148 Safari/604.1"
167.71.36.206 - - [12/Mar/2025:01:41:56 +0000] "GET / HTTP/1.1" 403 1154 "-" "Mozilla/5.0 (compatible)"
206.168.34.74 - - [11/Mar/2025:23:11:15 +0000] "GET / HTTP/1.1" 403 1154 "-" "Mozilla/5.0 (compatible; CensysInspect/1.1; +https://about.censys.io/)"
141.148.153.213 - - [12/Mar/2025:00:44:44 +0000] "GET / HTTP/2" 403 1154 "-" "Mozilla/5.0 (iPhone; CPU iPhone OS 16_0 like Mac OS X) AppleWebKit/605.1.15 (KHTML, like Gecko) Version/18.2 Mobile/15E148 Safari/604.1"
68.183.138.181 - - [12/Mar/2025:07:25:29 +0000] "GET /favicon.ico HTTP/1.1" 401 52 "https://webdisk.wpt-1m9w.65-109-31-236.cpanel.site/" "Mozilla/5.0 (compatible)"
50.19.167.206 - - [12/Mar/2025:10:39:27 +0000] "GET / HTTP/1.1" 200 12122 "-" "Mozilla/5.0 (X11; Ubuntu; Linux i686; rv:24.0) Gecko/20100101 Firefox/24.0"
50.19.167.206 - - [12/Mar/2025:06:40:10 +0000] "GET / HTTP/1.1" 200 12072 "-" "Mozilla/5.0 (X11; Ubuntu; Linux i686; rv:24.0) Gecko/20100101 Firefox/24.0"
68.183.138.181 - - [12/Mar/2025:07:25:27 +0000] "GET / HTTP/1.1" 401 52 "-" "Mozilla/5.0 (compatible)"
50.19.167.206 - - [12/Mar/2025:09:31:24 +0000] "GET / HTTP/1.1" 200 12319 "-" "Mozilla/5.0 (X11; Ubuntu; Linux i686; rv:24.0) Gecko/20100101 Firefox/24.0"
65.109.31.236 - - [12/Mar/2025:10:39:27 +0000] "POST /wp-cron.php?doing_wp_cron=1741775967.4194879531860351562500 HTTP/1.1" 200 0 "-" "WordPress/6.7.2; https://wpt-1m9w.65-109-31-236.cpanel.site"
185.247.137.72 - - [12/Mar/2025:07:58:27 +0000] "GET / HTTP/1.1" 200 12319 "-" "Mozilla/5.0 (compatible; InternetMeasurement/1.0; +https://internet-measurement.com/)"
87.236.176.183 - - [12/Mar/2025:08:42:49 +0000] "GET / HTTP/1.1" 403 1154 "-" "Mozilla/5.0 (compatible; InternetMeasurement/1.0; +https://internet-measurement.com/)"
50.19.167.206 - - [12/Mar/2025:04:37:41 +0000] "GET / HTTP/1.1" 200 12329 "-" "Mozilla/5.0 (X11; Ubuntu; Linux i686; rv:24.0) Gecko/20100101 Firefox/24.0"
50.19.167.206 - - [12/Mar/2025:11:20:20 +0000] "GET / HTTP/1.1" 403 1154 "-" "Mozilla/5.0 (X11; Ubuntu; Linux i686; rv:24.0) Gecko/20100101 Firefox/24.0"
171.244.43.14 - - [12/Mar/2025:12:29:32 +0000] "GET /robots.txt HTTP/1.1" 403 1154 "-" "Mozilla/5.0 (Linux; Android 10; K) AppleWebKit/537.36 (KHTML, like Gecko) Chrome/131.0.0.0 Mobile Safari/537.36"
171.244.43.14 - - [12/Mar/2025:12:29:34 +0000] "GET / HTTP/1.1" 403 1154 "-" "Mozilla/5.0 (Linux; Android 10; K) AppleWebKit/537.36 (KHTML, like Gecko) Chrome/131.0.0.0 Mobile Safari/537.36"
185.247.137.75 - - [12/Mar/2025:12:04:00 +0000] "GET / HTTP/1.1" 200 12329 "http://webmail.wpt-1m9w.65-109-31-236.cpanel.site" "Mozilla/5.0 (compatible; InternetMeasurement/1.0; +https://internet-measurement.com/)"
185.247.137.218 - - [12/Mar/2025:14:53:50 +0000] "GET /favicon.ico HTTP/2" 404 1163 "-" "Mozilla/5.0 (compatible; InternetMeasurement/1.0; +https://internet-measurement.com/)"
170.106.167.78 - - [12/Mar/2025:15:41:43 +0000] "GET /wp-emoji-release.min.js HTTP/1.1" 404 1163 "-" "POLARIS/6.01 (BREW 3.1.5; U; en-us; LG; LX265; POLARIS/6.01/WAP) MMP/2.0 profile/MIDP-2.1 Configuration/CLDC-1.1"
107.170.65.169 - - [12/Mar/2025:14:54:00 +0000] "GET /favicon.ico HTTP/2" 404 1163 "-" "Mozilla/5.0 (compatible; InternetMeasurement/1.0; +https://internet-measurement.com/)"
54.241.174.180 - - [12/Mar/2025:15:20:00 +0000] "GET / HTTP/1.1" 403 1154 "-" "-"
170.106.167.78 - - [12/Mar/2025:15:41:06 +0000] "GET //wpt-1m9w.65-109-31-236.cpanel.site/wp-includes/js/dist/script-modules/interactivity/index.min.js HTTP/1.1" 404 1163 "-" "Mozilla/5.0 (X11; Linux x86_64) AppleWebKit/538.1 (KHTML, like Gecko) QupZilla/1.9.0 Safari/538.1"
170.106.167.78 - - [12/Mar/2025:15:41:45 +0000] "GET //wpt-1m9w.65-109-31-236.cpanel.site/wp-includes/js/dist/script-modules/interactivity/index.min.js HTTP/1.1" 404 1163 "-" "Mozilla/5.0 (Linux; Android 11; Mi 9 SE) AppleWebKit/537.36 (KHTML, like Gecko) Chrome/101.0.4951.41 Mobile Safari/537.36"
170.106.167.78 - - [12/Mar/2025:15:42:23 +0000] "GET /wp-emoji-release.min.js HTTP/1.1" 404 1163 "-" "Mozilla/5.0 (Linux; Android 12; SM-G991U) AppleWebKit/537.36 (KHTML, like Gecko) Chrome/101.0.4951.41 Mobile Safari/537.36"
170.106.167.78 - - [12/Mar/2025:15:42:25 +0000] "GET //wpt-1m9w.65-109-31-236.cpanel.site/wp-includes/js/dist/script-modules/block-library/navigation/view.min.js HTTP/1.1" 404 1163 "-" "Mozilla/5.0 (Linux; Android 11; LM-V500N) AppleWebKit/537.36 (KHTML, like Gecko) Chrome/101.0.4951.61 Mobile Safari/537.36"
170.106.167.78 - - [12/Mar/2025:15:42:47 +0000] "GET //wpt-1m9w.65-109-31-236.cpanel.site/wp-includes/js/dist/script-modules/block-library/navigation/view.min.js HTTP/1.1" 404 1163 "-" "Mozilla/5.0 (Windows NT 6.1; Win64; x64) AppleWebKit/537.36 (KHTML, like Gecko) Chrome/99.0.4844.51 Safari/537.36"
170.106.167.78 - - [12/Mar/2025:15:41:26 +0000] "GET /wp-emoji-release.min.js HTTP/1.1" 404 1163 "-" "Mozilla/5.0 (Macintosh; Intel Mac OS X 10_10_5) AppleWebKit/537.36 (KHTML, like Gecko) Chrome/55.0.2859.0 Safari/537.36"
170.106.167.78 - - [12/Mar/2025:15:42:45 +0000] "GET //wpt-1m9w.65-109-31-236.cpanel.site/wp-includes/js/dist/script-modules/interactivity/index.min.js HTTP/1.1" 404 1163 "-" "Mozilla/5.0 (Macintosh; U; Intel Mac OS X; en-US) AppleWebKit/528.16 (KHTML, like Gecko, Safari/528.16) OmniWeb/v622.8.0.112941"
185.247.137.165 - - [12/Mar/2025:14:53:24 +0000] "GET / HTTP/1.1" 301 0 "-" "Mozilla/5.0 (compatible; InternetMeasurement/1.0; +https://internet-measurement.com/)"
170.106.167.78 - - [12/Mar/2025:15:41:26 +0000] "GET //wpt-1m9w.65-109-31-236.cpanel.site/wp-includes/js/dist/script-modules/interactivity/index.min.js HTTP/1.1" 404 1163 "-" "Mozilla/5.0 (Windows NT 6.3; Win64; x64) AppleWebKit/537.36 (KHTML, like Gecko) Chrome/37.0.2049.0 Safari/537.36"
170.106.167.78 - - [12/Mar/2025:15:41:47 +0000] "GET /index.min.js HTTP/1.1" 404 1163 "-" "SonyEricssonW995/R1EA Profile/MIDP-2.1 Configuration/CLDC-1.1 UNTRUSTED/1.0"
170.106.167.78 - - [12/Mar/2025:15:42:03 +0000] "GET //wpt-1m9w.65-109-31-236.cpanel.site/wp-includes/js/dist/script-modules/block-library/navigation/view.min.js HTTP/1.1" 404 1163 "-" "Mozilla/5.0 (Linux; U; Android 2.2; en-us; SCH-I800 Build/FROYO) AppleWebKit/533.1 (KHTML, like Gecko) Version/4.0 Mobile Safari/533.1"
170.106.167.78 - - [12/Mar/2025:15:42:04 +0000] "GET /index.min.js HTTP/1.1" 404 1163 "-" "Mozilla/5.0 (Linux; Android 6.0.1; SM-G900H Build/MMB29K) AppleWebKit/537.36 (KHTML, like Gecko) Chrome/52.0.2743.98 Mobile Safari/537.36"
170.106.167.78 - - [12/Mar/2025:15:42:04 +0000] "GET /wp-emoji-release.min.js HTTP/1.1" 404 1163 "-" "Mozilla/5.0 (Linux; U; Android 3.0.1; fr-fr; A500 Build/HRI66) AppleWebKit/534.13 (KHTML, like Gecko) Version/4.0 Safari/534.13"
170.106.167.78 - - [12/Mar/2025:15:42:43 +0000] "GET /index.min.js HTTP/1.1" 404 1163 "-" "Mozilla/5.0 (compatible; archive.org_bot; Wayback Machine Live Record; +http://archive.org/details/archive.org_bot)"
185.247.137.165 - - [12/Mar/2025:14:53:28 +0000] "GET / HTTP/1.1" 200 12099 "https://www.wpt-1m9w.65-109-31-236.cpanel.site" "Mozilla/5.0 (compatible; InternetMeasurement/1.0; +https://internet-measurement.com/)"
170.106.167.78 - - [12/Mar/2025:15:42:43 +0000] "GET /wp-emoji-release.min.js HTTP/1.1" 404 1163 "-" "BlackBerry9000/4.6.0.167 Profile/MIDP-2.0 Configuration/CLDC-1.1 VendorID/102"
149.57.180.54 - - [12/Mar/2025:16:25:53 +0000] "GET / HTTP/1.1" 401 52 "-" "Mozilla/5.0 (X11; Linux i686; rv:109.0) Gecko/20100101 Firefox/120.0"
170.106.167.78 - - [12/Mar/2025:15:42:05 +0000] "GET //wpt-1m9w.65-109-31-236.cpanel.site/wp-includes/js/dist/script-modules/interactivity/index.min.js HTTP/1.1" 404 1163 "-" "Mozilla/5.0 (X11; Linux x86_64; en-US; rv:2.0b2pre) Gecko/20100712 Minefield/4.0b2pre"
45.148.10.98 - - [12/Mar/2025:18:32:28 +0000] "GET /.git/config HTTP/1.1" 403 1154 "-" "Mozilla/5.0 (Macintosh; Intel Mac OS X 10_13_6) AppleWebKit/605.1.15 (KHTML, like Gecko) Version/12.0.3 Safari/605.1.15"
170.106.167.78 - - [12/Mar/2025:18:26:55 +0000] "GET /jstz.min.js HTTP/1.1" 200 12327 "-" "Mozilla/5.0 (Linux; Android 10; itel L5006C) AppleWebKit/537.36 (KHTML, like Gecko) Chrome/88.0.4324.181 Mobile Safari/537.36"
170.106.167.78 - - [12/Mar/2025:18:27:10 +0000] "GET //cptimezone_optimized.js HTTP/1.1" 200 12326 "-" "Mozilla/5.0 (SymbianOS/9.1; U; en-us) AppleWebKit/413 (KHTML, like Gecko) Safari/413 es70"
170.106.167.78 - - [12/Mar/2025:18:27:26 +0000] "GET /unprotected/json-minified.js HTTP/1.1" 200 843 "-" "Mozilla/4.0 (compatible; MSIE 6.0; Windows CE; IEMobile 7.11) Sprint:PPC6800"
170.106.167.78 - - [12/Mar/2025:18:27:42 +0000] "GET /jstz.min.js HTTP/1.1" 200 12327 "-" "Mozilla/5.0 (Linux; Android 7.0; SM-G930V Build/NRD90M) AppleWebKit/537.36 (KHTML, like Gecko) Chrome/59.0.3071.125 Mobile Safari/537.36"
170.106.167.78 - - [12/Mar/2025:18:27:58 +0000] "GET //jstz.min.js HTTP/1.1" 200 12327 "-" "Mozilla/5.0 (Linux; Android 9; ASUS_X00TD) AppleWebKit/537.36 (KHTML, like Gecko) Chrome/80.0.3987.132 Mobile Safari/537.36"
170.106.167.78 - - [12/Mar/2025:18:28:13 +0000] "GET /unprotected/json-minified.js HTTP/1.1" 200 843 "-" "Mozilla/5.0 (X11; Linux x86_64) AppleWebKit/537.36 (KHTML, like Gecko) Chrome/103.0.9999.0 Safari/537.36"
141.148.153.213 - - [12/Mar/2025:17:47:26 +0000] "GET /favicon.ico HTTP/1.1" 403 1154 "-" "Mozilla/5.0 (iPhone; CPU iPhone OS 16_0 like Mac OS X) AppleWebKit/605.1.15 (KHTML, like Gecko) Version/18.2 Mobile/15E148 Safari/604.1"
141.148.153.213 - - [12/Mar/2025:17:47:19 +0000] "GET / HTTP/1.1" 403 1154 "-" "Mozilla/5.0 (iPhone; CPU iPhone OS 17_0 like Mac OS X) AppleWebKit/605.1.15 (KHTML, like Gecko) Version/17.0 Mobile/15E148 Safari/604.1"
141.148.153.213 - - [12/Mar/2025:17:47:26 +0000] "GET /favicon.ico HTTP/1.1" 403 1154 "-" "Mozilla/5.0 (iPhone; CPU iPhone OS 17_0 like Mac OS X) AppleWebKit/605.1.15 (KHTML, like Gecko) Version/17.0 Mobile/15E148 Safari/604.1"
87.236.176.120 - - [12/Mar/2025:18:05:23 +0000] "GET / HTTP/1.1" 200 12329 "-" "Mozilla/5.0 (compatible; InternetMeasurement/1.0; +https://internet-measurement.com/)"
170.106.167.78 - - [12/Mar/2025:18:26:55 +0000] "GET //login.js HTTP/1.1" 200 12325 "-" "Mozilla/5.0 (X11; Linux i686) AppleWebKit/535.2 (KHTML, like Gecko) Ubuntu/11.10 Chromium/15.0.874.120 Chrome/15.0.874.120 Safari/535.2"
170.106.167.78 - - [12/Mar/2025:18:27:42 +0000] "GET //cptimezone_optimized.js HTTP/1.1" 200 12326 "-" "Mozilla/5.0 (Windows NT 10.0; Win64; x64) AppleWebKit/537.36 (KHTML, like Gecko) Chrome/99.0.4844.51 Safari/537.36"
170.106.167.78 - - [12/Mar/2025:18:27:43 +0000] "GET //login.js HTTP/1.1" 200 12325 "-" "Mozilla/5.0 (X11; CrOS x86_64 14526.89.0) AppleWebKit/537.36 (KHTML, like Gecko) Chrome/100.0.4896.133 Safari/537.36"
45.148.10.98 - - [12/Mar/2025:17:47:35 +0000] "GET /.git/config HTTP/1.1" 200 12327 "-" "Mozilla/5.0 (X11; Linux x86_64) AppleWebKit/537.36 (KHTML, like Gecko) Chrome/64.0.3269.3 Safari/537.36"
170.106.167.78 - - [12/Mar/2025:18:26:55 +0000] "GET /unprotected/json-minified.js HTTP/1.1" 200 843 "-" "Mozilla/5.0 (X11; U; Linux i686; en-US) AppleWebKit/534.15 (KHTML, like Gecko) Ubuntu/10.10 Chromium/10.0.613.0 Chrome/10.0.613.0 Safari/534.15"
170.106.167.78 - - [12/Mar/2025:18:27:10 +0000] "GET //submit_post.js HTTP/1.1" 200 12323 "-" "Mozilla/5.0 (Linux; Android 7.1.1; Coolpad 3632A Build/NMF26F) AppleWebKit/537.36 (KHTML, like Gecko) Chrome/59.0.3071.125 Mobile Safari/537.36"
170.106.167.78 - - [12/Mar/2025:18:27:26 +0000] "GET //submit_post.js HTTP/1.1" 200 12323 "-" "Lynx/2.8.7dev.4 libwww-FM/2.14 SSL-MM/1.4.1 OpenSSL/0.9.8d"
170.106.167.78 - - [12/Mar/2025:18:27:26 +0000] "GET //login.js HTTP/1.1" 200 12325 "-" "Mozilla/5.0 (compatible; MSIE 10.6; Windows NT 6.1; Trident/5.0; InfoPath.2; SLCC1; .NET CLR 3.0.4506.2152; .NET CLR 3.5.30729; .NET CLR 2.0.50727) 3gpp-gba UNTRUSTED/1.0"
170.106.167.78 - - [12/Mar/2025:18:27:26 +0000] "GET /jstz.min.js HTTP/1.1" 200 12327 "-" "Mozilla/5.0 (Windows NT 6.1; Win64; x64) AppleWebKit/537.36 (KHTML, like Gecko) Chrome/101.0.4951.54 Safari/537.36"
170.106.167.78 - - [12/Mar/2025:18:27:42 +0000] "GET //jstz.min.js HTTP/1.1" 200 12327 "-" "Mozilla/5.0 (X11; Linux x86_64) AppleWebKit/537.36 (KHTML, like Gecko) Chrome/90.0.4430.93 Safari/537.36"
170.106.167.78 - - [12/Mar/2025:18:27:42 +0000] "GET /unprotected/json-minified.js HTTP/1.1" 200 843 "-" "Mozilla/5.0 (Macintosh; Intel Mac OS X 10_11) AppleWebKit/601.1.56 (KHTML, like Gecko) Version/9.0 Safari/601.1.56"
170.106.167.78 - - [12/Mar/2025:18:27:59 +0000] "GET //login.js HTTP/1.1" 200 12325 "-" "Opera/9.80 (S60; SymbOS; Opera Mobi/499; U; ru) Presto/2.4.18 Version/10.00"
170.106.167.78 - - [12/Mar/2025:18:27:42 +0000] "GET //submit_post.js HTTP/1.1" 200 12323 "-" "Mozilla/5.0 (Macintosh; Intel Mac OS X 10_15_7) AppleWebKit/537.36 (KHTML, like Gecko) Chrome/90.0.4430.212 Safari/537.36"
170.106.167.78 - - [12/Mar/2025:18:27:58 +0000] "GET /unprotected/json-minified.js HTTP/1.1" 200 843 "-" "Mozilla/5.0 (Macintosh; Intel Mac OS X 10_14_3) AppleWebKit/537.36 (KHTML, like Gecko) Chrome/101.0.4951.41 Safari/537.36"
170.106.167.78 - - [12/Mar/2025:18:27:58 +0000] "GET /jstz.min.js HTTP/1.1" 200 12327 "-" "Mozilla/5.0 (iPhone; CPU iPhone OS 15_2_1 like Mac OS X) AppleWebKit/605.1.15 (KHTML, like Gecko) Mobile/15E148 Safari Line/12.6.0"
170.106.167.78 - - [12/Mar/2025:18:28:00 +0000] "GET //submit_post.js HTTP/1.1" 200 12323 "-" "Mozilla/5.0 (Windows NT 10.0; Win64; x64) AppleWebKit/537.36 (KHTML, like Gecko) Chrome/39.0.2171.71 Safari/537.36 Edge/12.0"
141.148.153.213 - - [12/Mar/2025:17:47:24 +0000] "GET / HTTP/2" 403 1154 "-" "Mozilla/5.0 (iPhone; CPU iPhone OS 16_0 like Mac OS X) AppleWebKit/605.1.15 (KHTML, like Gecko) Version/18.2 Mobile/15E148 Safari/604.1"
170.106.167.78 - - [12/Mar/2025:18:26:38 +0000] "GET / HTTP/1.1" 200 12329 "-" "Mozilla/5.0 (compatible; Konqueror/4.3; Linux) KHTML/4.3.1 (like Gecko) Fedora/4.3.1-3.fc11"
170.106.167.78 - - [12/Mar/2025:18:27:10 +0000] "GET /jstz.min.js HTTP/1.1" 200 12327 "-" "Peach/1.01 (Ubuntu 8.04 LTS; U; en)"
170.106.167.78 - - [12/Mar/2025:18:27:10 +0000] "GET //jstz.min.js HTTP/1.1" 200 12327 "-" "Mozilla/5.0 (compatible; Konqueror/4.5; FreeBSD) KHTML/4.5.4 (like Gecko)"
170.106.167.78 - - [12/Mar/2025:18:27:26 +0000] "GET //cptimezone_optimized.js HTTP/1.1" 200 12326 "-" "Mozilla/4.0 (compatible; MSIE 5.5; Windows NT 5.0 )"
170.106.167.78 - - [12/Mar/2025:18:27:58 +0000] "GET //cptimezone_optimized.js HTTP/1.1" 200 12326 "-" "Mozilla/4.0 (compatible; MSIE 8.0; Windows NT 6.0; Trident/4.0)"
170.106.167.78 - - [12/Mar/2025:18:28:13 +0000] "GET //jstz.min.js HTTP/1.1" 200 12327 "-" "w3m/0.5.1"
170.106.167.78 - - [12/Mar/2025:18:28:13 +0000] "GET /jstz.min.js HTTP/1.1" 200 12327 "-" "Mozilla/5.0 (iPhone; U; CPU iPhone OS 4_2_1 like Mac OS X; da-dk) AppleWebKit/533.17.9 (KHTML, like Gecko) Version/5.0.2 Mobile/8C148 Safari/6533.18.5"
170.106.167.78 - - [12/Mar/2025:18:26:55 +0000] "GET //jstz.min.js HTTP/1.1" 200 12327 "-" "Mozilla/5.0 (X11; FreeBSD amd64; rv:54.0) Gecko/20100101 Firefox/54.0"
170.106.167.78 - - [12/Mar/2025:18:26:56 +0000] "GET //cptimezone_optimized.js HTTP/1.1" 200 12326 "-" "Mozilla/5.0 (iPhone; CPU iPhone OS 15_3 like Mac OS X) AppleWebKit/605.1.15 (KHTML, like Gecko) Version/15.3 Mobile/15E148 Safari/604.1"
170.106.167.78 - - [12/Mar/2025:18:26:56 +0000] "GET //submit_post.js HTTP/1.1" 200 12323 "-" "Mozilla/5.0 (Windows NT 10.0; Win64; x64) AppleWebKit/537.36 (KHTML, like Gecko) Chrome/100.0.4896.127 Safari/537.36 AtContent/96.5.9594.95"
170.106.167.78 - - [12/Mar/2025:18:27:10 +0000] "GET /unprotected/json-minified.js HTTP/1.1" 200 843 "-" "Mozilla/5.0 (Windows; U; Windows NT 5.1; en-US) AppleWebKit/531.21.8 (KHTML, like Gecko) Version/4.0.4 Safari/531.21.10"
170.106.167.78 - - [12/Mar/2025:18:27:12 +0000] "GET //login.js HTTP/1.1" 200 12325 "-" "Mozilla/5.0 (iPhone; CPU iPhone OS 15_2_1 like Mac OS X) AppleWebKit/605.1.15 (KHTML, like Gecko) Mobile/15E148 Safari Line/12.6.0"
170.106.167.78 - - [12/Mar/2025:18:27:26 +0000] "GET //jstz.min.js HTTP/1.1" 200 12327 "-" "Opera/9.30 (Nintendo Wii; U; ; 2047-7; en)"
170.106.167.78 - - [12/Mar/2025:18:28:13 +0000] "GET //cptimezone_optimized.js HTTP/1.1" 200 12326 "-" "Screaming Frog SEO Spider/8.1"
170.106.167.78 - - [12/Mar/2025:18:28:13 +0000] "GET //login.js HTTP/1.1" 200 12325 "-" "Mozilla/5.0 (Macintosh; Intel Mac OS X 10_13_6) AppleWebKit/537.36 (KHTML, like Gecko) Chrome/101.0.4951.54 Safari/537.36"
170.106.167.78 - - [12/Mar/2025:18:28:13 +0000] "GET //submit_post.js HTTP/1.1" 200 12323 "-" "Mozilla/5.0 (Windows; U; Windows NT 5.1; en-US) AppleWebKit/534.7 (KHTML, like Gecko) Chrome/7.0.514.0 Safari/534.7"
45.148.10.98 - - [12/Mar/2025:20:19:28 +0000] "GET /.git/config HTTP/1.1" 200 12325 "-" "Mozilla/5.0 (X11; Linux i686 on x86_64; rv:2.0.1) Gecko/20100101 Firefox/4.0.1 Fennec/2.0.1"
157.245.126.43 - - [12/Mar/2025:20:29:11 +0000] "GET /favicon.ico HTTP/1.1" 404 1163 "https://mail.wpt-1m9w.65-109-31-236.cpanel.site/" "Mozilla/5.0 (compatible)"
45.148.10.98 - - [12/Mar/2025:18:56:35 +0000] "GET /.git/config HTTP/1.1" 403 1154 "-" "Mozilla/5.0 (Windows NT 6.1) AppleWebKit/537.36 (KHTML, like Gecko) Chrome/76.0.3809.89 YaBrowser/19.9.1.64 (beta) Yowser/2.5 Safari/537.36"
45.148.10.98 - - [12/Mar/2025:19:54:04 +0000] "GET /.git/config HTTP/1.1" 403 1154 "-" "SuperBot/4.4.0.60 (Windows XP)"
45.148.10.98 - - [12/Mar/2025:20:33:47 +0000] "GET /.git/config HTTP/1.1" 401 52 "-" "Mozilla/5.0 (SMART-TV; X11; Linux armv7l) AppleWebkit/537.42 (KHTML, like Gecko) Chromium/25.0.1349.2 Chrome/25.0.1349.2 Safari/537.42"
45.148.10.172 - - [12/Mar/2025:20:31:11 +0000] "GET /.env HTTP/1.1" 404 1163 "-" "Mozilla/5.0 (Linux; U; Android 2.2; en-us; Nexus One Build/FRF91) AppleWebKit/533.1 (KHTML, like Gecko) Version/4.0 Mobile Safari/533.1"
87.236.176.75 - - [12/Mar/2025:20:17:22 +0000] "GET / HTTP/1.1" 403 1154 "-" "Mozilla/5.0 (compatible; InternetMeasurement/1.0; +https://internet-measurement.com/)"
45.148.10.98 - - [12/Mar/2025:19:05:27 +0000] "GET /.git/config HTTP/1.1" 403 1154 "-" "Mozilla/5.0 (Linux; Android 9; GM1913) AppleWebKit/537.36 (KHTML, like Gecko) Chrome/76.0.3809.111 Mobile Safari/537.36"
45.148.10.172 - - [12/Mar/2025:19:50:24 +0000] "GET /.env HTTP/1.1" 200 12328 "-" "Opera/9.80 (X11; Linux x86_64; U; pl) Presto/2.7.62 Version/11.00"
157.245.126.43 - - [12/Mar/2025:20:29:06 +0000] "GET / HTTP/1.1" 200 12145 "-" "Mozilla/5.0 (compatible)"
137.59.162.234 - - [12/Mar/2025:21:38:56 +0000] "GET /.env HTTP/1.1" 401 52 "-" "Mozilla/5.0 (X11; Linux x86_64; rv:83.0) Gecko/20100101 Firefox/83.0"
36.66.71.19 - - [12/Mar/2025:22:33:39 +0000] "POST / HTTP/1.1" 200 12072 "-" "Mozilla/5.0 (X11; Linux x86_64; rv:83.0) Gecko/20100101 Firefox/83.0"
50.19.167.206 - - [12/Mar/2025:23:47:08 +0000] "GET / HTTP/1.1" 200 12067 "-" "Mozilla/5.0 (X11; Ubuntu; Linux i686; rv:24.0) Gecko/20100101 Firefox/24.0"
138.68.86.32 - - [13/Mar/2025:00:14:13 +0000] "GET /about HTTP/1.1" 404 1163 "-" "Go-http-client/1.1"
138.68.86.32 - - [13/Mar/2025:00:14:13 +0000] "GET /ecp/Current/exporttool/microsoft.exchange.ediscovery.exporttool.application HTTP/1.1" 404 1163 "-" "Go-http-client/1.1"
138.68.86.32 - - [13/Mar/2025:00:14:14 +0000] "GET /?rest_route=/wp/v2/users/ HTTP/1.1" 200 327 "-" "Go-http-client/1.1"
87.236.176.111 - - [13/Mar/2025:01:04:44 +0000] "GET / HTTP/1.1" 401 52 "-" "Mozilla/5.0 (compatible; InternetMeasurement/1.0; +https://internet-measurement.com/)"
45.148.10.172 - - [12/Mar/2025:22:41:38 +0000] "GET /.env HTTP/1.1" 403 1154 "-" "facebookscraper/1.0( http://www.facebook.com/sharescraper_help.php)"
213.209.143.233 - - [12/Mar/2025:23:11:51 +0000] "GET /.env HTTP/1.1" 403 1154 "-" "Mozilla/5.0 (Windows NT 5.1) AppleWebKit/537.36 (KHTML, like Gecko) MxBrowser/4.5.10.7000 Chrome/30.0.1551.0 Safari/537.36"
138.68.86.32 - - [13/Mar/2025:00:14:13 +0000] "GET /login.action HTTP/1.1" 404 1163 "-" "Go-http-client/1.1"
138.68.86.32 - - [13/Mar/2025:00:14:14 +0000] "GET /.git/config HTTP/1.1" 403 1154 "-" "Go-http-client/1.1"
176.53.218.222 - - [13/Mar/2025:00:37:07 +0000] "GET / HTTP/1.1" 200 12329 "-" "Mozilla/5.0 (Windows NT 10.0; Win64; x64) AppleWebKit/537.36 (KHTML, like Gecko) Chrome/94.0.4606.61 Safari/537.36"
209.74.79.20 - - [13/Mar/2025:00:45:04 +0000] "GET /.env HTTP/1.1" 404 1163 "-" "Mozilla/5.0 (X11; Linux x86_64; rv:83.0) Gecko/20100101 Firefox/83.0"
138.68.86.32 - - [13/Mar/2025:00:14:12 +0000] "GET /actuator/env HTTP/1.1" 404 1163 "-" "Go-http-client/1.1"
138.68.86.32 - - [13/Mar/2025:00:14:14 +0000] "GET /.DS_Store HTTP/1.1" 404 1163 "-" "Go-http-client/1.1"
138.68.86.32 - - [13/Mar/2025:00:14:14 +0000] "GET /s/633323e21333e2930313e25363/_/;/META-INF/maven/com.atlassian.jira/jira-webapp-dist/pom.properties HTTP/1.1" 404 1163 "-" "Go-http-client/1.1"
138.68.86.32 - - [13/Mar/2025:00:14:14 +0000] "GET /config.json HTTP/1.1" 404 1163 "-" "Go-http-client/1.1"
45.148.10.172 - - [12/Mar/2025:21:28:50 +0000] "GET /.env HTTP/1.1" 404 1163 "-" "Mozilla/5.0 (Macintosh; Intel Mac OS X 10_13_6) AppleWebKit/537.36 (KHTML, like Gecko) Chrome/71.0.3578.80 Safari/537.36"
213.209.143.233 - - [12/Mar/2025:23:14:02 +0000] "GET /.env HTTP/1.1" 403 1154 "-" "Mozilla/5.0 (Macintosh; Intel Mac OS X 10_13_0) AppleWebKit/537.36 (KHTML, like Gecko) Chrome/76.0.3809.100 Safari/537.36"
154.223.139.31 - - [12/Mar/2025:23:44:53 +0000] "GET / HTTP/1.1" 403 1154 "-" "Mozilla/5.0 (Windows NT 10.0; Win64; x64) AppleWebKit/537.36 (KHTML, like Gecko) Chrome/94.0.4606.61 Safari/537.36"
154.223.139.31 - - [12/Mar/2025:23:44:53 +0000] "GET /favicon.ico HTTP/1.1" 403 1154 "-" "Mozilla/5.0 (Windows NT 10.0; Win64; x64) AppleWebKit/537.36 (KHTML, like Gecko) Chrome/94.0.4606.61 Safari/537.36"
65.109.31.236 - - [12/Mar/2025:23:47:08 +0000] "POST /wp-cron.php?doing_wp_cron=1741823227.9995579719543457031250 HTTP/1.1" 200 0 "-" "WordPress/6.7.2; https://wpt-1m9w.65-109-31-236.cpanel.site"
50.19.167.206 - - [12/Mar/2025:23:47:07 +0000] "GET / HTTP/1.1" 301 0 "-" "Mozilla/5.0 (X11; Ubuntu; Linux i686; rv:24.0) Gecko/20100101 Firefox/24.0"
138.68.86.32 - - [13/Mar/2025:00:14:14 +0000] "GET /info.php HTTP/1.1" 404 1163 "-" "Go-http-client/1.1"
45.148.10.172 - - [12/Mar/2025:22:03:52 +0000] "GET /.env HTTP/1.1" 200 12326 "-" "Mozilla/5.0 (Linux; U; Android 7.0; en-US; PRA-LX1 Build/HUAWEIPRA-LX1) AppleWebKit/537.36 (KHTML, like Gecko) Version/4.0 Chrome/57.0.2987.108 UCBrowser/12.13.0.1207 Mobile Safari/537.36"
185.247.137.214 - - [12/Mar/2025:22:40:27 +0000] "GET / HTTP/1.1" 200 12121 "-" "Mozilla/5.0 (compatible; InternetMeasurement/1.0; +https://internet-measurement.com/)"
45.148.10.172 - - [12/Mar/2025:23:19:13 +0000] "GET /.env HTTP/1.1" 403 1154 "-" "Mozilla/5.0 (X11; Linux i686) AppleWebKit/537.36 (KHTML, like Gecko) Ubuntu Chromium/65.0.3325.181 Chrome/65.0.3325.181 Safari/537.36"
176.53.221.236 - - [12/Mar/2025:23:43:31 +0000] "GET /favicon.ico HTTP/1.1" 200 12321 "-" "Mozilla/5.0 (Windows NT 10.0; Win64; x64) AppleWebKit/537.36 (KHTML, like Gecko) Chrome/94.0.4606.61 Safari/537.36"
154.223.139.21 - - [12/Mar/2025:23:43:32 +0000] "GET /favicon.ico HTTP/1.1" 200 12321 "-" "Mozilla/5.0 (Windows NT 10.0; Win64; x64) AppleWebKit/537.36 (KHTML, like Gecko) Chrome/94.0.4606.61 Safari/537.36"
213.209.143.233 - - [13/Mar/2025:00:11:16 +0000] "GET /.env HTTP/1.1" 404 1163 "-" "Mozilla/5.0 (Windows NT 10.0; Win64; x64) AppleWebKit/537.36 (KHTML, like Gecko) Chrome/73.0.3683.103 Safari/537.36 OPR/60.0.3255.83"
138.68.86.32 - - [13/Mar/2025:00:14:13 +0000] "GET /debug/default/view?panel=config HTTP/1.1" 404 1163 "-" "Go-http-client/1.1"
138.68.86.32 - - [13/Mar/2025:00:14:13 +0000] "GET /_all_dbs HTTP/1.1" 404 1163 "-" "Mozilla/5.0 (l9scan/2.0.633323e21333e2930313e25363; +https://leakix.net)"
138.68.86.32 - - [13/Mar/2025:00:14:14 +0000] "GET /telescope/requests HTTP/1.1" 404 1163 "-" "Go-http-client/1.1"
65.109.31.236 - - [12/Mar/2025:22:33:39 +0000] "POST /wp-cron.php?doing_wp_cron=1741818819.9883310794830322265625 HTTP/1.1" 200 0 "-" "WordPress/6.7.2; https://wpt-1m9w.65-109-31-236.cpanel.site"
213.209.143.233 - - [12/Mar/2025:23:09:42 +0000] "GET /.env HTTP/1.1" 200 12326 "-" "Mozilla/5.0 (BlackBerry; U; BlackBerry 9800; en) AppleWebKit/534.1 (KHTML, Like Gecko) Version/6.0.0.141 Mobile Safari/534.1"
138.68.86.32 - - [13/Mar/2025:00:14:13 +0000] "GET /.vscode/sftp.json HTTP/1.1" 404 1163 "-" "Go-http-client/1.1"
138.68.86.32 - - [13/Mar/2025:00:14:13 +0000] "GET /server-status HTTP/1.1" 404 1163 "-" "Go-http-client/1.1"
176.53.219.33 - - [13/Mar/2025:00:37:11 +0000] "GET /favicon.ico HTTP/1.1" 200 12327 "-" "Mozilla/5.0 (Windows NT 10.0; Win64; x64) AppleWebKit/537.36 (KHTML, like Gecko) Chrome/94.0.4606.61 Safari/537.36"
45.148.10.98 - - [12/Mar/2025:21:10:17 +0000] "GET /.git/config HTTP/1.1" 200 12327 "-" "Mozilla/5.0 (Linux; Android 9; SM-G950F) AppleWebKit/537.36 (KHTML, like Gecko) Chrome/76.0.3809.89 Mobile Safari/537.36"
45.148.10.172 - - [12/Mar/2025:23:43:41 +0000] "GET /.env HTTP/1.1" 401 52 "-" "Mozilla/5.0 (Windows NT 6.1; Win64; x64) AppleWebKit/537.36 (KHTML, like Gecko) Chrome/70.0.3538.110 Safari/537.36"
138.68.86.32 - - [13/Mar/2025:00:14:11 +0000] "GET / HTTP/1.1" 301 0 "-" "-"
138.68.86.32 - - [13/Mar/2025:00:14:12 +0000] "GET /server HTTP/1.1" 404 1163 "-" "Go-http-client/1.1"
154.223.139.139 - - [13/Mar/2025:00:36:50 +0000] "GET /favicon.ico HTTP/1.1" 401 52 "-" "Mozilla/5.0 (Windows NT 10.0; Win64; x64) AppleWebKit/537.36 (KHTML, like Gecko) Chrome/94.0.4606.61 Safari/537.36"
154.223.139.139 - - [13/Mar/2025:00:36:50 +0000] "GET /favicon.ico HTTP/1.1" 401 52 "-" "Mozilla/5.0 (Windows NT 10.0; Win64; x64) AppleWebKit/537.36 (KHTML, like Gecko) Chrome/94.0.4606.61 Safari/537.36"
154.223.139.139 - - [13/Mar/2025:00:36:51 +0000] "GET / HTTP/1.1" 401 52 "-" "Mozilla/5.0 (Windows NT 10.0; Win64; x64) AppleWebKit/537.36 (KHTML, like Gecko) Chrome/94.0.4606.61 Safari/537.36"
154.223.139.139 - - [13/Mar/2025:00:36:51 +0000] "GET /favicon.ico HTTP/1.1" 401 52 "-" "Mozilla/5.0 (Windows NT 10.0; Win64; x64) AppleWebKit/537.36 (KHTML, like Gecko) Chrome/94.0.4606.61 Safari/537.36"
87.236.176.182 - - [13/Mar/2025:02:23:56 +0000] "GET / HTTP/1.1" 200 12319 "http://cpanel.wpt-1m9w.65-109-31-236.cpanel.site" "Mozilla/5.0 (compatible; InternetMeasurement/1.0; +https://internet-measurement.com/)"
185.247.137.63 - - [13/Mar/2025:02:23:56 +0000] "GET /favicon.ico HTTP/2" 200 12321 "-" "Mozilla/5.0 (compatible; InternetMeasurement/1.0; +https://internet-measurement.com/)"
36.66.71.19 - - [12/Mar/2025:21:39:01 +0000] "POST / HTTP/1.1" 401 52 "-" "Mozilla/5.0 (X11; Linux x86_64; rv:83.0) Gecko/20100101 Firefox/83.0"
36.66.71.19 - - [12/Mar/2025:22:33:37 +0000] "GET /.env HTTP/1.1" 404 1163 "-" "Mozilla/5.0 (X11; Linux x86_64; rv:83.0) Gecko/20100101 Firefox/83.0"
176.53.216.81 - - [12/Mar/2025:23:43:30 +0000] "GET / HTTP/1.1" 200 12319 "-" "Mozilla/5.0 (Windows NT 10.0; Win64; x64) AppleWebKit/537.36 (KHTML, like Gecko) Chrome/94.0.4606.61 Safari/537.36"
176.53.216.188 - - [12/Mar/2025:23:46:17 +0000] "GET / HTTP/1.1" 403 1154 "-" "Mozilla/5.0 (Windows NT 10.0; Win64; x64) AppleWebKit/537.36 (KHTML, like Gecko) Chrome/94.0.4606.61 Safari/537.36"
176.53.216.188 - - [12/Mar/2025:23:46:17 +0000] "GET /favicon.ico HTTP/1.1" 403 1154 "-" "Mozilla/5.0 (Windows NT 10.0; Win64; x64) AppleWebKit/537.36 (KHTML, like Gecko) Chrome/94.0.4606.61 Safari/537.36"
138.68.86.32 - - [13/Mar/2025:00:14:12 +0000] "GET / HTTP/1.1" 301 0 "-" "Mozilla/5.0 (Linux; Android 6.0; HTC One M9 Build/MRA674070) AppleWebKit/537.36 (KHTML, like Gecko) Chrome/52.0.1097.98 Mobile Safari/537.3"
138.68.86.32 - - [13/Mar/2025:00:14:13 +0000] "GET /v2/_catalog HTTP/1.1" 404 1163 "-" "Go-http-client/1.1"
138.68.86.32 - - [13/Mar/2025:00:14:14 +0000] "GET /.env HTTP/1.1" 404 1163 "-" "Go-http-client/1.1"
87.236.176.242 - - [13/Mar/2025:00:25:50 +0000] "GET / HTTP/1.1" 200 12145 "-" "Mozilla/5.0 (compatible; InternetMeasurement/1.0; +https://internet-measurement.com/)"
176.53.217.218 - - [13/Mar/2025:00:36:48 +0000] "GET / HTTP/1.1" 401 52 "-" "Mozilla/5.0 (Windows NT 10.0; Win64; x64) AppleWebKit/537.36 (KHTML, like Gecko) Chrome/94.0.4606.61 Safari/537.36"
176.53.217.127 - - [13/Mar/2025:00:37:10 +0000] "GET /favicon.ico HTTP/1.1" 200 12327 "-" "Mozilla/5.0 (Windows NT 10.0; Win64; x64) AppleWebKit/537.36 (KHTML, like Gecko) Chrome/94.0.4606.61 Safari/537.36"
209.74.79.20 - - [13/Mar/2025:00:45:05 +0000] "POST / HTTP/1.1" 200 12122 "-" "Mozilla/5.0 (X11; Linux x86_64; rv:83.0) Gecko/20100101 Firefox/83.0"
87.236.176.19 - - [13/Mar/2025:04:44:42 +0000] "GET / HTTP/1.1" 401 52 "http://webdisk.wpt-1m9w.65-109-31-236.cpanel.site" "Mozilla/5.0 (compatible; InternetMeasurement/1.0; +https://internet-measurement.com/)"
188.166.108.93 - - [13/Mar/2025:08:15:52 +0000] "GET /about HTTP/1.1" 404 1163 "-" "Go-http-client/1.1"
188.166.108.93 - - [13/Mar/2025:08:15:52 +0000] "GET /_all_dbs HTTP/1.1" 404 1163 "-" "Mozilla/5.0 (l9scan/2.0.633323e21333e2930313e25363; +https://leakix.net)"
188.166.108.93 - - [13/Mar/2025:08:15:53 +0000] "GET /.env HTTP/1.1" 404 1163 "-" "Go-http-client/1.1"
146.190.67.21 - - [13/Mar/2025:08:34:45 +0000] "GET / HTTP/1.1" 200 12329 "-" "Mozilla/5.0 (compatible)"
188.166.108.93 - - [13/Mar/2025:08:15:52 +0000] "GET /.vscode/sftp.json HTTP/1.1" 404 1163 "-" "Go-http-client/1.1"
188.166.108.93 - - [13/Mar/2025:08:15:52 +0000] "GET /v2/_catalog HTTP/1.1" 404 1163 "-" "Go-http-client/1.1"
188.166.108.93 - - [13/Mar/2025:08:15:53 +0000] "GET /.git/config HTTP/1.1" 403 1154 "-" "Go-http-client/1.1"
188.166.108.93 - - [13/Mar/2025:08:15:53 +0000] "GET /s/633323e21333e2930313e25363/_/;/META-INF/maven/com.atlassian.jira/jira-webapp-dist/pom.properties HTTP/1.1" 404 1163 "-" "Go-http-client/1.1"
188.166.108.93 - - [13/Mar/2025:08:15:53 +0000] "GET /info.php HTTP/1.1" 404 1163 "-" "Go-http-client/1.1"
188.166.108.93 - - [13/Mar/2025:08:15:53 +0000] "GET /?rest_route=/wp/v2/users/ HTTP/1.1" 200 327 "-" "Go-http-client/1.1"
188.166.108.93 - - [13/Mar/2025:08:15:52 +0000] "GET /debug/default/view?panel=config HTTP/1.1" 404 1163 "-" "Go-http-client/1.1"
188.166.108.93 - - [13/Mar/2025:08:15:52 +0000] "GET /server-status HTTP/1.1" 404 1163 "-" "Go-http-client/1.1"
188.166.108.93 - - [13/Mar/2025:08:15:50 +0000] "GET / HTTP/1.1" 200 50198 "-" "-"
188.166.108.93 - - [13/Mar/2025:08:15:52 +0000] "GET /server HTTP/1.1" 404 1163 "-" "Go-http-client/1.1"
188.166.108.93 - - [13/Mar/2025:08:15:52 +0000] "GET /login.action HTTP/1.1" 404 1163 "-" "Go-http-client/1.1"
188.166.108.93 - - [13/Mar/2025:08:15:53 +0000] "GET /telescope/requests HTTP/1.1" 404 1163 "-" "Go-http-client/1.1"
188.166.108.93 - - [13/Mar/2025:08:15:51 +0000] "GET / HTTP/1.1" 200 50198 "-" "Mozilla/5.0 (Linux; Android 6.0; HTC One M9 Build/MRA674070) AppleWebKit/537.36 (KHTML, like Gecko) Chrome/52.0.1097.98 Mobile Safari/537.3"
188.166.108.93 - - [13/Mar/2025:08:15:53 +0000] "GET /.DS_Store HTTP/1.1" 404 1163 "-" "Go-http-client/1.1"
188.166.108.93 - - [13/Mar/2025:08:15:53 +0000] "GET /config.json HTTP/1.1" 404 1163 "-" "Go-http-client/1.1"
65.109.31.236 - - [13/Mar/2025:08:15:50 +0000] "POST /wp-cron.php?doing_wp_cron=1741853750.8410110473632812500000 HTTP/1.1" 200 0 "-" "WordPress/6.7.2; https://wpt-1m9w.65-109-31-236.cpanel.site"
188.166.108.93 - - [13/Mar/2025:08:15:52 +0000] "GET /actuator/env HTTP/1.1" 404 1163 "-" "Go-http-client/1.1"
188.166.108.93 - - [13/Mar/2025:08:15:52 +0000] "GET /ecp/Current/exporttool/microsoft.exchange.ediscovery.exporttool.application HTTP/1.1" 404 1163 "-" "Go-http-client/1.1"
23.27.145.183 - - [13/Mar/2025:13:33:58 +0000] "GET / HTTP/1.1" 301 0 "-" "Mozilla/5.0 (X11; Linux i686; rv:109.0) Gecko/20100101 Firefox/120.0"
65.109.31.236 - - [13/Mar/2025:15:43:22 +0000] "POST /wp-cron.php?doing_wp_cron=1741880602.4088950157165527343750 HTTP/1.1" 200 0 "-" "WordPress/6.7.2; https://wpt-1m9w.65-109-31-236.cpanel.site"
194.33.45.89 - - [13/Mar/2025:18:00:01 +0000] "GET //wp-includes/ID3/license.txt HTTP/1.1" 200 37462 "-" "Mozilla/5.0 (Windows NT 10.0; Win64; x64) AppleWebKit/537.36 (KHTML, like Gecko) Chrome/95.0.4638.69 Safari/537.36"
194.33.45.89 - - [13/Mar/2025:18:00:01 +0000] "GET //wp-includes/ID3/license.txt HTTP/1.1" 200 37474 "-" "Mozilla/5.0 (Windows NT 10.0; Win64; x64) AppleWebKit/537.36 (KHTML, like Gecko) Chrome/95.0.4638.69 Safari/537.36"
194.33.45.89 - - [13/Mar/2025:18:00:02 +0000] "GET //feed/ HTTP/1.1" 200 37462 "-" "Mozilla/5.0 (Windows NT 10.0; Win64; x64) AppleWebKit/537.36 (KHTML, like Gecko) Chrome/95.0.4638.69 Safari/537.36"
194.33.45.89 - - [13/Mar/2025:18:00:02 +0000] "GET //feed/ HTTP/1.1" 200 37474 "-" "Mozilla/5.0 (Windows NT 10.0; Win64; x64) AppleWebKit/537.36 (KHTML, like Gecko) Chrome/95.0.4638.69 Safari/537.36"
194.33.45.89 - - [13/Mar/2025:18:00:02 +0000] "GET //xmlrpc.php?rsd HTTP/1.1" 200 37462 "-" "Mozilla/5.0 (Windows NT 10.0; Win64; x64) AppleWebKit/537.36 (KHTML, like Gecko) Chrome/95.0.4638.69 Safari/537.36"
194.33.45.89 - - [13/Mar/2025:18:00:02 +0000] "GET //xmlrpc.php?rsd HTTP/1.1" 200 37474 "-" "Mozilla/5.0 (Windows NT 10.0; Win64; x64) AppleWebKit/537.36 (KHTML, like Gecko) Chrome/95.0.4638.69 Safari/537.36"
194.33.45.89 - - [13/Mar/2025:18:00:02 +0000] "GET //blog/wp-includes/wlwmanifest.xml HTTP/1.1" 200 37462 "-" "Mozilla/5.0 (Windows NT 10.0; Win64; x64) AppleWebKit/537.36 (KHTML, like Gecko) Chrome/95.0.4638.69 Safari/537.36"
194.33.45.89 - - [13/Mar/2025:18:00:02 +0000] "GET //blog/wp-includes/wlwmanifest.xml HTTP/1.1" 200 37474 "-" "Mozilla/5.0 (Windows NT 10.0; Win64; x64) AppleWebKit/537.36 (KHTML, like Gecko) Chrome/95.0.4638.69 Safari/537.36"
194.33.45.89 - - [13/Mar/2025:18:00:02 +0000] "GET //web/wp-includes/wlwmanifest.xml HTTP/1.1" 200 37462 "-" "Mozilla/5.0 (Windows NT 10.0; Win64; x64) AppleWebKit/537.36 (KHTML, like Gecko) Chrome/95.0.4638.69 Safari/537.36"
194.33.45.89 - - [13/Mar/2025:18:00:02 +0000] "GET //web/wp-includes/wlwmanifest.xml HTTP/1.1" 200 37474 "-" "Mozilla/5.0 (Windows NT 10.0; Win64; x64) AppleWebKit/537.36 (KHTML, like Gecko) Chrome/95.0.4638.69 Safari/537.36"
194.33.45.89 - - [13/Mar/2025:18:00:02 +0000] "GET //wordpress/wp-includes/wlwmanifest.xml HTTP/1.1" 200 37462 "-" "Mozilla/5.0 (Windows NT 10.0; Win64; x64) AppleWebKit/537.36 (KHTML, like Gecko) Chrome/95.0.4638.69 Safari/537.36"
194.33.45.89 - - [13/Mar/2025:18:00:03 +0000] "GET //wordpress/wp-includes/wlwmanifest.xml HTTP/1.1" 200 37474 "-" "Mozilla/5.0 (Windows NT 10.0; Win64; x64) AppleWebKit/537.36 (KHTML, like Gecko) Chrome/95.0.4638.69 Safari/537.36"
194.33.45.89 - - [13/Mar/2025:18:00:03 +0000] "GET //wp/wp-includes/wlwmanifest.xml HTTP/1.1" 200 37462 "-" "Mozilla/5.0 (Windows NT 10.0; Win64; x64) AppleWebKit/537.36 (KHTML, like Gecko) Chrome/95.0.4638.69 Safari/537.36"
194.33.45.89 - - [13/Mar/2025:18:00:03 +0000] "GET //wp/wp-includes/wlwmanifest.xml HTTP/1.1" 200 37474 "-" "Mozilla/5.0 (Windows NT 10.0; Win64; x64) AppleWebKit/537.36 (KHTML, like Gecko) Chrome/95.0.4638.69 Safari/537.36"
194.33.45.89 - - [13/Mar/2025:18:00:03 +0000] "GET //2020/wp-includes/wlwmanifest.xml HTTP/1.1" 200 37462 "-" "Mozilla/5.0 (Windows NT 10.0; Win64; x64) AppleWebKit/537.36 (KHTML, like Gecko) Chrome/95.0.4638.69 Safari/537.36"
194.33.45.89 - - [13/Mar/2025:18:00:03 +0000] "GET //2020/wp-includes/wlwmanifest.xml HTTP/1.1" 200 37474 "-" "Mozilla/5.0 (Windows NT 10.0; Win64; x64) AppleWebKit/537.36 (KHTML, like Gecko) Chrome/95.0.4638.69 Safari/537.36"
149.57.180.106 - - [13/Mar/2025:16:38:06 +0000] "GET / HTTP/1.1" 401 52 "-" "Mozilla/5.0 (X11; Linux i686; rv:109.0) Gecko/20100101 Firefox/120.0"
194.33.45.89 - - [13/Mar/2025:18:00:01 +0000] "GET //wp-includes/ID3/license.txt HTTP/1.1" 401 35 "-" "Mozilla/5.0 (Windows NT 10.0; Win64; x64) AppleWebKit/537.36 (KHTML, like Gecko) Chrome/95.0.4638.69 Safari/537.36"
194.33.45.89 - - [13/Mar/2025:18:00:01 +0000] "GET //feed/ HTTP/1.1" 401 35 "-" "Mozilla/5.0 (Windows NT 10.0; Win64; x64) AppleWebKit/537.36 (KHTML, like Gecko) Chrome/95.0.4638.69 Safari/537.36"
194.33.45.89 - - [13/Mar/2025:18:00:02 +0000] "GET //xmlrpc.php?rsd HTTP/1.1" 401 35 "-" "Mozilla/5.0 (Windows NT 10.0; Win64; x64) AppleWebKit/537.36 (KHTML, like Gecko) Chrome/95.0.4638.69 Safari/537.36"
194.33.45.89 - - [13/Mar/2025:18:00:02 +0000] "GET //blog/wp-includes/wlwmanifest.xml HTTP/1.1" 401 35 "-" "Mozilla/5.0 (Windows NT 10.0; Win64; x64) AppleWebKit/537.36 (KHTML, like Gecko) Chrome/95.0.4638.69 Safari/537.36"
194.33.45.89 - - [13/Mar/2025:18:00:02 +0000] "GET //web/wp-includes/wlwmanifest.xml HTTP/1.1" 401 35 "-" "Mozilla/5.0 (Windows NT 10.0; Win64; x64) AppleWebKit/537.36 (KHTML, like Gecko) Chrome/95.0.4638.69 Safari/537.36"
194.33.45.89 - - [13/Mar/2025:18:00:02 +0000] "GET //wordpress/wp-includes/wlwmanifest.xml HTTP/1.1" 401 35 "-" "Mozilla/5.0 (Windows NT 10.0; Win64; x64) AppleWebKit/537.36 (KHTML, like Gecko) Chrome/95.0.4638.69 Safari/537.36"
194.33.45.89 - - [13/Mar/2025:18:00:02 +0000] "GET //wp/wp-includes/wlwmanifest.xml HTTP/1.1" 401 35 "-" "Mozilla/5.0 (Windows NT 10.0; Win64; x64) AppleWebKit/537.36 (KHTML, like Gecko) Chrome/95.0.4638.69 Safari/537.36"
194.33.45.89 - - [13/Mar/2025:18:00:03 +0000] "GET //2020/wp-includes/wlwmanifest.xml HTTP/1.1" 401 35 "-" "Mozilla/5.0 (Windows NT 10.0; Win64; x64) AppleWebKit/537.36 (KHTML, like Gecko) Chrome/95.0.4638.69 Safari/537.36"
194.33.45.89 - - [13/Mar/2025:18:00:03 +0000] "GET //2019/wp-includes/wlwmanifest.xml HTTP/1.1" 401 35 "-" "Mozilla/5.0 (Windows NT 10.0; Win64; x64) AppleWebKit/537.36 (KHTML, like Gecko) Chrome/95.0.4638.69 Safari/537.36"
194.33.45.89 - - [13/Mar/2025:18:00:03 +0000] "GET //2021/wp-includes/wlwmanifest.xml HTTP/1.1" 401 35 "-" "Mozilla/5.0 (Windows NT 10.0; Win64; x64) AppleWebKit/537.36 (KHTML, like Gecko) Chrome/95.0.4638.69 Safari/537.36"
194.33.45.89 - - [13/Mar/2025:18:00:03 +0000] "GET //shop/wp-includes/wlwmanifest.xml HTTP/1.1" 401 35 "-" "Mozilla/5.0 (Windows NT 10.0; Win64; x64) AppleWebKit/537.36 (KHTML, like Gecko) Chrome/95.0.4638.69 Safari/537.36"
194.33.45.89 - - [13/Mar/2025:18:00:03 +0000] "GET //wp1/wp-includes/wlwmanifest.xml HTTP/1.1" 401 35 "-" "Mozilla/5.0 (Windows NT 10.0; Win64; x64) AppleWebKit/537.36 (KHTML, like Gecko) Chrome/95.0.4638.69 Safari/537.36"
194.33.45.89 - - [13/Mar/2025:18:00:03 +0000] "GET //test/wp-includes/wlwmanifest.xml HTTP/1.1" 401 35 "-" "Mozilla/5.0 (Windows NT 10.0; Win64; x64) AppleWebKit/537.36 (KHTML, like Gecko) Chrome/95.0.4638.69 Safari/537.36"
194.33.45.89 - - [13/Mar/2025:18:00:04 +0000] "GET //site/wp-includes/wlwmanifest.xml HTTP/1.1" 401 35 "-" "Mozilla/5.0 (Windows NT 10.0; Win64; x64) AppleWebKit/537.36 (KHTML, like Gecko) Chrome/95.0.4638.69 Safari/537.36"
194.33.45.89 - - [13/Mar/2025:18:00:05 +0000] "GET //cms/wp-includes/wlwmanifest.xml HTTP/1.1" 401 35 "-" "Mozilla/5.0 (Windows NT 10.0; Win64; x64) AppleWebKit/537.36 (KHTML, like Gecko) Chrome/95.0.4638.69 Safari/537.36"
109.202.99.46 - - [13/Mar/2025:19:43:59 +0000] "GET /web.config HTTP/1.1" 404 1163 "-" "Go-http-client/1.1"
109.202.99.46 - - [13/Mar/2025:19:43:59 +0000] "GET /settings.py HTTP/1.1" 404 1163 "-" "Go-http-client/1.1"
109.202.99.46 - - [13/Mar/2025:19:43:59 +0000] "GET /.env HTTP/1.1" 404 1163 "-" "Go-http-client/1.1"
65.109.31.236 - - [13/Mar/2025:19:43:59 +0000] "POST /wp-cron.php?doing_wp_cron=1741895039.9198989868164062500000 HTTP/1.1" 200 0 "-" "WordPress/6.7.2; https://wpt-1m9w.65-109-31-236.cpanel.site"
213.232.87.234 - - [13/Mar/2025:19:44:00 +0000] "GET /db/schema.rb HTTP/1.1" 403 1154 "-" "Go-http-client/1.1"
194.33.45.89 - - [13/Mar/2025:18:00:03 +0000] "GET //2019/wp-includes/wlwmanifest.xml HTTP/1.1" 200 37462 "-" "Mozilla/5.0 (Windows NT 10.0; Win64; x64) AppleWebKit/537.36 (KHTML, like Gecko) Chrome/95.0.4638.69 Safari/537.36"
194.33.45.89 - - [13/Mar/2025:18:00:03 +0000] "GET //2019/wp-includes/wlwmanifest.xml HTTP/1.1" 200 37474 "-" "Mozilla/5.0 (Windows NT 10.0; Win64; x64) AppleWebKit/537.36 (KHTML, like Gecko) Chrome/95.0.4638.69 Safari/537.36"
194.33.45.89 - - [13/Mar/2025:18:00:03 +0000] "GET //2021/wp-includes/wlwmanifest.xml HTTP/1.1" 200 37462 "-" "Mozilla/5.0 (Windows NT 10.0; Win64; x64) AppleWebKit/537.36 (KHTML, like Gecko) Chrome/95.0.4638.69 Safari/537.36"
194.33.45.89 - - [13/Mar/2025:18:00:03 +0000] "GET //2021/wp-includes/wlwmanifest.xml HTTP/1.1" 200 37474 "-" "Mozilla/5.0 (Windows NT 10.0; Win64; x64) AppleWebKit/537.36 (KHTML, like Gecko) Chrome/95.0.4638.69 Safari/537.36"
194.33.45.89 - - [13/Mar/2025:18:00:03 +0000] "GET //shop/wp-includes/wlwmanifest.xml HTTP/1.1" 200 37462 "-" "Mozilla/5.0 (Windows NT 10.0; Win64; x64) AppleWebKit/537.36 (KHTML, like Gecko) Chrome/95.0.4638.69 Safari/537.36"
194.33.45.89 - - [13/Mar/2025:18:00:04 +0000] "GET //shop/wp-includes/wlwmanifest.xml HTTP/1.1" 200 37474 "-" "Mozilla/5.0 (Windows NT 10.0; Win64; x64) AppleWebKit/537.36 (KHTML, like Gecko) Chrome/95.0.4638.69 Safari/537.36"
194.33.45.89 - - [13/Mar/2025:18:00:04 +0000] "GET //wp1/wp-includes/wlwmanifest.xml HTTP/1.1" 200 37462 "-" "Mozilla/5.0 (Windows NT 10.0; Win64; x64) AppleWebKit/537.36 (KHTML, like Gecko) Chrome/95.0.4638.69 Safari/537.36"
194.33.45.89 - - [13/Mar/2025:18:00:04 +0000] "GET //wp1/wp-includes/wlwmanifest.xml HTTP/1.1" 200 37474 "-" "Mozilla/5.0 (Windows NT 10.0; Win64; x64) AppleWebKit/537.36 (KHTML, like Gecko) Chrome/95.0.4638.69 Safari/537.36"
194.33.45.89 - - [13/Mar/2025:18:00:05 +0000] "GET //test/wp-includes/wlwmanifest.xml HTTP/1.1" 200 37474 "-" "Mozilla/5.0 (Windows NT 10.0; Win64; x64) AppleWebKit/537.36 (KHTML, like Gecko) Chrome/95.0.4638.69 Safari/537.36"
194.33.45.89 - - [13/Mar/2025:18:00:05 +0000] "GET //test/wp-includes/wlwmanifest.xml HTTP/1.1" 200 37462 "-" "Mozilla/5.0 (Windows NT 10.0; Win64; x64) AppleWebKit/537.36 (KHTML, like Gecko) Chrome/95.0.4638.69 Safari/537.36"
194.33.45.89 - - [13/Mar/2025:18:00:06 +0000] "GET //site/wp-includes/wlwmanifest.xml HTTP/1.1" 200 37474 "-" "Mozilla/5.0 (Windows NT 10.0; Win64; x64) AppleWebKit/537.36 (KHTML, like Gecko) Chrome/95.0.4638.69 Safari/537.36"
194.33.45.89 - - [13/Mar/2025:18:00:06 +0000] "GET //site/wp-includes/wlwmanifest.xml HTTP/1.1" 200 37462 "-" "Mozilla/5.0 (Windows NT 10.0; Win64; x64) AppleWebKit/537.36 (KHTML, like Gecko) Chrome/95.0.4638.69 Safari/537.36"
194.33.45.89 - - [13/Mar/2025:18:00:06 +0000] "GET //cms/wp-includes/wlwmanifest.xml HTTP/1.1" 200 37462 "-" "Mozilla/5.0 (Windows NT 10.0; Win64; x64) AppleWebKit/537.36 (KHTML, like Gecko) Chrome/95.0.4638.69 Safari/537.36"
194.33.45.89 - - [13/Mar/2025:18:00:06 +0000] "GET //cms/wp-includes/wlwmanifest.xml HTTP/1.1" 200 37474 "-" "Mozilla/5.0 (Windows NT 10.0; Win64; x64) AppleWebKit/537.36 (KHTML, like Gecko) Chrome/95.0.4638.69 Safari/537.36"
109.202.99.46 - - [13/Mar/2025:19:43:59 +0000] "GET /config.xml HTTP/1.1" 404 1163 "-" "Go-http-client/1.1"
109.202.99.46 - - [13/Mar/2025:19:43:59 +0000] "GET /.ssh/id_rsa HTTP/1.1" 404 1163 "-" "Go-http-client/1.1"
109.202.99.46 - - [13/Mar/2025:19:43:59 +0000] "GET /config.json HTTP/1.1" 404 1163 "-" "Go-http-client/1.1"
213.232.87.234 - - [13/Mar/2025:19:44:00 +0000] "GET /config.json HTTP/1.1" 403 1154 "-" "Go-http-client/1.1"
213.232.87.234 - - [13/Mar/2025:19:44:00 +0000] "GET /.vscode/sftp.json HTTP/1.1" 403 1154 "-" "Go-http-client/1.1"
213.232.87.234 - - [13/Mar/2025:19:44:00 +0000] "GET /.env HTTP/1.1" 403 1154 "-" "Go-http-client/1.1"
213.232.87.234 - - [13/Mar/2025:19:44:00 +0000] "GET /config.yml HTTP/1.1" 403 1154 "-" "Go-http-client/1.1"
213.232.87.234 - - [13/Mar/2025:19:44:00 +0000] "GET /config.xml HTTP/1.1" 401 52 "-" "Go-http-client/1.1"
213.209.143.233 - - [13/Mar/2025:09:01:25 +0000] "GET /.env HTTP/1.1" 404 1163 "-" "Mozilla/5.0 (X11; Linux i686) AppleWebKit/537.36 (KHTML, like Gecko) Chrome/28.0.1478.0 Safari/537.36"
143.198.46.230 - - [13/Mar/2025:10:40:19 +0000] "GET / HTTP/1.1" 200 12099 "-" "Mozilla/5.0 (compatible)"
149.57.180.144 - - [13/Mar/2025:13:33:55 +0000] "GET / HTTP/1.1" 401 52 "-" "Mozilla/5.0 (X11; Linux i686; rv:109.0) Gecko/20100101 Firefox/120.0"
149.57.180.104 - - [13/Mar/2025:13:34:09 +0000] "GET / HTTP/1.1" 403 1154 "-" "Mozilla/5.0 (X11; Linux i686; rv:109.0) Gecko/20100101 Firefox/120.0"
149.57.180.180 - - [13/Mar/2025:13:36:05 +0000] "GET / HTTP/1.1" 200 12329 "-" "Mozilla/5.0 (X11; Linux i686; rv:109.0) Gecko/20100101 Firefox/120.0"
185.204.1.183 - - [13/Mar/2025:15:43:22 +0000] "GET / HTTP/2" 200 10402 "-" "Mozilla/5.0 (X11; Linux x86_64) AppleWebKit/537.36 (KHTML, like Gecko) Chrome/133.0.0.0 Safari/537.36"
185.204.1.183 - - [13/Mar/2025:15:43:22 +0000] "GET /wp-content/themes/twentytwentyfive/style.css?ver=1.1 HTTP/2" 200 1008 "https://wpt-1m9w.65-109-31-236.cpanel.site/" "Mozilla/5.0 (X11; Linux x86_64) AppleWebKit/537.36 (KHTML, like Gecko) Chrome/133.0.0.0 Safari/537.36"
185.204.1.183 - - [13/Mar/2025:15:43:22 +0000] "GET /wp-includes/blocks/navigation/style.min.css?ver=6.7.2 HTTP/2" 200 2069 "https://wpt-1m9w.65-109-31-236.cpanel.site/" "Mozilla/5.0 (X11; Linux x86_64) AppleWebKit/537.36 (KHTML, like Gecko) Chrome/133.0.0.0 Safari/537.36"
185.204.1.183 - - [13/Mar/2025:15:43:22 +0000] "GET /wp-includes/js/dist/script-modules/block-library/navigation/view.min.js?ver=8ff192874fc8910a284c HTTP/2" 200 1026 "https://wpt-1m9w.65-109-31-236.cpanel.site/" "Mozilla/5.0 (X11; Linux x86_64) AppleWebKit/537.36 (KHTML, like Gecko) Chrome/133.0.0.0 Safari/537.36"
185.204.1.183 - - [13/Mar/2025:15:43:22 +0000] "GET /wp-includes/js/dist/script-modules/interactivity/index.min.js?ver=907ea3b2f317a78b7b9b HTTP/2" 200 13382 "https://wpt-1m9w.65-109-31-236.cpanel.site/" "Mozilla/5.0 (X11; Linux x86_64) AppleWebKit/537.36 (KHTML, like Gecko) Chrome/133.0.0.0 Safari/537.36"
185.204.1.183 - - [13/Mar/2025:15:43:22 +0000] "GET /wp-content/themes/twentytwentyfive/assets/fonts/manrope/Manrope-VariableFont_wght.woff2 HTTP/2" 200 53600 "https://wpt-1m9w.65-109-31-236.cpanel.site/" "Mozilla/5.0 (X11; Linux x86_64) AppleWebKit/537.36 (KHTML, like Gecko) Chrome/133.0.0.0 Safari/537.36"
206.168.34.54 - - [13/Mar/2025:18:04:22 +0000] "GET /favicon.ico HTTP/1.1" 200 12321 "-" "Mozilla/5.0 (compatible; CensysInspect/1.1; +https://about.censys.io/)"
109.202.99.46 - - [13/Mar/2025:19:43:59 +0000] "GET /api/.env HTTP/1.1" 404 1163 "-" "Go-http-client/1.1"
109.202.99.46 - - [13/Mar/2025:19:43:59 +0000] "GET /dump.sql HTTP/1.1" 404 1163 "-" "Go-http-client/1.1"
109.202.99.46 - - [13/Mar/2025:19:43:59 +0000] "GET /phpinfo.php HTTP/1.1" 404 1163 "-" "Go-http-client/1.1"
109.202.99.46 - - [13/Mar/2025:19:43:59 +0000] "GET /wp-admin/setup-config.php HTTP/1.1" 409 1222 "-" "Go-http-client/1.1"
213.232.87.234 - - [13/Mar/2025:19:44:00 +0000] "GET /.svn/wc.db HTTP/1.1" 403 1154 "-" "Go-http-client/1.1"
213.232.87.234 - - [13/Mar/2025:19:44:00 +0000] "GET /user_secrets.yml HTTP/1.1" 403 1154 "-" "Go-http-client/1.1"
213.232.87.234 - - [13/Mar/2025:19:44:00 +0000] "GET /wp-config.php HTTP/1.1" 401 52 "-" "Go-http-client/1.1"
213.232.87.234 - - [13/Mar/2025:19:44:00 +0000] "GET /phpinfo.php HTTP/1.1" 401 52 "-" "Go-http-client/1.1"
213.232.87.234 - - [13/Mar/2025:19:44:00 +0000] "GET /backup.sql HTTP/1.1" 403 1154 "-" "Go-http-client/1.1"
213.232.87.234 - - [13/Mar/2025:19:44:00 +0000] "GET /dump.sql HTTP/1.1" 403 1154 "-" "Go-http-client/1.1"
213.232.87.234 - - [13/Mar/2025:19:44:00 +0000] "GET /.env.production HTTP/1.1" 200 12333 "-" "Go-http-client/1.1"
213.232.87.234 - - [13/Mar/2025:19:44:00 +0000] "GET /.env HTTP/1.1" 200 12328 "-" "Go-http-client/1.1"
213.232.87.234 - - [13/Mar/2025:19:44:00 +0000] "GET /secrets.json HTTP/1.1" 403 1154 "-" "Go-http-client/1.1"
