156.254.127.45 - - [13/Mar/2025:03:10:34 +0000] "POST /wp-admin/admin-ajax.php HTTP/1.1" 200 67 "https://webcloude.com/wp-admin/plugin-install.php" "Mozilla/5.0 (Windows NT 10.0; Win64; x64) AppleWebKit/537.36 (KHTML, like Gecko) Chrome/109.0.0.0 Safari/537.36"
65.109.31.236 - - [13/Mar/2025:03:13:24 +0000] "POST /wp-cron.php?doing_wp_cron=1741835604.7416100502014160156250 HTTP/1.1" 200 20 "-" "WordPress/6.7.2; https://webcloude.com"
65.109.31.236 - - [13/Mar/2025:03:15:34 +0000] "POST /wp-cron.php?doing_wp_cron=1741835734.7926421165466308593750 HTTP/1.1" 200 20 "-" "WordPress/6.7.2; https://webcloude.com"
65.109.31.236 - - [13/Mar/2025:03:17:50 +0000] "POST /wp-cron.php?doing_wp_cron=1741835870.6482429504394531250000 HTTP/1.1" 200 20 "-" "WordPress/6.7.2; https://webcloude.com"
65.109.31.236 - - [13/Mar/2025:03:12:36 +0000] "POST /wp-cron.php?doing_wp_cron=1741835556.5501010417938232421875 HTTP/1.1" 200 20 "-" "WordPress/6.7.2; https://webcloude.com"
156.254.127.45 - - [13/Mar/2025:03:15:33 +0000] "POST /wp-admin/admin-ajax.php HTTP/1.1" 200 67 "https://webcloude.com/wp-admin/plugin-install.php?s=file&tab=search&type=term" "Mozilla/5.0 (Windows NT 10.0; Win64; x64) AppleWebKit/537.36 (KHTML, like Gecko) Chrome/109.0.0.0 Safari/537.36"
156.254.127.45 - - [13/Mar/2025:03:15:35 +0000] "POST /wp-admin/admin-ajax.php HTTP/1.1" 200 240 "https://webcloude.com/wp-admin/plugin-install.php?s=file&tab=search&type=term" "Mozilla/5.0 (Windows NT 10.0; Win64; x64) AppleWebKit/537.36 (KHTML, like Gecko) Chrome/109.0.0.0 Safari/537.36"
156.254.127.45 - - [13/Mar/2025:03:15:41 +0000] "POST /wp-admin/admin-ajax.php HTTP/1.1" 200 221 "https://webcloude.com/wp-admin/plugin-install.php?s=file&tab=search&type=term" "Mozilla/5.0 (Windows NT 10.0; Win64; x64) AppleWebKit/537.36 (KHTML, like Gecko) Chrome/109.0.0.0 Safari/537.36"
156.254.127.45 - - [13/Mar/2025:03:18:56 +0000] "GET /wp-content/plugins/file-manager-advanced/application/library/img/arrows-active.png HTTP/1.1" 200 152 "https://webcloude.com/wp-content/plugins/file-manager-advanced/application/library/css/navbar.css?ver=6.7.2" "Mozilla/5.0 (Windows NT 10.0; Win64; x64) AppleWebKit/537.36 (KHTML, like Gecko) Chrome/109.0.0.0 Safari/537.36"
156.254.127.45 - - [13/Mar/2025:03:18:56 +0000] "GET /wp-content/plugins/file-manager-advanced/application/library/img/volume_icon_local.svg HTTP/1.1" 200 2876 "https://webcloude.com/wp-content/plugins/file-manager-advanced/application/library/css/navbar.css?ver=6.7.2" "Mozilla/5.0 (Windows NT 10.0; Win64; x64) AppleWebKit/537.36 (KHTML, like Gecko) Chrome/109.0.0.0 Safari/537.36"
156.254.127.45 - - [13/Mar/2025:03:18:56 +0000] "GET /wp-content/plugins/file-manager-advanced/application/library/img/arrows-normal.png HTTP/1.1" 200 169 "https://webcloude.com/wp-content/plugins/file-manager-advanced/application/library/css/navbar.css?ver=6.7.2" "Mozilla/5.0 (Windows NT 10.0; Win64; x64) AppleWebKit/537.36 (KHTML, like Gecko) Chrome/109.0.0.0 Safari/537.36"
156.254.127.45 - - [13/Mar/2025:03:12:35 +0000] "POST /wp-admin/admin-ajax.php HTTP/1.1" 200 67 "https://webcloude.com/wp-admin/plugin-install.php" "Mozilla/5.0 (Windows NT 10.0; Win64; x64) AppleWebKit/537.36 (KHTML, like Gecko) Chrome/109.0.0.0 Safari/537.36"
156.254.127.45 - - [13/Mar/2025:03:13:24 +0000] "POST /wp-admin/admin-ajax.php HTTP/1.1" 200 9064 "https://webcloude.com/wp-admin/plugin-install.php?s=file&tab=search&type=term" "Mozilla/5.0 (Windows NT 10.0; Win64; x64) AppleWebKit/537.36 (KHTML, like Gecko) Chrome/109.0.0.0 Safari/537.36"
156.254.127.45 - - [13/Mar/2025:03:13:36 +0000] "POST /wp-admin/admin-ajax.php HTTP/1.1" 200 67 "https://webcloude.com/wp-admin/plugin-install.php?s=file&tab=search&type=term" "Mozilla/5.0 (Windows NT 10.0; Win64; x64) AppleWebKit/537.36 (KHTML, like Gecko) Chrome/109.0.0.0 Safari/537.36"
156.254.127.45 - - [13/Mar/2025:03:16:33 +0000] "POST /wp-admin/admin-ajax.php HTTP/1.1" 200 67 "https://webcloude.com/wp-admin/plugin-install.php?s=file&tab=search&type=term" "Mozilla/5.0 (Windows NT 10.0; Win64; x64) AppleWebKit/537.36 (KHTML, like Gecko) Chrome/109.0.0.0 Safari/537.36"
156.254.127.45 - - [13/Mar/2025:03:18:14 +0000] "GET /wp-includes/js/dist/block-editor.min.js?ver=f231d517e98fd9d2c4e5 HTTP/1.1" 200 244478 "https://webcloude.com/wp-admin/plugins.php?plugin_status=all&paged=1&s" "Mozilla/5.0 (Windows NT 10.0; Win64; x64) AppleWebKit/537.36 (KHTML, like Gecko) Chrome/109.0.0.0 Safari/537.36"
156.254.127.45 - - [13/Mar/2025:03:18:17 +0000] "GET /wp-content/plugins/woocommerce/assets/client/admin/chunks/6262.js?ver=601fe5196b4a9d0a642d HTTP/1.1" 200 5883 "https://webcloude.com/wp-admin/plugins.php?plugin_status=all&paged=1&s" "Mozilla/5.0 (Windows NT 10.0; Win64; x64) AppleWebKit/537.36 (KHTML, like Gecko) Chrome/109.0.0.0 Safari/537.36"
156.254.127.45 - - [13/Mar/2025:03:18:17 +0000] "GET /wp-content/plugins/woocommerce/assets/client/admin/chunks/823.js?ver=fd5737946a0c3c705946 HTTP/1.1" 200 1120 "https://webcloude.com/wp-admin/plugins.php?plugin_status=all&paged=1&s" "Mozilla/5.0 (Windows NT 10.0; Win64; x64) AppleWebKit/537.36 (KHTML, like Gecko) Chrome/109.0.0.0 Safari/537.36"
156.254.127.45 - - [13/Mar/2025:03:18:17 +0000] "GET /wp-content/plugins/woocommerce/assets/client/admin/chunks/823.style.css?ver=c9ded390715fe2152e3f HTTP/1.1" 200 1187 "https://webcloude.com/wp-admin/plugins.php?plugin_status=all&paged=1&s" "Mozilla/5.0 (Windows NT 10.0; Win64; x64) AppleWebKit/537.36 (KHTML, like Gecko) Chrome/109.0.0.0 Safari/537.36"
156.254.127.45 - - [13/Mar/2025:03:18:17 +0000] "GET /wp-admin/images/spinner.gif HTTP/1.1" 200 3656 "https://webcloude.com/wp-admin/load-styles.php?c=0&dir=ltr&load%5Bchunk_0%5D=dashicons,admin-bar,common,forms,admin-menu,dashboard,list-tables,edit,revisions,media,themes,about,nav-menus,wp-pointer,widgets&load%5Bchunk_1%5D=,site-icon,l10n,buttons,wp-auth-check&ver=6.7.2" "Mozilla/5.0 (Windows NT 10.0; Win64; x64) AppleWebKit/537.36 (KHTML, like Gecko) Chrome/109.0.0.0 Safari/537.36"
65.109.31.236 - - [13/Mar/2025:03:23:59 +0000] "POST /wp-cron.php?doing_wp_cron=1741836239.6448750495910644531250 HTTP/1.1" 200 20 "-" "WordPress/6.7.2; https://webcloude.com"
65.109.31.236 - - [13/Mar/2025:03:21:57 +0000] "POST /wp-cron.php?doing_wp_cron=1741836117.9660511016845703125000 HTTP/1.1" 200 20 "-" "WordPress/6.7.2; https://webcloude.com"
156.254.127.45 - - [13/Mar/2025:03:23:58 +0000] "POST /wp-admin/admin-ajax.php HTTP/1.1" 200 67 "https://webcloude.com/wp-admin/admin.php?page=file_manager_advanced_ui" "Mozilla/5.0 (Windows NT 10.0; Win64; x64) AppleWebKit/537.36 (KHTML, like Gecko) Chrome/109.0.0.0 Safari/537.36"
65.109.31.236 - - [13/Mar/2025:03:26:29 +0000] "POST /wp-cron.php?doing_wp_cron=1741836389.9570600986480712890625 HTTP/1.1" 200 20 "-" "WordPress/6.7.2; https://webcloude.com"
156.254.127.45 - - [13/Mar/2025:03:21:57 +0000] "POST /wp-admin/admin-ajax.php HTTP/1.1" 200 67 "https://webcloude.com/wp-admin/admin.php?page=file_manager_advanced_ui" "Mozilla/5.0 (Windows NT 10.0; Win64; x64) AppleWebKit/537.36 (KHTML, like Gecko) Chrome/109.0.0.0 Safari/537.36"
65.109.31.236 - - [13/Mar/2025:03:29:36 +0000] "POST /wp-cron.php?doing_wp_cron=1741836576.4336979389190673828125 HTTP/1.1" 200 20 "-" "WordPress/6.7.2; https://webcloude.com"
156.254.127.45 - - [13/Mar/2025:03:19:56 +0000] "POST /wp-admin/admin-ajax.php HTTP/1.1" 200 67 "https://webcloude.com/wp-admin/admin.php?page=file_manager_advanced_ui" "Mozilla/5.0 (Windows NT 10.0; Win64; x64) AppleWebKit/537.36 (KHTML, like Gecko) Chrome/109.0.0.0 Safari/537.36"
156.254.127.45 - - [13/Mar/2025:03:25:28 +0000] "GET /wp-content/plugins/file-manager-advanced/application/library/jquery/images/ui-bg_glass_75_dadada_1x400.png HTTP/1.1" 200 125 "https://webcloude.com/wp-content/plugins/file-manager-advanced/application/library/jquery/jquery-ui-1.12.0.css?ver=6.7.2" "Mozilla/5.0 (Windows NT 10.0; Win64; x64) AppleWebKit/537.36 (KHTML, like Gecko) Chrome/109.0.0.0 Safari/537.36"
156.254.127.45 - - [13/Mar/2025:03:25:28 +0000] "POST /wp-admin/admin-ajax.php HTTP/1.1" 200 67 "https://webcloude.com/wp-admin/admin.php?page=file_manager_advanced_ui" "Mozilla/5.0 (Windows NT 10.0; Win64; x64) AppleWebKit/537.36 (KHTML, like Gecko) Chrome/109.0.0.0 Safari/537.36"
156.254.127.45 - - [13/Mar/2025:03:25:32 +0000] "GET /wp-content/plugins/file-manager-advanced/application/library/img/progress.gif HTTP/1.1" 200 667 "https://webcloude.com/wp-content/plugins/file-manager-advanced/application/library/css/dialog.css?ver=6.7.2" "Mozilla/5.0 (Windows NT 10.0; Win64; x64) AppleWebKit/537.36 (KHTML, like Gecko) Chrome/109.0.0.0 Safari/537.36"
156.254.127.45 - - [13/Mar/2025:03:25:32 +0000] "GET /wp-content/plugins/file-manager-advanced/application/library/img/dialogs.png HTTP/1.1" 200 5818 "https://webcloude.com/wp-content/plugins/file-manager-advanced/application/library/css/dialog.css?ver=6.7.2" "Mozilla/5.0 (Windows NT 10.0; Win64; x64) AppleWebKit/537.36 (KHTML, like Gecko) Chrome/109.0.0.0 Safari/537.36"
156.254.127.45 - - [13/Mar/2025:03:25:32 +0000] "GET /wp-admin/admin-ajax.php?action=fma_load_fma_ui&_fmakey=2ac14ec809&cmd=ls&target=l1_Lw&intersect%5B%5D=index.php&intersect%5B%5D=manager.php&intersect%5B%5D=we.php&intersect%5B%5D=autoload_classmap.php&reqid=1958d8929186 HTTP/1.1" 200 40 "https://webcloude.com/wp-admin/admin.php?page=file_manager_advanced_ui" "Mozilla/5.0 (Windows NT 10.0; Win64; x64) AppleWebKit/537.36 (KHTML, like Gecko) Chrome/109.0.0.0 Safari/537.36"
156.254.127.45 - - [13/Mar/2025:03:25:35 +0000] "GET /wp-content/plugins/file-manager-advanced/application/library/img/ui-icons_ffffff_256x240.png HTTP/1.1" 200 3759 "https://webcloude.com/wp-content/plugins/file-manager-advanced/application/library/css/theme.css?ver=6.7.2" "Mozilla/5.0 (Windows NT 10.0; Win64; x64) AppleWebKit/537.36 (KHTML, like Gecko) Chrome/109.0.0.0 Safari/537.36"
156.254.127.45 - - [13/Mar/2025:03:25:34 +0000] "POST /wp-admin/admin-ajax.php HTTP/1.1" 403 1154 "https://webcloude.com/wp-admin/admin.php?page=file_manager_advanced_ui" "Mozilla/5.0 (Windows NT 10.0; Win64; x64) AppleWebKit/537.36 (KHTML, like Gecko) Chrome/109.0.0.0 Safari/537.36"
156.254.127.45 - - [13/Mar/2025:03:25:35 +0000] "GET /wp-admin/admin-ajax.php?action=fma_load_fma_ui&_fmakey=2ac14ec809&cmd=abort&id=1958d89317b25c&reqid=1958d8937a0162 HTTP/1.1" 200 11 "https://webcloude.com/wp-admin/admin.php?page=file_manager_advanced_ui" "Mozilla/5.0 (Windows NT 10.0; Win64; x64) AppleWebKit/537.36 (KHTML, like Gecko) Chrome/109.0.0.0 Safari/537.36"
156.254.127.45 - - [13/Mar/2025:03:25:35 +0000] "GET /wp-admin/admin-ajax.php?action=fma_load_fma_ui&_fmakey=2ac14ec809&cmd=open&reload=1&target=l1_Lw&tree=1&compare=&reqid=1958d8937a13b HTTP/1.1" 200 1406 "https://webcloude.com/wp-admin/admin.php?page=file_manager_advanced_ui" "Mozilla/5.0 (Windows NT 10.0; Win64; x64) AppleWebKit/537.36 (KHTML, like Gecko) Chrome/109.0.0.0 Safari/537.36"
156.254.127.45 - - [13/Mar/2025:03:29:36 +0000] "POST /wp-admin/admin-ajax.php HTTP/1.1" 200 67 "https://webcloude.com/wp-admin/admin.php?page=file_manager_advanced_ui" "Mozilla/5.0 (Windows NT 10.0; Win64; x64) AppleWebKit/537.36 (KHTML, like Gecko) Chrome/109.0.0.0 Safari/537.36"
2a06:98c0:3600::103 - - [13/Mar/2025:03:22:16 +0000] "GET /wp-admin/setup-config.php HTTP/1.1" 409 1144 "-" "Mozilla/5.0 (Windows NT 10.0; Win64; x64) AppleWebKit/537.36 (KHTML, like Gecko) Chrome/133.0.0.0 Safari/537.36"
65.109.31.236 - - [13/Mar/2025:03:28:31 +0000] "POST /wp-cron.php?doing_wp_cron=1741836511.5220370292663574218750 HTTP/1.1" 200 20 "-" "WordPress/6.7.2; https://webcloude.com"
65.109.31.236 - - [13/Mar/2025:03:19:56 +0000] "POST /wp-cron.php?doing_wp_cron=1741835996.9284729957580566406250 HTTP/1.1" 200 20 "-" "WordPress/6.7.2; https://webcloude.com"
156.254.127.45 - - [13/Mar/2025:03:26:29 +0000] "POST /wp-admin/admin-ajax.php HTTP/1.1" 200 67 "https://webcloude.com/wp-admin/admin.php?page=file_manager_advanced_ui" "Mozilla/5.0 (Windows NT 10.0; Win64; x64) AppleWebKit/537.36 (KHTML, like Gecko) Chrome/109.0.0.0 Safari/537.36"
156.254.127.45 - - [13/Mar/2025:03:28:30 +0000] "POST /wp-admin/admin-ajax.php HTTP/1.1" 200 67 "https://webcloude.com/wp-admin/admin.php?page=file_manager_advanced_ui" "Mozilla/5.0 (Windows NT 10.0; Win64; x64) AppleWebKit/537.36 (KHTML, like Gecko) Chrome/109.0.0.0 Safari/537.36"
2a06:98c0:3600::103 - - [13/Mar/2025:03:21:07 +0000] "GET /wordpress/wp-admin/setup-config.php HTTP/1.1" 404 25138 "-" "Mozilla/5.0 (Windows NT 10.0; Win64; x64) AppleWebKit/537.36 (KHTML, like Gecko) Chrome/133.0.0.0 Safari/537.36"
65.109.31.236 - - [13/Mar/2025:03:21:10 +0000] "POST /wp-cron.php?doing_wp_cron=1741836070.4197230339050292968750 HTTP/1.1" 200 20 "-" "WordPress/6.7.2; https://webcloude.com"
65.109.31.236 - - [13/Mar/2025:03:25:29 +0000] "POST /wp-cron.php?doing_wp_cron=1741836329.7411398887634277343750 HTTP/1.1" 200 20 "-" "WordPress/6.7.2; https://webcloude.com"
3.22.116.8 - - [13/Mar/2025:03:35:36 +0000] "GET /robots.txt HTTP/2" 200 154 "-" "Mozilla/5.0 AppleWebKit/537.36 (KHTML, like Gecko; compatible; ClaudeBot/1.0; +claudebot@anthropic.com)"
3.22.116.8 - - [13/Mar/2025:03:35:38 +0000] "GET /wp-content/uploads/2019/05/testimonial3-free-img.jpg HTTP/2" 200 6731 "-" "Mozilla/5.0 AppleWebKit/537.36 (KHTML, like Gecko; compatible; ClaudeBot/1.0; +claudebot@anthropic.com)"
65.109.31.236 - - [13/Mar/2025:03:44:10 +0000] "POST /wp-cron.php?doing_wp_cron=1741837450.6329510211944580078125 HTTP/1.1" 200 20 "-" "WordPress/6.7.2; https://webcloude.com"
65.109.31.236 - - [13/Mar/2025:03:35:37 +0000] "POST /wp-cron.php?doing_wp_cron=1741836937.8287220001220703125000 HTTP/1.1" 200 20 "-" "WordPress/6.7.2; https://webcloude.com"
65.109.31.236 - - [13/Mar/2025:03:35:37 +0000] "POST /wp-cron.php?doing_wp_cron=1741836937.8706760406494140625000 HTTP/1.1" 200 20 "-" "WordPress/6.7.2; https://webcloude.com"
2a06:98c0:3600::103 - - [13/Mar/2025:03:44:06 +0000] "GET /wordpress/wp-admin/setup-config.php HTTP/1.1" 404 25137 "-" "Mozilla/5.0 (Windows NT 10.0; Win64; x64) AppleWebKit/537.36 (KHTML, like Gecko) Chrome/133.0.0.0 Safari/537.36"
65.109.31.236 - - [13/Mar/2025:03:35:37 +0000] "POST /wp-cron.php?doing_wp_cron=1741836937.7847309112548828125000 HTTP/1.1" 200 20 "-" "WordPress/6.7.2; https://webcloude.com"
65.109.31.236 - - [13/Mar/2025:04:26:52 +0000] "POST /wp-cron.php?doing_wp_cron=1741840012.9097599983215332031250 HTTP/1.1" 200 20 "-" "WordPress/6.7.2; https://webcloude.com"
139.99.52.207 - - [13/Mar/2025:04:43:27 +0000] "GET / HTTP/1.1" 200 184631 "-" "Mozilla/5.0 (Windows NT 10.0; Win64; x64) AppleWebKit/537.36 (KHTML, like Gecko) Chrome/89.0.4389.114 Safari/537.36"
139.99.52.207 - - [13/Mar/2025:04:43:28 +0000] "GET //wp-includes/wlwmanifest.xml HTTP/1.1" 301 0 "-" "Mozilla/5.0 (Windows NT 10.0; Win64; x64) AppleWebKit/537.36 (KHTML, like Gecko) Chrome/89.0.4389.114 Safari/537.36"
139.99.52.207 - - [13/Mar/2025:04:43:28 +0000] "GET //xmlrpc.php?rsd HTTP/1.1" 200 23330 "-" "Mozilla/5.0 (Windows NT 10.0; Win64; x64) AppleWebKit/537.36 (KHTML, like Gecko) Chrome/89.0.4389.114 Safari/537.36"
139.99.52.207 - - [13/Mar/2025:04:43:29 +0000] "GET / HTTP/1.1" 200 184631 "-" "Mozilla/5.0 (Windows NT 10.0; Win64; x64) AppleWebKit/537.36 (KHTML, like Gecko) Chrome/89.0.4389.114 Safari/537.36"
139.99.52.207 - - [13/Mar/2025:04:43:29 +0000] "GET //wp-login.php HTTP/1.1" 200 5605 "-" "Mozilla/5.0 (Windows NT 10.0; Win64; x64) AppleWebKit/537.36 (KHTML, like Gecko) Chrome/89.0.4389.114 Safari/537.36"
139.99.52.207 - - [13/Mar/2025:04:43:30 +0000] "GET //?author=1 HTTP/1.1" 301 0 "-" "Mozilla/5.0 (Windows NT 10.0; Win64; x64) AppleWebKit/537.36 (KHTML, like Gecko) Chrome/89.0.4389.114 Safari/537.36"
139.99.52.207 - - [13/Mar/2025:04:43:30 +0000] "GET //?author=2 HTTP/1.1" 301 0 "-" "Mozilla/5.0 (Windows NT 10.0; Win64; x64) AppleWebKit/537.36 (KHTML, like Gecko) Chrome/89.0.4389.114 Safari/537.36"
139.99.52.207 - - [13/Mar/2025:04:43:30 +0000] "GET //?author=3 HTTP/1.1" 301 0 "-" "Mozilla/5.0 (Windows NT 10.0; Win64; x64) AppleWebKit/537.36 (KHTML, like Gecko) Chrome/89.0.4389.114 Safari/537.36"
139.99.52.207 - - [13/Mar/2025:04:43:31 +0000] "GET //wp-json/wp/v2/users/ HTTP/1.1" 200 1418 "-" "Mozilla/5.0 (Windows NT 10.0; Win64; x64) AppleWebKit/537.36 (KHTML, like Gecko) Chrome/89.0.4389.114 Safari/537.36"
139.99.52.207 - - [13/Mar/2025:04:43:31 +0000] "POST //xmlrpc.php HTTP/1.1" 200 23330 "-" "Mozilla/5.0 (Windows NT 10.0; Win64; x64) AppleWebKit/537.36 (KHTML, like Gecko) Chrome/89.0.4389.114 Safari/537.36"
139.99.52.207 - - [13/Mar/2025:04:43:31 +0000] "POST //wp-login.php HTTP/1.1" 200 6022 "https://webcloude.com//wp-login.php" "Mozilla/5.0 (Windows NT 10.0; Win64; x64) AppleWebKit/537.36 (KHTML, like Gecko) Chrome/89.0.4389.114 Safari/537.36"
139.99.52.207 - - [13/Mar/2025:04:43:32 +0000] "POST //wp-login.php HTTP/1.1" 200 6022 "https://webcloude.com//wp-login.php" "Mozilla/5.0 (Windows NT 10.0; Win64; x64) AppleWebKit/537.36 (KHTML, like Gecko) Chrome/89.0.4389.114 Safari/537.36"
139.99.52.207 - - [13/Mar/2025:04:43:32 +0000] "POST //wp-login.php HTTP/1.1" 200 6022 "https://webcloude.com//wp-login.php" "Mozilla/5.0 (Windows NT 10.0; Win64; x64) AppleWebKit/537.36 (KHTML, like Gecko) Chrome/89.0.4389.114 Safari/537.36"
139.99.52.207 - - [13/Mar/2025:04:43:32 +0000] "POST //wp-login.php HTTP/1.1" 200 6022 "https://webcloude.com//wp-login.php" "Mozilla/5.0 (Windows NT 10.0; Win64; x64) AppleWebKit/537.36 (KHTML, like Gecko) Chrome/89.0.4389.114 Safari/537.36"
139.99.52.207 - - [13/Mar/2025:04:43:33 +0000] "POST //wp-login.php HTTP/1.1" 200 6022 "https://webcloude.com//wp-login.php" "Mozilla/5.0 (Windows NT 10.0; Win64; x64) AppleWebKit/537.36 (KHTML, like Gecko) Chrome/89.0.4389.114 Safari/537.36"
139.99.52.207 - - [13/Mar/2025:04:43:34 +0000] "POST //wp-login.php HTTP/1.1" 200 6022 "https://webcloude.com//wp-login.php" "Mozilla/5.0 (Windows NT 10.0; Win64; x64) AppleWebKit/537.36 (KHTML, like Gecko) Chrome/89.0.4389.114 Safari/537.36"
139.99.52.207 - - [13/Mar/2025:04:43:36 +0000] "POST //wp-login.php HTTP/1.1" 200 6022 "https://webcloude.com//wp-login.php" "Mozilla/5.0 (Windows NT 10.0; Win64; x64) AppleWebKit/537.36 (KHTML, like Gecko) Chrome/89.0.4389.114 Safari/537.36"
139.99.52.207 - - [13/Mar/2025:04:43:39 +0000] "POST //wp-login.php HTTP/1.1" 200 6022 "https://webcloude.com//wp-login.php" "Mozilla/5.0 (Windows NT 10.0; Win64; x64) AppleWebKit/537.36 (KHTML, like Gecko) Chrome/89.0.4389.114 Safari/537.36"
139.99.52.207 - - [13/Mar/2025:04:43:43 +0000] "POST //wp-login.php HTTP/1.1" 200 6022 "https://webcloude.com//wp-login.php" "Mozilla/5.0 (Windows NT 10.0; Win64; x64) AppleWebKit/537.36 (KHTML, like Gecko) Chrome/89.0.4389.114 Safari/537.36"
139.99.52.207 - - [13/Mar/2025:04:43:46 +0000] "POST //wp-login.php HTTP/1.1" 200 6022 "https://webcloude.com//wp-login.php" "Mozilla/5.0 (Windows NT 10.0; Win64; x64) AppleWebKit/537.36 (KHTML, like Gecko) Chrome/89.0.4389.114 Safari/537.36"
139.99.52.207 - - [13/Mar/2025:04:43:50 +0000] "POST //wp-login.php HTTP/1.1" 200 6022 "https://webcloude.com//wp-login.php" "Mozilla/5.0 (Windows NT 10.0; Win64; x64) AppleWebKit/537.36 (KHTML, like Gecko) Chrome/89.0.4389.114 Safari/537.36"
2a06:98c0:3600::103 - - [13/Mar/2025:04:26:52 +0000] "GET /wordpress/wp-admin/setup-config.php HTTP/1.1" 404 25138 "-" "Mozilla/5.0 (Windows NT 10.0; Win64; x64) AppleWebKit/537.36 (KHTML, like Gecko) Chrome/133.0.0.0 Safari/537.36"
2a06:98c0:3600::103 - - [13/Mar/2025:04:52:32 +0000] "GET /wp-admin/setup-config.php HTTP/1.1" 409 1144 "-" "Mozilla/5.0 (Windows NT 10.0; Win64; x64) AppleWebKit/537.36 (KHTML, like Gecko) Chrome/133.0.0.0 Safari/537.36"
2a06:98c0:3600::103 - - [13/Mar/2025:04:04:50 +0000] "GET /wp-admin/setup-config.php HTTP/1.1" 409 1144 "-" "Mozilla/5.0 (Windows NT 10.0; Win64; x64) AppleWebKit/537.36 (KHTML, like Gecko) Chrome/133.0.0.0 Safari/537.36"
2a06:98c0:3600::103 - - [13/Mar/2025:04:51:36 +0000] "GET /wordpress/wp-admin/setup-config.php HTTP/1.1" 404 25138 "-" "Mozilla/5.0 (Windows NT 10.0; Win64; x64) AppleWebKit/537.36 (KHTML, like Gecko) Chrome/133.0.0.0 Safari/537.36"
2a06:98c0:3600::103 - - [13/Mar/2025:04:27:45 +0000] "GET /wp-admin/setup-config.php HTTP/1.1" 409 1144 "-" "Mozilla/5.0 (Windows NT 10.0; Win64; x64) AppleWebKit/537.36 (KHTML, like Gecko) Chrome/133.0.0.0 Safari/537.36"
65.109.31.236 - - [13/Mar/2025:04:51:36 +0000] "POST /wp-cron.php?doing_wp_cron=1741841496.7125749588012695312500 HTTP/1.1" 200 20 "-" "WordPress/6.7.2; https://webcloude.com"
65.109.31.236 - - [13/Mar/2025:04:04:51 +0000] "POST /wp-cron.php?doing_wp_cron=1741838691.4431829452514648437500 HTTP/1.1" 200 20 "-" "WordPress/6.7.2; https://webcloude.com"
2a06:98c0:3600::103 - - [13/Mar/2025:04:04:50 +0000] "GET /wordpress/wp-admin/setup-config.php HTTP/1.1" 404 25138 "-" "Mozilla/5.0 (Windows NT 10.0; Win64; x64) AppleWebKit/537.36 (KHTML, like Gecko) Chrome/133.0.0.0 Safari/537.36"
139.99.52.207 - - [13/Mar/2025:04:14:24 +0000] "GET / HTTP/1.1" 200 184631 "-" "Mozilla/5.0 (Windows NT 10.0; Win64; x64) AppleWebKit/537.36 (KHTML, like Gecko) Chrome/89.0.4389.114 Safari/537.36"
139.99.52.207 - - [13/Mar/2025:04:14:26 +0000] "GET //wp-includes/wlwmanifest.xml HTTP/1.1" 301 0 "-" "Mozilla/5.0 (Windows NT 10.0; Win64; x64) AppleWebKit/537.36 (KHTML, like Gecko) Chrome/89.0.4389.114 Safari/537.36"
139.99.52.207 - - [13/Mar/2025:04:14:27 +0000] "GET //xmlrpc.php?rsd HTTP/1.1" 200 23330 "-" "Mozilla/5.0 (Windows NT 10.0; Win64; x64) AppleWebKit/537.36 (KHTML, like Gecko) Chrome/89.0.4389.114 Safari/537.36"
139.99.52.207 - - [13/Mar/2025:04:14:27 +0000] "GET / HTTP/1.1" 200 184631 "-" "Mozilla/5.0 (Windows NT 10.0; Win64; x64) AppleWebKit/537.36 (KHTML, like Gecko) Chrome/89.0.4389.114 Safari/537.36"
139.99.52.207 - - [13/Mar/2025:04:14:30 +0000] "GET //?author=1 HTTP/1.1" 301 0 "-" "Mozilla/5.0 (Windows NT 10.0; Win64; x64) AppleWebKit/537.36 (KHTML, like Gecko) Chrome/89.0.4389.114 Safari/537.36"
139.99.52.207 - - [13/Mar/2025:04:14:31 +0000] "GET //?author=2 HTTP/1.1" 301 0 "-" "Mozilla/5.0 (Windows NT 10.0; Win64; x64) AppleWebKit/537.36 (KHTML, like Gecko) Chrome/89.0.4389.114 Safari/537.36"
139.99.52.207 - - [13/Mar/2025:04:14:31 +0000] "GET //?author=3 HTTP/1.1" 301 0 "-" "Mozilla/5.0 (Windows NT 10.0; Win64; x64) AppleWebKit/537.36 (KHTML, like Gecko) Chrome/89.0.4389.114 Safari/537.36"
139.99.52.207 - - [13/Mar/2025:04:14:31 +0000] "GET //wp-json/wp/v2/users/ HTTP/1.1" 200 1418 "-" "Mozilla/5.0 (Windows NT 10.0; Win64; x64) AppleWebKit/537.36 (KHTML, like Gecko) Chrome/89.0.4389.114 Safari/537.36"
139.99.52.207 - - [13/Mar/2025:04:14:32 +0000] "POST //xmlrpc.php HTTP/1.1" 200 23330 "-" "Mozilla/5.0 (Windows NT 10.0; Win64; x64) AppleWebKit/537.36 (KHTML, like Gecko) Chrome/89.0.4389.114 Safari/537.36"
2a06:98c0:3600::103 - - [13/Mar/2025:05:13:21 +0000] "GET /wordpress/wp-admin/setup-config.php HTTP/1.1" 404 25137 "-" "Mozilla/5.0 (Windows NT 10.0; Win64; x64) AppleWebKit/537.36 (KHTML, like Gecko) Chrome/133.0.0.0 Safari/537.36"
2a06:98c0:3600::103 - - [13/Mar/2025:05:34:14 +0000] "GET /wordpress/wp-admin/setup-config.php HTTP/1.1" 404 25139 "-" "Mozilla/5.0 (Windows NT 10.0; Win64; x64) AppleWebKit/537.36 (KHTML, like Gecko) Chrome/133.0.0.0 Safari/537.36"
2a06:98c0:3600::103 - - [13/Mar/2025:05:53:59 +0000] "GET /wp-admin/setup-config.php HTTP/1.1" 409 1144 "-" "Mozilla/5.0 (Windows NT 10.0; Win64; x64) AppleWebKit/537.36 (KHTML, like Gecko) Chrome/133.0.0.0 Safari/537.36"
188.126.89.76 - - [13/Mar/2025:06:07:20 +0000] "GET /wp-content/uploads/2021/03/logo-4.svg HTTP/1.1" 200 2609 "http://webcloude.com/" "Mozilla/5.0 (iPhone; CPU iPhone OS 18_1_1 like Mac OS X) AppleWebKit/605.1.15 (KHTML, like Gecko) Version/18.1.1 Mobile/15E148 Safari/604.1"
18.199.223.174 - - [13/Mar/2025:06:07:25 +0000] "GET /favicon.ico HTTP/1.1" 404 1163 "http://webcloude.com/" "Mozilla/5.0 (Macintosh; Intel Mac OS X 10_15_7) AppleWebKit/605.1.15 (KHTML, like Gecko) Version/17.6 Safari/605.1.15"
45.133.192.201 - - [13/Mar/2025:06:12:05 +0000] "GET /checkout HTTP/2" 301 20 "-" "Mozilla/5.0 (Windows NT 10.0; Win64; x64) AppleWebKit/537.36 (KHTML, like Gecko) Chrome/132.0.0.0 Safari/537.36 Edg/132.0.0.0"
45.133.192.201 - - [13/Mar/2025:06:12:11 +0000] "GET /checkout/ HTTP/2" 302 20 "-" "Mozilla/5.0 (Windows NT 10.0; Win64; x64) AppleWebKit/537.36 (KHTML, like Gecko) Chrome/132.0.0.0 Safari/537.36 Edg/132.0.0.0"
45.133.192.201 - - [13/Mar/2025:06:12:11 +0000] "GET /cart/ HTTP/2" 200 47306 "-" "Mozilla/5.0 (Windows NT 10.0; Win64; x64) AppleWebKit/537.36 (KHTML, like Gecko) Chrome/132.0.0.0 Safari/537.36 Edg/132.0.0.0"
45.133.192.201 - - [13/Mar/2025:06:12:14 +0000] "GET /wp-content/plugins/woocommerce/assets/css/brands.css?ver=9.7.1 HTTP/2" 200 579 "https://webcloude.com/cart/" "Mozilla/5.0 (Windows NT 10.0; Win64; x64) AppleWebKit/537.36 (KHTML, like Gecko) Chrome/132.0.0.0 Safari/537.36 Edg/132.0.0.0"
45.133.192.201 - - [13/Mar/2025:06:12:14 +0000] "GET /wp-content/uploads/astra-addon/astra-addon-67cec7518f7873-81616659.css?ver=4.9.1 HTTP/2" 200 3424 "https://webcloude.com/cart/" "Mozilla/5.0 (Windows NT 10.0; Win64; x64) AppleWebKit/537.36 (KHTML, like Gecko) Chrome/132.0.0.0 Safari/537.36 Edg/132.0.0.0"
45.133.192.201 - - [13/Mar/2025:06:12:14 +0000] "GET /wp-content/themes/astra/assets/css/minified/compatibility/woocommerce/woocommerce-grid.min.css?ver=4.9.0 HTTP/2" 200 15143 "https://webcloude.com/cart/" "Mozilla/5.0 (Windows NT 10.0; Win64; x64) AppleWebKit/537.36 (KHTML, like Gecko) Chrome/132.0.0.0 Safari/537.36 Edg/132.0.0.0"
45.133.192.201 - - [13/Mar/2025:06:12:14 +0000] "GET /wp-content/themes/astra/assets/css/minified/compatibility/woocommerce/woocommerce-layout-grid.min.css?ver=4.9.0 HTTP/2" 200 1829 "https://webcloude.com/cart/" "Mozilla/5.0 (Windows NT 10.0; Win64; x64) AppleWebKit/537.36 (KHTML, like Gecko) Chrome/132.0.0.0 Safari/537.36 Edg/132.0.0.0"
45.133.192.201 - - [13/Mar/2025:06:12:14 +0000] "GET /wp-includes/js/jquery/jquery-migrate.min.js?ver=3.4.1 HTTP/2" 200 4678 "https://webcloude.com/cart/" "Mozilla/5.0 (Windows NT 10.0; Win64; x64) AppleWebKit/537.36 (KHTML, like Gecko) Chrome/132.0.0.0 Safari/537.36 Edg/132.0.0.0"
45.133.192.201 - - [13/Mar/2025:06:12:14 +0000] "GET /wp-includes/css/dist/block-library/style.min.css?ver=6.7.2 HTTP/2" 200 14225 "https://webcloude.com/cart/" "Mozilla/5.0 (Windows NT 10.0; Win64; x64) AppleWebKit/537.36 (KHTML, like Gecko) Chrome/132.0.0.0 Safari/537.36 Edg/132.0.0.0"
45.133.192.201 - - [13/Mar/2025:06:12:14 +0000] "GET /wp-content/plugins/woocommerce/assets/css/select2.css?ver=9.7.1 HTTP/2" 200 1737 "https://webcloude.com/cart/" "Mozilla/5.0 (Windows NT 10.0; Win64; x64) AppleWebKit/537.36 (KHTML, like Gecko) Chrome/132.0.0.0 Safari/537.36 Edg/132.0.0.0"
45.133.192.201 - - [13/Mar/2025:06:12:14 +0000] "GET /wp-content/themes/astra/assets/css/minified/main.min.css?ver=4.9.0 HTTP/2" 200 8479 "https://webcloude.com/cart/" "Mozilla/5.0 (Windows NT 10.0; Win64; x64) AppleWebKit/537.36 (KHTML, like Gecko) Chrome/132.0.0.0 Safari/537.36 Edg/132.0.0.0"
45.133.192.201 - - [13/Mar/2025:06:12:14 +0000] "GET /wp-content/plugins/presto-player/src/player/player-static.js?ver=1741603404 HTTP/2" 200 226 "https://webcloude.com/cart/" "Mozilla/5.0 (Windows NT 10.0; Win64; x64) AppleWebKit/537.36 (KHTML, like Gecko) Chrome/132.0.0.0 Safari/537.36 Edg/132.0.0.0"
45.133.192.201 - - [13/Mar/2025:06:12:14 +0000] "GET /wp-includes/js/jquery/jquery.min.js?ver=3.7.1 HTTP/2" 200 29744 "https://webcloude.com/cart/" "Mozilla/5.0 (Windows NT 10.0; Win64; x64) AppleWebKit/537.36 (KHTML, like Gecko) Chrome/132.0.0.0 Safari/537.36 Edg/132.0.0.0"
45.133.192.201 - - [13/Mar/2025:06:12:14 +0000] "GET /wp-content/plugins/woocommerce/assets/client/blocks/wc-blocks.css?ver=wc-9.7.1 HTTP/2" 200 2367 "https://webcloude.com/cart/" "Mozilla/5.0 (Windows NT 10.0; Win64; x64) AppleWebKit/537.36 (KHTML, like Gecko) Chrome/132.0.0.0 Safari/537.36 Edg/132.0.0.0"
45.133.192.201 - - [13/Mar/2025:06:12:14 +0000] "GET /wp-content/uploads/2019/06/learn-dash-white-logo.svg HTTP/2" 200 5000 "https://webcloude.com/cart/" "Mozilla/5.0 (Windows NT 10.0; Win64; x64) AppleWebKit/537.36 (KHTML, like Gecko) Chrome/132.0.0.0 Safari/537.36 Edg/132.0.0.0"
45.133.192.201 - - [13/Mar/2025:06:12:15 +0000] "GET /wp-content/plugins/woocommerce/assets/client/blocks/coming-soon.css?ver=wc-9.7.1 HTTP/2" 200 1321 "https://webcloude.com/cart/" "Mozilla/5.0 (Windows NT 10.0; Win64; x64) AppleWebKit/537.36 (KHTML, like Gecko) Chrome/132.0.0.0 Safari/537.36 Edg/132.0.0.0"
45.133.192.201 - - [13/Mar/2025:06:12:15 +0000] "GET /wp-content/plugins/wpforms-lite/assets/css/frontend/classic/wpforms-base.min.css?ver=1.9.4.1 HTTP/2" 200 6111 "https://webcloude.com/cart/" "Mozilla/5.0 (Windows NT 10.0; Win64; x64) AppleWebKit/537.36 (KHTML, like Gecko) Chrome/132.0.0.0 Safari/537.36 Edg/132.0.0.0"
45.133.192.201 - - [13/Mar/2025:06:12:15 +0000] "GET /wp-content/themes/astra/assets/js/minified/frontend.min.js?ver=4.9.0 HTTP/2" 200 5508 "https://webcloude.com/cart/" "Mozilla/5.0 (Windows NT 10.0; Win64; x64) AppleWebKit/537.36 (KHTML, like Gecko) Chrome/132.0.0.0 Safari/537.36 Edg/132.0.0.0"
45.133.192.201 - - [13/Mar/2025:06:12:15 +0000] "GET /wp-includes/js/dist/i18n.min.js?ver=5e580eb46a90c2b997e6 HTTP/2" 200 3542 "https://webcloude.com/cart/" "Mozilla/5.0 (Windows NT 10.0; Win64; x64) AppleWebKit/537.36 (KHTML, like Gecko) Chrome/132.0.0.0 Safari/537.36 Edg/132.0.0.0"
45.133.192.201 - - [13/Mar/2025:06:12:15 +0000] "GET /wp-includes/js/dist/dom-ready.min.js?ver=f77871ff7694fffea381 HTTP/2" 200 275 "https://webcloude.com/cart/" "Mozilla/5.0 (Windows NT 10.0; Win64; x64) AppleWebKit/537.36 (KHTML, like Gecko) Chrome/132.0.0.0 Safari/537.36 Edg/132.0.0.0"
45.133.192.201 - - [13/Mar/2025:06:12:15 +0000] "GET /wp-content/plugins/astra-sites/inc/lib/onboarding/assets/dist/template-preview/main.js?ver=06758d4d807d9d22c6ea HTTP/2" 200 2086 "https://webcloude.com/cart/" "Mozilla/5.0 (Windows NT 10.0; Win64; x64) AppleWebKit/537.36 (KHTML, like Gecko) Chrome/132.0.0.0 Safari/537.36 Edg/132.0.0.0"
45.133.192.201 - - [13/Mar/2025:06:12:15 +0000] "GET /wp-includes/js/dist/hooks.min.js?ver=4d63a3d491d11ffd8ac6 HTTP/2" 200 1571 "https://webcloude.com/cart/" "Mozilla/5.0 (Windows NT 10.0; Win64; x64) AppleWebKit/537.36 (KHTML, like Gecko) Chrome/132.0.0.0 Safari/537.36 Edg/132.0.0.0"
45.133.192.201 - - [13/Mar/2025:06:12:15 +0000] "GET /wp-content/uploads/astra-addon/astra-addon-67cec751911a93-77625639.js?ver=4.9.1 HTTP/2" 200 5072 "https://webcloude.com/cart/" "Mozilla/5.0 (Windows NT 10.0; Win64; x64) AppleWebKit/537.36 (KHTML, like Gecko) Chrome/132.0.0.0 Safari/537.36 Edg/132.0.0.0"
45.133.192.201 - - [13/Mar/2025:06:12:15 +0000] "GET /wp-content/plugins/woocommerce/assets/fonts/cardo_normal_400.woff2 HTTP/2" 200 146060 "https://webcloude.com/cart/" "Mozilla/5.0 (Windows NT 10.0; Win64; x64) AppleWebKit/537.36 (KHTML, like Gecko) Chrome/132.0.0.0 Safari/537.36 Edg/132.0.0.0"
45.133.192.201 - - [13/Mar/2025:06:12:15 +0000] "GET /wp-content/plugins/woocommerce/assets/fonts/Inter-VariableFont_slnt,wght.woff2 HTTP/2" 200 326628 "https://webcloude.com/cart/" "Mozilla/5.0 (Windows NT 10.0; Win64; x64) AppleWebKit/537.36 (KHTML, like Gecko) Chrome/132.0.0.0 Safari/537.36 Edg/132.0.0.0"
45.133.192.201 - - [13/Mar/2025:06:12:16 +0000] "GET /wp-content/plugins/astra-addon/assets/js/minified/purify.min.js?ver=4.9.1 HTTP/2" 200 8109 "https://webcloude.com/cart/" "Mozilla/5.0 (Windows NT 10.0; Win64; x64) AppleWebKit/537.36 (KHTML, like Gecko) Chrome/132.0.0.0 Safari/537.36 Edg/132.0.0.0"
45.133.192.201 - - [13/Mar/2025:06:12:16 +0000] "GET /wp-content/plugins/woocommerce/assets/js/sourcebuster/sourcebuster.min.js?ver=9.7.1 HTTP/2" 200 4609 "https://webcloude.com/cart/" "Mozilla/5.0 (Windows NT 10.0; Win64; x64) AppleWebKit/537.36 (KHTML, like Gecko) Chrome/132.0.0.0 Safari/537.36 Edg/132.0.0.0"
45.133.192.201 - - [13/Mar/2025:06:12:16 +0000] "GET /wp-content/plugins/woocommerce/assets/js/frontend/order-attribution.min.js?ver=9.7.1 HTTP/2" 200 1006 "https://webcloude.com/cart/" "Mozilla/5.0 (Windows NT 10.0; Win64; x64) AppleWebKit/537.36 (KHTML, like Gecko) Chrome/132.0.0.0 Safari/537.36 Edg/132.0.0.0"
45.133.192.201 - - [13/Mar/2025:06:12:16 +0000] "GET /wp-content/plugins/wpforms-lite/assets/js/share/utils.min.js?ver=1.9.4.1 HTTP/2" 200 733 "https://webcloude.com/cart/" "Mozilla/5.0 (Windows NT 10.0; Win64; x64) AppleWebKit/537.36 (KHTML, like Gecko) Chrome/132.0.0.0 Safari/537.36 Edg/132.0.0.0"
45.133.192.201 - - [13/Mar/2025:06:12:16 +0000] "GET /wp-content/plugins/woocommerce/assets/js/jquery-blockui/jquery.blockUI.min.js?ver=2.7.0-wc.9.7.1 HTTP/2" 200 3277 "https://webcloude.com/cart/" "Mozilla/5.0 (Windows NT 10.0; Win64; x64) AppleWebKit/537.36 (KHTML, like Gecko) Chrome/132.0.0.0 Safari/537.36 Edg/132.0.0.0"
45.133.192.201 - - [13/Mar/2025:06:12:16 +0000] "GET /wp-content/plugins/wpforms-lite/assets/js/frontend/wpforms.min.js?ver=1.9.4.1 HTTP/2" 200 13211 "https://webcloude.com/cart/" "Mozilla/5.0 (Windows NT 10.0; Win64; x64) AppleWebKit/537.36 (KHTML, like Gecko) Chrome/132.0.0.0 Safari/537.36 Edg/132.0.0.0"
45.133.192.201 - - [13/Mar/2025:06:12:16 +0000] "GET /wp-content/plugins/wpforms-lite/assets/lib/jquery.validate.min.js?ver=1.21.0 HTTP/2" 200 7806 "https://webcloude.com/cart/" "Mozilla/5.0 (Windows NT 10.0; Win64; x64) AppleWebKit/537.36 (KHTML, like Gecko) Chrome/132.0.0.0 Safari/537.36 Edg/132.0.0.0"
45.133.192.201 - - [13/Mar/2025:06:12:16 +0000] "GET /wp-content/plugins/wpforms-lite/assets/lib/punycode.min.js?ver=1.0.0 HTTP/2" 200 833 "https://webcloude.com/cart/" "Mozilla/5.0 (Windows NT 10.0; Win64; x64) AppleWebKit/537.36 (KHTML, like Gecko) Chrome/132.0.0.0 Safari/537.36 Edg/132.0.0.0"
45.133.192.201 - - [13/Mar/2025:06:12:16 +0000] "GET /wp-content/plugins/wpforms-lite/assets/lib/mailcheck.min.js?ver=1.1.2 HTTP/2" 200 1615 "https://webcloude.com/cart/" "Mozilla/5.0 (Windows NT 10.0; Win64; x64) AppleWebKit/537.36 (KHTML, like Gecko) Chrome/132.0.0.0 Safari/537.36 Edg/132.0.0.0"
45.133.192.201 - - [13/Mar/2025:06:12:17 +0000] "GET /wp-content/plugins/woocommerce/assets/js/frontend/add-to-cart.min.js?ver=9.7.1 HTTP/2" 200 1225 "https://webcloude.com/cart/" "Mozilla/5.0 (Windows NT 10.0; Win64; x64) AppleWebKit/537.36 (KHTML, like Gecko) Chrome/132.0.0.0 Safari/537.36 Edg/132.0.0.0"
45.133.192.201 - - [13/Mar/2025:06:12:17 +0000] "GET /wp-content/plugins/woocommerce/assets/js/frontend/address-i18n.min.js?ver=9.7.1 HTTP/2" 200 874 "https://webcloude.com/cart/" "Mozilla/5.0 (Windows NT 10.0; Win64; x64) AppleWebKit/537.36 (KHTML, like Gecko) Chrome/132.0.0.0 Safari/537.36 Edg/132.0.0.0"
45.133.192.201 - - [13/Mar/2025:06:12:17 +0000] "GET /wp-content/plugins/woocommerce/assets/js/frontend/woocommerce.min.js?ver=9.7.1 HTTP/2" 200 1241 "https://webcloude.com/cart/" "Mozilla/5.0 (Windows NT 10.0; Win64; x64) AppleWebKit/537.36 (KHTML, like Gecko) Chrome/132.0.0.0 Safari/537.36 Edg/132.0.0.0"
45.133.192.201 - - [13/Mar/2025:06:12:17 +0000] "GET /wp-content/plugins/woocommerce/assets/js/frontend/country-select.min.js?ver=9.7.1 HTTP/2" 200 989 "https://webcloude.com/cart/" "Mozilla/5.0 (Windows NT 10.0; Win64; x64) AppleWebKit/537.36 (KHTML, like Gecko) Chrome/132.0.0.0 Safari/537.36 Edg/132.0.0.0"
45.133.192.201 - - [13/Mar/2025:06:12:17 +0000] "GET /wp-content/plugins/woocommerce/assets/js/js-cookie/js.cookie.min.js?ver=2.1.4-wc.9.7.1 HTTP/2" 200 760 "https://webcloude.com/cart/" "Mozilla/5.0 (Windows NT 10.0; Win64; x64) AppleWebKit/537.36 (KHTML, like Gecko) Chrome/132.0.0.0 Safari/537.36 Edg/132.0.0.0"
45.133.192.201 - - [13/Mar/2025:06:12:18 +0000] "GET /wp-content/plugins/woocommerce/assets/js/frontend/cart.min.js?ver=9.7.1 HTTP/2" 200 2233 "https://webcloude.com/cart/" "Mozilla/5.0 (Windows NT 10.0; Win64; x64) AppleWebKit/537.36 (KHTML, like Gecko) Chrome/132.0.0.0 Safari/537.36 Edg/132.0.0.0"
45.133.192.201 - - [13/Mar/2025:06:12:18 +0000] "GET /wp-content/plugins/woocommerce/assets/js/frontend/cart-fragments.min.js?ver=9.7.1 HTTP/2" 200 943 "https://webcloude.com/cart/" "Mozilla/5.0 (Windows NT 10.0; Win64; x64) AppleWebKit/537.36 (KHTML, like Gecko) Chrome/132.0.0.0 Safari/537.36 Edg/132.0.0.0"
45.133.192.201 - - [13/Mar/2025:06:12:18 +0000] "GET /wp-content/plugins/woocommerce/assets/js/selectWoo/selectWoo.full.min.js?ver=1.0.9-wc.9.7.1 HTTP/2" 200 20246 "https://webcloude.com/cart/" "Mozilla/5.0 (Windows NT 10.0; Win64; x64) AppleWebKit/537.36 (KHTML, like Gecko) Chrome/132.0.0.0 Safari/537.36 Edg/132.0.0.0"
45.133.192.201 - - [13/Mar/2025:06:12:18 +0000] "GET /wp-content/themes/astra/assets/css/minified/compatibility/woocommerce/woocommerce-smallscreen-grid.min.css?ver=4.9.0 HTTP/2" 200 796 "https://webcloude.com/cart/" "Mozilla/5.0 (Windows NT 10.0; Win64; x64) AppleWebKit/537.36 (KHTML, like Gecko) Chrome/132.0.0.0 Safari/537.36 Edg/132.0.0.0"
45.133.192.201 - - [13/Mar/2025:06:12:18 +0000] "GET /wp-content/plugins/presto-player/dist/components/web-components/web-components.esm.js?ver=1741603403 HTTP/2" 200 2006 "https://webcloude.com/cart/" "Mozilla/5.0 (Windows NT 10.0; Win64; x64) AppleWebKit/537.36 (KHTML, like Gecko) Chrome/132.0.0.0 Safari/537.36 Edg/132.0.0.0"
45.133.192.201 - - [13/Mar/2025:06:12:18 +0000] "POST /?wc-ajax=get_refreshed_fragments HTTP/2" 200 484 "https://webcloude.com/cart/" "Mozilla/5.0 (Windows NT 10.0; Win64; x64) AppleWebKit/537.36 (KHTML, like Gecko) Chrome/132.0.0.0 Safari/537.36 Edg/132.0.0.0"
45.133.192.201 - - [13/Mar/2025:06:12:18 +0000] "GET /wp-content/plugins/presto-player/dist/components/web-components/p-e1255160.js HTTP/2" 200 30 "https://webcloude.com/wp-content/plugins/presto-player/dist/components/web-components/web-components.esm.js?ver=1741603403" "Mozilla/5.0 (Windows NT 10.0; Win64; x64) AppleWebKit/537.36 (KHTML, like Gecko) Chrome/132.0.0.0 Safari/537.36 Edg/132.0.0.0"
45.133.192.201 - - [13/Mar/2025:06:12:18 +0000] "GET /wp-content/plugins/presto-player/dist/components/web-components/p-43f79dfb.js HTTP/2" 200 6985 "https://webcloude.com/wp-content/plugins/presto-player/dist/components/web-components/web-components.esm.js?ver=1741603403" "Mozilla/5.0 (Windows NT 10.0; Win64; x64) AppleWebKit/537.36 (KHTML, like Gecko) Chrome/132.0.0.0 Safari/537.36 Edg/132.0.0.0"
45.133.192.201 - - [13/Mar/2025:06:12:18 +0000] "GET /favicon.ico HTTP/2" 404 1163 "https://webcloude.com/cart/" "Mozilla/5.0 (Windows NT 10.0; Win64; x64) AppleWebKit/537.36 (KHTML, like Gecko) Chrome/132.0.0.0 Safari/537.36 Edg/132.0.0.0"
2a06:98c0:3600::103 - - [13/Mar/2025:05:32:54 +0000] "GET /wp-admin/setup-config.php HTTP/1.1" 409 1144 "-" "Mozilla/5.0 (Windows NT 10.0; Win64; x64) AppleWebKit/537.36 (KHTML, like Gecko) Chrome/133.0.0.0 Safari/537.36"
65.109.31.236 - - [13/Mar/2025:05:41:31 +0000] "POST /wp-cron.php?doing_wp_cron=1741844491.9152960777282714843750 HTTP/1.1" 200 20 "-" "WordPress/6.7.2; https://webcloude.com"
2a06:98c0:3600::103 - - [13/Mar/2025:05:53:41 +0000] "GET /wordpress/wp-admin/setup-config.php HTTP/1.1" 404 25137 "-" "Mozilla/5.0 (Windows NT 10.0; Win64; x64) AppleWebKit/537.36 (KHTML, like Gecko) Chrome/133.0.0.0 Safari/537.36"
65.109.31.236 - - [13/Mar/2025:05:54:44 +0000] "POST /wp-cron.php?doing_wp_cron=1741845284.2012500762939453125000 HTTP/1.1" 200 20 "-" "WordPress/6.7.2; https://webcloude.com"
3.22.224.200 - - [13/Mar/2025:05:54:44 +0000] "GET /robots.txt HTTP/2" 200 154 "-" "Mozilla/5.0 AppleWebKit/537.36 (KHTML, like Gecko; compatible; ClaudeBot/1.0; +claudebot@anthropic.com)"
3.22.224.200 - - [13/Mar/2025:05:54:44 +0000] "GET /wp-content/plugins/woocommerce/assets/js/jquery-blockui/'+c.iframeSrc+' HTTP/2" 301 20 "-" "Mozilla/5.0 AppleWebKit/537.36 (KHTML, like Gecko; compatible; ClaudeBot/1.0; +claudebot@anthropic.com)"
3.22.224.200 - - [13/Mar/2025:05:54:44 +0000] "GET /wp-content/plugins/woocommerce/assets/js/jquery-blockui/+c.iframeSrc+ HTTP/2" 404 25146 "https://webcloude.com/wp-content/plugins/woocommerce/assets/js/jquery-blockui/'+c.iframeSrc+'" "Mozilla/5.0 AppleWebKit/537.36 (KHTML, like Gecko; compatible; ClaudeBot/1.0; +claudebot@anthropic.com)"
188.126.89.76 - - [13/Mar/2025:06:07:20 +0000] "GET /wp-content/uploads/2019/06/learn-dash-white-logo.svg HTTP/1.1" 200 5197 "http://webcloude.com/" "Mozilla/5.0 (iPhone; CPU iPhone OS 18_1_1 like Mac OS X) AppleWebKit/605.1.15 (KHTML, like Gecko) Version/18.1.1 Mobile/15E148 Safari/604.1"
188.126.89.76 - - [13/Mar/2025:06:07:20 +0000] "GET /wp-content/uploads/2021/03/logo-2.svg HTTP/1.1" 200 3457 "http://webcloude.com/" "Mozilla/5.0 (iPhone; CPU iPhone OS 18_1_1 like Mac OS X) AppleWebKit/605.1.15 (KHTML, like Gecko) Version/18.1.1 Mobile/15E148 Safari/604.1"
188.126.89.76 - - [13/Mar/2025:06:07:20 +0000] "GET /wp-content/uploads/2021/03/logo-5.svg HTTP/1.1" 200 1506 "http://webcloude.com/" "Mozilla/5.0 (iPhone; CPU iPhone OS 18_1_1 like Mac OS X) AppleWebKit/605.1.15 (KHTML, like Gecko) Version/18.1.1 Mobile/15E148 Safari/604.1"
164.90.241.135 - - [13/Mar/2025:06:07:20 +0000] "GET /wp-content/uploads/2021/03/logo-4.svg HTTP/1.1" 200 2609 "http://webcloude.com/" "Mozilla/5.0 (iPhone; CPU iPhone OS 17_5_1 like Mac OS X) AppleWebKit/605.1.15 (KHTML, like Gecko) Version/17.5 Mobile/15E148 Safari/604.1"
65.109.31.236 - - [13/Mar/2025:06:12:55 +0000] "POST /wp-cron.php?doing_wp_cron=1741846375.9436678886413574218750 HTTP/1.1" 200 20 "-" "WordPress/6.7.2; https://webcloude.com"
164.90.241.135 - - [13/Mar/2025:06:12:55 +0000] "GET /checkout/ HTTP/1.1" 302 20 "https://webcloude.com/checkout" "Mozilla/5.0 (Windows NT 10.0; Win64; x64) AppleWebKit/537.36 (KHTML, like Gecko) Chrome/132.0.0.0 Safari/537.36"
52.47.157.100 - - [13/Mar/2025:06:12:55 +0000] "GET /checkout/ HTTP/1.1" 302 20 "https://webcloude.com/checkout" "Mozilla/5.0 (Linux; Android 10; K) AppleWebKit/537.36 (KHTML, like Gecko) Chrome/126.0.0.0 Mobile Safari/537.36"
164.90.241.135 - - [13/Mar/2025:06:13:23 +0000] "GET /favicon.ico HTTP/1.1" 404 1163 "https://webcloude.com/checkout" "Mozilla/5.0 (Windows NT 10.0; Win64; x64) AppleWebKit/537.36 (KHTML, like Gecko) Chrome/132.0.0.0 Safari/537.36"
65.109.31.236 - - [13/Mar/2025:05:34:15 +0000] "POST /wp-cron.php?doing_wp_cron=1741844055.8231549263000488281250 HTTP/1.1" 200 20 "-" "WordPress/6.7.2; https://webcloude.com"
58.251.94.154 - - [13/Mar/2025:05:41:31 +0000] "GET / HTTP/1.1" 200 31616 "-" "Mozilla/5.0 (X11; Linux x86_64) AppleWebKit/537.36 (KHTML, like Gecko) Ubuntu Chromium/68.0.3440.106 Chrome/68.0.3440.106 Safari/537.36"
43.167.157.80 - - [13/Mar/2025:05:57:45 +0000] "GET / HTTP/1.1" 200 31621 "http://www.webcloude.com" "Mozilla/5.0 (iPhone; CPU iPhone OS 13_2_3 like Mac OS X) AppleWebKit/605.1.15 (KHTML, like Gecko) Version/13.0.3 Mobile/15E148 Safari/604.1"
18.199.223.174 - - [13/Mar/2025:06:07:07 +0000] "GET / HTTP/1.1" 200 31618 "http://webcloude.com/" "Mozilla/5.0 (Macintosh; Intel Mac OS X 10_15_7) AppleWebKit/605.1.15 (KHTML, like Gecko) Version/17.6 Safari/605.1.15"
159.65.143.214 - - [13/Mar/2025:06:07:10 +0000] "GET / HTTP/1.1" 200 184631 "-" "Mozilla/5.0 (Windows NT 10.0; Win64; x64) AppleWebKit/537.36 (KHTML, like Gecko) Chrome/89.0.4389.114 Safari/537.36"
159.65.143.214 - - [13/Mar/2025:06:07:13 +0000] "GET //wp-includes/wlwmanifest.xml HTTP/1.1" 301 0 "-" "Mozilla/5.0 (Windows NT 10.0; Win64; x64) AppleWebKit/537.36 (KHTML, like Gecko) Chrome/89.0.4389.114 Safari/537.36"
159.65.143.214 - - [13/Mar/2025:06:07:13 +0000] "GET //xmlrpc.php?rsd HTTP/1.1" 200 23331 "-" "Mozilla/5.0 (Windows NT 10.0; Win64; x64) AppleWebKit/537.36 (KHTML, like Gecko) Chrome/89.0.4389.114 Safari/537.36"
159.65.143.214 - - [13/Mar/2025:06:07:14 +0000] "GET / HTTP/1.1" 200 184631 "-" "Mozilla/5.0 (Windows NT 10.0; Win64; x64) AppleWebKit/537.36 (KHTML, like Gecko) Chrome/89.0.4389.114 Safari/537.36"
18.199.223.174 - - [13/Mar/2025:06:07:20 +0000] "GET /wp-content/uploads/2021/03/logo-1.svg HTTP/1.1" 200 4291 "http://webcloude.com/" "Mozilla/5.0 (Macintosh; Intel Mac OS X 10_15_7) AppleWebKit/605.1.15 (KHTML, like Gecko) Version/17.6 Safari/605.1.15"
159.65.143.214 - - [13/Mar/2025:06:07:23 +0000] "GET //?author=1 HTTP/1.1" 301 0 "-" "Mozilla/5.0 (Windows NT 10.0; Win64; x64) AppleWebKit/537.36 (KHTML, like Gecko) Chrome/89.0.4389.114 Safari/537.36"
159.65.143.214 - - [13/Mar/2025:06:07:23 +0000] "GET //?author=2 HTTP/1.1" 301 0 "-" "Mozilla/5.0 (Windows NT 10.0; Win64; x64) AppleWebKit/537.36 (KHTML, like Gecko) Chrome/89.0.4389.114 Safari/537.36"
159.65.143.214 - - [13/Mar/2025:06:07:24 +0000] "GET //?author=3 HTTP/1.1" 301 0 "-" "Mozilla/5.0 (Windows NT 10.0; Win64; x64) AppleWebKit/537.36 (KHTML, like Gecko) Chrome/89.0.4389.114 Safari/537.36"
159.65.143.214 - - [13/Mar/2025:06:07:24 +0000] "GET //wp-json/wp/v2/users/ HTTP/1.1" 200 1418 "-" "Mozilla/5.0 (Windows NT 10.0; Win64; x64) AppleWebKit/537.36 (KHTML, like Gecko) Chrome/89.0.4389.114 Safari/537.36"
159.65.143.214 - - [13/Mar/2025:06:07:25 +0000] "POST //xmlrpc.php HTTP/1.1" 403 1154 "-" "Mozilla/5.0 (Windows NT 10.0; Win64; x64) AppleWebKit/537.36 (KHTML, like Gecko) Chrome/89.0.4389.114 Safari/537.36"
65.109.31.236 - - [13/Mar/2025:06:07:09 +0000] "POST /wp-cron.php?doing_wp_cron=1741846029.7778489589691162109375 HTTP/1.1" 200 20 "-" "WordPress/6.7.2; https://webcloude.com"
164.90.241.135 - - [13/Mar/2025:06:07:07 +0000] "GET / HTTP/1.1" 200 31617 "http://webcloude.com/" "Mozilla/5.0 (iPhone; CPU iPhone OS 17_5_1 like Mac OS X) AppleWebKit/605.1.15 (KHTML, like Gecko) Version/17.5 Mobile/15E148 Safari/604.1"
18.199.223.174 - - [13/Mar/2025:06:07:20 +0000] "GET /wp-content/uploads/2021/03/logo-4.svg HTTP/1.1" 200 2609 "http://webcloude.com/" "Mozilla/5.0 (Macintosh; Intel Mac OS X 10_15_7) AppleWebKit/605.1.15 (KHTML, like Gecko) Version/17.6 Safari/605.1.15"
18.199.223.174 - - [13/Mar/2025:06:07:20 +0000] "GET /wp-content/uploads/2021/03/logo-3.svg HTTP/1.1" 200 3002 "http://webcloude.com/" "Mozilla/5.0 (Macintosh; Intel Mac OS X 10_15_7) AppleWebKit/605.1.15 (KHTML, like Gecko) Version/17.6 Safari/605.1.15"
65.109.31.236 - - [13/Mar/2025:06:12:10 +0000] "POST /wp-cron.php?doing_wp_cron=1741846330.1530759334564208984375 HTTP/1.1" 200 20 "-" "WordPress/6.7.2; https://webcloude.com"
192.42.116.199 - - [13/Mar/2025:06:12:56 +0000] "GET /checkout/ HTTP/1.1" 302 20 "https://webcloude.com/checkout" "Mozilla/5.0 (Windows NT 10.0; Win64; x64) AppleWebKit/537.36 (KHTML, like Gecko) Chrome/132.0.0.0 Safari/537.36"
193.161.204.26 - - [13/Mar/2025:06:13:08 +0000] "GET /wp-content/uploads/2019/06/learn-dash-white-logo.svg HTTP/1.1" 200 5197 "https://webcloude.com/checkout" "Mozilla/5.0 (Linux; Android 10; K) AppleWebKit/537.36 (KHTML, like Gecko) Chrome/132.0.0.0 Safari/537.36"
65.109.31.236 - - [13/Mar/2025:05:13:22 +0000] "POST /wp-cron.php?doing_wp_cron=1741842802.3592469692230224609375 HTTP/1.1" 200 20 "-" "WordPress/6.7.2; https://webcloude.com"
65.109.31.236 - - [13/Mar/2025:05:53:42 +0000] "POST /wp-cron.php?doing_wp_cron=1741845222.0748319625854492187500 HTTP/1.1" 200 20 "-" "WordPress/6.7.2; https://webcloude.com"
65.109.31.236 - - [13/Mar/2025:05:53:42 +0000] "POST /wp-cron.php?doing_wp_cron=1741845222.1070389747619628906250 HTTP/1.1" 200 20 "-" "WordPress/6.7.2; https://webcloude.com"
3.15.42.24 - - [13/Mar/2025:05:57:41 +0000] "GET /.git/config HTTP/1.1" 403 1154 "-" "Mozilla/5.0 (X11; Linux i686; rv:8.0) Gecko/20100101 Firefox/8.0"
18.199.223.174 - - [13/Mar/2025:06:07:20 +0000] "GET /wp-content/uploads/2021/03/logo-2.svg HTTP/1.1" 200 3457 "http://webcloude.com/" "Mozilla/5.0 (Macintosh; Intel Mac OS X 10_15_7) AppleWebKit/605.1.15 (KHTML, like Gecko) Version/17.6 Safari/605.1.15"
188.126.89.76 - - [13/Mar/2025:06:07:20 +0000] "GET /wp-content/uploads/2021/03/logo-3.svg HTTP/1.1" 200 3002 "http://webcloude.com/" "Mozilla/5.0 (iPhone; CPU iPhone OS 18_1_1 like Mac OS X) AppleWebKit/605.1.15 (KHTML, like Gecko) Version/18.1.1 Mobile/15E148 Safari/604.1"
164.90.241.135 - - [13/Mar/2025:06:07:20 +0000] "GET /wp-content/uploads/2021/03/logo-1.svg HTTP/1.1" 200 4291 "http://webcloude.com/" "Mozilla/5.0 (iPhone; CPU iPhone OS 17_5_1 like Mac OS X) AppleWebKit/605.1.15 (KHTML, like Gecko) Version/17.5 Mobile/15E148 Safari/604.1"
193.161.204.26 - - [13/Mar/2025:06:12:56 +0000] "GET /cart/ HTTP/1.1" 200 47319 "https://webcloude.com/checkout" "Mozilla/5.0 (Linux; Android 10; K) AppleWebKit/537.36 (KHTML, like Gecko) Chrome/132.0.0.0 Safari/537.36"
52.47.157.100 - - [13/Mar/2025:06:13:08 +0000] "GET /wp-content/uploads/2019/06/learn-dash-white-logo.svg HTTP/1.1" 200 5197 "https://webcloude.com/checkout" "Mozilla/5.0 (Linux; Android 10; K) AppleWebKit/537.36 (KHTML, like Gecko) Chrome/126.0.0.0 Mobile Safari/537.36"
65.109.31.236 - - [13/Mar/2025:05:53:42 +0000] "POST /wp-cron.php?doing_wp_cron=1741845222.0256791114807128906250 HTTP/1.1" 200 20 "-" "WordPress/6.7.2; https://webcloude.com"
188.126.89.76 - - [13/Mar/2025:06:07:07 +0000] "GET / HTTP/1.1" 200 31617 "http://webcloude.com/" "Mozilla/5.0 (iPhone; CPU iPhone OS 18_1_1 like Mac OS X) AppleWebKit/605.1.15 (KHTML, like Gecko) Version/18.1.1 Mobile/15E148 Safari/604.1"
164.90.241.135 - - [13/Mar/2025:06:07:20 +0000] "GET /wp-content/uploads/2019/06/learn-dash-white-logo.svg HTTP/1.1" 200 5197 "http://webcloude.com/" "Mozilla/5.0 (iPhone; CPU iPhone OS 17_5_1 like Mac OS X) AppleWebKit/605.1.15 (KHTML, like Gecko) Version/17.5 Mobile/15E148 Safari/604.1"
52.47.157.100 - - [13/Mar/2025:06:12:55 +0000] "GET /cart/ HTTP/1.1" 200 47319 "https://webcloude.com/checkout" "Mozilla/5.0 (Linux; Android 10; K) AppleWebKit/537.36 (KHTML, like Gecko) Chrome/126.0.0.0 Mobile Safari/537.36"
5.255.100.227 - - [13/Mar/2025:06:13:12 +0000] "GET /wp-content/uploads/2019/06/learn-dash-white-logo.svg HTTP/1.1" 200 5197 "https://webcloude.com/checkout" "Mozilla/5.0 (Windows NT 10.0; Win64; x64) AppleWebKit/537.36 (KHTML, like Gecko) Chrome/132.0.0.0 Safari/537.36"
