65.109.31.236 - - [14/Mar/2025:04:37:19 +0000] "POST /wp-cron.php?doing_wp_cron=1741927039.7735340595245361328125 HTTP/1.1" 200 20 "-" "WordPress/6.7.2; https://webcloude.com"
103.172.41.202 - - [14/Mar/2025:04:43:17 +0000] "GET /allsitemap.xml HTTP/2" 200 309 "-" "Mozilla/5.0 (Windows NT 10.0; Win64; x64) AppleWebKit/537.36 (KHTML, like Gecko) Chrome/133.0.0.0 Safari/537.36"
46.4.222.211 - - [14/Mar/2025:03:27:38 +0000] "POST /xmlrpc.php HTTP/2" 200 1756 "https://webcloude.com" "Mozilla/5.0 (Macintosh; Intel Mac OS X 13.3; rv:126.0) Gecko/20100101 Firefox/126.0"
2a06:98c0:3600::103 - - [14/Mar/2025:04:37:18 +0000] "GET /wordpress/wp-admin/setup-config.php HTTP/1.1" 404 25138 "-" "Mozilla/5.0 (Windows NT 10.0; Win64; x64) AppleWebKit/537.36 (KHTML, like Gecko) Chrome/133.0.0.0 Safari/537.36"
162.241.70.229 - - [14/Mar/2025:04:58:46 +0000] "POST /wp-login.php HTTP/2" 200 2138 "https://webcloude.com" "Mozilla/5.0 (Windows NT 11.0; Win64; x64) AppleWebKit/537.36 (KHTML, like Gecko) Chrome/126.0.0.0 Safari/537.36 Edg/126.0.0.0"
65.109.31.236 - - [14/Mar/2025:05:51:23 +0000] "POST /wp-cron.php?doing_wp_cron=1741931483.6667819023132324218750 HTTP/1.1" 200 20 "-" "WordPress/6.7.2; https://webcloude.com"
2a06:98c0:3600::103 - - [14/Mar/2025:06:18:55 +0000] "GET /wordpress/wp-admin/setup-config.php HTTP/1.1" 404 25137 "-" "Mozilla/5.0 (Windows NT 10.0; Win64; x64) AppleWebKit/537.36 (KHTML, like Gecko) Chrome/133.0.0.0 Safari/537.36"
95.217.203.22 - - [14/Mar/2025:06:41:56 +0000] "POST /wp-login.php HTTP/2" 200 2138 "https://webcloude.com" "Mozilla/5.0 (Windows NT 11.0; Win64; x64) AppleWebKit/537.36 (KHTML, like Gecko) Chrome/126.0.0.0 Safari/537.36 Edg/126.0.0.0"
13.58.172.157 - - [14/Mar/2025:07:51:55 +0000] "GET /robots.txt HTTP/2" 200 120 "-" "Mozilla/5.0 AppleWebKit/537.36 (KHTML, like Gecko; compatible; ClaudeBot/1.0; +claudebot@anthropic.com)"
13.58.172.157 - - [14/Mar/2025:07:51:55 +0000] "GET /xmlrpc.php?path=%2F%2Fsrv HTTP/2" 200 704 "-" "Mozilla/5.0 AppleWebKit/537.36 (KHTML, like Gecko; compatible; ClaudeBot/1.0; +claudebot@anthropic.com)"
13.58.172.157 - - [14/Mar/2025:07:51:55 +0000] "GET /xmlrpc.php?path=%2F%2Fetc HTTP/2" 200 9648 "-" "Mozilla/5.0 AppleWebKit/537.36 (KHTML, like Gecko; compatible; ClaudeBot/1.0; +claudebot@anthropic.com)"
13.58.172.157 - - [14/Mar/2025:07:51:56 +0000] "GET /xmlrpc.php?path=%2F%2Ftmp HTTP/2" 200 1740 "-" "Mozilla/5.0 AppleWebKit/537.36 (KHTML, like Gecko; compatible; ClaudeBot/1.0; +claudebot@anthropic.com)"
18.222.164.6 - - [14/Mar/2025:07:56:49 +0000] "GET /xmlrpc.php?path=%2F%2Fhome HTTP/2" 200 7198 "-" "Mozilla/5.0 AppleWebKit/537.36 (KHTML, like Gecko; compatible; ClaudeBot/1.0; +claudebot@anthropic.com)"
18.222.164.6 - - [14/Mar/2025:07:56:49 +0000] "GET /xmlrpc.php?path=%2F%2Fboot HTTP/2" 200 1805 "-" "Mozilla/5.0 AppleWebKit/537.36 (KHTML, like Gecko; compatible; ClaudeBot/1.0; +claudebot@anthropic.com)"
18.222.164.6 - - [14/Mar/2025:07:56:49 +0000] "GET /xmlrpc.php?path=%2F%2Fsbin HTTP/2" 200 15903 "-" "Mozilla/5.0 AppleWebKit/537.36 (KHTML, like Gecko; compatible; ClaudeBot/1.0; +claudebot@anthropic.com)"
18.217.255.255 - - [14/Mar/2025:08:05:41 +0000] "GET /xmlrpc.php?path=%2Fhome%2Fwebcloude%2Fpublic_html%2Fwp-includes%2FID3 HTTP/2" 200 1501 "-" "Mozilla/5.0 AppleWebKit/537.36 (KHTML, like Gecko; compatible; ClaudeBot/1.0; +claudebot@anthropic.com)"
18.217.255.255 - - [14/Mar/2025:08:05:41 +0000] "GET /xmlrpc.php?path=%2Fhome%2Fwebcloude%2Fpublic_html%2Fwp-includes%2Fcss HTTP/2" 200 2017 "-" "Mozilla/5.0 AppleWebKit/537.36 (KHTML, like Gecko; compatible; ClaudeBot/1.0; +claudebot@anthropic.com)"
18.217.255.255 - - [14/Mar/2025:08:05:41 +0000] "GET /xmlrpc.php?path=%2Fhome%2Fwebcloude%2Fpublic_html%2Fwp-includes%2FIXR HTTP/2" 200 1244 "-" "Mozilla/5.0 AppleWebKit/537.36 (KHTML, like Gecko; compatible; ClaudeBot/1.0; +claudebot@anthropic.com)"
3.15.228.134 - - [14/Mar/2025:08:08:23 +0000] "GET /xmlrpc.php?path=%2Fhome%2Fwebcloude%2Fpublic_html%2Fwp-includes%2Fassets HTTP/2" 200 1161 "-" "Mozilla/5.0 AppleWebKit/537.36 (KHTML, like Gecko; compatible; ClaudeBot/1.0; +claudebot@anthropic.com)"
3.15.228.134 - - [14/Mar/2025:08:08:23 +0000] "GET /xmlrpc.php?path=%2Fhome%2Fwebcloude%2Fpublic_html%2Fwp-includes%2Fblocks HTTP/2" 200 5123 "-" "Mozilla/5.0 AppleWebKit/537.36 (KHTML, like Gecko; compatible; ClaudeBot/1.0; +claudebot@anthropic.com)"
46.4.222.211 - - [14/Mar/2025:03:27:38 +0000] "POST /wp-login.php HTTP/2" 200 2138 "https://webcloude.com" "Mozilla/5.0 (Windows NT 11.0; Win64; x64) AppleWebKit/537.36 (KHTML, like Gecko) Chrome/126.0.0.0 Safari/537.36"
2a06:98c0:3600::103 - - [14/Mar/2025:03:33:34 +0000] "GET /wordpress/wp-admin/setup-config.php HTTP/1.1" 404 25138 "-" "Mozilla/5.0 (Windows NT 10.0; Win64; x64) AppleWebKit/537.36 (KHTML, like Gecko) Chrome/133.0.0.0 Safari/537.36"
106.219.167.199 - - [14/Mar/2025:03:50:26 +0000] "GET / HTTP/1.1" 200 31619 "http://webcloude.com" "Mozilla/5.0 (X11; Linux x86_64) AppleWebKit/537.36 (KHTML, like Gecko) Chrome/114.0.0.0 Safari/537.36"
106.219.167.199 - - [14/Mar/2025:03:50:28 +0000] "POST /contact-2/ HTTP/1.1" 200 29866 "https://webcloude.com/contact-2/" "Mozilla/5.0 (X11; Linux x86_64) AppleWebKit/537.36 (KHTML, like Gecko) Chrome/114.0.0.0 Safari/537.36"
2a06:98c0:3600::103 - - [14/Mar/2025:04:55:28 +0000] "GET /wp-admin/setup-config.php HTTP/1.1" 409 1144 "-" "Mozilla/5.0 (Windows NT 10.0; Win64; x64) AppleWebKit/537.36 (KHTML, like Gecko) Chrome/133.0.0.0 Safari/537.36"
2a06:98c0:3600::103 - - [14/Mar/2025:05:18:29 +0000] "GET /wordpress/wp-admin/setup-config.php HTTP/1.1" 404 25136 "-" "Mozilla/5.0 (Windows NT 10.0; Win64; x64) AppleWebKit/537.36 (KHTML, like Gecko) Chrome/133.0.0.0 Safari/537.36"
2a06:98c0:3600::103 - - [14/Mar/2025:05:18:53 +0000] "GET /wp-admin/setup-config.php HTTP/1.1" 409 1144 "-" "Mozilla/5.0 (Windows NT 10.0; Win64; x64) AppleWebKit/537.36 (KHTML, like Gecko) Chrome/133.0.0.0 Safari/537.36"
205.210.31.211 - - [14/Mar/2025:05:57:31 +0000] "GET /wp-login.php HTTP/1.1" 200 5605 "-" "Expanse, a Palo Alto Networks company, searches across the global IPv4 space multiple times per day to identify customers' presences on the Internet. If you would like to be excluded from our scans, please send IP addresses/domains to: scaninfo@paloaltonetworks.com"
2a06:98c0:3600::103 - - [14/Mar/2025:06:04:06 +0000] "GET /wordpress/wp-admin/setup-config.php HTTP/1.1" 404 25137 "-" "Mozilla/5.0 (Windows NT 10.0; Win64; x64) AppleWebKit/537.36 (KHTML, like Gecko) Chrome/133.0.0.0 Safari/537.36"
65.109.31.236 - - [14/Mar/2025:06:16:23 +0000] "POST /wp-cron.php?doing_wp_cron=1741932983.3038530349731445312500 HTTP/1.1" 200 20 "-" "WordPress/6.7.2; https://webcloude.com"
18.218.25.144 - - [14/Mar/2025:07:58:19 +0000] "GET /xmlrpc.php?path=%2F%2Froot HTTP/2" 200 703 "-" "Mozilla/5.0 AppleWebKit/537.36 (KHTML, like Gecko; compatible; ClaudeBot/1.0; +claudebot@anthropic.com)"
18.218.25.144 - - [14/Mar/2025:07:58:19 +0000] "GET /xmlrpc.php?path=%2F%2Fshare HTTP/2" 200 847 "-" "Mozilla/5.0 AppleWebKit/537.36 (KHTML, like Gecko; compatible; ClaudeBot/1.0; +claudebot@anthropic.com)"
18.218.25.144 - - [14/Mar/2025:07:58:19 +0000] "GET /xmlrpc.php?path=%2F%2Fproc HTTP/2" 200 16568 "-" "Mozilla/5.0 AppleWebKit/537.36 (KHTML, like Gecko; compatible; ClaudeBot/1.0; +claudebot@anthropic.com)"
65.109.31.236 - - [14/Mar/2025:08:05:28 +0000] "POST /wp-cron.php?doing_wp_cron=1741939528.0525178909301757812500 HTTP/1.1" 200 20 "-" "WordPress/6.7.2; https://webcloude.com"
2a06:98c0:3600::103 - - [14/Mar/2025:08:05:27 +0000] "GET /wordpress/wp-admin/setup-config.php HTTP/1.1" 404 25138 "-" "Mozilla/5.0 (Windows NT 10.0; Win64; x64) AppleWebKit/537.36 (KHTML, like Gecko) Chrome/133.0.0.0 Safari/537.36"
66.249.64.234 - - [14/Mar/2025:08:09:06 +0000] "GET /380523891.shtml HTTP/1.1" 200 20883 "-" "Mozilla/5.0 (Linux; Android 6.0.1; Nexus 5X Build/MMB29P) AppleWebKit/537.36 (KHTML, like Gecko) Chrome/133.0.6943.141 Mobile Safari/537.36 (compatible; GoogleOther)"
3.145.36.228 - - [14/Mar/2025:08:13:53 +0000] "GET /xmlrpc.php?path=%2Fhome%2Fwebcloude%2Fpublic_html%2Fwp-includes%2Fcertificates HTTP/2" 200 960 "-" "Mozilla/5.0 AppleWebKit/537.36 (KHTML, like Gecko; compatible; ClaudeBot/1.0; +claudebot@anthropic.com)"
2a06:98c0:3600::103 - - [14/Mar/2025:04:56:40 +0000] "GET /wordpress/wp-admin/setup-config.php HTTP/1.1" 404 25139 "-" "Mozilla/5.0 (Windows NT 10.0; Win64; x64) AppleWebKit/537.36 (KHTML, like Gecko) Chrome/133.0.0.0 Safari/537.36"
65.109.31.236 - - [14/Mar/2025:05:38:48 +0000] "POST /wp-cron.php?doing_wp_cron=1741930728.4826319217681884765625 HTTP/1.1" 200 20 "-" "WordPress/6.7.2; https://webcloude.com"
208.107.66.243 - - [14/Mar/2025:05:51:22 +0000] "POST /wp-login.php HTTP/2" 200 2138 "https://webcloude.com" "Mozilla/5.0 (Macintosh; Intel Mac OS X 10.15; rv:126.0) Gecko/20100101 Firefox/126.0"
209.172.2.50 - - [14/Mar/2025:06:16:22 +0000] "POST /wp-login.php HTTP/2" 200 2138 "https://webcloude.com" "Mozilla/5.0 (Windows NT 10.0; Win64; x64) AppleWebKit/537.36 (KHTML, like Gecko) Chrome/115.0.5790.102 Safari/537.36"
2a06:98c0:3600::103 - - [14/Mar/2025:06:19:14 +0000] "GET /wp-admin/setup-config.php HTTP/1.1" 409 1144 "-" "Mozilla/5.0 (Windows NT 10.0; Win64; x64) AppleWebKit/537.36 (KHTML, like Gecko) Chrome/133.0.0.0 Safari/537.36"
95.217.203.22 - - [14/Mar/2025:06:41:56 +0000] "POST /xmlrpc.php HTTP/2" 200 1757 "https://webcloude.com" "Mozilla/5.0 (Macintosh; Intel Mac OS X 10_15_7; rv:129.0) Gecko/20100101 Firefox/129.0"
152.32.132.30 - - [14/Mar/2025:07:32:01 +0000] "GET / HTTP/1.1" 200 31616 "http://webcloude.com/" "Mozilla/5.0 (Linux; Android 11; vivo 1906; wv) AppleWebKit/537.36 (KHTML, like Gecko) Version/4.0 Chrome/87.0.4280.141 Mobile Safari/537.36 VivoBrowser/8.9.0.0 uni-app Html5Plus/1.0"
152.32.132.30 - - [14/Mar/2025:07:32:02 +0000] "GET / HTTP/1.1" 200 31615 "https://webcloude.com/" "Mozilla/5.0 (Linux; Android 11; vivo 1906; wv) AppleWebKit/537.36 (KHTML, like Gecko) Version/4.0 Chrome/87.0.4280.141 Mobile Safari/537.36 VivoBrowser/8.9.0.0 uni-app Html5Plus/1.0"
65.109.31.236 - - [14/Mar/2025:07:45:40 +0000] "POST /wp-cron.php?doing_wp_cron=1741938340.6744120121002197265625 HTTP/1.1" 200 20 "-" "WordPress/6.7.2; https://webcloude.com"
3.145.25.222 - - [14/Mar/2025:07:52:54 +0000] "GET /xmlrpc.php?path=%2F%2Fdev HTTP/2" 200 1365 "-" "Mozilla/5.0 AppleWebKit/537.36 (KHTML, like Gecko; compatible; ClaudeBot/1.0; +claudebot@anthropic.com)"
3.145.25.222 - - [14/Mar/2025:07:52:54 +0000] "GET /xmlrpc.php?path=%2F%2Flib HTTP/2" 200 1790 "-" "Mozilla/5.0 AppleWebKit/537.36 (KHTML, like Gecko; compatible; ClaudeBot/1.0; +claudebot@anthropic.com)"
3.145.25.222 - - [14/Mar/2025:07:52:54 +0000] "GET /xmlrpc.php?path=%2F%2Frun HTTP/2" 200 3096 "-" "Mozilla/5.0 AppleWebKit/537.36 (KHTML, like Gecko; compatible; ClaudeBot/1.0; +claudebot@anthropic.com)"
18.224.5.46 - - [14/Mar/2025:08:03:58 +0000] "GET /xmlrpc.php?filesrc=%2F%2Finstallimage.debug&path=%2F HTTP/2" 200 644 "-" "Mozilla/5.0 AppleWebKit/537.36 (KHTML, like Gecko; compatible; ClaudeBot/1.0; +claudebot@anthropic.com)"
18.224.5.46 - - [14/Mar/2025:08:03:58 +0000] "GET /xmlrpc.php?path=%2Fhome%2Fwebcloude%2Fpublic_html%2Fwp-includes%2Fjs HTTP/2" 200 3919 "-" "Mozilla/5.0 AppleWebKit/537.36 (KHTML, like Gecko; compatible; ClaudeBot/1.0; +claudebot@anthropic.com)"
18.224.5.46 - - [14/Mar/2025:08:03:58 +0000] "GET /xmlrpc.php?filesrc=%2F%2Finstallimage.conf&path=%2F HTTP/2" 200 643 "-" "Mozilla/5.0 AppleWebKit/537.36 (KHTML, like Gecko; compatible; ClaudeBot/1.0; +claudebot@anthropic.com)"
3.139.82.70 - - [14/Mar/2025:08:17:38 +0000] "GET /xmlrpc.php?filesrc=%2Fhome%2Fwebcloude%2Fpublic_html%2Fwp-includes%2Fhttp.php&path=%2Fhome%2Fwebcloude%2Fpublic_html%2Fwp-includes HTTP/2" 200 6004 "-" "Mozilla/5.0 AppleWebKit/537.36 (KHTML, like Gecko; compatible; ClaudeBot/1.0; +claudebot@anthropic.com)"
3.139.82.70 - - [14/Mar/2025:08:17:38 +0000] "GET /xmlrpc.php?filesrc=%2Fhome%2Fwebcloude%2Fpublic_html%2Fwp-includes%2Fcron.php&path=%2Fhome%2Fwebcloude%2Fpublic_html%2Fwp-includes HTTP/2" 200 8530 "-" "Mozilla/5.0 AppleWebKit/537.36 (KHTML, like Gecko; compatible; ClaudeBot/1.0; +claudebot@anthropic.com)"
103.172.41.202 - - [14/Mar/2025:04:43:24 +0000] "GET /favicon.ico HTTP/2" 404 1163 "https://webcloude.com/allsitemap.xml" "Mozilla/5.0 (Windows NT 10.0; Win64; x64) AppleWebKit/537.36 (KHTML, like Gecko) Chrome/133.0.0.0 Safari/537.36"
65.109.31.236 - - [14/Mar/2025:05:38:48 +0000] "POST /wp-cron.php?doing_wp_cron=1741930728.5627570152282714843750 HTTP/1.1" 200 20 "-" "WordPress/6.7.2; https://webcloude.com"
2a06:98c0:3600::103 - - [14/Mar/2025:05:40:10 +0000] "GET /wp-admin/setup-config.php HTTP/1.1" 409 1144 "-" "Mozilla/5.0 (Windows NT 10.0; Win64; x64) AppleWebKit/537.36 (KHTML, like Gecko) Chrome/133.0.0.0 Safari/537.36"
65.109.31.236 - - [14/Mar/2025:05:57:32 +0000] "POST /wp-cron.php?doing_wp_cron=1741931852.0064940452575683593750 HTTP/1.1" 200 20 "-" "WordPress/6.7.2; https://webcloude.com"
209.172.2.50 - - [14/Mar/2025:06:16:21 +0000] "POST /xmlrpc.php HTTP/2" 200 1756 "https://webcloude.com" "Mozilla/5.0 (Windows NT 10.0; Win64; x64; rv:127.0) Gecko/20100101 Firefox/127.0"
2a06:98c0:3600::103 - - [14/Mar/2025:06:58:59 +0000] "GET /wp-admin/setup-config.php HTTP/1.1" 409 1144 "-" "Mozilla/5.0 (Windows NT 10.0; Win64; x64) AppleWebKit/537.36 (KHTML, like Gecko) Chrome/133.0.0.0 Safari/537.36"
65.109.31.236 - - [14/Mar/2025:06:59:11 +0000] "POST /wp-cron.php?doing_wp_cron=1741935551.3292360305786132812500 HTTP/1.1" 200 20 "-" "WordPress/6.7.2; https://webcloude.com"
82.197.71.245 - - [14/Mar/2025:07:07:21 +0000] "POST /xmlrpc.php HTTP/2" 200 1757 "https://webcloude.com" "Mozilla/5.0 (Macintosh; Intel Mac OS X 10_15_7) AppleWebKit/537.36 (KHTML, like Gecko) Chrome/126.0.0.0 Safari/537.36"
82.197.71.245 - - [14/Mar/2025:07:07:22 +0000] "POST /wp-login.php HTTP/2" 200 2138 "https://webcloude.com" "Mozilla/5.0 (Macintosh; Intel Mac OS X 14.3) AppleWebKit/614.31.14 (KHTML, like Gecko) Version/17.0.96 Safari/614.31.14"
3.134.84.38 - - [14/Mar/2025:07:55:24 +0000] "GET /xmlrpc.php?path=%2F%2Fdir HTTP/2" 200 702 "-" "Mozilla/5.0 AppleWebKit/537.36 (KHTML, like Gecko; compatible; ClaudeBot/1.0; +claudebot@anthropic.com)"
3.134.84.38 - - [14/Mar/2025:07:55:24 +0000] "GET /xmlrpc.php?path=%2F%2Fopt HTTP/2" 200 1126 "-" "Mozilla/5.0 AppleWebKit/537.36 (KHTML, like Gecko; compatible; ClaudeBot/1.0; +claudebot@anthropic.com)"
3.134.84.38 - - [14/Mar/2025:07:55:24 +0000] "GET /xmlrpc.php?path=%2F%2Fbin HTTP/2" 200 36325 "-" "Mozilla/5.0 AppleWebKit/537.36 (KHTML, like Gecko; compatible; ClaudeBot/1.0; +claudebot@anthropic.com)"
3.133.122.83 - - [14/Mar/2025:08:07:14 +0000] "GET /xmlrpc.php?path=%2Fhome%2Fwebcloude%2Fpublic_html%2Fwp-includes%2Fpomo HTTP/2" 200 1115 "-" "Mozilla/5.0 AppleWebKit/537.36 (KHTML, like Gecko; compatible; ClaudeBot/1.0; +claudebot@anthropic.com)"
3.133.122.83 - - [14/Mar/2025:08:07:14 +0000] "GET /xmlrpc.php?path=%2Fhome%2Fwebcloude%2Fpublic_html%2Fwp-includes%2Fl10n HTTP/2" 200 1088 "-" "Mozilla/5.0 AppleWebKit/537.36 (KHTML, like Gecko; compatible; ClaudeBot/1.0; +claudebot@anthropic.com)"
3.133.122.83 - - [14/Mar/2025:08:07:14 +0000] "GET /xmlrpc.php?path=%2Fhome%2Fwebcloude%2Fpublic_html%2Fwp-includes%2FText HTTP/2" 200 1030 "-" "Mozilla/5.0 AppleWebKit/537.36 (KHTML, like Gecko; compatible; ClaudeBot/1.0; +claudebot@anthropic.com)"
3.17.74.14 - - [14/Mar/2025:08:19:12 +0000] "GET /xmlrpc.php?filesrc=%2Fhome%2Fwebcloude%2Fpublic_html%2Fwp-includes%2Fmeta.php&path=%2Fhome%2Fwebcloude%2Fpublic_html%2Fwp-includes HTTP/2" 200 11214 "-" "Mozilla/5.0 AppleWebKit/537.36 (KHTML, like Gecko; compatible; ClaudeBot/1.0; +claudebot@anthropic.com)"
3.17.74.14 - - [14/Mar/2025:08:19:12 +0000] "GET /xmlrpc.php?filesrc=%2Fhome%2Fwebcloude%2Fpublic_html%2Fwp-includes%2Fkses.php&path=%2Fhome%2Fwebcloude%2Fpublic_html%2Fwp-includes HTTP/2" 200 19702 "-" "Mozilla/5.0 AppleWebKit/537.36 (KHTML, like Gecko; compatible; ClaudeBot/1.0; +claudebot@anthropic.com)"
2a06:98c0:3600::103 - - [14/Mar/2025:04:14:01 +0000] "GET /wp-admin/setup-config.php HTTP/1.1" 409 1144 "-" "Mozilla/5.0 (Windows NT 10.0; Win64; x64) AppleWebKit/537.36 (KHTML, like Gecko) Chrome/133.0.0.0 Safari/537.36"
65.109.31.236 - - [14/Mar/2025:05:18:29 +0000] "POST /wp-cron.php?doing_wp_cron=1741929509.8654661178588867187500 HTTP/1.1" 200 20 "-" "WordPress/6.7.2; https://webcloude.com"
162.55.100.32 - - [14/Mar/2025:05:26:03 +0000] "POST /xmlrpc.php HTTP/2" 403 1154 "https://webcloude.com" "Mozilla/5.0 (Macintosh; Intel Mac OS X 14.5) AppleWebKit/618.3.5 (KHTML, like Gecko) Version/17.4 Safari/618.3.5"
162.55.100.32 - - [14/Mar/2025:05:26:03 +0000] "POST /wp-login.php HTTP/2" 403 1154 "https://webcloude.com" "Mozilla/5.0 (Macintosh; Intel Mac OS X 10_15_7) AppleWebKit/537.36 (KHTML, like Gecko) Chrome/126.0.0.0 Safari/537.36"
2a06:98c0:3600::103 - - [14/Mar/2025:05:38:47 +0000] "GET /wordpress/wp-admin/setup-config.php HTTP/1.1" 404 25137 "-" "Mozilla/5.0 (Windows NT 10.0; Win64; x64) AppleWebKit/537.36 (KHTML, like Gecko) Chrome/133.0.0.0 Safari/537.36"
65.109.31.236 - - [14/Mar/2025:06:41:56 +0000] "POST /wp-cron.php?doing_wp_cron=1741934516.9140260219573974609375 HTTP/1.1" 200 20 "-" "WordPress/6.7.2; https://webcloude.com"
2a06:98c0:3600::103 - - [14/Mar/2025:06:59:09 +0000] "GET /wordpress/wp-admin/setup-config.php HTTP/1.1" 404 25137 "-" "Mozilla/5.0 (Windows NT 10.0; Win64; x64) AppleWebKit/537.36 (KHTML, like Gecko) Chrome/133.0.0.0 Safari/537.36"
65.109.31.236 - - [14/Mar/2025:07:45:40 +0000] "POST /wp-cron.php?doing_wp_cron=1741938340.6423149108886718750000 HTTP/1.1" 200 20 "-" "WordPress/6.7.2; https://webcloude.com"
2a06:98c0:3600::103 - - [14/Mar/2025:07:45:39 +0000] "GET /wordpress/wp-admin/setup-config.php HTTP/1.1" 404 25137 "-" "Mozilla/5.0 (Windows NT 10.0; Win64; x64) AppleWebKit/537.36 (KHTML, like Gecko) Chrome/133.0.0.0 Safari/537.36"
3.144.95.36 - - [14/Mar/2025:07:53:55 +0000] "GET /xmlrpc.php?path=%2F%2Fsys HTTP/2" 200 1066 "-" "Mozilla/5.0 AppleWebKit/537.36 (KHTML, like Gecko; compatible; ClaudeBot/1.0; +claudebot@anthropic.com)"
3.144.95.36 - - [14/Mar/2025:07:53:55 +0000] "GET /xmlrpc.php?path=%2F%2Fmnt HTTP/2" 200 703 "-" "Mozilla/5.0 AppleWebKit/537.36 (KHTML, like Gecko; compatible; ClaudeBot/1.0; +claudebot@anthropic.com)"
3.144.95.36 - - [14/Mar/2025:07:53:55 +0000] "GET /xmlrpc.php?path=%2F%2Fvar HTTP/2" 200 1586 "-" "Mozilla/5.0 AppleWebKit/537.36 (KHTML, like Gecko; compatible; ClaudeBot/1.0; +claudebot@anthropic.com)"
3.21.158.143 - - [14/Mar/2025:08:00:59 +0000] "GET /xmlrpc.php?filesrc=%2F%2FDownloads&path=%2F HTTP/2" 200 639 "-" "Mozilla/5.0 AppleWebKit/537.36 (KHTML, like Gecko; compatible; ClaudeBot/1.0; +claudebot@anthropic.com)"
3.21.158.143 - - [14/Mar/2025:08:00:59 +0000] "GET /xmlrpc.php?filesrc=%2F%2F1&path=%2F HTTP/2" 200 634 "-" "Mozilla/5.0 AppleWebKit/537.36 (KHTML, like Gecko; compatible; ClaudeBot/1.0; +claudebot@anthropic.com)"
3.21.158.143 - - [14/Mar/2025:08:00:59 +0000] "GET /xmlrpc.php?path=%2F%2Fscripts HTTP/2" 200 14984 "-" "Mozilla/5.0 AppleWebKit/537.36 (KHTML, like Gecko; compatible; ClaudeBot/1.0; +claudebot@anthropic.com)"
3.145.36.228 - - [14/Mar/2025:08:23:14 +0000] "GET /xmlrpc.php?filesrc=%2Fhome%2Fwebcloude%2Fpublic_html%2Fwp-includes%2Fwp-db.php&path=%2Fhome%2Fwebcloude%2Fpublic_html%2Fwp-includes HTTP/2" 200 936 "-" "Mozilla/5.0 AppleWebKit/537.36 (KHTML, like Gecko; compatible; ClaudeBot/1.0; +claudebot@anthropic.com)"
3.145.36.228 - - [14/Mar/2025:08:23:14 +0000] "GET /xmlrpc.php?filesrc=%2Fhome%2Fwebcloude%2Fpublic_html%2Fwp-includes%2Fmedia.php&path=%2Fhome%2Fwebcloude%2Fpublic_html%2Fwp-includes HTTP/2" 200 51060 "-" "Mozilla/5.0 AppleWebKit/537.36 (KHTML, like Gecko; compatible; ClaudeBot/1.0; +claudebot@anthropic.com)"
3.145.36.228 - - [14/Mar/2025:08:23:14 +0000] "GET /xmlrpc.php?filesrc=%2Fhome%2Fwebcloude%2Fpublic_html%2Fwp-includes%2Fcache.php&path=%2Fhome%2Fwebcloude%2Fpublic_html%2Fwp-includes HTTP/2" 200 3238 "-" "Mozilla/5.0 AppleWebKit/537.36 (KHTML, like Gecko; compatible; ClaudeBot/1.0; +claudebot@anthropic.com)"
43.153.96.79 - - [14/Mar/2025:03:17:01 +0000] "GET / HTTP/1.1" 200 31618 "http://www.webcloude.com" "Mozilla/5.0 (iPhone; CPU iPhone OS 13_2_3 like Mac OS X) AppleWebKit/605.1.15 (KHTML, like Gecko) Version/13.0.3 Mobile/15E148 Safari/604.1"
43.159.135.203 - - [14/Mar/2025:04:17:16 +0000] "GET / HTTP/1.1" 200 31617 "http://webcloude.com" "Mozilla/5.0 (iPhone; CPU iPhone OS 13_2_3 like Mac OS X) AppleWebKit/605.1.15 (KHTML, like Gecko) Version/13.0.3 Mobile/15E148 Safari/604.1"
2a06:98c0:3600::103 - - [14/Mar/2025:04:34:31 +0000] "GET /wp-admin/setup-config.php HTTP/1.1" 409 1144 "-" "Mozilla/5.0 (Windows NT 10.0; Win64; x64) AppleWebKit/537.36 (KHTML, like Gecko) Chrome/133.0.0.0 Safari/537.36"
65.109.31.236 - - [14/Mar/2025:05:38:48 +0000] "POST /wp-cron.php?doing_wp_cron=1741930728.5331730842590332031250 HTTP/1.1" 200 20 "-" "WordPress/6.7.2; https://webcloude.com"
65.109.31.236 - - [14/Mar/2025:07:07:24 +0000] "POST /wp-cron.php?doing_wp_cron=1741936043.9860699176788330078125 HTTP/1.1" 200 20 "-" "WordPress/6.7.2; https://webcloude.com"
65.109.31.236 - - [14/Mar/2025:07:25:20 +0000] "POST /wp-cron.php?doing_wp_cron=1741937120.1817860603332519531250 HTTP/1.1" 200 20 "-" "WordPress/6.7.2; https://webcloude.com"
2a06:98c0:3600::103 - - [14/Mar/2025:07:44:50 +0000] "GET /wp-admin/setup-config.php HTTP/1.1" 409 1144 "-" "Mozilla/5.0 (Windows NT 10.0; Win64; x64) AppleWebKit/537.36 (KHTML, like Gecko) Chrome/133.0.0.0 Safari/537.36"
3.133.161.132 - - [14/Mar/2025:08:11:07 +0000] "GET /xmlrpc.php?path=%2Fhome%2Fwebcloude%2Fpublic_html%2Fwp-includes%2Fsitemaps HTTP/2" 200 1160 "-" "Mozilla/5.0 AppleWebKit/537.36 (KHTML, like Gecko; compatible; ClaudeBot/1.0; +claudebot@anthropic.com)"
3.133.161.132 - - [14/Mar/2025:08:11:07 +0000] "GET /xmlrpc.php?path=%2Fhome%2Fwebcloude%2Fpublic_html%2Fwp-includes%2FRequests HTTP/2" 200 949 "-" "Mozilla/5.0 AppleWebKit/537.36 (KHTML, like Gecko; compatible; ClaudeBot/1.0; +claudebot@anthropic.com)"
3.133.161.132 - - [14/Mar/2025:08:11:07 +0000] "GET /xmlrpc.php?path=%2Fhome%2Fwebcloude%2Fpublic_html%2Fwp-includes%2Fhtml-api HTTP/2" 200 1419 "-" "Mozilla/5.0 AppleWebKit/537.36 (KHTML, like Gecko; compatible; ClaudeBot/1.0; +claudebot@anthropic.com)"
3.15.1.201 - - [14/Mar/2025:08:14:58 +0000] "GET /xmlrpc.php?path=%2Fhome%2Fwebcloude%2Fpublic_html%2Fwp-includes%2Fsodium_compat HTTP/2" 200 1147 "-" "Mozilla/5.0 AppleWebKit/537.36 (KHTML, like Gecko; compatible; ClaudeBot/1.0; +claudebot@anthropic.com)"
3.15.1.201 - - [14/Mar/2025:08:14:58 +0000] "GET /xmlrpc.php?path=%2Fhome%2Fwebcloude%2Fpublic_html%2Fwp-includes%2Fblock-bindings HTTP/2" 200 1006 "-" "Mozilla/5.0 AppleWebKit/537.36 (KHTML, like Gecko; compatible; ClaudeBot/1.0; +claudebot@anthropic.com)"
3.15.1.201 - - [14/Mar/2025:08:14:58 +0000] "GET /xmlrpc.php?path=%2Fhome%2Fwebcloude%2Fpublic_html%2Fwp-includes%2Ftheme-compat HTTP/2" 200 1185 "-" "Mozilla/5.0 AppleWebKit/537.36 (KHTML, like Gecko; compatible; ClaudeBot/1.0; +claudebot@anthropic.com)"
18.119.119.187 - - [14/Mar/2025:08:25:44 +0000] "GET /xmlrpc.php?filesrc=%2Fhome%2Fwebcloude%2Fpublic_html%2Fwp-includes%2Fcompat.php&path=%2Fhome%2Fwebcloude%2Fpublic_html%2Fwp-includes HTTP/2" 200 5180 "-" "Mozilla/5.0 AppleWebKit/537.36 (KHTML, like Gecko; compatible; ClaudeBot/1.0; +claudebot@anthropic.com)"
18.119.119.187 - - [14/Mar/2025:08:25:44 +0000] "GET /xmlrpc.php?filesrc=%2Fhome%2Fwebcloude%2Fpublic_html%2Fwp-includes%2Fupdate.php&path=%2Fhome%2Fwebcloude%2Fpublic_html%2Fwp-includes HTTP/2" 200 8860 "-" "Mozilla/5.0 AppleWebKit/537.36 (KHTML, like Gecko; compatible; ClaudeBot/1.0; +claudebot@anthropic.com)"
18.119.119.187 - - [14/Mar/2025:08:25:44 +0000] "GET /xmlrpc.php?filesrc=%2Fhome%2Fwebcloude%2Fpublic_html%2Fwp-includes%2Fblocks.php&path=%2Fhome%2Fwebcloude%2Fpublic_html%2Fwp-includes HTTP/2" 200 21665 "-" "Mozilla/5.0 AppleWebKit/537.36 (KHTML, like Gecko; compatible; ClaudeBot/1.0; +claudebot@anthropic.com)"
3.145.36.228 - - [14/Mar/2025:08:13:53 +0000] "GET /xmlrpc.php?path=%2Fhome%2Fwebcloude%2Fpublic_html%2Fwp-includes%2Fstyle-engine HTTP/2" 200 1098 "-" "Mozilla/5.0 AppleWebKit/537.36 (KHTML, like Gecko; compatible; ClaudeBot/1.0; +claudebot@anthropic.com)"
3.145.36.228 - - [14/Mar/2025:08:13:53 +0000] "GET /xmlrpc.php?path=%2Fhome%2Fwebcloude%2Fpublic_html%2Fwp-includes%2Fphp-compat HTTP/2" 200 956 "-" "Mozilla/5.0 AppleWebKit/537.36 (KHTML, like Gecko; compatible; ClaudeBot/1.0; +claudebot@anthropic.com)"
18.225.56.185 - - [14/Mar/2025:08:16:18 +0000] "GET /xmlrpc.php?path=%2Fhome%2Fwebcloude%2Fpublic_html%2Fwp-includes%2Finteractivity-api HTTP/2" 200 1036 "-" "Mozilla/5.0 AppleWebKit/537.36 (KHTML, like Gecko; compatible; ClaudeBot/1.0; +claudebot@anthropic.com)"
18.225.56.185 - - [14/Mar/2025:08:16:18 +0000] "GET /xmlrpc.php?path=%2Fhome%2Fwebcloude%2Fpublic_html%2Fwp-includes%2Fblock-supports HTTP/2" 200 1503 "-" "Mozilla/5.0 AppleWebKit/537.36 (KHTML, like Gecko; compatible; ClaudeBot/1.0; +claudebot@anthropic.com)"
18.225.56.185 - - [14/Mar/2025:08:16:18 +0000] "GET /xmlrpc.php?path=%2Fhome%2Fwebcloude%2Fpublic_html%2Fwp-includes%2Fblock-patterns HTTP/2" 200 1186 "-" "Mozilla/5.0 AppleWebKit/537.36 (KHTML, like Gecko; compatible; ClaudeBot/1.0; +claudebot@anthropic.com)"
3.15.223.2 - - [14/Mar/2025:08:22:00 +0000] "GET /xmlrpc.php?filesrc=%2Fhome%2Fwebcloude%2Fpublic_html%2Fwp-includes%2Ffeed.php&path=%2Fhome%2Fwebcloude%2Fpublic_html%2Fwp-includes HTTP/2" 200 6792 "-" "Mozilla/5.0 AppleWebKit/537.36 (KHTML, like Gecko; compatible; ClaudeBot/1.0; +claudebot@anthropic.com)"
3.15.223.2 - - [14/Mar/2025:08:22:00 +0000] "GET /xmlrpc.php?filesrc=%2Fhome%2Fwebcloude%2Fpublic_html%2Fwp-includes%2Fembed.php&path=%2Fhome%2Fwebcloude%2Fpublic_html%2Fwp-includes HTTP/2" 200 10876 "-" "Mozilla/5.0 AppleWebKit/537.36 (KHTML, like Gecko; compatible; ClaudeBot/1.0; +claudebot@anthropic.com)"
3.15.223.2 - - [14/Mar/2025:08:22:00 +0000] "GET /xmlrpc.php?filesrc=%2Fhome%2Fwebcloude%2Fpublic_html%2Fwp-includes%2Fdate.php&path=%2Fhome%2Fwebcloude%2Fpublic_html%2Fwp-includes HTTP/2" 200 911 "-" "Mozilla/5.0 AppleWebKit/537.36 (KHTML, like Gecko; compatible; ClaudeBot/1.0; +claudebot@anthropic.com)"
18.224.55.214 - - [14/Mar/2025:08:27:04 +0000] "GET /xmlrpc.php?filesrc=%2Fhome%2Fwebcloude%2Fpublic_html%2Fwp-includes%2Fplugin.php&path=%2Fhome%2Fwebcloude%2Fpublic_html%2Fwp-includes HTTP/2" 200 7936 "-" "Mozilla/5.0 AppleWebKit/537.36 (KHTML, like Gecko; compatible; ClaudeBot/1.0; +claudebot@anthropic.com)"
18.224.55.214 - - [14/Mar/2025:08:27:04 +0000] "GET /xmlrpc.php?filesrc=%2Fhome%2Fwebcloude%2Fpublic_html%2Fwp-includes%2Ftheme.json&path=%2Fhome%2Fwebcloude%2Fpublic_html%2Fwp-includes HTTP/2" 200 3023 "-" "Mozilla/5.0 AppleWebKit/537.36 (KHTML, like Gecko; compatible; ClaudeBot/1.0; +claudebot@anthropic.com)"
18.224.55.214 - - [14/Mar/2025:08:27:04 +0000] "GET /xmlrpc.php?filesrc=%2Fhome%2Fwebcloude%2Fpublic_html%2Fwp-includes%2Flocale.php&path=%2Fhome%2Fwebcloude%2Fpublic_html%2Fwp-includes HTTP/2" 200 800 "-" "Mozilla/5.0 AppleWebKit/537.36 (KHTML, like Gecko; compatible; ClaudeBot/1.0; +claudebot@anthropic.com)"
18.221.170.213 - - [14/Mar/2025:08:38:58 +0000] "GET /xmlrpc.php?filesrc=%2Fhome%2Fwebcloude%2Fpublic_html%2Fwp-includes%2Fadmin-bar.php&path=%2Fhome%2Fwebcloude%2Fpublic_html%2Fwp-includes HTTP/2" 200 9133 "-" "Mozilla/5.0 AppleWebKit/537.36 (KHTML, like Gecko; compatible; ClaudeBot/1.0; +claudebot@anthropic.com)"
18.221.170.213 - - [14/Mar/2025:08:38:58 +0000] "GET /xmlrpc.php?filesrc=%2Fhome%2Fwebcloude%2Fpublic_html%2Fwp-includes%2Fpluggable.php&path=%2Fhome%2Fwebcloude%2Fpublic_html%2Fwp-includes HTTP/2" 200 26951 "-" "Mozilla/5.0 AppleWebKit/537.36 (KHTML, like Gecko; compatible; ClaudeBot/1.0; +claudebot@anthropic.com)"
2a06:98c0:3600::103 - - [14/Mar/2025:03:12:28 +0000] "GET /wordpress/wp-admin/setup-config.php HTTP/1.1" 404 25137 "-" "Mozilla/5.0 (Windows NT 10.0; Win64; x64) AppleWebKit/537.36 (KHTML, like Gecko) Chrome/133.0.0.0 Safari/537.36"
65.109.31.236 - - [14/Mar/2025:03:33:35 +0000] "POST /wp-cron.php?doing_wp_cron=1741923215.5657289028167724609375 HTTP/1.1" 200 20 "-" "WordPress/6.7.2; https://webcloude.com"
58.49.233.126 - - [14/Mar/2025:03:50:26 +0000] "GET / HTTP/1.1" 200 31617 "http://webcloude.com" "Mozilla/5.0 (iPhone; CPU iPhone OS 13_2_3 like Mac OS X) AppleWebKit/605.1.15 (KHTML, like Gecko) Version/13.0.3 Mobile/15E148 Safari/604.1"
106.219.167.199 - - [14/Mar/2025:03:50:27 +0000] "GET /contact-2/ HTTP/1.1" 200 30113 "http://webcloude.com" "Mozilla/5.0 (X11; Linux x86_64) AppleWebKit/537.36 (KHTML, like Gecko) Chrome/114.0.0.0 Safari/537.36"
2a06:98c0:3600::103 - - [14/Mar/2025:03:54:18 +0000] "GET /wp-admin/setup-config.php HTTP/1.1" 409 1144 "-" "Mozilla/5.0 (Windows NT 10.0; Win64; x64) AppleWebKit/537.36 (KHTML, like Gecko) Chrome/133.0.0.0 Safari/537.36"
4.240.72.125 - - [14/Mar/2025:04:00:38 +0000] "POST /xmlrpc.php HTTP/2" 200 1756 "https://webcloude.com" "Mozilla/5.0 (Windows NT 11.0; Win64; x64; rv:126.0) Gecko/20100101 Firefox/126.0"
173.201.186.156 - - [14/Mar/2025:04:30:54 +0000] "POST /xmlrpc.php HTTP/2" 200 1759 "https://webcloude.com" "Mozilla/5.0 (Macintosh; Intel Mac OS X 10_15_7; rv:126.0) Gecko/20100101 Firefox/126.0"
65.109.31.236 - - [14/Mar/2025:06:18:56 +0000] "POST /wp-cron.php?doing_wp_cron=1741933136.4729919433593750000000 HTTP/1.1" 200 20 "-" "WordPress/6.7.2; https://webcloude.com"
2a06:98c0:3600::103 - - [14/Mar/2025:06:41:16 +0000] "GET /wordpress/wp-admin/setup-config.php HTTP/1.1" 404 25138 "-" "Mozilla/5.0 (Windows NT 10.0; Win64; x64) AppleWebKit/537.36 (KHTML, like Gecko) Chrome/133.0.0.0 Safari/537.36"
2a06:98c0:3600::103 - - [14/Mar/2025:07:27:47 +0000] "GET /wp-admin/setup-config.php HTTP/1.1" 409 1144 "-" "Mozilla/5.0 (Windows NT 10.0; Win64; x64) AppleWebKit/537.36 (KHTML, like Gecko) Chrome/133.0.0.0 Safari/537.36"
18.191.66.218 - - [14/Mar/2025:08:09:34 +0000] "GET /xmlrpc.php?path=%2Fhome%2Fwebcloude%2Fpublic_html%2Fwp-includes%2Frest-api HTTP/2" 200 1128 "-" "Mozilla/5.0 AppleWebKit/537.36 (KHTML, like Gecko; compatible; ClaudeBot/1.0; +claudebot@anthropic.com)"
18.191.66.218 - - [14/Mar/2025:08:09:34 +0000] "GET /xmlrpc.php?path=%2Fhome%2Fwebcloude%2Fpublic_html%2Fwp-includes%2Fwidgets HTTP/2" 200 1555 "-" "Mozilla/5.0 AppleWebKit/537.36 (KHTML, like Gecko; compatible; ClaudeBot/1.0; +claudebot@anthropic.com)"
18.191.66.218 - - [14/Mar/2025:08:09:34 +0000] "GET /xmlrpc.php?path=%2Fhome%2Fwebcloude%2Fpublic_html%2Fwp-includes%2Fimages HTTP/2" 200 1718 "-" "Mozilla/5.0 AppleWebKit/537.36 (KHTML, like Gecko; compatible; ClaudeBot/1.0; +claudebot@anthropic.com)"
37.27.31.215 - - [14/Mar/2025:08:25:57 +0000] "POST /xmlrpc.php HTTP/2" 200 1756 "https://webcloude.com" "Mozilla/5.0 (Macintosh; Intel Mac OS X 10_15_7) AppleWebKit/537.36 (KHTML, like Gecko) Chrome/114.0.5735.134 Safari/537.36"
3.147.7.83 - - [14/Mar/2025:08:37:31 +0000] "GET /xmlrpc.php?filesrc=%2Fhome%2Fwebcloude%2Fpublic_html%2Fwp-includes%2Fbookmark.php&path=%2Fhome%2Fwebcloude%2Fpublic_html%2Fwp-includes HTTP/2" 200 4938 "-" "Mozilla/5.0 AppleWebKit/537.36 (KHTML, like Gecko; compatible; ClaudeBot/1.0; +claudebot@anthropic.com)"
3.147.7.83 - - [14/Mar/2025:08:37:31 +0000] "GET /xmlrpc.php?filesrc=%2Fhome%2Fwebcloude%2Fpublic_html%2Fwp-includes%2Fms-blogs.php&path=%2Fhome%2Fwebcloude%2Fpublic_html%2Fwp-includes HTTP/2" 200 6875 "-" "Mozilla/5.0 AppleWebKit/537.36 (KHTML, like Gecko; compatible; ClaudeBot/1.0; +claudebot@anthropic.com)"
3.147.7.83 - - [14/Mar/2025:08:37:31 +0000] "GET /xmlrpc.php?filesrc=%2Fhome%2Fwebcloude%2Fpublic_html%2Fwp-includes%2Ffeed-rdf.php&path=%2Fhome%2Fwebcloude%2Fpublic_html%2Fwp-includes HTTP/2" 200 1705 "-" "Mozilla/5.0 AppleWebKit/537.36 (KHTML, like Gecko; compatible; ClaudeBot/1.0; +claudebot@anthropic.com)"
3.139.82.70 - - [14/Mar/2025:08:17:38 +0000] "GET /xmlrpc.php?filesrc=%2Fhome%2Fwebcloude%2Fpublic_html%2Frobots.txt&path=%2Fhome%2Fwebcloude%2Fpublic_html HTTP/2" 200 734 "-" "Mozilla/5.0 AppleWebKit/537.36 (KHTML, like Gecko; compatible; ClaudeBot/1.0; +claudebot@anthropic.com)"
18.189.170.66 - - [14/Mar/2025:08:20:24 +0000] "GET /xmlrpc.php?filesrc=%2Fhome%2Fwebcloude%2Fpublic_html%2Fwp-includes%2Fl10n.php&path=%2Fhome%2Fwebcloude%2Fpublic_html%2Fwp-includes HTTP/2" 200 13541 "-" "Mozilla/5.0 AppleWebKit/537.36 (KHTML, like Gecko; compatible; ClaudeBot/1.0; +claudebot@anthropic.com)"
18.189.170.66 - - [14/Mar/2025:08:20:24 +0000] "GET /xmlrpc.php?filesrc=%2Fhome%2Fwebcloude%2Fpublic_html%2Fwp-includes%2Fpost.php&path=%2Fhome%2Fwebcloude%2Fpublic_html%2Fwp-includes HTTP/2" 200 61989 "-" "Mozilla/5.0 AppleWebKit/537.36 (KHTML, like Gecko; compatible; ClaudeBot/1.0; +claudebot@anthropic.com)"
18.189.170.66 - - [14/Mar/2025:08:20:24 +0000] "GET /xmlrpc.php?filesrc=%2Fhome%2Fwebcloude%2Fpublic_html%2Fwp-includes%2Fvars.php&path=%2Fhome%2Fwebcloude%2Fpublic_html%2Fwp-includes HTTP/2" 200 2642 "-" "Mozilla/5.0 AppleWebKit/537.36 (KHTML, like Gecko; compatible; ClaudeBot/1.0; +claudebot@anthropic.com)"
65.109.31.236 - - [14/Mar/2025:08:25:58 +0000] "POST /wp-cron.php?doing_wp_cron=1741940758.7999789714813232421875 HTTP/1.1" 200 20 "-" "WordPress/6.7.2; https://webcloude.com"
37.27.31.215 - - [14/Mar/2025:08:25:58 +0000] "POST /wp-login.php HTTP/2" 200 2138 "https://webcloude.com" "Mozilla/5.0 (Macintosh; Intel Mac OS X 10_15_7) AppleWebKit/537.36 (KHTML, like Gecko) Chrome/112.0.5615.138 Safari/537.36"
3.145.86.142 - - [14/Mar/2025:08:28:17 +0000] "GET /xmlrpc.php?filesrc=%2Fhome%2Fwebcloude%2Fpublic_html%2Fwp-includes%2Fversion.php&path=%2Fhome%2Fwebcloude%2Fpublic_html%2Fwp-includes HTTP/2" 200 1058 "-" "Mozilla/5.0 AppleWebKit/537.36 (KHTML, like Gecko; compatible; ClaudeBot/1.0; +claudebot@anthropic.com)"
3.145.86.142 - - [14/Mar/2025:08:28:17 +0000] "GET /xmlrpc.php?filesrc=%2Fhome%2Fwebcloude%2Fpublic_html%2Fwp-includes%2Fatomlib.php&path=%2Fhome%2Fwebcloude%2Fpublic_html%2Fwp-includes HTTP/2" 200 3959 "-" "Mozilla/5.0 AppleWebKit/537.36 (KHTML, like Gecko; compatible; ClaudeBot/1.0; +claudebot@anthropic.com)"
3.145.86.142 - - [14/Mar/2025:08:28:17 +0000] "GET /xmlrpc.php?filesrc=%2Fhome%2Fwebcloude%2Fpublic_html%2Fwp-includes%2Fms-site.php&path=%2Fhome%2Fwebcloude%2Fpublic_html%2Fwp-includes HTTP/2" 200 10340 "-" "Mozilla/5.0 AppleWebKit/537.36 (KHTML, like Gecko; compatible; ClaudeBot/1.0; +claudebot@anthropic.com)"
65.109.31.236 - - [14/Mar/2025:08:30:45 +0000] "POST /wp-cron.php?doing_wp_cron=1741941045.2656960487365722656250 HTTP/1.1" 200 20 "-" "WordPress/6.7.2; https://webcloude.com"
18.221.11.104 - - [14/Mar/2025:08:34:12 +0000] "GET /xmlrpc.php?filesrc=%2Fhome%2Fwebcloude%2Fpublic_html%2Fwp-includes%2Fclass-wp.php&path=%2Fhome%2Fwebcloude%2Fpublic_html%2Fwp-includes HTTP/2" 200 7992 "-" "Mozilla/5.0 AppleWebKit/537.36 (KHTML, like Gecko; compatible; ClaudeBot/1.0; +claudebot@anthropic.com)"
18.221.11.104 - - [14/Mar/2025:08:34:12 +0000] "GET /xmlrpc.php?filesrc=%2Fhome%2Fwebcloude%2Fpublic_html%2Fwp-includes%2Frest-api.php&path=%2Fhome%2Fwebcloude%2Fpublic_html%2Fwp-includes HTTP/2" 200 21863 "-" "Mozilla/5.0 AppleWebKit/537.36 (KHTML, like Gecko; compatible; ClaudeBot/1.0; +claudebot@anthropic.com)"
18.221.11.104 - - [14/Mar/2025:08:34:13 +0000] "GET /xmlrpc.php?filesrc=%2Fhome%2Fwebcloude%2Fpublic_html%2Fwp-includes%2Frevision.php&path=%2Fhome%2Fwebcloude%2Fpublic_html%2Fwp-includes HTTP/2" 200 8641 "-" "Mozilla/5.0 AppleWebKit/537.36 (KHTML, like Gecko; compatible; ClaudeBot/1.0; +claudebot@anthropic.com)"
65.109.31.236 - - [14/Mar/2025:08:49:45 +0000] "POST /wp-cron.php?doing_wp_cron=1741942185.9659759998321533203125 HTTP/1.1" 200 20 "-" "WordPress/6.7.2; https://webcloude.com"
3.17.74.14 - - [14/Mar/2025:08:19:12 +0000] "GET /xmlrpc.php?filesrc=%2Fhome%2Fwebcloude%2Fpublic_html%2Fwp-includes%2Fuser.php&path=%2Fhome%2Fwebcloude%2Fpublic_html%2Fwp-includes HTTP/2" 200 37255 "-" "Mozilla/5.0 AppleWebKit/537.36 (KHTML, like Gecko; compatible; ClaudeBot/1.0; +claudebot@anthropic.com)"
4.43.184.114 - - [14/Mar/2025:08:27:14 +0000] "GET / HTTP/1.0" 200 184631 "-" "Mozilla/4.0 (compatible; MSIE 6.0; Windows NT 5.1; SV1; .NET CLR 1.1.4322; .NET CLR 2.0.50728)"
2a06:98c0:3600::103 - - [14/Mar/2025:08:30:45 +0000] "GET /wordpress/wp-admin/setup-config.php HTTP/1.1" 404 25138 "-" "Mozilla/5.0 (Windows NT 10.0; Win64; x64) AppleWebKit/537.36 (KHTML, like Gecko) Chrome/133.0.0.0 Safari/537.36"
3.145.125.13 - - [14/Mar/2025:08:30:53 +0000] "GET /xmlrpc.php?filesrc=%2Fhome%2Fwebcloude%2Fpublic_html%2Fwp-includes%2Fwp-diff.php&path=%2Fhome%2Fwebcloude%2Fpublic_html%2Fwp-includes HTTP/2" 200 964 "-" "Mozilla/5.0 AppleWebKit/537.36 (KHTML, like Gecko; compatible; ClaudeBot/1.0; +claudebot@anthropic.com)"
3.145.125.13 - - [14/Mar/2025:08:30:53 +0000] "GET /xmlrpc.php?filesrc=%2Fhome%2Fwebcloude%2Fpublic_html%2Fwp-includes%2Ftaxonomy.php&path=%2Fhome%2Fwebcloude%2Fpublic_html%2Fwp-includes HTTP/2" 200 38068 "-" "Mozilla/5.0 AppleWebKit/537.36 (KHTML, like Gecko; compatible; ClaudeBot/1.0; +claudebot@anthropic.com)"
3.145.125.13 - - [14/Mar/2025:08:30:53 +0000] "GET /xmlrpc.php?filesrc=%2Fhome%2Fwebcloude%2Fpublic_html%2Fwp-includes%2Frewrite.php&path=%2Fhome%2Fwebcloude%2Fpublic_html%2Fwp-includes HTTP/2" 200 6597 "-" "Mozilla/5.0 AppleWebKit/537.36 (KHTML, like Gecko; compatible; ClaudeBot/1.0; +claudebot@anthropic.com)"
52.14.244.52 - - [14/Mar/2025:08:40:22 +0000] "GET /xmlrpc.php?filesrc=%2Fhome%2Fwebcloude%2Fpublic_html%2Fwp-includes%2Ffunctions.php&path=%2Fhome%2Fwebcloude%2Fpublic_html%2Fwp-includes HTTP/2" 200 73297 "-" "Mozilla/5.0 AppleWebKit/537.36 (KHTML, like Gecko; compatible; ClaudeBot/1.0; +claudebot@anthropic.com)"
52.14.244.52 - - [14/Mar/2025:08:40:22 +0000] "GET /xmlrpc.php?filesrc=%2Fhome%2Fwebcloude%2Fpublic_html%2Fwp-includes%2Ffeed-rss2.php&path=%2Fhome%2Fwebcloude%2Fpublic_html%2Fwp-includes HTTP/2" 200 2114 "-" "Mozilla/5.0 AppleWebKit/537.36 (KHTML, like Gecko; compatible; ClaudeBot/1.0; +claudebot@anthropic.com)"
52.14.244.52 - - [14/Mar/2025:08:40:22 +0000] "GET /xmlrpc.php?filesrc=%2Fhome%2Fwebcloude%2Fpublic_html%2Fwp-includes%2Ffeed-atom.php&path=%2Fhome%2Fwebcloude%2Fpublic_html%2Fwp-includes HTTP/2" 200 1821 "-" "Mozilla/5.0 AppleWebKit/537.36 (KHTML, like Gecko; compatible; ClaudeBot/1.0; +claudebot@anthropic.com)"
18.225.95.116 - - [14/Mar/2025:08:49:10 +0000] "GET /xmlrpc.php?filesrc=%2Fhome%2Fwebcloude%2Fpublic_html%2Fwp-includes%2Fcache-compat.php&path=%2Fhome%2Fwebcloude%2Fpublic_html%2Fwp-includes HTTP/2" 200 2025 "-" "Mozilla/5.0 AppleWebKit/537.36 (KHTML, like Gecko; compatible; ClaudeBot/1.0; +claudebot@anthropic.com)"
18.225.95.116 - - [14/Mar/2025:08:49:10 +0000] "GET /xmlrpc.php?filesrc=%2Fhome%2Fwebcloude%2Fpublic_html%2Fwp-includes%2Fclass-oembed.php&path=%2Fhome%2Fwebcloude%2Fpublic_html%2Fwp-includes HTTP/2" 200 912 "-" "Mozilla/5.0 AppleWebKit/537.36 (KHTML, like Gecko; compatible; ClaudeBot/1.0; +claudebot@anthropic.com)"
18.225.95.116 - - [14/Mar/2025:08:49:11 +0000] "GET /xmlrpc.php?filesrc=%2Fhome%2Fwebcloude%2Fpublic_html%2Fwp-includes%2Fcapabilities.php&path=%2Fhome%2Fwebcloude%2Fpublic_html%2Fwp-includes HTTP/2" 200 7927 "-" "Mozilla/5.0 AppleWebKit/537.36 (KHTML, like Gecko; compatible; ClaudeBot/1.0; +claudebot@anthropic.com)"
18.118.11.120 - - [14/Mar/2025:08:51:44 +0000] "GET /xmlrpc.php?filesrc=%2Fhome%2Fwebcloude%2Fpublic_html%2Fwp-includes%2Fclass-wp-site.php&path=%2Fhome%2Fwebcloude%2Fpublic_html%2Fwp-includes HTTP/2" 200 2759 "-" "Mozilla/5.0 AppleWebKit/537.36 (KHTML, like Gecko; compatible; ClaudeBot/1.0; +claudebot@anthropic.com)"
65.109.31.236 - - [14/Mar/2025:04:56:40 +0000] "POST /wp-cron.php?doing_wp_cron=1741928200.5884919166564941406250 HTTP/1.1" 200 20 "-" "WordPress/6.7.2; https://webcloude.com"
162.241.70.229 - - [14/Mar/2025:04:58:46 +0000] "POST /xmlrpc.php HTTP/2" 200 1758 "https://webcloude.com" "Mozilla/5.0 (Macintosh; Intel Mac OS X 10_15_7) AppleWebKit/537.36 (KHTML, like Gecko) Chrome/115.0.5790.102 Safari/537.36"
208.107.66.243 - - [14/Mar/2025:05:51:22 +0000] "POST /xmlrpc.php HTTP/2" 200 1758 "https://webcloude.com" "Mozilla/5.0 (Windows NT 10.0; Win64; x64; rv:129.0) Gecko/20100101 Firefox/129.0"
2a06:98c0:3600::103 - - [14/Mar/2025:06:01:57 +0000] "GET /wp-admin/setup-config.php HTTP/1.1" 409 1144 "-" "Mozilla/5.0 (Windows NT 10.0; Win64; x64) AppleWebKit/537.36 (KHTML, like Gecko) Chrome/133.0.0.0 Safari/537.36"
2a06:98c0:3600::103 - - [14/Mar/2025:06:40:49 +0000] "GET /wp-admin/setup-config.php HTTP/1.1" 409 1144 "-" "Mozilla/5.0 (Windows NT 10.0; Win64; x64) AppleWebKit/537.36 (KHTML, like Gecko) Chrome/133.0.0.0 Safari/537.36"
2a06:98c0:3600::103 - - [14/Mar/2025:07:25:19 +0000] "GET /wordpress/wp-admin/setup-config.php HTTP/1.1" 404 25137 "-" "Mozilla/5.0 (Windows NT 10.0; Win64; x64) AppleWebKit/537.36 (KHTML, like Gecko) Chrome/133.0.0.0 Safari/537.36"
65.109.31.236 - - [14/Mar/2025:07:45:40 +0000] "POST /wp-cron.php?doing_wp_cron=1741938340.6042211055755615234375 HTTP/1.1" 200 20 "-" "WordPress/6.7.2; https://webcloude.com"
3.14.134.206 - - [14/Mar/2025:07:59:38 +0000] "GET /xmlrpc.php?path=%2F%2Fbackup HTTP/2" 200 706 "-" "Mozilla/5.0 AppleWebKit/537.36 (KHTML, like Gecko; compatible; ClaudeBot/1.0; +claudebot@anthropic.com)"
3.14.134.206 - - [14/Mar/2025:07:59:38 +0000] "GET /xmlrpc.php?path=%2F%2Fmedia HTTP/2" 200 705 "-" "Mozilla/5.0 AppleWebKit/537.36 (KHTML, like Gecko; compatible; ClaudeBot/1.0; +claudebot@anthropic.com)"
3.14.134.206 - - [14/Mar/2025:07:59:38 +0000] "GET /xmlrpc.php?path=%2F%2Flib64 HTTP/2" 200 30597 "-" "Mozilla/5.0 AppleWebKit/537.36 (KHTML, like Gecko; compatible; ClaudeBot/1.0; +claudebot@anthropic.com)"
18.219.218.77 - - [14/Mar/2025:08:02:40 +0000] "GET /xmlrpc.php?filesrc=%2F%2Frazor-agent.log&path=%2F HTTP/2" 200 717 "-" "Mozilla/5.0 AppleWebKit/537.36 (KHTML, like Gecko; compatible; ClaudeBot/1.0; +claudebot@anthropic.com)"
18.219.218.77 - - [14/Mar/2025:08:02:40 +0000] "GET /xmlrpc.php?filesrc=%2F%2F.autorelabel&path=%2F HTTP/2" 200 639 "-" "Mozilla/5.0 AppleWebKit/537.36 (KHTML, like Gecko; compatible; ClaudeBot/1.0; +claudebot@anthropic.com)"
18.219.218.77 - - [14/Mar/2025:08:02:40 +0000] "GET /xmlrpc.php?filesrc=%2F%2Fquota.user&path=%2F HTTP/2" 200 638 "-" "Mozilla/5.0 AppleWebKit/537.36 (KHTML, like Gecko; compatible; ClaudeBot/1.0; +claudebot@anthropic.com)"
13.58.67.133 - - [14/Mar/2025:08:32:05 +0000] "GET /xmlrpc.php?filesrc=%2Fhome%2Fwebcloude%2Fpublic_html%2Fwp-includes%2Fsitemaps.php&path=%2Fhome%2Fwebcloude%2Fpublic_html%2Fwp-includes HTTP/2" 200 1726 "-" "Mozilla/5.0 AppleWebKit/537.36 (KHTML, like Gecko; compatible; ClaudeBot/1.0; +claudebot@anthropic.com)"
13.58.67.133 - - [14/Mar/2025:08:32:05 +0000] "GET /xmlrpc.php?filesrc=%2Fhome%2Fwebcloude%2Fpublic_html%2Fwp-includes%2Fcategory.php&path=%2Fhome%2Fwebcloude%2Fpublic_html%2Fwp-includes HTTP/2" 200 4213 "-" "Mozilla/5.0 AppleWebKit/537.36 (KHTML, like Gecko; compatible; ClaudeBot/1.0; +claudebot@anthropic.com)"
13.58.67.133 - - [14/Mar/2025:08:32:05 +0000] "GET /xmlrpc.php?filesrc=%2Fhome%2Fwebcloude%2Fpublic_html%2Fwp-includes%2Fnav-menu.php&path=%2Fhome%2Fwebcloude%2Fpublic_html%2Fwp-includes HTTP/2" 200 10523 "-" "Mozilla/5.0 AppleWebKit/537.36 (KHTML, like Gecko; compatible; ClaudeBot/1.0; +claudebot@anthropic.com)"
2a06:98c0:3600::103 - - [14/Mar/2025:08:50:53 +0000] "GET /wp-admin/setup-config.php HTTP/1.1" 409 1144 "-" "Mozilla/5.0 (Windows NT 10.0; Win64; x64) AppleWebKit/537.36 (KHTML, like Gecko) Chrome/133.0.0.0 Safari/537.36"
3.145.152.98 - - [14/Mar/2025:08:24:29 +0000] "GET /xmlrpc.php?filesrc=%2Fhome%2Fwebcloude%2Fpublic_html%2Fwp-includes%2Ffonts.php&path=%2Fhome%2Fwebcloude%2Fpublic_html%2Fwp-includes HTTP/2" 200 3354 "-" "Mozilla/5.0 AppleWebKit/537.36 (KHTML, like Gecko; compatible; ClaudeBot/1.0; +claudebot@anthropic.com)"
3.145.152.98 - - [14/Mar/2025:08:24:29 +0000] "GET /xmlrpc.php?filesrc=%2Fhome%2Fwebcloude%2Fpublic_html%2Fwp-includes%2Ftheme.php&path=%2Fhome%2Fwebcloude%2Fpublic_html%2Fwp-includes HTTP/2" 200 31228 "-" "Mozilla/5.0 AppleWebKit/537.36 (KHTML, like Gecko; compatible; ClaudeBot/1.0; +claudebot@anthropic.com)"
3.145.152.98 - - [14/Mar/2025:08:24:29 +0000] "GET /xmlrpc.php?filesrc=%2Fhome%2Fwebcloude%2Fpublic_html%2Fwp-includes%2Fquery.php&path=%2Fhome%2Fwebcloude%2Fpublic_html%2Fwp-includes HTTP/2" 200 5794 "-" "Mozilla/5.0 AppleWebKit/537.36 (KHTML, like Gecko; compatible; ClaudeBot/1.0; +claudebot@anthropic.com)"
18.117.111.63 - - [14/Mar/2025:08:29:36 +0000] "GET /xmlrpc.php?filesrc=%2Fhome%2Fwebcloude%2Fpublic_html%2Fwp-includes%2Fwidgets.php&path=%2Fhome%2Fwebcloude%2Fpublic_html%2Fwp-includes HTTP/2" 200 16532 "-" "Mozilla/5.0 AppleWebKit/537.36 (KHTML, like Gecko; compatible; ClaudeBot/1.0; +claudebot@anthropic.com)"
18.117.111.63 - - [14/Mar/2025:08:29:36 +0000] "GET /xmlrpc.php?filesrc=%2Fhome%2Fwebcloude%2Fpublic_html%2Fwp-includes%2Fcomment.php&path=%2Fhome%2Fwebcloude%2Fpublic_html%2Fwp-includes HTTP/2" 200 30019 "-" "Mozilla/5.0 AppleWebKit/537.36 (KHTML, like Gecko; compatible; ClaudeBot/1.0; +claudebot@anthropic.com)"
18.117.111.63 - - [14/Mar/2025:08:29:36 +0000] "GET /xmlrpc.php?filesrc=%2Fhome%2Fwebcloude%2Fpublic_html%2Fwp-includes%2Fms-load.php&path=%2Fhome%2Fwebcloude%2Fpublic_html%2Fwp-includes HTTP/2" 200 6901 "-" "Mozilla/5.0 AppleWebKit/537.36 (KHTML, like Gecko; compatible; ClaudeBot/1.0; +claudebot@anthropic.com)"
43.159.149.216 - - [14/Mar/2025:08:44:13 +0000] "GET / HTTP/1.1" 200 31619 "http://www.webcloude.com" "Mozilla/5.0 (iPhone; CPU iPhone OS 13_2_3 like Mac OS X) AppleWebKit/605.1.15 (KHTML, like Gecko) Version/13.0.3 Mobile/15E148 Safari/604.1"
3.145.15.153 - - [14/Mar/2025:08:47:05 +0000] "GET /xmlrpc.php?filesrc=%2Fhome%2Fwebcloude%2Fpublic_html%2Fwp-includes%2Fms-functions.php&path=%2Fhome%2Fwebcloude%2Fpublic_html%2Fwp-includes HTTP/2" 200 20415 "-" "Mozilla/5.0 AppleWebKit/537.36 (KHTML, like Gecko; compatible; ClaudeBot/1.0; +claudebot@anthropic.com)"
3.145.15.153 - - [14/Mar/2025:08:47:05 +0000] "GET /xmlrpc.php?filesrc=%2Fhome%2Fwebcloude%2Fpublic_html%2Fwp-includes%2Fms-settings.php&path=%2Fhome%2Fwebcloude%2Fpublic_html%2Fwp-includes HTTP/2" 200 2210 "-" "Mozilla/5.0 AppleWebKit/537.36 (KHTML, like Gecko; compatible; ClaudeBot/1.0; +claudebot@anthropic.com)"
3.145.15.153 - - [14/Mar/2025:08:47:05 +0000] "GET /xmlrpc.php?filesrc=%2Fhome%2Fwebcloude%2Fpublic_html%2Fwp-includes%2Fblock-i18n.json&path=%2Fhome%2Fwebcloude%2Fpublic_html%2Fwp-includes HTTP/2" 200 820 "-" "Mozilla/5.0 AppleWebKit/537.36 (KHTML, like Gecko; compatible; ClaudeBot/1.0; +claudebot@anthropic.com)"
2a06:98c0:3600::103 - - [14/Mar/2025:08:49:45 +0000] "GET /wordpress/wp-admin/setup-config.php HTTP/1.1" 404 25137 "-" "Mozilla/5.0 (Windows NT 10.0; Win64; x64) AppleWebKit/537.36 (KHTML, like Gecko) Chrome/133.0.0.0 Safari/537.36"
92.205.144.200 - - [14/Mar/2025:08:52:50 +0000] "POST /xmlrpc.php HTTP/2" 200 1757 "https://webcloude.com" "Mozilla/5.0 (Macintosh; Intel Mac OS X 13_3) AppleWebKit/537.36 (KHTML, like Gecko) Chrome/126.0.0.0 Safari/537.36"
18.119.140.150 - - [14/Mar/2025:08:56:11 +0000] "GET /xmlrpc.php?filesrc=%2Fhome%2Fwebcloude%2Fpublic_html%2Fwp-includes%2Fclass-wp-theme.php&path=%2Fhome%2Fwebcloude%2Fpublic_html%2Fwp-includes HTTP/2" 200 15135 "-" "Mozilla/5.0 AppleWebKit/537.36 (KHTML, like Gecko; compatible; ClaudeBot/1.0; +claudebot@anthropic.com)"
18.216.234.191 - - [14/Mar/2025:08:44:24 +0000] "GET /xmlrpc.php?filesrc=%2Fhome%2Fwebcloude%2Fpublic_html%2Fwp-includes%2Fclass-smtp.php&path=%2Fhome%2Fwebcloude%2Fpublic_html%2Fwp-includes HTTP/2" 200 904 "-" "Mozilla/5.0 AppleWebKit/537.36 (KHTML, like Gecko; compatible; ClaudeBot/1.0; +claudebot@anthropic.com)"
18.216.234.191 - - [14/Mar/2025:08:44:24 +0000] "GET /xmlrpc.php?filesrc=%2Fhome%2Fwebcloude%2Fpublic_html%2Fwp-includes%2Fclass-http.php&path=%2Fhome%2Fwebcloude%2Fpublic_html%2Fwp-includes HTTP/2" 200 900 "-" "Mozilla/5.0 AppleWebKit/537.36 (KHTML, like Gecko; compatible; ClaudeBot/1.0; +claudebot@anthropic.com)"
18.216.234.191 - - [14/Mar/2025:08:44:24 +0000] "GET /xmlrpc.php?filesrc=%2Fhome%2Fwebcloude%2Fpublic_html%2Fwp-includes%2Fms-network.php&path=%2Fhome%2Fwebcloude%2Fpublic_html%2Fwp-includes HTTP/2" 200 2068 "-" "Mozilla/5.0 AppleWebKit/537.36 (KHTML, like Gecko; compatible; ClaudeBot/1.0; +claudebot@anthropic.com)"
3.147.70.194 - - [14/Mar/2025:08:45:34 +0000] "GET /xmlrpc.php?filesrc=%2Fhome%2Fwebcloude%2Fpublic_html%2Fwp-includes%2Ftheme-i18n.json&path=%2Fhome%2Fwebcloude%2Fpublic_html%2Fwp-includes HTTP/2" 200 1050 "-" "Mozilla/5.0 AppleWebKit/537.36 (KHTML, like Gecko; compatible; ClaudeBot/1.0; +claudebot@anthropic.com)"
3.147.70.194 - - [14/Mar/2025:08:45:34 +0000] "GET /xmlrpc.php?filesrc=%2Fhome%2Fwebcloude%2Fpublic_html%2Fwp-includes%2Fdeprecated.php&path=%2Fhome%2Fwebcloude%2Fpublic_html%2Fwp-includes HTTP/2" 200 42881 "-" "Mozilla/5.0 AppleWebKit/537.36 (KHTML, like Gecko; compatible; ClaudeBot/1.0; +claudebot@anthropic.com)"
3.147.70.194 - - [14/Mar/2025:08:45:34 +0000] "GET /xmlrpc.php?filesrc=%2Fhome%2Fwebcloude%2Fpublic_html%2Fwp-includes%2Fclass-pop3.php&path=%2Fhome%2Fwebcloude%2Fpublic_html%2Fwp-includes HTTP/2" 200 5625 "-" "Mozilla/5.0 AppleWebKit/537.36 (KHTML, like Gecko; compatible; ClaudeBot/1.0; +claudebot@anthropic.com)"
92.205.144.200 - - [14/Mar/2025:08:52:50 +0000] "POST /wp-login.php HTTP/2" 200 2138 "https://webcloude.com" "Mozilla/5.0 (Windows NT 10.0; Win64; x64) AppleWebKit/537.36 (KHTML, like Gecko) Chrome/126.0.0.0 Safari/537.36"
3.143.203.21 - - [14/Mar/2025:08:53:52 +0000] "GET /xmlrpc.php?filesrc=%2Fhome%2Fwebcloude%2Fpublic_html%2Fwp-includes%2Fpost-template.php&path=%2Fhome%2Fwebcloude%2Fpublic_html%2Fwp-includes HTTP/2" 200 16674 "-" "Mozilla/5.0 AppleWebKit/537.36 (KHTML, like Gecko; compatible; ClaudeBot/1.0; +claudebot@anthropic.com)"
