188.253.123.5 - - [13/Mar/2025:06:26:19 +0000] "GET /wp-includes/js/dist/dom-ready.min.js?ver=f77871ff7694fffea381 HTTP/2" 200 275 "https://webcloude.com//wp-login.php" "Mozilla/5.0 (Windows NT 10.0; Win64; x64) AppleWebKit/537.36 (KHTML, like Gecko) Chrome/133.0.0.0 Safari/537.36"
188.253.123.5 - - [13/Mar/2025:06:26:20 +0000] "GET /wp-includes/js/dist/a11y.min.js?ver=3156534cc54473497e14 HTTP/2" 200 827 "https://webcloude.com//wp-login.php" "Mozilla/5.0 (Windows NT 10.0; Win64; x64) AppleWebKit/537.36 (KHTML, like Gecko) Chrome/133.0.0.0 Safari/537.36"
188.253.123.5 - - [13/Mar/2025:06:26:20 +0000] "GET /wp-admin/js/user-profile.min.js?ver=6.7.2 HTTP/2" 200 2388 "https://webcloude.com//wp-login.php" "Mozilla/5.0 (Windows NT 10.0; Win64; x64) AppleWebKit/537.36 (KHTML, like Gecko) Chrome/133.0.0.0 Safari/537.36"
188.253.123.5 - - [13/Mar/2025:06:26:20 +0000] "GET /favicon.ico HTTP/2" 404 1163 "https://webcloude.com//wp-login.php" "Mozilla/5.0 (Windows NT 10.0; Win64; x64) AppleWebKit/537.36 (KHTML, like Gecko) Chrome/133.0.0.0 Safari/537.36"
188.253.123.5 - - [13/Mar/2025:06:26:20 +0000] "GET /wp-includes/js/zxcvbn.min.js HTTP/2" 200 389493 "https://webcloude.com//wp-login.php" "Mozilla/5.0 (Windows NT 10.0; Win64; x64) AppleWebKit/537.36 (KHTML, like Gecko) Chrome/133.0.0.0 Safari/537.36"
3.138.137.31 - - [13/Mar/2025:06:36:52 +0000] "GET /wp-json/wp/v2/pages/401 HTTP/2" 200 4173 "-" "Mozilla/5.0 AppleWebKit/537.36 (KHTML, like Gecko; compatible; ClaudeBot/1.0; +claudebot@anthropic.com)"
27.115.124.53 - - [13/Mar/2025:06:38:12 +0000] "GET /wp-content/plugins/presto-player/src/player/player-static.js?ver=1741603404 HTTP/2" 200 301 "https://webcloude.com/" "Mozilla/5.0 (Linux; Android 10; HUAWEI P30 Pro) AppleWebKit/537.36 (KHTML, like Gecko) Chrome/89.0.4389.105 Mobile Safari/537.36"
2a06:98c0:3600::103 - - [13/Mar/2025:06:41:36 +0000] "GET /wordpress/wp-admin/setup-config.php HTTP/1.1" 404 25138 "-" "Mozilla/5.0 (Windows NT 10.0; Win64; x64) AppleWebKit/537.36 (KHTML, like Gecko) Chrome/133.0.0.0 Safari/537.36"
65.109.31.236 - - [13/Mar/2025:07:05:12 +0000] "POST /wp-cron.php?doing_wp_cron=1741849512.4558429718017578125000 HTTP/1.1" 200 20 "-" "WordPress/6.7.2; https://webcloude.com"
2a06:98c0:3600::103 - - [13/Mar/2025:07:05:10 +0000] "GET /wordpress/wp-admin/setup-config.php HTTP/1.1" 404 25137 "-" "Mozilla/5.0 (Windows NT 10.0; Win64; x64) AppleWebKit/537.36 (KHTML, like Gecko) Chrome/133.0.0.0 Safari/537.36"
93.120.113.148 - - [13/Mar/2025:07:41:16 +0000] "GET /wp-content/uploads/2021/03/logo-2.svg HTTP/1.1" 200 3457 "-" "Mozilla/5.0 (Windows NT 10.0; Win64; x64) AppleWebKit/537.36 (KHTML, like Gecko) Chrome/108.0.0.0 Safari/537.36"
91.242.73.148 - - [13/Mar/2025:07:41:33 +0000] "GET /wp-content/uploads/2021/03/logo-4.svg HTTP/1.1" 200 2609 "-" "Mozilla/5.0 (Macintosh; Intel Mac OS X 13_0_1) AppleWebKit/537.36 (KHTML, like Gecko) Chrome/108.0.0.0 Safari/537.36"
64.43.109.37 - - [13/Mar/2025:07:41:36 +0000] "GET /wp-content/uploads/2025/03/testimonial4-free-img.jpg HTTP/1.1" 200 8748 "-" "Mozilla/5.0 (Windows NT 10.0; WOW64) AppleWebKit/537.36 (KHTML, like Gecko) Chrome/108.0.0.0 Safari/537.36"
2a06:98c0:3600::103 - - [13/Mar/2025:08:12:23 +0000] "GET /wp-admin/setup-config.php HTTP/1.1" 409 1144 "-" "Mozilla/5.0 (Windows NT 10.0; Win64; x64) AppleWebKit/537.36 (KHTML, like Gecko) Chrome/133.0.0.0 Safari/537.36"
91.242.127.171 - - [13/Mar/2025:07:41:14 +0000] "GET /wp-content/uploads/2025/03/manager-free-img.png HTTP/1.1" 200 159354 "-" "Mozilla/5.0 (Windows NT 10.0; Win64; x64) AppleWebKit/537.36 (KHTML, like Gecko) Chrome/108.0.0.0 Safari/537.36"
170.247.221.89 - - [13/Mar/2025:07:41:36 +0000] "GET /wp-content/uploads/2019/05/testimonial1-free-img.jpg HTTP/1.1" 200 11264 "-" "Mozilla/5.0 (Macintosh; Intel Mac OS X 13_0_1) AppleWebKit/537.36 (KHTML, like Gecko) Chrome/108.0.0.0 Safari/537.36"
65.109.31.236 - - [13/Mar/2025:07:49:00 +0000] "POST /wp-cron.php?doing_wp_cron=1741852140.8840479850769042968750 HTTP/1.1" 200 20 "-" "WordPress/6.7.2; https://webcloude.com"
65.109.31.236 - - [13/Mar/2025:08:11:51 +0000] "POST /wp-cron.php?doing_wp_cron=1741853511.1207790374755859375000 HTTP/1.1" 200 20 "-" "WordPress/6.7.2; https://webcloude.com"
65.109.31.236 - - [13/Mar/2025:06:15:37 +0000] "POST /wp-cron.php?doing_wp_cron=1741846537.1693339347839355468750 HTTP/1.1" 200 20 "-" "WordPress/6.7.2; https://webcloude.com"
27.115.124.53 - - [13/Mar/2025:06:37:47 +0000] "GET /favicon.ico HTTP/1.1" 404 1163 "-" "Mozilla/5.0 (Windows NT 10.0; Win64; x64) AppleWebKit/537.36 (KHTML, like Gecko) Chrome/120.0.0.0 Safari/537.36"
35.225.70.28 - - [13/Mar/2025:06:45:11 +0000] "GET / HTTP/1.1" 200 184631 "-" "Mozilla/5.0 (Windows NT 10.0; Win64; x64) AppleWebKit/537.36 (KHTML, like Gecko) Chrome/78.0.3904.108 Safari/537.36"
35.225.70.28 - - [13/Mar/2025:06:45:13 +0000] "GET //wp-includes/wlwmanifest.xml HTTP/1.1" 200 1 "-" "Mozilla/5.0 (Windows NT 10.0; Win64; x64) AppleWebKit/537.36 (KHTML, like Gecko) Chrome/78.0.3904.108 Safari/537.36"
35.225.70.28 - - [13/Mar/2025:06:45:14 +0000] "GET //xmlrpc.php?rsd HTTP/1.1" 200 24132 "-" "Mozilla/5.0 (Windows NT 10.0; Win64; x64) AppleWebKit/537.36 (KHTML, like Gecko) Chrome/78.0.3904.108 Safari/537.36"
35.225.70.28 - - [13/Mar/2025:06:45:14 +0000] "GET / HTTP/1.1" 200 184631 "-" "Mozilla/5.0 (Windows NT 10.0; Win64; x64) AppleWebKit/537.36 (KHTML, like Gecko) Chrome/78.0.3904.108 Safari/537.36"
35.225.70.28 - - [13/Mar/2025:06:45:15 +0000] "GET //?author=1 HTTP/1.1" 301 0 "-" "Mozilla/5.0 (Windows NT 10.0; Win64; x64) AppleWebKit/537.36 (KHTML, like Gecko) Chrome/78.0.3904.108 Safari/537.36"
35.225.70.28 - - [13/Mar/2025:06:45:15 +0000] "GET //?author=2 HTTP/1.1" 301 0 "-" "Mozilla/5.0 (Windows NT 10.0; Win64; x64) AppleWebKit/537.36 (KHTML, like Gecko) Chrome/78.0.3904.108 Safari/537.36"
35.225.70.28 - - [13/Mar/2025:06:45:15 +0000] "GET //wp-json/wp/v2/users/ HTTP/1.1" 200 1418 "-" "Mozilla/5.0 (Windows NT 10.0; Win64; x64) AppleWebKit/537.36 (KHTML, like Gecko) Chrome/78.0.3904.108 Safari/537.36"
35.225.70.28 - - [13/Mar/2025:06:45:17 +0000] "POST //xmlrpc.php HTTP/1.1" 200 24132 "-" "Mozilla/5.0 (Windows NT 10.0; Win64; x64) AppleWebKit/537.36 (KHTML, like Gecko) Chrome/78.0.3904.108 Safari/537.36"
51.81.168.27 - - [13/Mar/2025:06:47:04 +0000] "GET /robots.txt HTTP/2" 200 120 "-" "Mozilla/5.0 (Windows NT 10.0; Win64; x64) AppleWebKit/537.36 (KHTML, like Gecko) Chrome/133.0.0.0 Safari/537.36"
65.109.31.236 - - [13/Mar/2025:07:13:26 +0000] "POST /wp-cron.php?doing_wp_cron=1741850006.7488510608673095703125 HTTP/1.1" 200 20 "-" "WordPress/6.7.2; https://webcloude.com"
170.247.222.83 - - [13/Mar/2025:07:41:13 +0000] "GET /wp-content/uploads/2019/06/learn-dash-white-logo.svg HTTP/1.1" 200 5197 "-" "Mozilla/5.0 (Windows NT 10.0; Win64; x64) AppleWebKit/537.36 (KHTML, like Gecko) Chrome/108.0.0.0 Safari/537.36"
170.254.179.32 - - [13/Mar/2025:07:41:15 +0000] "GET /wp-content/uploads/2021/03/logo-1.svg HTTP/1.1" 200 4291 "-" "Mozilla/5.0 (Macintosh; Intel Mac OS X 13_0_1) AppleWebKit/537.36 (KHTML, like Gecko) Chrome/108.0.0.0 Safari/537.36"
68.178.150.93 - - [13/Mar/2025:08:03:58 +0000] "POST /xmlrpc.php HTTP/2" 200 1755 "https://webcloude.com" "Mozilla/5.0 (Windows NT 10.0; Win64; x64) AppleWebKit/537.36 (KHTML, like Gecko) Chrome/114.0.5735.199 Safari/537.36 Edg/114.0.1823.67"
123.6.49.44 - - [13/Mar/2025:06:37:50 +0000] "GET /wp-content/uploads/2019/06/learn-dash-white-logo.svg HTTP/2" 200 5197 "https://webcloude.com/product.php" "Mozilla/5.0 (Linux; U; Android 8.1.0; zh-cn; MI 8 Build/OPM1.171019.011) AppleWebKit/537.36 (KHTML, like Gecko) Version/4.0 Chrome/57.0.2987.108 Mobile Safari/537.36"
65.109.31.236 - - [13/Mar/2025:06:41:36 +0000] "POST /wp-cron.php?doing_wp_cron=1741848096.8874731063842773437500 HTTP/1.1" 200 20 "-" "WordPress/6.7.2; https://webcloude.com"
2a06:98c0:3600::103 - - [13/Mar/2025:07:04:26 +0000] "GET /wp-admin/setup-config.php HTTP/1.1" 409 1144 "-" "Mozilla/5.0 (Windows NT 10.0; Win64; x64) AppleWebKit/537.36 (KHTML, like Gecko) Chrome/133.0.0.0 Safari/537.36"
65.109.31.236 - - [13/Mar/2025:07:05:12 +0000] "POST /wp-cron.php?doing_wp_cron=1741849512.6455659866333007812500 HTTP/1.1" 200 20 "-" "WordPress/6.7.2; https://webcloude.com"
52.73.96.82 - - [13/Mar/2025:07:39:13 +0000] "GET /favicon.ico HTTP/1.1" 404 1163 "-" "Mozilla/5.0 (Macintosh; Intel Mac OS X 10_15_7) AppleWebKit/537.36 (KHTML, like Gecko) Chrome/107.0.0.0 Safari/537.36"
52.73.96.82 - - [13/Mar/2025:07:39:14 +0000] "GET /favicon.png HTTP/1.1" 404 24887 "-" "Mozilla/5.0 (Macintosh; Intel Mac OS X 10_15_7) AppleWebKit/537.36 (KHTML, like Gecko) Chrome/107.0.0.0 Safari/537.36"
91.242.127.171 - - [13/Mar/2025:07:41:37 +0000] "GET /wp-content/uploads/2019/05/testimonial3-free-img.jpg HTTP/1.1" 200 6731 "-" "Mozilla/5.0 (Macintosh; Intel Mac OS X 13_0_1) AppleWebKit/537.36 (KHTML, like Gecko) Chrome/108.0.0.0 Safari/537.36"
2a06:98c0:3600::103 - - [13/Mar/2025:07:50:40 +0000] "GET /wp-admin/setup-config.php HTTP/1.1" 409 1144 "-" "Mozilla/5.0 (Windows NT 10.0; Win64; x64) AppleWebKit/537.36 (KHTML, like Gecko) Chrome/133.0.0.0 Safari/537.36"
198.12.235.138 - - [13/Mar/2025:08:21:21 +0000] "POST /xmlrpc.php HTTP/2" 200 1754 "https://webcloude.com" "Mozilla/5.0 (Windows NT 11.0; Win64; x64) AppleWebKit/537.36 (KHTML, like Gecko) Chrome/126.0.0.0 Safari/537.36"
152.70.171.215 - - [13/Mar/2025:06:23:34 +0000] "GET / HTTP/2" 200 184651 "http://webcloude.com" "Go-http-client/2.0"
65.109.31.236 - - [13/Mar/2025:06:32:55 +0000] "POST /wp-cron.php?doing_wp_cron=1741847575.0319499969482421875000 HTTP/1.1" 200 20 "-" "WordPress/6.7.2; https://webcloude.com"
123.6.49.47 - - [13/Mar/2025:06:37:51 +0000] "GET /wp-content/plugins/presto-player/src/player/player-static.js?ver=1741603404 HTTP/2" 200 301 "https://webcloude.com/product.php" "Mozilla/5.0 (Linux; U; Android 8.1.0; zh-cn; MI 8 Build/OPM1.171019.011) AppleWebKit/537.36 (KHTML, like Gecko) Version/4.0 Chrome/57.0.2987.108 Mobile Safari/537.36"
27.115.124.38 - - [13/Mar/2025:06:37:58 +0000] "GET /wp-content/plugins/presto-player/src/player/player-static.js?ver=1741603404 HTTP/2" 200 301 "https://webcloude.com/" "Mozilla/5.0 (Linux; Android 11; CPH2185) AppleWebKit/537.36 (KHTML, like Gecko) Chrome/91.0.4472.101 Mobile Safari/537.36"
18.218.219.67 - - [13/Mar/2025:07:08:50 +0000] "GET /robots.txt HTTP/2" 200 120 "-" "Mozilla/5.0 AppleWebKit/537.36 (KHTML, like Gecko; compatible; ClaudeBot/1.0; +claudebot@anthropic.com)"
18.218.219.67 - - [13/Mar/2025:07:08:50 +0000] "GET /wp-json/oembed/1.0/embed?format=xml&url=https%3A%2F%2Fwebcloude.com%2Fcontact-2%2F HTTP/2" 200 1063 "-" "Mozilla/5.0 AppleWebKit/537.36 (KHTML, like Gecko; compatible; ClaudeBot/1.0; +claudebot@anthropic.com)"
2a06:98c0:3600::103 - - [13/Mar/2025:07:26:46 +0000] "GET /wp-admin/setup-config.php HTTP/1.1" 409 1144 "-" "Mozilla/5.0 (Windows NT 10.0; Win64; x64) AppleWebKit/537.36 (KHTML, like Gecko) Chrome/133.0.0.0 Safari/537.36"
65.109.31.236 - - [13/Mar/2025:07:29:25 +0000] "POST /wp-cron.php?doing_wp_cron=1741850965.7173640727996826171875 HTTP/1.1" 200 20 "-" "WordPress/6.7.2; https://webcloude.com"
44.212.57.230 - - [13/Mar/2025:07:39:14 +0000] "GET /favicon.ico HTTP/1.1" 404 1163 "-" "Mozilla/5.0 (Macintosh; Intel Mac OS X 10_15_7) AppleWebKit/537.36 (KHTML, like Gecko) Chrome/107.0.0.0 Safari/537.36"
44.212.57.230 - - [13/Mar/2025:07:39:15 +0000] "GET /favicon.png HTTP/1.1" 404 24887 "-" "Mozilla/5.0 (Macintosh; Intel Mac OS X 10_15_7) AppleWebKit/537.36 (KHTML, like Gecko) Chrome/107.0.0.0 Safari/537.36"
95.164.156.38 - - [13/Mar/2025:07:41:37 +0000] "GET /wp-content/uploads/2019/05/testimonial2-free-img.jpg HTTP/1.1" 200 10087 "-" "Mozilla/5.0 (Windows NT 10.0; Win64; x64) AppleWebKit/537.36 (KHTML, like Gecko) Chrome/108.0.0.0 Safari/537.36"
2a06:98c0:3600::103 - - [13/Mar/2025:07:49:06 +0000] "GET /wordpress/wp-admin/setup-config.php HTTP/1.1" 404 25138 "-" "Mozilla/5.0 (Windows NT 10.0; Win64; x64) AppleWebKit/537.36 (KHTML, like Gecko) Chrome/133.0.0.0 Safari/537.36"
3.144.33.74 - - [13/Mar/2025:08:06:40 +0000] "GET /xmlrpc.php?path=%2Fhome%2Fwebcloude%2Fpublic_html%2F.wp-cli HTTP/2" 200 906 "-" "Mozilla/5.0 AppleWebKit/537.36 (KHTML, like Gecko; compatible; ClaudeBot/1.0; +claudebot@anthropic.com)"
65.109.31.236 - - [13/Mar/2025:08:11:51 +0000] "POST /wp-cron.php?doing_wp_cron=1741853511.0422260761260986328125 HTTP/1.1" 200 20 "-" "WordPress/6.7.2; https://webcloude.com"
2a06:98c0:3600::103 - - [13/Mar/2025:08:35:45 +0000] "GET /wp-admin/setup-config.php HTTP/1.1" 409 1144 "-" "Mozilla/5.0 (Windows NT 10.0; Win64; x64) AppleWebKit/537.36 (KHTML, like Gecko) Chrome/133.0.0.0 Safari/537.36"
18.159.61.68 - - [13/Mar/2025:06:15:05 +0000] "GET /checkout HTTP/1.1" 200 0 "-" "Mozilla/5.0 (iPhone; CPU iPhone OS 17_6_1 like Mac OS X) AppleWebKit/605.1.15 (KHTML, like Gecko) Version/17.6 Mobile/15E148 Safari/604.1"
65.109.31.236 - - [13/Mar/2025:06:19:52 +0000] "POST /wp-cron.php?doing_wp_cron=1741846792.5918889045715332031250 HTTP/1.1" 200 20 "-" "WordPress/6.7.2; https://webcloude.com"
49.51.183.15 - - [13/Mar/2025:06:45:47 +0000] "GET / HTTP/1.1" 200 31619 "http://webcloude.com" "Mozilla/5.0 (iPhone; CPU iPhone OS 13_2_3 like Mac OS X) AppleWebKit/605.1.15 (KHTML, like Gecko) Version/13.0.3 Mobile/15E148 Safari/604.1"
3.139.86.103 - - [13/Mar/2025:06:51:09 +0000] "GET /wp-content/uploads/elementor/css/post-401.css HTTP/2" 200 1503 "-" "Mozilla/5.0 AppleWebKit/537.36 (KHTML, like Gecko; compatible; ClaudeBot/1.0; +claudebot@anthropic.com)"
118.139.176.86 - - [13/Mar/2025:07:31:01 +0000] "POST /xmlrpc.php HTTP/2" 200 1755 "https://webcloude.com" "Mozilla/5.0 (Macintosh; Intel Mac OS X 10_15_7) AppleWebKit/537.36 (KHTML, like Gecko) Chrome/114.0.5735.134 Safari/537.36"
138.94.216.165 - - [13/Mar/2025:07:39:12 +0000] "GET / HTTP/1.1" 200 31617 "-" "Mozilla/5.0 (Macintosh; Intel Mac OS X 10_15_7) AppleWebKit/537.36 (KHTML, like Gecko) Chrome/107.0.0.0 Safari/537.36"
138.94.216.165 - - [13/Mar/2025:07:39:13 +0000] "GET /favicon.ico HTTP/1.1" 404 1163 "-" "Mozilla/5.0 (Macintosh; Intel Mac OS X 10_15_7) AppleWebKit/537.36 (KHTML, like Gecko) Chrome/107.0.0.0 Safari/537.36"
138.94.216.165 - - [13/Mar/2025:07:39:14 +0000] "GET /favicon.png HTTP/1.1" 404 24887 "-" "Mozilla/5.0 (Macintosh; Intel Mac OS X 10_15_7) AppleWebKit/537.36 (KHTML, like Gecko) Chrome/107.0.0.0 Safari/537.36"
209.127.252.43 - - [13/Mar/2025:07:41:33 +0000] "GET /wp-content/uploads/2021/03/logo-5.svg HTTP/1.1" 200 1506 "-" "Mozilla/5.0 (Windows NT 10.0; WOW64) AppleWebKit/537.36 (KHTML, like Gecko) Chrome/108.0.0.0 Safari/537.36"
65.109.31.236 - - [13/Mar/2025:08:11:51 +0000] "POST /wp-cron.php?doing_wp_cron=1741853511.0912230014801025390625 HTTP/1.1" 200 20 "-" "WordPress/6.7.2; https://webcloude.com"
2a06:98c0:3600::103 - - [13/Mar/2025:08:11:50 +0000] "GET /wordpress/wp-admin/setup-config.php HTTP/1.1" 404 25137 "-" "Mozilla/5.0 (Windows NT 10.0; Win64; x64) AppleWebKit/537.36 (KHTML, like Gecko) Chrome/133.0.0.0 Safari/537.36"
65.109.31.236 - - [13/Mar/2025:08:35:36 +0000] "POST /wp-cron.php?doing_wp_cron=1741854936.6857070922851562500000 HTTP/1.1" 200 20 "-" "WordPress/6.7.2; https://webcloude.com"
38.153.144.182 - - [13/Mar/2025:07:49:00 +0000] "GET / HTTP/1.1" 200 31617 "-" "Mozilla/5.0 (Macintosh; Intel Mac OS X 13_0_1) AppleWebKit/537.36 (KHTML, like Gecko) Chrome/108.0.0.0 Safari/537.36"
180.102.134.69 - - [13/Mar/2025:07:57:12 +0000] "GET / HTTP/1.1" 200 31617 "http://webcloude.com" "Mozilla/5.0 (iPhone; CPU iPhone OS 13_2_3 like Mac OS X) AppleWebKit/605.1.15 (KHTML, like Gecko) Version/13.0.3 Mobile/15E148 Safari/604.1"
65.109.31.236 - - [13/Mar/2025:08:13:32 +0000] "POST /wp-cron.php?doing_wp_cron=1741853612.6837201118469238281250 HTTP/1.1" 200 20 "-" "WordPress/6.7.2; https://webcloude.com"
203.83.11.14 - - [13/Mar/2025:08:13:32 +0000] "GET / HTTP/1.1" 301 20 "-" "Mozilla/5.0"
2a06:98c0:3600::103 - - [13/Mar/2025:08:35:35 +0000] "GET /wordpress/wp-admin/setup-config.php HTTP/1.1" 404 25138 "-" "Mozilla/5.0 (Windows NT 10.0; Win64; x64) AppleWebKit/537.36 (KHTML, like Gecko) Chrome/133.0.0.0 Safari/537.36"
65.109.31.236 - - [13/Mar/2025:08:56:17 +0000] "POST /wp-cron.php?doing_wp_cron=1741856177.4629209041595458984375 HTTP/1.1" 200 20 "-" "WordPress/6.7.2; https://webcloude.com"
124.220.171.218 - - [13/Mar/2025:08:57:31 +0000] "GET / HTTP/1.1" 200 31619 "http://webcloude.com" "Mozilla/5.0 (Linux; Android 10; LIO-AN00 Build/HUAWEILIO-AN00; wv) MicroMessenger Weixin QQ AppleWebKit/537.36 (KHTML, like Gecko) Version/4.0 Chrome/78.0.3904.62 XWEB/2692 MMWEBSDK/200901 Mobile Safari/537.36"
65.109.31.236 - - [13/Mar/2025:09:11:52 +0000] "POST /wp-cron.php?doing_wp_cron=1741857112.3281290531158447265625 HTTP/1.1" 200 20 "-" "WordPress/6.7.2; https://webcloude.com"
2a06:98c0:3600::103 - - [13/Mar/2025:09:24:29 +0000] "GET /wp-admin/setup-config.php HTTP/1.1" 409 1144 "-" "Mozilla/5.0 (Windows NT 10.0; Win64; x64) AppleWebKit/537.36 (KHTML, like Gecko) Chrome/133.0.0.0 Safari/537.36"
65.109.31.236 - - [13/Mar/2025:09:27:09 +0000] "POST /wp-cron.php?doing_wp_cron=1741858028.9425981044769287109375 HTTP/1.1" 200 20 "-" "WordPress/6.7.2; https://webcloude.com"
65.109.31.236 - - [13/Mar/2025:10:02:01 +0000] "POST /wp-cron.php?doing_wp_cron=1741860121.9322559833526611328125 HTTP/1.1" 200 20 "-" "WordPress/6.7.2; https://webcloude.com"
106.206.171.149 - - [13/Mar/2025:10:02:01 +0000] "GET / HTTP/2" 200 31615 "-" "Mozilla/5.0 (iPhone; CPU iPhone OS 18_2_1 like Mac OS X) AppleWebKit/605.1.15 (KHTML, like Gecko) Version/18.2 Mobile/15E148 Safari/604.1"
106.206.171.149 - - [13/Mar/2025:10:02:02 +0000] "GET /wp-content/themes/astra/assets/css/minified/main.min.css?ver=4.9.0 HTTP/2" 200 8479 "https://webcloude.com/" "Mozilla/5.0 (iPhone; CPU iPhone OS 18_2_1 like Mac OS X) AppleWebKit/605.1.15 (KHTML, like Gecko) Version/18.2 Mobile/15E148 Safari/604.1"
106.206.171.149 - - [13/Mar/2025:10:02:02 +0000] "GET /wp-content/uploads/astra-addon/astra-addon-67cec7518f7873-81616659.css?ver=4.9.1 HTTP/2" 200 3424 "https://webcloude.com/" "Mozilla/5.0 (iPhone; CPU iPhone OS 18_2_1 like Mac OS X) AppleWebKit/605.1.15 (KHTML, like Gecko) Version/18.2 Mobile/15E148 Safari/604.1"
106.206.171.149 - - [13/Mar/2025:10:02:02 +0000] "GET /wp-content/uploads/elementor/css/post-24888.css?ver=1741839264 HTTP/2" 200 383 "https://webcloude.com/" "Mozilla/5.0 (iPhone; CPU iPhone OS 18_2_1 like Mac OS X) AppleWebKit/605.1.15 (KHTML, like Gecko) Version/18.2 Mobile/15E148 Safari/604.1"
106.206.171.149 - - [13/Mar/2025:10:02:02 +0000] "GET /wp-content/plugins/elementor/assets/css/frontend.min.css?ver=3.27.6 HTTP/2" 200 6463 "https://webcloude.com/" "Mozilla/5.0 (iPhone; CPU iPhone OS 18_2_1 like Mac OS X) AppleWebKit/605.1.15 (KHTML, like Gecko) Version/18.2 Mobile/15E148 Safari/604.1"
106.206.171.149 - - [13/Mar/2025:10:02:02 +0000] "GET /wp-content/plugins/woocommerce/assets/css/brands.css?ver=9.7.1 HTTP/2" 200 579 "https://webcloude.com/" "Mozilla/5.0 (iPhone; CPU iPhone OS 18_2_1 like Mac OS X) AppleWebKit/605.1.15 (KHTML, like Gecko) Version/18.2 Mobile/15E148 Safari/604.1"
106.206.171.149 - - [13/Mar/2025:10:02:02 +0000] "GET /wp-content/plugins/elementor/assets/css/widget-image-box.min.css?ver=3.27.6 HTTP/2" 200 289 "https://webcloude.com/" "Mozilla/5.0 (iPhone; CPU iPhone OS 18_2_1 like Mac OS X) AppleWebKit/605.1.15 (KHTML, like Gecko) Version/18.2 Mobile/15E148 Safari/604.1"
106.206.171.149 - - [13/Mar/2025:10:02:02 +0000] "GET /wp-content/plugins/elementor/assets/css/widget-heading.min.css?ver=3.27.6 HTTP/2" 200 154 "https://webcloude.com/" "Mozilla/5.0 (iPhone; CPU iPhone OS 18_2_1 like Mac OS X) AppleWebKit/605.1.15 (KHTML, like Gecko) Version/18.2 Mobile/15E148 Safari/604.1"
106.206.171.149 - - [13/Mar/2025:10:02:02 +0000] "GET /wp-content/uploads/elementor/css/post-25066.css?ver=1741839264 HTTP/2" 200 2714 "https://webcloude.com/" "Mozilla/5.0 (iPhone; CPU iPhone OS 18_2_1 like Mac OS X) AppleWebKit/605.1.15 (KHTML, like Gecko) Version/18.2 Mobile/15E148 Safari/604.1"
106.206.171.149 - - [13/Mar/2025:10:02:02 +0000] "GET /wp-content/plugins/elementor/assets/css/widget-accordion.min.css?ver=3.27.6 HTTP/2" 200 377 "https://webcloude.com/" "Mozilla/5.0 (iPhone; CPU iPhone OS 18_2_1 like Mac OS X) AppleWebKit/605.1.15 (KHTML, like Gecko) Version/18.2 Mobile/15E148 Safari/604.1"
106.206.171.149 - - [13/Mar/2025:10:02:02 +0000] "GET /wp-content/plugins/elementor/assets/css/widget-icon-box.min.css?ver=3.27.6 HTTP/2" 200 656 "https://webcloude.com/" "Mozilla/5.0 (iPhone; CPU iPhone OS 18_2_1 like Mac OS X) AppleWebKit/605.1.15 (KHTML, like Gecko) Version/18.2 Mobile/15E148 Safari/604.1"
106.206.171.149 - - [13/Mar/2025:10:02:02 +0000] "GET /wp-content/plugins/elementor/assets/css/conditionals/shapes.min.css?ver=3.27.6 HTTP/2" 200 221 "https://webcloude.com/" "Mozilla/5.0 (iPhone; CPU iPhone OS 18_2_1 like Mac OS X) AppleWebKit/605.1.15 (KHTML, like Gecko) Version/18.2 Mobile/15E148 Safari/604.1"
106.206.171.149 - - [13/Mar/2025:10:02:02 +0000] "GET /wp-content/plugins/woocommerce/assets/js/frontend/woocommerce.min.js?ver=9.7.1 HTTP/2" 200 1241 "https://webcloude.com/" "Mozilla/5.0 (iPhone; CPU iPhone OS 18_2_1 like Mac OS X) AppleWebKit/605.1.15 (KHTML, like Gecko) Version/18.2 Mobile/15E148 Safari/604.1"
106.206.171.149 - - [13/Mar/2025:10:02:02 +0000] "GET /wp-content/plugins/woocommerce/assets/js/js-cookie/js.cookie.min.js?ver=2.1.4-wc.9.7.1 HTTP/2" 200 760 "https://webcloude.com/" "Mozilla/5.0 (iPhone; CPU iPhone OS 18_2_1 like Mac OS X) AppleWebKit/605.1.15 (KHTML, like Gecko) Version/18.2 Mobile/15E148 Safari/604.1"
106.206.171.149 - - [13/Mar/2025:10:02:02 +0000] "GET /wp-content/plugins/elementor/assets/css/widget-image-gallery.min.css?ver=3.27.6 HTTP/2" 200 300 "https://webcloude.com/" "Mozilla/5.0 (iPhone; CPU iPhone OS 18_2_1 like Mac OS X) AppleWebKit/605.1.15 (KHTML, like Gecko) Version/18.2 Mobile/15E148 Safari/604.1"
106.206.171.149 - - [13/Mar/2025:10:02:02 +0000] "GET /wp-content/plugins/woocommerce/assets/js/jquery-blockui/jquery.blockUI.min.js?ver=2.7.0-wc.9.7.1 HTTP/2" 200 3277 "https://webcloude.com/" "Mozilla/5.0 (iPhone; CPU iPhone OS 18_2_1 like Mac OS X) AppleWebKit/605.1.15 (KHTML, like Gecko) Version/18.2 Mobile/15E148 Safari/604.1"
106.206.171.149 - - [13/Mar/2025:10:02:02 +0000] "GET /wp-includes/js/dist/i18n.min.js?ver=5e580eb46a90c2b997e6 HTTP/2" 200 3542 "https://webcloude.com/" "Mozilla/5.0 (iPhone; CPU iPhone OS 18_2_1 like Mac OS X) AppleWebKit/605.1.15 (KHTML, like Gecko) Version/18.2 Mobile/15E148 Safari/604.1"
106.206.171.149 - - [13/Mar/2025:10:02:02 +0000] "GET /wp-content/plugins/wpforms-lite/assets/css/frontend/classic/wpforms-base.min.css?ver=1.9.4.1 HTTP/2" 200 6111 "https://webcloude.com/" "Mozilla/5.0 (iPhone; CPU iPhone OS 18_2_1 like Mac OS X) AppleWebKit/605.1.15 (KHTML, like Gecko) Version/18.2 Mobile/15E148 Safari/604.1"
106.206.171.149 - - [13/Mar/2025:10:02:02 +0000] "GET /wp-includes/js/jquery/jquery-migrate.min.js?ver=3.4.1 HTTP/2" 200 4678 "https://webcloude.com/" "Mozilla/5.0 (iPhone; CPU iPhone OS 18_2_1 like Mac OS X) AppleWebKit/605.1.15 (KHTML, like Gecko) Version/18.2 Mobile/15E148 Safari/604.1"
106.206.171.149 - - [13/Mar/2025:10:02:02 +0000] "GET /wp-content/uploads/astra-addon/astra-addon-67cec751911a93-77625639.js?ver=4.9.1 HTTP/2" 304 0 "https://webcloude.com/" "Mozilla/5.0 (iPhone; CPU iPhone OS 18_2_1 like Mac OS X) AppleWebKit/605.1.15 (KHTML, like Gecko) Version/18.2 Mobile/15E148 Safari/604.1"
106.206.171.149 - - [13/Mar/2025:10:02:02 +0000] "GET /wp-content/themes/astra/assets/js/minified/frontend.min.js?ver=4.9.0 HTTP/2" 304 0 "https://webcloude.com/" "Mozilla/5.0 (iPhone; CPU iPhone OS 18_2_1 like Mac OS X) AppleWebKit/605.1.15 (KHTML, like Gecko) Version/18.2 Mobile/15E148 Safari/604.1"
106.206.171.149 - - [13/Mar/2025:10:02:02 +0000] "GET /wp-content/plugins/woocommerce/assets/js/frontend/add-to-cart.min.js?ver=9.7.1 HTTP/2" 304 0 "https://webcloude.com/" "Mozilla/5.0 (iPhone; CPU iPhone OS 18_2_1 like Mac OS X) AppleWebKit/605.1.15 (KHTML, like Gecko) Version/18.2 Mobile/15E148 Safari/604.1"
106.206.171.149 - - [13/Mar/2025:10:02:02 +0000] "GET /wp-content/plugins/wpforms-lite/assets/lib/punycode.min.js?ver=1.0.0 HTTP/2" 304 0 "https://webcloude.com/" "Mozilla/5.0 (iPhone; CPU iPhone OS 18_2_1 like Mac OS X) AppleWebKit/605.1.15 (KHTML, like Gecko) Version/18.2 Mobile/15E148 Safari/604.1"
106.206.171.149 - - [13/Mar/2025:10:02:02 +0000] "GET /wp-content/plugins/woocommerce/assets/js/frontend/order-attribution.min.js?ver=9.7.1 HTTP/2" 304 0 "https://webcloude.com/" "Mozilla/5.0 (iPhone; CPU iPhone OS 18_2_1 like Mac OS X) AppleWebKit/605.1.15 (KHTML, like Gecko) Version/18.2 Mobile/15E148 Safari/604.1"
106.206.171.149 - - [13/Mar/2025:10:02:02 +0000] "GET /wp-content/plugins/wpforms-lite/assets/lib/jquery.validate.min.js?ver=1.21.0 HTTP/2" 304 0 "https://webcloude.com/" "Mozilla/5.0 (iPhone; CPU iPhone OS 18_2_1 like Mac OS X) AppleWebKit/605.1.15 (KHTML, like Gecko) Version/18.2 Mobile/15E148 Safari/604.1"
106.206.171.149 - - [13/Mar/2025:10:02:02 +0000] "GET /wp-content/plugins/astra-sites/inc/lib/onboarding/assets/dist/template-preview/main.js?ver=06758d4d807d9d22c6ea HTTP/2" 304 0 "https://webcloude.com/" "Mozilla/5.0 (iPhone; CPU iPhone OS 18_2_1 like Mac OS X) AppleWebKit/605.1.15 (KHTML, like Gecko) Version/18.2 Mobile/15E148 Safari/604.1"
106.206.171.149 - - [13/Mar/2025:10:02:02 +0000] "GET /wp-content/plugins/wpforms-lite/assets/js/share/utils.min.js?ver=1.9.4.1 HTTP/2" 304 0 "https://webcloude.com/" "Mozilla/5.0 (iPhone; CPU iPhone OS 18_2_1 like Mac OS X) AppleWebKit/605.1.15 (KHTML, like Gecko) Version/18.2 Mobile/15E148 Safari/604.1"
106.206.171.149 - - [13/Mar/2025:10:02:02 +0000] "GET /wp-content/plugins/woocommerce/assets/js/sourcebuster/sourcebuster.min.js?ver=9.7.1 HTTP/2" 304 0 "https://webcloude.com/" "Mozilla/5.0 (iPhone; CPU iPhone OS 18_2_1 like Mac OS X) AppleWebKit/605.1.15 (KHTML, like Gecko) Version/18.2 Mobile/15E148 Safari/604.1"
106.206.171.149 - - [13/Mar/2025:10:02:02 +0000] "GET /wp-content/plugins/wpforms-lite/assets/js/frontend/wpforms.min.js?ver=1.9.4.1 HTTP/2" 304 0 "https://webcloude.com/" "Mozilla/5.0 (iPhone; CPU iPhone OS 18_2_1 like Mac OS X) AppleWebKit/605.1.15 (KHTML, like Gecko) Version/18.2 Mobile/15E148 Safari/604.1"
106.206.171.149 - - [13/Mar/2025:10:02:02 +0000] "GET /wp-content/plugins/presto-player/src/player/player-static.js?ver=1741603404 HTTP/2" 200 226 "https://webcloude.com/" "Mozilla/5.0 (iPhone; CPU iPhone OS 18_2_1 like Mac OS X) AppleWebKit/605.1.15 (KHTML, like Gecko) Version/18.2 Mobile/15E148 Safari/604.1"
106.206.171.149 - - [13/Mar/2025:10:02:02 +0000] "GET /wp-content/themes/astra/assets/css/minified/galleries.min.css?ver=4.9.0 HTTP/2" 200 311 "https://webcloude.com/" "Mozilla/5.0 (iPhone; CPU iPhone OS 18_2_1 like Mac OS X) AppleWebKit/605.1.15 (KHTML, like Gecko) Version/18.2 Mobile/15E148 Safari/604.1"
106.206.171.149 - - [13/Mar/2025:10:02:02 +0000] "GET /wp-content/plugins/elementor/assets/js/webpack.runtime.min.js?ver=3.27.6 HTTP/2" 200 2241 "https://webcloude.com/" "Mozilla/5.0 (iPhone; CPU iPhone OS 18_2_1 like Mac OS X) AppleWebKit/605.1.15 (KHTML, like Gecko) Version/18.2 Mobile/15E148 Safari/604.1"
106.206.171.149 - - [13/Mar/2025:10:02:02 +0000] "GET /wp-content/plugins/elementor/assets/js/frontend.min.js?ver=3.27.6 HTTP/2" 200 13108 "https://webcloude.com/" "Mozilla/5.0 (iPhone; CPU iPhone OS 18_2_1 like Mac OS X) AppleWebKit/605.1.15 (KHTML, like Gecko) Version/18.2 Mobile/15E148 Safari/604.1"
106.206.171.149 - - [13/Mar/2025:10:02:02 +0000] "GET /wp-content/plugins/astra-addon/assets/js/minified/purify.min.js?ver=4.9.1 HTTP/2" 200 8109 "https://webcloude.com/" "Mozilla/5.0 (iPhone; CPU iPhone OS 18_2_1 like Mac OS X) AppleWebKit/605.1.15 (KHTML, like Gecko) Version/18.2 Mobile/15E148 Safari/604.1"
106.206.171.149 - - [13/Mar/2025:10:02:02 +0000] "GET /wp-content/plugins/elementor/assets/lib/font-awesome/js/v4-shims.min.js?ver=3.27.6 HTTP/2" 200 4042 "https://webcloude.com/" "Mozilla/5.0 (iPhone; CPU iPhone OS 18_2_1 like Mac OS X) AppleWebKit/605.1.15 (KHTML, like Gecko) Version/18.2 Mobile/15E148 Safari/604.1"
106.206.171.149 - - [13/Mar/2025:10:02:02 +0000] "GET /wp-includes/js/jquery/ui/core.min.js?ver=1.13.3 HTTP/2" 200 6811 "https://webcloude.com/" "Mozilla/5.0 (iPhone; CPU iPhone OS 18_2_1 like Mac OS X) AppleWebKit/605.1.15 (KHTML, like Gecko) Version/18.2 Mobile/15E148 Safari/604.1"
106.206.171.149 - - [13/Mar/2025:10:02:02 +0000] "GET /wp-content/plugins/wpforms-lite/assets/lib/mailcheck.min.js?ver=1.1.2 HTTP/2" 200 1615 "https://webcloude.com/" "Mozilla/5.0 (iPhone; CPU iPhone OS 18_2_1 like Mac OS X) AppleWebKit/605.1.15 (KHTML, like Gecko) Version/18.2 Mobile/15E148 Safari/604.1"
106.206.171.149 - - [13/Mar/2025:10:02:02 +0000] "GET /wp-content/plugins/elementor/assets/js/frontend-modules.min.js?ver=3.27.6 HTTP/2" 200 17104 "https://webcloude.com/" "Mozilla/5.0 (iPhone; CPU iPhone OS 18_2_1 like Mac OS X) AppleWebKit/605.1.15 (KHTML, like Gecko) Version/18.2 Mobile/15E148 Safari/604.1"
106.206.171.149 - - [13/Mar/2025:10:02:02 +0000] "GET /wp-content/uploads/2025/03/manager-free-img.png HTTP/2" 200 159354 "https://webcloude.com/" "Mozilla/5.0 (iPhone; CPU iPhone OS 18_2_1 like Mac OS X) AppleWebKit/605.1.15 (KHTML, like Gecko) Version/18.2 Mobile/15E148 Safari/604.1"
106.206.171.149 - - [13/Mar/2025:10:02:03 +0000] "GET /wp-content/uploads/2019/06/learn-dash-white-logo.svg HTTP/2" 200 5000 "https://webcloude.com/" "Mozilla/5.0 (iPhone; CPU iPhone OS 18_2_1 like Mac OS X) AppleWebKit/605.1.15 (KHTML, like Gecko) Version/18.2 Mobile/15E148 Safari/604.1"
106.206.171.149 - - [13/Mar/2025:10:02:03 +0000] "GET /wp-content/uploads/2019/06/ld2.jpg HTTP/2" 200 54062 "https://webcloude.com/" "Mozilla/5.0 (iPhone; CPU iPhone OS 18_2_1 like Mac OS X) AppleWebKit/605.1.15 (KHTML, like Gecko) Version/18.2 Mobile/15E148 Safari/604.1"
106.206.171.149 - - [13/Mar/2025:10:02:03 +0000] "GET /wp-content/uploads/2021/03/logo-3.svg HTTP/2" 200 2788 "https://webcloude.com/" "Mozilla/5.0 (iPhone; CPU iPhone OS 18_2_1 like Mac OS X) AppleWebKit/605.1.15 (KHTML, like Gecko) Version/18.2 Mobile/15E148 Safari/604.1"
106.206.171.149 - - [13/Mar/2025:10:02:03 +0000] "GET /wp-content/uploads/2021/03/logo-2.svg HTTP/2" 200 3280 "https://webcloude.com/" "Mozilla/5.0 (iPhone; CPU iPhone OS 18_2_1 like Mac OS X) AppleWebKit/605.1.15 (KHTML, like Gecko) Version/18.2 Mobile/15E148 Safari/604.1"
106.206.171.149 - - [13/Mar/2025:10:02:03 +0000] "GET /wp-content/uploads/2021/03/logo-4.svg HTTP/2" 200 2518 "https://webcloude.com/" "Mozilla/5.0 (iPhone; CPU iPhone OS 18_2_1 like Mac OS X) AppleWebKit/605.1.15 (KHTML, like Gecko) Version/18.2 Mobile/15E148 Safari/604.1"
106.206.171.149 - - [13/Mar/2025:10:02:03 +0000] "GET /wp-content/plugins/presto-player/dist/components/web-components/web-components.esm.js?ver=1741603403 HTTP/2" 200 2006 "https://webcloude.com/" "Mozilla/5.0 (iPhone; CPU iPhone OS 18_2_1 like Mac OS X) AppleWebKit/605.1.15 (KHTML, like Gecko) Version/18.2 Mobile/15E148 Safari/604.1"
106.206.171.149 - - [13/Mar/2025:10:02:03 +0000] "GET /wp-content/plugins/elementor/assets/js/accordion.36aa4c8c4eba17bc8e03.bundle.min.js HTTP/2" 200 1318 "https://webcloude.com/" "Mozilla/5.0 (iPhone; CPU iPhone OS 18_2_1 like Mac OS X) AppleWebKit/605.1.15 (KHTML, like Gecko) Version/18.2 Mobile/15E148 Safari/604.1"
106.206.171.149 - - [13/Mar/2025:10:02:03 +0000] "GET /wp-content/plugins/presto-player/dist/components/web-components/p-43f79dfb.js HTTP/2" 304 0 "https://webcloude.com/" "Mozilla/5.0 (iPhone; CPU iPhone OS 18_2_1 like Mac OS X) AppleWebKit/605.1.15 (KHTML, like Gecko) Version/18.2 Mobile/15E148 Safari/604.1"
106.206.171.149 - - [13/Mar/2025:10:02:03 +0000] "GET /wp-content/plugins/presto-player/dist/components/web-components/p-e1255160.js HTTP/2" 200 30 "https://webcloude.com/" "Mozilla/5.0 (iPhone; CPU iPhone OS 18_2_1 like Mac OS X) AppleWebKit/605.1.15 (KHTML, like Gecko) Version/18.2 Mobile/15E148 Safari/604.1"
65.109.31.236 - - [13/Mar/2025:10:39:23 +0000] "POST /wp-cron.php?doing_wp_cron=1741862363.3077549934387207031250 HTTP/1.1" 200 20 "-" "WordPress/6.7.2; https://webcloude.com"
65.109.31.236 - - [13/Mar/2025:08:58:26 +0000] "POST /wp-cron.php?doing_wp_cron=1741856306.1663389205932617187500 HTTP/1.1" 200 20 "-" "WordPress/6.7.2; https://webcloude.com"
65.109.31.236 - - [13/Mar/2025:09:01:12 +0000] "POST /wp-cron.php?doing_wp_cron=1741856472.2458589076995849609375 HTTP/1.1" 200 20 "-" "WordPress/6.7.2; https://webcloude.com"
65.109.31.236 - - [13/Mar/2025:09:01:11 +0000] "HEAD / HTTP/1.1" 200 0 "-" "-"
124.220.171.218 - - [13/Mar/2025:09:11:52 +0000] "GET / HTTP/1.1" 200 31618 "http://webcloude.com" "Mozilla/5.0 (Linux; Android 10; LIO-AN00 Build/HUAWEILIO-AN00; wv) MicroMessenger Weixin QQ AppleWebKit/537.36 (KHTML, like Gecko) Version/4.0 Chrome/78.0.3904.62 XWEB/2692 MMWEBSDK/200901 Mobile Safari/537.36"
124.220.171.218 - - [13/Mar/2025:09:12:31 +0000] "GET / HTTP/1.1" 200 31619 "http://webcloude.com" "Mozilla/5.0 (Linux; Android 10; LIO-AN00 Build/HUAWEILIO-AN00; wv) MicroMessenger Weixin QQ AppleWebKit/537.36 (KHTML, like Gecko) Version/4.0 Chrome/78.0.3904.62 XWEB/2692 MMWEBSDK/200901 Mobile Safari/537.36"
2a06:98c0:3600::103 - - [13/Mar/2025:09:27:07 +0000] "GET /wordpress/wp-admin/setup-config.php HTTP/1.1" 404 25138 "-" "Mozilla/5.0 (Windows NT 10.0; Win64; x64) AppleWebKit/537.36 (KHTML, like Gecko) Chrome/133.0.0.0 Safari/537.36"
109.123.236.117 - - [13/Mar/2025:09:32:26 +0000] "POST /xmlrpc.php HTTP/2" 200 1756 "https://webcloude.com" "Mozilla/5.0 (Macintosh; Intel Mac OS X 10_15_7; rv:127.0) Gecko/20100101 Firefox/127.0"
2a06:98c0:3600::103 - - [13/Mar/2025:10:15:33 +0000] "GET /wordpress/wp-admin/setup-config.php HTTP/1.1" 404 25138 "-" "Mozilla/5.0 (Windows NT 10.0; Win64; x64) AppleWebKit/537.36 (KHTML, like Gecko) Chrome/133.0.0.0 Safari/537.36"
134.122.118.246 - - [13/Mar/2025:10:26:28 +0000] "POST /xmlrpc.php HTTP/2" 200 1757 "https://webcloude.com" "Mozilla/5.0 (Windows NT 10.0; Win64; x64) AppleWebKit/537.36 (KHTML, like Gecko) Chrome/113.0.5672.93 Safari/537.36"
2a06:98c0:3600::103 - - [13/Mar/2025:10:36:52 +0000] "GET /wp-admin/setup-config.php HTTP/1.1" 409 1144 "-" "Mozilla/5.0 (Windows NT 10.0; Win64; x64) AppleWebKit/537.36 (KHTML, like Gecko) Chrome/133.0.0.0 Safari/537.36"
65.109.31.236 - - [13/Mar/2025:11:06:22 +0000] "POST /wp-admin/admin-ajax.php?action=wp_1_wc_privacy_cleanup&nonce=92c4a13f61 HTTP/1.1" 200 20 "-" "WordPress/6.7.2; https://webcloude.com"
135.181.239.225 - - [13/Mar/2025:11:38:48 +0000] "POST /xmlrpc.php HTTP/2" 200 1757 "https://webcloude.com" "Mozilla/5.0 (Macintosh; Intel Mac OS X 10_15_7; rv:125.0.1) Gecko/20100101 Firefox/125.0.1"
111.229.111.163 - - [13/Mar/2025:11:56:58 +0000] "POST /xmlrpc.php HTTP/2" 200 1755 "https://webcloude.com" "Mozilla/5.0 (Windows NT 10.0; Win64; x64) AppleWebKit/537.36 (KHTML, like Gecko) Chrome/116.0.5845.96 Safari/537.36 Edg/116.0.1938.62"
2a06:98c0:3600::103 - - [13/Mar/2025:12:11:10 +0000] "GET /wordpress/wp-admin/setup-config.php HTTP/1.1" 404 25135 "-" "Mozilla/5.0 (Windows NT 10.0; Win64; x64) AppleWebKit/537.36 (KHTML, like Gecko) Chrome/133.0.0.0 Safari/537.36"
2a06:98c0:3600::103 - - [13/Mar/2025:13:23:19 +0000] "GET /wp-admin/setup-config.php HTTP/1.1" 409 1144 "-" "Mozilla/5.0 (Windows NT 10.0; Win64; x64) AppleWebKit/537.36 (KHTML, like Gecko) Chrome/133.0.0.0 Safari/537.36"
65.109.31.236 - - [13/Mar/2025:13:48:32 +0000] "POST /wp-cron.php?doing_wp_cron=1741873712.9293251037597656250000 HTTP/1.1" 200 20 "-" "WordPress/6.7.2; https://webcloude.com"
2a06:98c0:3600::103 - - [13/Mar/2025:14:40:10 +0000] "GET /wp-admin/setup-config.php HTTP/1.1" 409 1144 "-" "Mozilla/5.0 (Windows NT 10.0; Win64; x64) AppleWebKit/537.36 (KHTML, like Gecko) Chrome/133.0.0.0 Safari/537.36"
2a06:98c0:3600::103 - - [13/Mar/2025:15:01:17 +0000] "GET /wp-admin/setup-config.php HTTP/1.1" 409 1144 "-" "Mozilla/5.0 (Windows NT 10.0; Win64; x64) AppleWebKit/537.36 (KHTML, like Gecko) Chrome/133.0.0.0 Safari/537.36"
124.220.171.218 - - [13/Mar/2025:08:57:15 +0000] "GET / HTTP/1.1" 200 31619 "http://webcloude.com" "Mozilla/5.0 (Linux; Android 10; LIO-AN00 Build/HUAWEILIO-AN00; wv) MicroMessenger Weixin QQ AppleWebKit/537.36 (KHTML, like Gecko) Version/4.0 Chrome/78.0.3904.62 XWEB/2692 MMWEBSDK/200901 Mobile Safari/537.36"
124.220.171.218 - - [13/Mar/2025:08:58:11 +0000] "GET / HTTP/1.1" 200 31616 "-" "Mozilla/5.0 (Linux; Android 10; LIO-AN00 Build/HUAWEILIO-AN00; wv) MicroMessenger Weixin QQ AppleWebKit/537.36 (KHTML, like Gecko) Version/4.0 Chrome/78.0.3904.62 XWEB/2692 MMWEBSDK/200901 Mobile Safari/537.36"
124.220.171.218 - - [13/Mar/2025:08:58:26 +0000] "GET / HTTP/1.1" 200 31615 "-" "Mozilla/5.0 (Linux; Android 10; LIO-AN00 Build/HUAWEILIO-AN00; wv) MicroMessenger Weixin QQ AppleWebKit/537.36 (KHTML, like Gecko) Version/4.0 Chrome/78.0.3904.62 XWEB/2692 MMWEBSDK/200901 Mobile Safari/537.36"
65.109.31.236 - - [13/Mar/2025:09:11:52 +0000] "POST /wp-cron.php?doing_wp_cron=1741857112.3004760742187500000000 HTTP/1.1" 200 20 "-" "WordPress/6.7.2; https://webcloude.com"
2a06:98c0:3600::103 - - [13/Mar/2025:09:16:34 +0000] "GET /wp-admin/setup-config.php HTTP/1.1" 409 1144 "-" "Mozilla/5.0 (Windows NT 10.0; Win64; x64) AppleWebKit/537.36 (KHTML, like Gecko) Chrome/133.0.0.0 Safari/537.36"
43.130.14.245 - - [13/Mar/2025:11:50:22 +0000] "GET / HTTP/1.1" 200 31619 "http://webcloude.com" "Mozilla/5.0 (iPhone; CPU iPhone OS 13_2_3 like Mac OS X) AppleWebKit/605.1.15 (KHTML, like Gecko) Version/13.0.3 Mobile/15E148 Safari/604.1"
65.109.31.236 - - [13/Mar/2025:12:32:17 +0000] "POST /wp-cron.php?doing_wp_cron=1741869137.6890261173248291015625 HTTP/1.1" 200 20 "-" "WordPress/6.7.2; https://webcloude.com"
65.109.31.236 - - [13/Mar/2025:12:32:23 +0000] "POST /wp-cron.php?doing_wp_cron=1741869143.4160211086273193359375 HTTP/1.1" 200 20 "-" "WordPress/6.7.2; https://webcloude.com"
2a06:98c0:3600::103 - - [13/Mar/2025:12:35:03 +0000] "GET /wordpress/wp-admin/setup-config.php HTTP/1.1" 404 25136 "-" "Mozilla/5.0 (Windows NT 10.0; Win64; x64) AppleWebKit/537.36 (KHTML, like Gecko) Chrome/133.0.0.0 Safari/537.36"
162.240.168.197 - - [13/Mar/2025:12:52:22 +0000] "POST /xmlrpc.php HTTP/2" 200 1757 "https://webcloude.com" "Mozilla/5.0 (Windows NT 10.0; Win64; x64) AppleWebKit/537.36 (KHTML, like Gecko) Chrome/114.0.5735.199 Safari/537.36 Edg/114.0.1823.67"
65.109.31.236 - - [13/Mar/2025:13:26:21 +0000] "POST /wp-cron.php?doing_wp_cron=1741872381.8429629802703857421875 HTTP/1.1" 200 20 "-" "WordPress/6.7.2; https://webcloude.com"
2a06:98c0:3600::103 - - [13/Mar/2025:13:27:04 +0000] "GET /wp-admin/setup-config.php HTTP/1.1" 409 1144 "-" "Mozilla/5.0 (Windows NT 10.0; Win64; x64) AppleWebKit/537.36 (KHTML, like Gecko) Chrome/133.0.0.0 Safari/537.36"
184.168.101.89 - - [13/Mar/2025:13:48:06 +0000] "POST /xmlrpc.php HTTP/2" 200 1755 "https://webcloude.com" "Mozilla/5.0 (Macintosh; Intel Mac OS X 14.5) AppleWebKit/618.3.5 (KHTML, like Gecko) Version/17.4 Safari/618.3.5"
2a06:98c0:3600::103 - - [13/Mar/2025:13:48:32 +0000] "GET /wordpress/wp-admin/setup-config.php HTTP/1.1" 404 25137 "-" "Mozilla/5.0 (Windows NT 10.0; Win64; x64) AppleWebKit/537.36 (KHTML, like Gecko) Chrome/133.0.0.0 Safari/537.36"
2a06:98c0:3600::103 - - [13/Mar/2025:13:49:04 +0000] "GET /wp-admin/setup-config.php HTTP/1.1" 409 1144 "-" "Mozilla/5.0 (Windows NT 10.0; Win64; x64) AppleWebKit/537.36 (KHTML, like Gecko) Chrome/133.0.0.0 Safari/537.36"
2a06:98c0:3600::103 - - [13/Mar/2025:14:13:27 +0000] "GET /wordpress/wp-admin/setup-config.php HTTP/1.1" 404 25135 "-" "Mozilla/5.0 (Windows NT 10.0; Win64; x64) AppleWebKit/537.36 (KHTML, like Gecko) Chrome/133.0.0.0 Safari/537.36"
2a06:98c0:3600::103 - - [13/Mar/2025:15:05:11 +0000] "GET /wordpress/wp-admin/setup-config.php HTTP/1.1" 404 25127 "-" "Mozilla/5.0 (Windows NT 10.0; Win64; x64) AppleWebKit/537.36 (KHTML, like Gecko) Chrome/133.0.0.0 Safari/537.36"
65.109.31.236 - - [13/Mar/2025:15:29:21 +0000] "POST /wp-cron.php?doing_wp_cron=1741879761.1472148895263671875000 HTTP/1.1" 200 20 "-" "WordPress/6.7.2; https://webcloude.com"
20.245.167.190 - - [13/Mar/2025:08:38:59 +0000] "POST /xmlrpc.php HTTP/2" 200 1756 "https://webcloude.com" "Mozilla/5.0 (Macintosh; Intel Mac OS X 10_15_7; rv:129.0) Gecko/20100101 Firefox/129.0"
184.168.113.29 - - [13/Mar/2025:08:56:37 +0000] "POST /xmlrpc.php HTTP/2" 200 1755 "https://webcloude.com" "Mozilla/5.0 (Macintosh; Intel Mac OS X 10_15_7) AppleWebKit/537.36 (KHTML, like Gecko) Chrome/114.0.5735.134 Safari/537.36"
2a06:98c0:3600::103 - - [13/Mar/2025:09:54:05 +0000] "GET /wp-admin/setup-config.php HTTP/1.1" 409 1144 "-" "Mozilla/5.0 (Windows NT 10.0; Win64; x64) AppleWebKit/537.36 (KHTML, like Gecko) Chrome/133.0.0.0 Safari/537.36"
2a06:98c0:3600::103 - - [13/Mar/2025:10:16:13 +0000] "GET /wp-admin/setup-config.php HTTP/1.1" 409 1144 "-" "Mozilla/5.0 (Windows NT 10.0; Win64; x64) AppleWebKit/537.36 (KHTML, like Gecko) Chrome/133.0.0.0 Safari/537.36"
2a06:98c0:3600::103 - - [13/Mar/2025:10:17:50 +0000] "GET /wp-admin/setup-config.php HTTP/1.1" 409 1144 "-" "Mozilla/5.0 (Windows NT 10.0; Win64; x64) AppleWebKit/537.36 (KHTML, like Gecko) Chrome/133.0.0.0 Safari/537.36"
2a06:98c0:3600::103 - - [13/Mar/2025:11:00:39 +0000] "GET /wp-admin/setup-config.php HTTP/1.1" 409 1144 "-" "Mozilla/5.0 (Windows NT 10.0; Win64; x64) AppleWebKit/537.36 (KHTML, like Gecko) Chrome/133.0.0.0 Safari/537.36"
190.92.174.37 - - [13/Mar/2025:14:06:40 +0000] "POST /xmlrpc.php HTTP/2" 200 1754 "https://webcloude.com" "Mozilla/5.0 (Macintosh; Intel Mac OS X 14.5) AppleWebKit/618.3.5 (KHTML, like Gecko) Version/17.4 Safari/618.3.5"
65.109.31.236 - - [13/Mar/2025:14:37:46 +0000] "POST /wp-cron.php?doing_wp_cron=1741876666.5219469070434570312500 HTTP/1.1" 200 20 "-" "WordPress/6.7.2; https://webcloude.com"
2a06:98c0:3600::103 - - [13/Mar/2025:14:37:46 +0000] "GET /wordpress/wp-admin/setup-config.php HTTP/1.1" 404 25136 "-" "Mozilla/5.0 (Windows NT 10.0; Win64; x64) AppleWebKit/537.36 (KHTML, like Gecko) Chrome/133.0.0.0 Safari/537.36"
65.109.31.236 - - [13/Mar/2025:15:05:13 +0000] "POST /wp-cron.php?doing_wp_cron=1741878313.6409399509429931640625 HTTP/1.1" 200 20 "-" "WordPress/6.7.2; https://webcloude.com"
8.210.103.127 - - [13/Mar/2025:15:58:01 +0000] "POST /xmlrpc.php HTTP/2" 200 1755 "https://webcloude.com" "Mozilla/5.0 (Windows NT 10.0; Win64; x64) AppleWebKit/537.36 (KHTML, like Gecko) Chrome/126.0.0.0 Safari/537.36"
2a06:98c0:3600::103 - - [13/Mar/2025:16:19:24 +0000] "GET /wordpress/wp-admin/setup-config.php HTTP/1.1" 404 25137 "-" "Mozilla/5.0 (Windows NT 10.0; Win64; x64) AppleWebKit/537.36 (KHTML, like Gecko) Chrome/133.0.0.0 Safari/537.36"
159.223.62.30 - - [13/Mar/2025:16:48:46 +0000] "GET / HTTP/1.1" 200 184631 "-" "Mozilla/5.0 (Windows NT 10.0; Win64; x64) AppleWebKit/537.36 (KHTML, like Gecko) Chrome/89.0.4389.114 Safari/537.36"
159.223.62.30 - - [13/Mar/2025:16:48:47 +0000] "GET //wp-includes/wlwmanifest.xml HTTP/1.1" 200 1 "-" "Mozilla/5.0 (Windows NT 10.0; Win64; x64) AppleWebKit/537.36 (KHTML, like Gecko) Chrome/89.0.4389.114 Safari/537.36"
159.223.62.30 - - [13/Mar/2025:16:48:48 +0000] "GET //xmlrpc.php?rsd HTTP/1.1" 200 24133 "-" "Mozilla/5.0 (Windows NT 10.0; Win64; x64) AppleWebKit/537.36 (KHTML, like Gecko) Chrome/89.0.4389.114 Safari/537.36"
159.223.62.30 - - [13/Mar/2025:16:48:48 +0000] "GET / HTTP/1.1" 200 184631 "-" "Mozilla/5.0 (Windows NT 10.0; Win64; x64) AppleWebKit/537.36 (KHTML, like Gecko) Chrome/89.0.4389.114 Safari/537.36"
159.223.62.30 - - [13/Mar/2025:16:48:49 +0000] "GET //?author=1 HTTP/1.1" 301 0 "-" "Mozilla/5.0 (Windows NT 10.0; Win64; x64) AppleWebKit/537.36 (KHTML, like Gecko) Chrome/89.0.4389.114 Safari/537.36"
159.223.62.30 - - [13/Mar/2025:16:48:49 +0000] "GET //?author=2 HTTP/1.1" 301 0 "-" "Mozilla/5.0 (Windows NT 10.0; Win64; x64) AppleWebKit/537.36 (KHTML, like Gecko) Chrome/89.0.4389.114 Safari/537.36"
159.223.62.30 - - [13/Mar/2025:16:48:50 +0000] "GET //?author=3 HTTP/1.1" 301 0 "-" "Mozilla/5.0 (Windows NT 10.0; Win64; x64) AppleWebKit/537.36 (KHTML, like Gecko) Chrome/89.0.4389.114 Safari/537.36"
2a06:98c0:3600::103 - - [13/Mar/2025:08:56:17 +0000] "GET /wordpress/wp-admin/setup-config.php HTTP/1.1" 404 25138 "-" "Mozilla/5.0 (Windows NT 10.0; Win64; x64) AppleWebKit/537.36 (KHTML, like Gecko) Chrome/133.0.0.0 Safari/537.36"
2a06:98c0:3600::103 - - [13/Mar/2025:08:57:32 +0000] "GET /wp-admin/setup-config.php HTTP/1.1" 409 1144 "-" "Mozilla/5.0 (Windows NT 10.0; Win64; x64) AppleWebKit/537.36 (KHTML, like Gecko) Chrome/133.0.0.0 Safari/537.36"
124.220.171.218 - - [13/Mar/2025:08:57:51 +0000] "GET / HTTP/1.1" 200 31619 "http://webcloude.com" "Mozilla/5.0 (Linux; Android 10; LIO-AN00 Build/HUAWEILIO-AN00; wv) MicroMessenger Weixin QQ AppleWebKit/537.36 (KHTML, like Gecko) Version/4.0 Chrome/78.0.3904.62 XWEB/2692 MMWEBSDK/200901 Mobile Safari/537.36"
2a06:98c0:3600::103 - - [13/Mar/2025:09:12:51 +0000] "GET /wordpress/wp-admin/setup-config.php HTTP/1.1" 404 25137 "-" "Mozilla/5.0 (Windows NT 10.0; Win64; x64) AppleWebKit/537.36 (KHTML, like Gecko) Chrome/133.0.0.0 Safari/537.36"
198.12.235.138 - - [13/Mar/2025:09:14:28 +0000] "POST /xmlrpc.php HTTP/2" 200 1754 "https://webcloude.com" "Mozilla/5.0 (Windows NT 10.0; Win64; x64; rv:127.0) Gecko/20100101 Firefox/127.0"
185.199.236.107 - - [13/Mar/2025:09:50:10 +0000] "POST /xmlrpc.php HTTP/2" 200 1756 "https://webcloude.com" "Mozilla/5.0 (Windows NT 10.0; Win64; x64) AppleWebKit/537.36 (KHTML, like Gecko) Chrome/113.0.5672.93 Safari/537.36"
65.109.31.236 - - [13/Mar/2025:10:15:36 +0000] "POST /wp-cron.php?doing_wp_cron=1741860935.9729650020599365234375 HTTP/1.1" 200 20 "-" "WordPress/6.7.2; https://webcloude.com"
18.216.215.60 - - [13/Mar/2025:10:40:35 +0000] "GET /sitemap.xml HTTP/2" 200 6029 "-" "Mozilla/5.0 AppleWebKit/537.36 (KHTML, like Gecko; compatible; ClaudeBot/1.0; +claudebot@anthropic.com)"
195.250.27.22 - - [13/Mar/2025:11:02:48 +0000] "POST /xmlrpc.php HTTP/2" 200 1753 "https://webcloude.com" "Mozilla/5.0 (Macintosh; Intel Mac OS X 10.15; rv:126.0) Gecko/20100101 Firefox/126.0"
2a06:98c0:3600::103 - - [13/Mar/2025:11:26:02 +0000] "GET /wordpress/wp-admin/setup-config.php HTTP/1.1" 404 25139 "-" "Mozilla/5.0 (Windows NT 10.0; Win64; x64) AppleWebKit/537.36 (KHTML, like Gecko) Chrome/133.0.0.0 Safari/537.36"
3.140.241.140 - - [13/Mar/2025:11:32:23 +0000] "GET /xmlrpc.php?path=%2Fhome%2Fwebcloude%2Fpublic_html%2F.wp-cli%2Fcache HTTP/2" 200 944 "-" "Mozilla/5.0 AppleWebKit/537.36 (KHTML, like Gecko; compatible; ClaudeBot/1.0; +claudebot@anthropic.com)"
2a06:98c0:3600::103 - - [13/Mar/2025:11:48:57 +0000] "GET /wordpress/wp-admin/setup-config.php HTTP/1.1" 404 25138 "-" "Mozilla/5.0 (Windows NT 10.0; Win64; x64) AppleWebKit/537.36 (KHTML, like Gecko) Chrome/133.0.0.0 Safari/537.36"
2a06:98c0:3600::103 - - [13/Mar/2025:12:36:53 +0000] "GET /wordpress/wp-admin/setup-config.php HTTP/1.1" 404 25137 "-" "Mozilla/5.0 (Windows NT 10.0; Win64; x64) AppleWebKit/537.36 (KHTML, like Gecko) Chrome/133.0.0.0 Safari/537.36"
51.178.81.248 - - [13/Mar/2025:13:10:53 +0000] "POST /xmlrpc.php HTTP/2" 200 1755 "https://webcloude.com" "Mozilla/5.0 (Macintosh; Intel Mac OS X 10_15_7; rv:125.0.1) Gecko/20100101 Firefox/125.0.1"
18.188.193.166 - - [13/Mar/2025:13:43:06 +0000] "GET /robots.txt HTTP/2" 200 120 "-" "Mozilla/5.0 AppleWebKit/537.36 (KHTML, like Gecko; compatible; ClaudeBot/1.0; +claudebot@anthropic.com)"
18.188.193.166 - - [13/Mar/2025:13:43:06 +0000] "GET /xmlrpc.php?path=%2Fhome%2Fwebcloude%2Fpublic_html%2F.wp-cli%2Fcache%2Ftheme HTTP/2" 200 765 "-" "Mozilla/5.0 AppleWebKit/537.36 (KHTML, like Gecko; compatible; ClaudeBot/1.0; +claudebot@anthropic.com)"
65.109.31.236 - - [13/Mar/2025:14:13:27 +0000] "POST /wp-cron.php?doing_wp_cron=1741875207.9445679187774658203125 HTTP/1.1" 200 20 "-" "WordPress/6.7.2; https://webcloude.com"
95.216.125.167 - - [13/Mar/2025:15:03:11 +0000] "POST /xmlrpc.php HTTP/2" 200 1756 "https://webcloude.com" "Mozilla/5.0 (Macintosh; Intel Mac OS X 10_15_7) AppleWebKit/537.36 (KHTML, like Gecko) Chrome/126.0.0.0 Safari/537.36"
124.220.171.218 - - [13/Mar/2025:09:12:14 +0000] "GET / HTTP/1.1" 200 31619 "http://webcloude.com" "Mozilla/5.0 (Linux; Android 10; LIO-AN00 Build/HUAWEILIO-AN00; wv) MicroMessenger Weixin QQ AppleWebKit/537.36 (KHTML, like Gecko) Version/4.0 Chrome/78.0.3904.62 XWEB/2692 MMWEBSDK/200901 Mobile Safari/537.36"
190.92.154.173 - - [13/Mar/2025:10:08:13 +0000] "POST /xmlrpc.php HTTP/2" 200 1754 "https://webcloude.com" "Mozilla/5.0 (Windows NT 10.0; Win64; x64) AppleWebKit/537.36 (KHTML, like Gecko) Chrome/116.0.5845.96 Safari/537.36"
65.109.31.236 - - [13/Mar/2025:11:00:17 +0000] "POST /wp-cron.php?doing_wp_cron=1741863617.6278979778289794921875 HTTP/1.1" 200 20 "-" "WordPress/6.7.2; https://webcloude.com"
2a06:98c0:3600::103 - - [13/Mar/2025:11:46:07 +0000] "GET /wp-admin/setup-config.php HTTP/1.1" 409 1144 "-" "Mozilla/5.0 (Windows NT 10.0; Win64; x64) AppleWebKit/537.36 (KHTML, like Gecko) Chrome/133.0.0.0 Safari/537.36"
139.99.52.207 - - [13/Mar/2025:12:32:16 +0000] "POST //wp-login.php HTTP/1.1" 200 6022 "https://webcloude.com//wp-login.php" "Mozilla/5.0 (Windows NT 10.0; Win64; x64) AppleWebKit/537.36 (KHTML, like Gecko) Chrome/89.0.4389.114 Safari/537.36"
139.99.52.207 - - [13/Mar/2025:12:32:18 +0000] "POST //wp-login.php HTTP/1.1" 200 6022 "https://webcloude.com//wp-login.php" "Mozilla/5.0 (Windows NT 10.0; Win64; x64) AppleWebKit/537.36 (KHTML, like Gecko) Chrome/89.0.4389.114 Safari/537.36"
139.99.52.207 - - [13/Mar/2025:12:32:19 +0000] "POST //wp-login.php HTTP/1.1" 200 6022 "https://webcloude.com//wp-login.php" "Mozilla/5.0 (Windows NT 10.0; Win64; x64) AppleWebKit/537.36 (KHTML, like Gecko) Chrome/89.0.4389.114 Safari/537.36"
