54.162.152.79 - - [13/Mar/2025:02:47:19 +0000] "GET /wp-content/uploads/2019/05/testimonial1-free-img.jpg HTTP/1.1" 200 11264 "https://webcloude.com/" "Mozilla/5.0 (X11; Linux x86_64) AppleWebKit/537.36 (KHTML, like Gecko) Chrome/129.0.0.0 Safari/537.36"
54.162.152.79 - - [13/Mar/2025:02:47:19 +0000] "GET /wp-content/uploads/2025/03/testimonial4-free-img.jpg HTTP/1.1" 200 8748 "https://webcloude.com/" "Mozilla/5.0 (X11; Linux x86_64) AppleWebKit/537.36 (KHTML, like Gecko) Chrome/129.0.0.0 Safari/537.36"
54.162.152.79 - - [13/Mar/2025:02:47:19 +0000] "GET /wp-content/uploads/2019/05/testimonial3-free-img.jpg HTTP/1.1" 200 6731 "https://webcloude.com/" "Mozilla/5.0 (X11; Linux x86_64) AppleWebKit/537.36 (KHTML, like Gecko) Chrome/129.0.0.0 Safari/537.36"
54.162.152.79 - - [13/Mar/2025:02:47:20 +0000] "GET /wp-content/uploads/2019/05/testimonial2-free-img.jpg HTTP/1.1" 200 10087 "https://webcloude.com/" "Mozilla/5.0 (X11; Linux x86_64) AppleWebKit/537.36 (KHTML, like Gecko) Chrome/129.0.0.0 Safari/537.36"
54.162.152.79 - - [13/Mar/2025:02:47:19 +0000] "GET /wp-content/uploads/2019/06/ld2.jpg HTTP/1.1" 200 54062 "https://webcloude.com/wp-content/uploads/elementor/css/post-25066.css?ver=1741751570" "Mozilla/5.0 (X11; Linux x86_64) AppleWebKit/537.36 (KHTML, like Gecko) Chrome/129.0.0.0 Safari/537.36"
54.162.152.79 - - [13/Mar/2025:02:47:20 +0000] "GET /wp-includes/js/wp-emoji-release.min.js?ver=6.7.2 HTTP/1.1" 200 4676 "https://webcloude.com/" "Mozilla/5.0 (X11; Linux x86_64) AppleWebKit/537.36 (KHTML, like Gecko) Chrome/129.0.0.0 Safari/537.36"
54.162.152.79 - - [13/Mar/2025:02:47:20 +0000] "GET /wp-content/plugins/presto-player/dist/components/web-components/web-components.esm.js?ver=1741603403 HTTP/1.1" 200 2006 "https://webcloude.com/" "Mozilla/5.0 (X11; Linux x86_64) AppleWebKit/537.36 (KHTML, like Gecko) Chrome/129.0.0.0 Safari/537.36"
54.162.152.79 - - [13/Mar/2025:02:47:20 +0000] "GET /wp-content/plugins/elementor/assets/js/accordion.36aa4c8c4eba17bc8e03.bundle.min.js HTTP/1.1" 200 1318 "https://webcloude.com/" "Mozilla/5.0 (X11; Linux x86_64) AppleWebKit/537.36 (KHTML, like Gecko) Chrome/129.0.0.0 Safari/537.36"
139.59.227.194 - - [13/Mar/2025:00:28:05 +0000] "GET //?author=3 HTTP/1.1" 301 0 "-" "Mozilla/5.0 (Windows NT 10.0; Win64; x64) AppleWebKit/537.36 (KHTML, like Gecko) Chrome/89.0.4389.114 Safari/537.36"
139.59.227.194 - - [13/Mar/2025:00:28:06 +0000] "GET //wp-json/wp/v2/users/ HTTP/1.1" 200 1418 "-" "Mozilla/5.0 (Windows NT 10.0; Win64; x64) AppleWebKit/537.36 (KHTML, like Gecko) Chrome/89.0.4389.114 Safari/537.36"
139.59.227.194 - - [13/Mar/2025:00:28:08 +0000] "POST //xmlrpc.php HTTP/1.1" 200 23331 "-" "Mozilla/5.0 (Windows NT 10.0; Win64; x64) AppleWebKit/537.36 (KHTML, like Gecko) Chrome/89.0.4389.114 Safari/537.36"
18.118.151.110 - - [13/Mar/2025:01:13:11 +0000] "GET /wp-content/plugins/woocommerce/assets/js/jquery-blockui/jquery.blockUI.min.js HTTP/2" 200 3277 "-" "Mozilla/5.0 AppleWebKit/537.36 (KHTML, like Gecko; compatible; ClaudeBot/1.0; +claudebot@anthropic.com)"
3.135.64.65 - - [13/Mar/2025:01:20:20 +0000] "GET /wp-content/uploads/2021/03/logo-1.svg HTTP/2" 200 4179 "-" "Mozilla/5.0 AppleWebKit/537.36 (KHTML, like Gecko; compatible; ClaudeBot/1.0; +claudebot@anthropic.com)"
65.109.31.236 - - [13/Mar/2025:01:26:36 +0000] "POST /wp-cron.php?doing_wp_cron=1741829196.0393140316009521484375 HTTP/1.1" 200 20 "-" "WordPress/6.7.2; https://webcloude.com"
2a06:98c0:3600::103 - - [13/Mar/2025:01:26:35 +0000] "GET /wordpress/wp-admin/setup-config.php HTTP/1.1" 404 25138 "-" "Mozilla/5.0 (Windows NT 10.0; Win64; x64) AppleWebKit/537.36 (KHTML, like Gecko) Chrome/133.0.0.0 Safari/537.36"
3.138.105.233 - - [13/Mar/2025:01:50:45 +0000] "GET /wp-includes/js/jquery/jquery.min.js HTTP/2" 200 29744 "-" "Mozilla/5.0 AppleWebKit/537.36 (KHTML, like Gecko; compatible; ClaudeBot/1.0; +claudebot@anthropic.com)"
43.166.7.113 - - [13/Mar/2025:02:05:02 +0000] "GET / HTTP/1.1" 200 31623 "http://www.webcloude.com" "Mozilla/5.0 (iPhone; CPU iPhone OS 13_2_3 like Mac OS X) AppleWebKit/605.1.15 (KHTML, like Gecko) Version/13.0.3 Mobile/15E148 Safari/604.1"
65.109.31.236 - - [13/Mar/2025:02:07:41 +0000] "POST /wp-cron.php?doing_wp_cron=1741831661.6841270923614501953125 HTTP/1.1" 200 20 "-" "WordPress/6.7.2; https://webcloude.com"
18.221.125.22 - - [13/Mar/2025:02:07:40 +0000] "GET /about-2 HTTP/2" 301 20 "-" "Mozilla/5.0 AppleWebKit/537.36 (KHTML, like Gecko; compatible; ClaudeBot/1.0; +claudebot@anthropic.com)"
18.221.125.22 - - [13/Mar/2025:02:07:41 +0000] "GET /about-2/ HTTP/2" 200 31969 "https://webcloude.com/about-2" "Mozilla/5.0 AppleWebKit/537.36 (KHTML, like Gecko; compatible; ClaudeBot/1.0; +claudebot@anthropic.com)"
18.221.216.103 - - [13/Mar/2025:02:12:58 +0000] "GET /wp-content/uploads/astra-addon/astra-addon-67cec751911a93-77625639.js HTTP/2" 200 5072 "-" "Mozilla/5.0 AppleWebKit/537.36 (KHTML, like Gecko; compatible; ClaudeBot/1.0; +claudebot@anthropic.com)"
45.12.179.31 - - [13/Mar/2025:02:17:00 +0000] "GET /allsitemap.xml/sxallsitemap.xml HTTP/2" 404 134226 "-" "Mozilla/5.0(compatible;Googlebot/2.1;+http://www.google.com/bot.html)"
156.254.127.45 - - [13/Mar/2025:02:24:23 +0000] "GET //wp-login.php HTTP/2" 200 2020 "-" "Mozilla/5.0 (Windows NT 10.0; Win64; x64) AppleWebKit/537.36 (KHTML, like Gecko) Chrome/109.0.0.0 Safari/537.36"
156.254.127.45 - - [13/Mar/2025:02:24:29 +0000] "GET /wp-includes/css/buttons.min.css?ver=6.7.2 HTTP/2" 200 1275 "https://webcloude.com//wp-login.php" "Mozilla/5.0 (Windows NT 10.0; Win64; x64) AppleWebKit/537.36 (KHTML, like Gecko) Chrome/109.0.0.0 Safari/537.36"
156.254.127.45 - - [13/Mar/2025:02:24:29 +0000] "GET /wp-admin/css/forms.min.css?ver=6.7.2 HTTP/2" 200 6387 "https://webcloude.com//wp-login.php" "Mozilla/5.0 (Windows NT 10.0; Win64; x64) AppleWebKit/537.36 (KHTML, like Gecko) Chrome/109.0.0.0 Safari/537.36"
156.254.127.45 - - [13/Mar/2025:02:24:29 +0000] "GET /wp-includes/css/dashicons.min.css?ver=6.7.2 HTTP/2" 200 35110 "https://webcloude.com//wp-login.php" "Mozilla/5.0 (Windows NT 10.0; Win64; x64) AppleWebKit/537.36 (KHTML, like Gecko) Chrome/109.0.0.0 Safari/537.36"
65.109.31.236 - - [13/Mar/2025:01:15:23 +0000] "POST /wp-cron.php?doing_wp_cron=1741828523.0229671001434326171875 HTTP/1.1" 200 20 "-" "WordPress/6.7.2; https://webcloude.com"
18.222.61.232 - - [13/Mar/2025:01:15:21 +0000] "GET /comments/feed HTTP/2" 301 20 "-" "Mozilla/5.0 AppleWebKit/537.36 (KHTML, like Gecko; compatible; ClaudeBot/1.0; +claudebot@anthropic.com)"
18.222.61.232 - - [13/Mar/2025:01:15:23 +0000] "GET /comments/feed/ HTTP/2" 200 711 "https://webcloude.com/comments/feed" "Mozilla/5.0 AppleWebKit/537.36 (KHTML, like Gecko; compatible; ClaudeBot/1.0; +claudebot@anthropic.com)"
18.217.112.228 - - [13/Mar/2025:01:16:25 +0000] "GET /wp-content/uploads/elementor/css/post-25066.css HTTP/2" 200 2714 "-" "Mozilla/5.0 AppleWebKit/537.36 (KHTML, like Gecko; compatible; ClaudeBot/1.0; +claudebot@anthropic.com)"
65.109.31.236 - - [13/Mar/2025:01:18:30 +0000] "POST /wp-cron.php?doing_wp_cron=1741828710.0352408885955810546875 HTTP/1.1" 200 20 "-" "WordPress/6.7.2; https://webcloude.com"
65.109.31.236 - - [13/Mar/2025:01:26:35 +0000] "POST /wp-cron.php?doing_wp_cron=1741829195.9599959850311279296875 HTTP/1.1" 200 20 "-" "WordPress/6.7.2; https://webcloude.com"
3.15.33.175 - - [13/Mar/2025:01:34:40 +0000] "GET /wp-content/uploads/2019/05/testimonial2-free-img.jpg HTTP/2" 200 10087 "-" "Mozilla/5.0 AppleWebKit/537.36 (KHTML, like Gecko; compatible; ClaudeBot/1.0; +claudebot@anthropic.com)"
3.129.206.85 - - [13/Mar/2025:01:39:37 +0000] "GET /wp-includes/js/dist/dom-ready.min.js HTTP/2" 200 275 "-" "Mozilla/5.0 AppleWebKit/537.36 (KHTML, like Gecko; compatible; ClaudeBot/1.0; +claudebot@anthropic.com)"
2a06:98c0:3600::103 - - [13/Mar/2025:01:47:30 +0000] "GET /wp-admin/setup-config.php HTTP/1.1" 409 1144 "-" "Mozilla/5.0 (Windows NT 10.0; Win64; x64) AppleWebKit/537.36 (KHTML, like Gecko) Chrome/133.0.0.0 Safari/537.36"
18.219.223.105 - - [13/Mar/2025:02:18:24 +0000] "GET /wp-content/uploads/2021/03/logo-4.svg HTTP/2" 200 2518 "-" "Mozilla/5.0 AppleWebKit/537.36 (KHTML, like Gecko; compatible; ClaudeBot/1.0; +claudebot@anthropic.com)"
18.219.223.105 - - [13/Mar/2025:02:18:24 +0000] "GET /wp-content/uploads/2025/03/manager-free-img.png HTTP/2" 200 159354 "-" "Mozilla/5.0 AppleWebKit/537.36 (KHTML, like Gecko; compatible; ClaudeBot/1.0; +claudebot@anthropic.com)"
103.172.41.147 - - [13/Mar/2025:02:21:19 +0000] "GET /wp-includes/css/buttons.min.css?ver=6.7.2 HTTP/2" 200 1275 "https://webcloude.com//wp-login.php" "Mozilla/5.0 (Windows NT 10.0; Win64; x64) AppleWebKit/537.36 (KHTML, like Gecko) Chrome/133.0.0.0 Safari/537.36"
103.172.41.147 - - [13/Mar/2025:02:21:19 +0000] "GET /wp-includes/css/dashicons.min.css?ver=6.7.2 HTTP/2" 200 35110 "https://webcloude.com//wp-login.php" "Mozilla/5.0 (Windows NT 10.0; Win64; x64) AppleWebKit/537.36 (KHTML, like Gecko) Chrome/133.0.0.0 Safari/537.36"
103.172.41.147 - - [13/Mar/2025:02:21:19 +0000] "GET /wp-admin/css/forms.min.css?ver=6.7.2 HTTP/2" 200 6387 "https://webcloude.com//wp-login.php" "Mozilla/5.0 (Windows NT 10.0; Win64; x64) AppleWebKit/537.36 (KHTML, like Gecko) Chrome/133.0.0.0 Safari/537.36"
103.172.41.147 - - [13/Mar/2025:02:21:19 +0000] "GET /wp-admin/css/l10n.min.css?ver=6.7.2 HTTP/2" 200 675 "https://webcloude.com//wp-login.php" "Mozilla/5.0 (Windows NT 10.0; Win64; x64) AppleWebKit/537.36 (KHTML, like Gecko) Chrome/133.0.0.0 Safari/537.36"
2a06:98c0:3600::103 - - [13/Mar/2025:02:32:40 +0000] "GET /wp-admin/setup-config.php HTTP/1.1" 409 1144 "-" "Mozilla/5.0 (Windows NT 10.0; Win64; x64) AppleWebKit/537.36 (KHTML, like Gecko) Chrome/133.0.0.0 Safari/537.36"
65.109.31.236 - - [13/Mar/2025:02:44:31 +0000] "POST /wp-cron.php?doing_wp_cron=1741833871.9001710414886474609375 HTTP/1.1" 200 20 "-" "WordPress/6.7.2; https://webcloude.com"
156.254.127.45 - - [13/Mar/2025:02:45:37 +0000] "POST /wp-admin/admin-ajax.php HTTP/1.1" 200 67 "https://webcloude.com/wp-admin/" "Mozilla/5.0 (Windows NT 10.0; Win64; x64) AppleWebKit/537.36 (KHTML, like Gecko) Chrome/109.0.0.0 Safari/537.36"
3.129.92.95 - - [13/Mar/2025:02:12:46 +0000] "GET /wp-content/plugins/woocommerce/assets/js/js-cookie/js.cookie.min.js HTTP/2" 200 760 "-" "Mozilla/5.0 AppleWebKit/537.36 (KHTML, like Gecko; compatible; ClaudeBot/1.0; +claudebot@anthropic.com)"
65.109.31.236 - - [13/Mar/2025:02:21:09 +0000] "POST /wp-cron.php?doing_wp_cron=1741832469.4954340457916259765625 HTTP/1.1" 200 20 "-" "WordPress/6.7.2; https://webcloude.com"
188.253.123.5 - - [13/Mar/2025:02:22:17 +0000] "GET //wp-login.php HTTP/2" 200 2020 "-" "Mozilla/5.0 (Windows NT 10.0; Win64; x64) AppleWebKit/537.36 (KHTML, like Gecko) Chrome/133.0.0.0 Safari/537.36"
65.109.31.236 - - [13/Mar/2025:02:33:14 +0000] "POST /wp-cron.php?doing_wp_cron=1741833194.2105650901794433593750 HTTP/1.1" 200 20 "-" "WordPress/6.7.2; https://webcloude.com"
65.109.31.236 - - [13/Mar/2025:02:44:33 +0000] "POST /wp-admin/admin-ajax.php?action=as_async_request_queue_runner&nonce=05af592b3f HTTP/1.1" 200 20 "-" "WordPress/6.7.2; https://webcloude.com"
65.109.31.236 - - [13/Mar/2025:02:47:19 +0000] "POST /wp-cron.php?doing_wp_cron=1741834039.3976531028747558593750 HTTP/1.1" 200 20 "-" "WordPress/6.7.2; https://webcloude.com"
65.109.31.236 - - [13/Mar/2025:02:54:42 +0000] "POST /wp-cron.php?doing_wp_cron=1741834482.6286439895629882812500 HTTP/1.1" 200 20 "-" "WordPress/6.7.2; https://webcloude.com"
65.109.31.236 - - [13/Mar/2025:02:58:22 +0000] "POST /wp-cron.php?doing_wp_cron=1741834702.3277490139007568359375 HTTP/1.1" 200 20 "-" "WordPress/6.7.2; https://webcloude.com"
65.109.31.236 - - [13/Mar/2025:02:52:40 +0000] "POST /wp-cron.php?doing_wp_cron=1741834360.8691411018371582031250 HTTP/1.1" 200 20 "-" "WordPress/6.7.2; https://webcloude.com"
65.109.31.236 - - [13/Mar/2025:02:56:43 +0000] "POST /wp-cron.php?doing_wp_cron=1741834603.4551150798797607421875 HTTP/1.1" 200 20 "-" "WordPress/6.7.2; https://webcloude.com"
54.162.152.79 - - [13/Mar/2025:02:47:20 +0000] "GET /wp-content/plugins/presto-player/dist/components/web-components/p-e1255160.js HTTP/1.1" 200 30 "https://webcloude.com/wp-content/plugins/presto-player/dist/components/web-components/web-components.esm.js?ver=1741603403" "Mozilla/5.0 (X11; Linux x86_64) AppleWebKit/537.36 (KHTML, like Gecko) Chrome/129.0.0.0 Safari/537.36"
54.162.152.79 - - [13/Mar/2025:02:47:20 +0000] "GET /wp-content/plugins/presto-player/dist/components/web-components/p-43f79dfb.js HTTP/1.1" 200 6985 "https://webcloude.com/wp-content/plugins/presto-player/dist/components/web-components/web-components.esm.js?ver=1741603403" "Mozilla/5.0 (X11; Linux x86_64) AppleWebKit/537.36 (KHTML, like Gecko) Chrome/129.0.0.0 Safari/537.36"
54.162.152.79 - - [13/Mar/2025:02:47:20 +0000] "GET /favicon.ico HTTP/1.1" 404 1163 "https://webcloude.com/" "Mozilla/5.0 (X11; Linux x86_64) AppleWebKit/537.36 (KHTML, like Gecko) Chrome/129.0.0.0 Safari/537.36"
65.109.31.236 - - [13/Mar/2025:02:49:40 +0000] "POST /wp-cron.php?doing_wp_cron=1741834180.4702980518341064453125 HTTP/1.1" 200 20 "-" "WordPress/6.7.2; https://webcloude.com"
2a06:98c0:3600::103 - - [13/Mar/2025:02:59:05 +0000] "GET /wp-admin/setup-config.php HTTP/1.1" 409 1144 "-" "Mozilla/5.0 (Windows NT 10.0; Win64; x64) AppleWebKit/537.36 (KHTML, like Gecko) Chrome/133.0.0.0 Safari/537.36"
65.109.31.236 - - [13/Mar/2025:03:00:30 +0000] "POST /wp-cron.php?doing_wp_cron=1741834830.0052940845489501953125 HTTP/1.1" 200 20 "-" "WordPress/6.7.2; https://webcloude.com"
65.109.31.236 - - [13/Mar/2025:03:02:31 +0000] "POST /wp-cron.php?doing_wp_cron=1741834951.5839788913726806640625 HTTP/1.1" 200 20 "-" "WordPress/6.7.2; https://webcloude.com"
65.109.31.236 - - [13/Mar/2025:03:04:32 +0000] "POST /wp-cron.php?doing_wp_cron=1741835071.9827299118041992187500 HTTP/1.1" 200 20 "-" "WordPress/6.7.2; https://webcloude.com"
65.109.31.236 - - [13/Mar/2025:03:06:33 +0000] "POST /wp-cron.php?doing_wp_cron=1741835193.6884989738464355468750 HTTP/1.1" 200 20 "-" "WordPress/6.7.2; https://webcloude.com"
156.254.127.45 - - [13/Mar/2025:02:24:33 +0000] "GET /wp-includes/js/zxcvbn.min.js HTTP/1.1" 200 389493 "https://webcloude.com//wp-login.php" "Mozilla/5.0 (Windows NT 10.0; Win64; x64) AppleWebKit/537.36 (KHTML, like Gecko) Chrome/109.0.0.0 Safari/537.36"
139.99.52.207 - - [13/Mar/2025:02:26:30 +0000] "GET / HTTP/1.1" 200 184631 "-" "Mozilla/5.0 (Windows NT 10.0; Win64; x64) AppleWebKit/537.36 (KHTML, like Gecko) Chrome/89.0.4389.114 Safari/537.36"
139.99.52.207 - - [13/Mar/2025:02:26:31 +0000] "GET //wp-includes/wlwmanifest.xml HTTP/1.1" 301 0 "-" "Mozilla/5.0 (Windows NT 10.0; Win64; x64) AppleWebKit/537.36 (KHTML, like Gecko) Chrome/89.0.4389.114 Safari/537.36"
139.99.52.207 - - [13/Mar/2025:02:26:31 +0000] "GET //xmlrpc.php?rsd HTTP/1.1" 200 23330 "-" "Mozilla/5.0 (Windows NT 10.0; Win64; x64) AppleWebKit/537.36 (KHTML, like Gecko) Chrome/89.0.4389.114 Safari/537.36"
139.99.52.207 - - [13/Mar/2025:02:26:32 +0000] "GET / HTTP/1.1" 200 184631 "-" "Mozilla/5.0 (Windows NT 10.0; Win64; x64) AppleWebKit/537.36 (KHTML, like Gecko) Chrome/89.0.4389.114 Safari/537.36"
139.99.52.207 - - [13/Mar/2025:02:26:32 +0000] "GET //?author=1 HTTP/1.1" 301 0 "-" "Mozilla/5.0 (Windows NT 10.0; Win64; x64) AppleWebKit/537.36 (KHTML, like Gecko) Chrome/89.0.4389.114 Safari/537.36"
139.99.52.207 - - [13/Mar/2025:02:26:33 +0000] "GET //?author=2 HTTP/1.1" 301 0 "-" "Mozilla/5.0 (Windows NT 10.0; Win64; x64) AppleWebKit/537.36 (KHTML, like Gecko) Chrome/89.0.4389.114 Safari/537.36"
139.99.52.207 - - [13/Mar/2025:02:26:33 +0000] "GET //?author=3 HTTP/1.1" 301 0 "-" "Mozilla/5.0 (Windows NT 10.0; Win64; x64) AppleWebKit/537.36 (KHTML, like Gecko) Chrome/89.0.4389.114 Safari/537.36"
139.99.52.207 - - [13/Mar/2025:02:26:33 +0000] "GET //wp-json/wp/v2/users/ HTTP/1.1" 200 1418 "-" "Mozilla/5.0 (Windows NT 10.0; Win64; x64) AppleWebKit/537.36 (KHTML, like Gecko) Chrome/89.0.4389.114 Safari/537.36"
139.99.52.207 - - [13/Mar/2025:02:26:34 +0000] "POST //xmlrpc.php HTTP/1.1" 200 23330 "-" "Mozilla/5.0 (Windows NT 10.0; Win64; x64) AppleWebKit/537.36 (KHTML, like Gecko) Chrome/89.0.4389.114 Safari/537.36"
156.254.127.45 - - [13/Mar/2025:02:36:00 +0000] "GET //wp-login.php HTTP/1.1" 200 2020 "-" "Mozilla/5.0 (Windows NT 10.0; Win64; x64) AppleWebKit/537.36 (KHTML, like Gecko) Chrome/109.0.0.0 Safari/537.36"
65.109.31.236 - - [13/Mar/2025:02:47:38 +0000] "POST /wp-cron.php?doing_wp_cron=1741834058.9555199146270751953125 HTTP/1.1" 200 20 "-" "WordPress/6.7.2; https://webcloude.com"
156.254.127.45 - - [13/Mar/2025:03:02:30 +0000] "POST /wp-admin/admin-ajax.php HTTP/1.1" 200 67 "https://webcloude.com/wp-admin/plugin-install.php" "Mozilla/5.0 (Windows NT 10.0; Win64; x64) AppleWebKit/537.36 (KHTML, like Gecko) Chrome/109.0.0.0 Safari/537.36"
65.109.31.236 - - [13/Mar/2025:03:03:22 +0000] "POST /wp-cron.php?doing_wp_cron=1741835002.1820631027221679687500 HTTP/1.1" 200 20 "-" "WordPress/6.7.2; https://webcloude.com"
156.254.127.45 - - [13/Mar/2025:03:04:31 +0000] "POST /wp-admin/admin-ajax.php HTTP/1.1" 200 67 "https://webcloude.com/wp-admin/plugin-install.php" "Mozilla/5.0 (Windows NT 10.0; Win64; x64) AppleWebKit/537.36 (KHTML, like Gecko) Chrome/109.0.0.0 Safari/537.36"
54.162.152.79 - - [13/Mar/2025:02:47:25 +0000] "GET /favicon.ico HTTP/1.1" 404 1163 "-" "Mozilla/5.0 (X11; Linux x86_64) AppleWebKit/537.36 (KHTML, like Gecko) Chrome/129.0.0.0 Safari/537.36"
156.254.127.45 - - [13/Mar/2025:02:47:38 +0000] "POST /wp-admin/admin-ajax.php HTTP/1.1" 200 67 "https://webcloude.com/wp-admin/" "Mozilla/5.0 (Windows NT 10.0; Win64; x64) AppleWebKit/537.36 (KHTML, like Gecko) Chrome/109.0.0.0 Safari/537.36"
156.254.127.45 - - [13/Mar/2025:02:52:40 +0000] "POST /wp-admin/admin-ajax.php HTTP/1.1" 200 67 "https://webcloude.com/wp-admin/" "Mozilla/5.0 (Windows NT 10.0; Win64; x64) AppleWebKit/537.36 (KHTML, like Gecko) Chrome/109.0.0.0 Safari/537.36"
156.254.127.45 - - [13/Mar/2025:02:54:41 +0000] "POST /wp-admin/admin-ajax.php HTTP/1.1" 200 67 "https://webcloude.com/wp-admin/" "Mozilla/5.0 (Windows NT 10.0; Win64; x64) AppleWebKit/537.36 (KHTML, like Gecko) Chrome/109.0.0.0 Safari/537.36"
2a06:98c0:3600::103 - - [13/Mar/2025:03:00:48 +0000] "GET /wordpress/wp-admin/setup-config.php HTTP/1.1" 404 25137 "-" "Mozilla/5.0 (Windows NT 10.0; Win64; x64) AppleWebKit/537.36 (KHTML, like Gecko) Chrome/133.0.0.0 Safari/537.36"
54.162.152.79 - - [13/Mar/2025:02:47:19 +0000] "GET /wp-content/plugins/elementor/assets/css/widget-image-gallery.min.css?ver=3.27.6 HTTP/2" 200 300 "https://webcloude.com/" "Mozilla/5.0 (X11; Linux x86_64) AppleWebKit/537.36 (KHTML, like Gecko) Chrome/129.0.0.0 Safari/537.36"
54.162.152.79 - - [13/Mar/2025:02:47:19 +0000] "GET /wp-includes/js/jquery/jquery-migrate.min.js?ver=3.4.1 HTTP/2" 200 4678 "https://webcloude.com/" "Mozilla/5.0 (X11; Linux x86_64) AppleWebKit/537.36 (KHTML, like Gecko) Chrome/129.0.0.0 Safari/537.36"
54.162.152.79 - - [13/Mar/2025:02:47:19 +0000] "GET /wp-content/uploads/elementor/css/post-25066.css?ver=1741751570 HTTP/2" 200 2714 "https://webcloude.com/" "Mozilla/5.0 (X11; Linux x86_64) AppleWebKit/537.36 (KHTML, like Gecko) Chrome/129.0.0.0 Safari/537.36"
54.162.152.79 - - [13/Mar/2025:02:47:19 +0000] "GET /wp-content/plugins/elementor/assets/css/widget-icon-box.min.css?ver=3.27.6 HTTP/2" 200 656 "https://webcloude.com/" "Mozilla/5.0 (X11; Linux x86_64) AppleWebKit/537.36 (KHTML, like Gecko) Chrome/129.0.0.0 Safari/537.36"
54.162.152.79 - - [13/Mar/2025:02:47:19 +0000] "GET /wp-includes/js/jquery/jquery.min.js?ver=3.7.1 HTTP/2" 200 29744 "https://webcloude.com/" "Mozilla/5.0 (X11; Linux x86_64) AppleWebKit/537.36 (KHTML, like Gecko) Chrome/129.0.0.0 Safari/537.36"
54.162.152.79 - - [13/Mar/2025:02:47:19 +0000] "GET /wp-content/plugins/elementor/assets/lib/font-awesome/js/v4-shims.min.js?ver=3.27.6 HTTP/2" 200 4042 "https://webcloude.com/" "Mozilla/5.0 (X11; Linux x86_64) AppleWebKit/537.36 (KHTML, like Gecko) Chrome/129.0.0.0 Safari/537.36"
54.162.152.79 - - [13/Mar/2025:02:47:19 +0000] "GET /wp-content/uploads/2019/06/learn-dash-white-logo.svg HTTP/2" 200 5000 "https://webcloude.com/" "Mozilla/5.0 (X11; Linux x86_64) AppleWebKit/537.36 (KHTML, like Gecko) Chrome/129.0.0.0 Safari/537.36"
54.162.152.79 - - [13/Mar/2025:02:47:19 +0000] "GET /wp-content/plugins/presto-player/src/player/player-static.js?ver=1741603404 HTTP/2" 200 226 "https://webcloude.com/" "Mozilla/5.0 (X11; Linux x86_64) AppleWebKit/537.36 (KHTML, like Gecko) Chrome/129.0.0.0 Safari/537.36"
54.162.152.79 - - [13/Mar/2025:02:47:19 +0000] "GET /wp-content/uploads/2021/03/logo-1.svg HTTP/2" 200 4179 "https://webcloude.com/" "Mozilla/5.0 (X11; Linux x86_64) AppleWebKit/537.36 (KHTML, like Gecko) Chrome/129.0.0.0 Safari/537.36"
54.162.152.79 - - [13/Mar/2025:02:47:19 +0000] "GET /wp-content/uploads/2025/03/manager-free-img.png HTTP/2" 200 159354 "https://webcloude.com/" "Mozilla/5.0 (X11; Linux x86_64) AppleWebKit/537.36 (KHTML, like Gecko) Chrome/129.0.0.0 Safari/537.36"
65.109.31.236 - - [13/Mar/2025:02:51:41 +0000] "POST /wp-cron.php?doing_wp_cron=1741834301.4537279605865478515625 HTTP/1.1" 200 20 "-" "WordPress/6.7.2; https://webcloude.com"
139.59.227.194 - - [13/Mar/2025:02:18:31 +0000] "GET //xmlrpc.php?rsd HTTP/1.1" 200 23331 "-" "Mozilla/5.0 (Windows NT 10.0; Win64; x64) AppleWebKit/537.36 (KHTML, like Gecko) Chrome/89.0.4389.114 Safari/537.36"
139.59.227.194 - - [13/Mar/2025:02:18:32 +0000] "GET / HTTP/1.1" 200 184631 "-" "Mozilla/5.0 (Windows NT 10.0; Win64; x64) AppleWebKit/537.36 (KHTML, like Gecko) Chrome/89.0.4389.114 Safari/537.36"
139.59.227.194 - - [13/Mar/2025:02:18:32 +0000] "GET //?author=1 HTTP/1.1" 301 0 "-" "Mozilla/5.0 (Windows NT 10.0; Win64; x64) AppleWebKit/537.36 (KHTML, like Gecko) Chrome/89.0.4389.114 Safari/537.36"
139.59.227.194 - - [13/Mar/2025:02:18:33 +0000] "GET //?author=2 HTTP/1.1" 301 0 "-" "Mozilla/5.0 (Windows NT 10.0; Win64; x64) AppleWebKit/537.36 (KHTML, like Gecko) Chrome/89.0.4389.114 Safari/537.36"
139.59.227.194 - - [13/Mar/2025:02:18:33 +0000] "GET //?author=3 HTTP/1.1" 301 0 "-" "Mozilla/5.0 (Windows NT 10.0; Win64; x64) AppleWebKit/537.36 (KHTML, like Gecko) Chrome/89.0.4389.114 Safari/537.36"
139.59.227.194 - - [13/Mar/2025:02:18:33 +0000] "GET //wp-json/wp/v2/users/ HTTP/1.1" 200 1418 "-" "Mozilla/5.0 (Windows NT 10.0; Win64; x64) AppleWebKit/537.36 (KHTML, like Gecko) Chrome/89.0.4389.114 Safari/537.36"
139.59.227.194 - - [13/Mar/2025:02:18:34 +0000] "POST //xmlrpc.php HTTP/1.1" 200 23331 "-" "Mozilla/5.0 (Windows NT 10.0; Win64; x64) AppleWebKit/537.36 (KHTML, like Gecko) Chrome/89.0.4389.114 Safari/537.36"
156.254.127.45 - - [13/Mar/2025:02:58:22 +0000] "POST /wp-admin/admin-ajax.php HTTP/1.1" 200 67 "https://webcloude.com/wp-admin/" "Mozilla/5.0 (Windows NT 10.0; Win64; x64) AppleWebKit/537.36 (KHTML, like Gecko) Chrome/109.0.0.0 Safari/537.36"
156.254.127.45 - - [13/Mar/2025:02:58:25 +0000] "GET /wp-admin/plugin-install.php HTTP/1.1" 200 36923 "https://webcloude.com/wp-admin/" "Mozilla/5.0 (Windows NT 10.0; Win64; x64) AppleWebKit/537.36 (KHTML, like Gecko) Chrome/109.0.0.0 Safari/537.36"
156.254.127.45 - - [13/Mar/2025:02:58:26 +0000] "GET /wp-admin/load-styles.php?c=0&dir=ltr&load%5Bchunk_0%5D=dashicons,admin-bar,common,forms,admin-menu,dashboard,list-tables,edit,revisions,media,themes,about,nav-menus,wp-pointer,widgets&load%5Bchunk_1%5D=,site-icon,l10n,buttons,wp-auth-check&ver=6.7.2 HTTP/1.1" 200 101328 "https://webcloude.com/wp-admin/plugin-install.php" "Mozilla/5.0 (Windows NT 10.0; Win64; x64) AppleWebKit/537.36 (KHTML, like Gecko) Chrome/109.0.0.0 Safari/537.36"
156.254.127.45 - - [13/Mar/2025:02:58:28 +0000] "GET /wp-admin/images/spinner.gif HTTP/1.1" 200 3656 "https://webcloude.com/wp-admin/load-styles.php?c=0&dir=ltr&load%5Bchunk_0%5D=dashicons,admin-bar,common,forms,admin-menu,dashboard,list-tables,edit,revisions,media,themes,about,nav-menus,wp-pointer,widgets&load%5Bchunk_1%5D=,site-icon,l10n,buttons,wp-auth-check&ver=6.7.2" "Mozilla/5.0 (Windows NT 10.0; Win64; x64) AppleWebKit/537.36 (KHTML, like Gecko) Chrome/109.0.0.0 Safari/537.36"
156.254.127.45 - - [13/Mar/2025:03:00:29 +0000] "POST /wp-admin/admin-ajax.php HTTP/1.1" 200 67 "https://webcloude.com/wp-admin/plugin-install.php" "Mozilla/5.0 (Windows NT 10.0; Win64; x64) AppleWebKit/537.36 (KHTML, like Gecko) Chrome/109.0.0.0 Safari/537.36"
2a06:98c0:3600::103 - - [13/Mar/2025:02:33:13 +0000] "GET /wordpress/wp-admin/setup-config.php HTTP/1.1" 404 25139 "-" "Mozilla/5.0 (Windows NT 10.0; Win64; x64) AppleWebKit/537.36 (KHTML, like Gecko) Chrome/133.0.0.0 Safari/537.36"
65.109.31.236 - - [13/Mar/2025:02:45:37 +0000] "POST /wp-cron.php?doing_wp_cron=1741833937.9174339771270751953125 HTTP/1.1" 200 20 "-" "WordPress/6.7.2; https://webcloude.com"
156.254.127.45 - - [13/Mar/2025:02:49:39 +0000] "POST /wp-admin/admin-ajax.php HTTP/1.1" 200 65 "https://webcloude.com/wp-admin/" "Mozilla/5.0 (Windows NT 10.0; Win64; x64) AppleWebKit/537.36 (KHTML, like Gecko) Chrome/109.0.0.0 Safari/537.36"
156.254.127.45 - - [13/Mar/2025:02:51:40 +0000] "POST /wp-admin/admin-ajax.php HTTP/1.1" 200 67 "https://webcloude.com/wp-admin/" "Mozilla/5.0 (Windows NT 10.0; Win64; x64) AppleWebKit/537.36 (KHTML, like Gecko) Chrome/109.0.0.0 Safari/537.36"
156.254.127.45 - - [13/Mar/2025:02:56:42 +0000] "POST /wp-admin/admin-ajax.php HTTP/1.1" 200 67 "https://webcloude.com/wp-admin/" "Mozilla/5.0 (Windows NT 10.0; Win64; x64) AppleWebKit/537.36 (KHTML, like Gecko) Chrome/109.0.0.0 Safari/537.36"
156.254.127.45 - - [13/Mar/2025:03:06:32 +0000] "POST /wp-admin/admin-ajax.php HTTP/1.1" 200 67 "https://webcloude.com/wp-admin/plugin-install.php" "Mozilla/5.0 (Windows NT 10.0; Win64; x64) AppleWebKit/537.36 (KHTML, like Gecko) Chrome/109.0.0.0 Safari/537.36"
65.109.31.236 - - [13/Mar/2025:03:10:37 +0000] "POST /wp-cron.php?doing_wp_cron=1741835436.9744570255279541015625 HTTP/1.1" 200 20 "-" "WordPress/6.7.2; https://webcloude.com"
156.254.127.45 - - [13/Mar/2025:03:17:49 +0000] "POST /wp-admin/admin-ajax.php HTTP/1.1" 200 67 "https://webcloude.com/wp-admin/plugin-install.php?s=file&tab=search&type=term" "Mozilla/5.0 (Windows NT 10.0; Win64; x64) AppleWebKit/537.36 (KHTML, like Gecko) Chrome/109.0.0.0 Safari/537.36"
156.254.127.45 - - [13/Mar/2025:03:17:50 +0000] "GET /wp-admin/plugins.php?_wpnonce=f3182cf852&action=activate&plugin=file-manager-advanced/file_manager_advanced.php HTTP/1.1" 302 20 "https://webcloude.com/wp-admin/plugin-install.php?s=file&tab=search&type=term" "Mozilla/5.0 (Windows NT 10.0; Win64; x64) AppleWebKit/537.36 (KHTML, like Gecko) Chrome/109.0.0.0 Safari/537.36"
156.254.127.45 - - [13/Mar/2025:03:17:53 +0000] "GET /wp-content/plugins/astra-addon/admin/bsf-core/assets/css/switch.css?ver=1.29.11 HTTP/1.1" 200 759 "https://webcloude.com/wp-admin/plugins.php?activate=true&plugin_status=all&paged=1&s=" "Mozilla/5.0 (Windows NT 10.0; Win64; x64) AppleWebKit/537.36 (KHTML, like Gecko) Chrome/109.0.0.0 Safari/537.36"
156.254.127.45 - - [13/Mar/2025:03:17:52 +0000] "GET /wp-admin/plugins.php?activate=true&plugin_status=all&paged=1&s= HTTP/1.1" 200 66774 "https://webcloude.com/wp-admin/plugin-install.php?s=file&tab=search&type=term" "Mozilla/5.0 (Windows NT 10.0; Win64; x64) AppleWebKit/537.36 (KHTML, like Gecko) Chrome/109.0.0.0 Safari/537.36"
156.254.127.45 - - [13/Mar/2025:03:17:53 +0000] "GET /wp-content/plugins/ultimate-addons-for-gutenberg/admin/assets/css/update-notice.css?ver=2.19.2 HTTP/1.1" 200 223 "https://webcloude.com/wp-admin/plugins.php?activate=true&plugin_status=all&paged=1&s=" "Mozilla/5.0 (Windows NT 10.0; Win64; x64) AppleWebKit/537.36 (KHTML, like Gecko) Chrome/109.0.0.0 Safari/537.36"
156.254.127.45 - - [13/Mar/2025:03:17:53 +0000] "GET /wp-admin/load-styles.php?c=0&dir=ltr&load%5Bchunk_0%5D=dashicons,admin-bar,common,forms,admin-menu,dashboard,list-tables,edit,revisions,media,themes,about,nav-menus,wp-pointer,widgets&load%5Bchunk_1%5D=,site-icon,l10n,buttons,wp-auth-check&ver=6.7.2 HTTP/1.1" 200 101328 "https://webcloude.com/wp-admin/plugins.php?activate=true&plugin_status=all&paged=1&s=" "Mozilla/5.0 (Windows NT 10.0; Win64; x64) AppleWebKit/537.36 (KHTML, like Gecko) Chrome/109.0.0.0 Safari/537.36"
156.254.127.45 - - [13/Mar/2025:03:17:53 +0000] "GET /wp-content/plugins/astra-addon/admin/bsf-core/assets/css/style.css?ver=1.29.11 HTTP/1.1" 200 4873 "https://webcloude.com/wp-admin/plugins.php?activate=true&plugin_status=all&paged=1&s=" "Mozilla/5.0 (Windows NT 10.0; Win64; x64) AppleWebKit/537.36 (KHTML, like Gecko) Chrome/109.0.0.0 Safari/537.36"
156.254.127.45 - - [13/Mar/2025:03:17:54 +0000] "GET /wp-content/plugins/ultimate-addons-for-gutenberg/admin/assets/admin-notice-spectra-pro-upgrade-pro.css?ver=2.19.2 HTTP/1.1" 200 344 "https://webcloude.com/wp-admin/plugins.php?activate=true&plugin_status=all&paged=1&s=" "Mozilla/5.0 (Windows NT 10.0; Win64; x64) AppleWebKit/537.36 (KHTML, like Gecko) Chrome/109.0.0.0 Safari/537.36"
156.254.127.45 - - [13/Mar/2025:03:17:54 +0000] "GET /wp-content/plugins/cartflows/admin/assets/css/notices.css?ver=2.1.8 HTTP/1.1" 200 628 "https://webcloude.com/wp-admin/plugins.php?activate=true&plugin_status=all&paged=1&s=" "Mozilla/5.0 (Windows NT 10.0; Win64; x64) AppleWebKit/537.36 (KHTML, like Gecko) Chrome/109.0.0.0 Safari/537.36"
156.254.127.45 - - [13/Mar/2025:03:17:54 +0000] "GET /wp-content/plugins/cartflows/libraries/bsf-analytics/modules/deactivation-survey/assets/css/feedback.min.css?ver=1.1.11 HTTP/1.1" 200 1028 "https://webcloude.com/wp-admin/plugins.php?activate=true&plugin_status=all&paged=1&s=" "Mozilla/5.0 (Windows NT 10.0; Win64; x64) AppleWebKit/537.36 (KHTML, like Gecko) Chrome/109.0.0.0 Safari/537.36"
156.254.127.45 - - [13/Mar/2025:03:17:54 +0000] "GET /wp-content/plugins/astra-addon/admin/bsf-core/assets/css/license-form-popup.css?ver=1.29.11 HTTP/1.1" 200 804 "https://webcloude.com/wp-admin/plugins.php?activate=true&plugin_status=all&paged=1&s=" "Mozilla/5.0 (Windows NT 10.0; Win64; x64) AppleWebKit/537.36 (KHTML, like Gecko) Chrome/109.0.0.0 Safari/537.36"
156.254.127.45 - - [13/Mar/2025:03:17:54 +0000] "GET /wp-content/plugins/astra-addon/admin/bsf-core/assets/js/switch.js?ver=1.29.11 HTTP/1.1" 200 202 "https://webcloude.com/wp-admin/plugins.php?activate=true&plugin_status=all&paged=1&s=" "Mozilla/5.0 (Windows NT 10.0; Win64; x64) AppleWebKit/537.36 (KHTML, like Gecko) Chrome/109.0.0.0 Safari/537.36"
156.254.127.45 - - [13/Mar/2025:03:17:54 +0000] "GET /wp-content/plugins/astra-addon/admin/bsf-core/assets/js/bsf-core.js?ver=1.29.11 HTTP/1.1" 200 450 "https://webcloude.com/wp-admin/plugins.php?activate=true&plugin_status=all&paged=1&s=" "Mozilla/5.0 (Windows NT 10.0; Win64; x64) AppleWebKit/537.36 (KHTML, like Gecko) Chrome/109.0.0.0 Safari/537.36"
156.254.127.45 - - [13/Mar/2025:03:17:54 +0000] "GET /wp-includes/js/dist/vendor/lodash.min.js?ver=4.17.21 HTTP/1.1" 200 24106 "https://webcloude.com/wp-admin/plugins.php?activate=true&plugin_status=all&paged=1&s=" "Mozilla/5.0 (Windows NT 10.0; Win64; x64) AppleWebKit/537.36 (KHTML, like Gecko) Chrome/109.0.0.0 Safari/537.36"
156.254.127.45 - - [13/Mar/2025:03:17:55 +0000] "GET /wp-content/plugins/woocommerce/assets/client/blocks/wc-settings.js?ver=eb5ac71a827c4c81fed8 HTTP/1.1" 200 2074 "https://webcloude.com/wp-admin/plugins.php?activate=true&plugin_status=all&paged=1&s=" "Mozilla/5.0 (Windows NT 10.0; Win64; x64) AppleWebKit/537.36 (KHTML, like Gecko) Chrome/109.0.0.0 Safari/537.36"
156.254.127.45 - - [13/Mar/2025:03:17:55 +0000] "GET /wp-content/plugins/woocommerce/assets/client/admin/number/index.js?ver=c30720e5ebdf9cb16d10 HTTP/1.1" 200 997 "https://webcloude.com/wp-admin/plugins.php?activate=true&plugin_status=all&paged=1&s=" "Mozilla/5.0 (Windows NT 10.0; Win64; x64) AppleWebKit/537.36 (KHTML, like Gecko) Chrome/109.0.0.0 Safari/537.36"
156.254.127.45 - - [13/Mar/2025:03:17:55 +0000] "GET /wp-content/plugins/woocommerce/assets/client/admin/currency/index.js?ver=96210f2c8739c06168fe HTTP/1.1" 200 1522 "https://webcloude.com/wp-admin/plugins.php?activate=true&plugin_status=all&paged=1&s=" "Mozilla/5.0 (Windows NT 10.0; Win64; x64) AppleWebKit/537.36 (KHTML, like Gecko) Chrome/109.0.0.0 Safari/537.36"
156.254.127.45 - - [13/Mar/2025:03:17:55 +0000] "GET /wp-includes/js/dist/vendor/moment.min.js?ver=2.30.1 HTTP/1.1" 200 18382 "https://webcloude.com/wp-admin/plugins.php?plugin_status=all&paged=1&s" "Mozilla/5.0 (Windows NT 10.0; Win64; x64) AppleWebKit/537.36 (KHTML, like Gecko) Chrome/109.0.0.0 Safari/537.36"
156.254.127.45 - - [13/Mar/2025:03:17:55 +0000] "GET /wp-content/plugins/woocommerce/assets/client/admin/date/index.js?ver=1b12f84916de483ca5c2 HTTP/1.1" 200 13597 "https://webcloude.com/wp-admin/plugins.php?activate=true&plugin_status=all&paged=1&s=" "Mozilla/5.0 (Windows NT 10.0; Win64; x64) AppleWebKit/537.36 (KHTML, like Gecko) Chrome/109.0.0.0 Safari/537.36"
156.254.127.45 - - [13/Mar/2025:03:17:55 +0000] "GET /wp-content/plugins/woocommerce/assets/client/admin/navigation/index.js?ver=40e741899f51a9766e55 HTTP/1.1" 200 14046 "https://webcloude.com/wp-admin/plugins.php?activate=true&plugin_status=all&paged=1&s=" "Mozilla/5.0 (Windows NT 10.0; Win64; x64) AppleWebKit/537.36 (KHTML, like Gecko) Chrome/109.0.0.0 Safari/537.36"
156.254.127.45 - - [13/Mar/2025:03:17:55 +0000] "GET /wp-content/plugins/woocommerce/assets/client/admin/tracks/index.js?ver=1b2329d39f43cf02e427 HTTP/1.1" 200 3338 "https://webcloude.com/wp-admin/plugins.php?activate=true&plugin_status=all&paged=1&s=" "Mozilla/5.0 (Windows NT 10.0; Win64; x64) AppleWebKit/537.36 (KHTML, like Gecko) Chrome/109.0.0.0 Safari/537.36"
156.254.127.45 - - [13/Mar/2025:03:17:55 +0000] "GET /wp-includes/js/dist/vendor/react.min.js?ver=18.3.1.1 HTTP/1.1" 200 4006 "https://webcloude.com/wp-admin/plugins.php?plugin_status=all&paged=1&s" "Mozilla/5.0 (Windows NT 10.0; Win64; x64) AppleWebKit/537.36 (KHTML, like Gecko) Chrome/109.0.0.0 Safari/537.36"
156.254.127.45 - - [13/Mar/2025:03:17:55 +0000] "GET /wp-includes/js/dist/core-data.min.js?ver=85a1680d50d706f2faba HTTP/1.1" 200 18502 "https://webcloude.com/wp-admin/plugins.php?activate=true&plugin_status=all&paged=1&s=" "Mozilla/5.0 (Windows NT 10.0; Win64; x64) AppleWebKit/537.36 (KHTML, like Gecko) Chrome/109.0.0.0 Safari/537.36"
156.254.127.45 - - [13/Mar/2025:03:17:56 +0000] "GET /wp-includes/js/dist/data-controls.min.js?ver=49f5587e8b90f9e7cc7e HTTP/1.1" 200 590 "https://webcloude.com/wp-admin/plugins.php?activate=true&plugin_status=all&paged=1&s=" "Mozilla/5.0 (Windows NT 10.0; Win64; x64) AppleWebKit/537.36 (KHTML, like Gecko) Chrome/109.0.0.0 Safari/537.36"
156.254.127.45 - - [13/Mar/2025:03:17:56 +0000] "GET /wp-content/plugins/woocommerce/assets/client/admin/data/index.js?ver=a673592e3c9baabda6ec HTTP/1.1" 200 38953 "https://webcloude.com/wp-admin/plugins.php?activate=true&plugin_status=all&paged=1&s=" "Mozilla/5.0 (Windows NT 10.0; Win64; x64) AppleWebKit/537.36 (KHTML, like Gecko) Chrome/109.0.0.0 Safari/537.36"
156.254.127.45 - - [13/Mar/2025:03:17:56 +0000] "GET /wp-includes/js/dist/vendor/react-dom.min.js?ver=18.3.1.1 HTTP/1.1" 200 40237 "https://webcloude.com/wp-admin/plugins.php?plugin_status=all&paged=1&s" "Mozilla/5.0 (Windows NT 10.0; Win64; x64) AppleWebKit/537.36 (KHTML, like Gecko) Chrome/109.0.0.0 Safari/537.36"
156.254.127.45 - - [13/Mar/2025:03:17:56 +0000] "GET /wp-includes/js/dist/media-utils.min.js?ver=e10cc6bfcff4fe474479 HTTP/1.1" 200 3023 "https://webcloude.com/wp-admin/plugins.php?activate=true&plugin_status=all&paged=1&s=" "Mozilla/5.0 (Windows NT 10.0; Win64; x64) AppleWebKit/537.36 (KHTML, like Gecko) Chrome/109.0.0.0 Safari/537.36"
156.254.127.45 - - [13/Mar/2025:03:17:56 +0000] "GET /wp-includes/js/dist/viewport.min.js?ver=829c9a30d366e1e5054c HTTP/1.1" 200 901 "https://webcloude.com/wp-admin/plugins.php?activate=true&plugin_status=all&paged=1&s=" "Mozilla/5.0 (Windows NT 10.0; Win64; x64) AppleWebKit/537.36 (KHTML, like Gecko) Chrome/109.0.0.0 Safari/537.36"
156.254.127.45 - - [13/Mar/2025:03:17:56 +0000] "GET /wp-includes/js/dist/vendor/wp-polyfill.min.js?ver=3.15.0 HTTP/1.1" 200 13180 "https://webcloude.com/wp-admin/plugins.php?plugin_status=all&paged=1&s" "Mozilla/5.0 (Windows NT 10.0; Win64; x64) AppleWebKit/537.36 (KHTML, like Gecko) Chrome/109.0.0.0 Safari/537.36"
156.254.127.45 - - [13/Mar/2025:03:17:56 +0000] "GET /wp-content/plugins/woocommerce/assets/client/admin/admin-layout/index.js?ver=092d36684bd43b3c307d HTTP/1.1" 200 953 "https://webcloude.com/wp-admin/plugins.php?activate=true&plugin_status=all&paged=1&s=" "Mozilla/5.0 (Windows NT 10.0; Win64; x64) AppleWebKit/537.36 (KHTML, like Gecko) Chrome/109.0.0.0 Safari/537.36"
156.254.127.45 - - [13/Mar/2025:03:17:56 +0000] "GET /wp-content/plugins/woocommerce/assets/client/admin/components/index.js?ver=aaab180e037e84550a39 HTTP/1.1" 200 215738 "https://webcloude.com/wp-admin/plugins.php?activate=true&plugin_status=all&paged=1&s=" "Mozilla/5.0 (Windows NT 10.0; Win64; x64) AppleWebKit/537.36 (KHTML, like Gecko) Chrome/109.0.0.0 Safari/537.36"
156.254.127.45 - - [13/Mar/2025:03:17:57 +0000] "GET /wp-content/plugins/woocommerce/assets/client/admin/csv-export/index.js?ver=f884e772de8de6343f08 HTTP/1.1" 200 2076 "https://webcloude.com/wp-admin/plugins.php?activate=true&plugin_status=all&paged=1&s=" "Mozilla/5.0 (Windows NT 10.0; Win64; x64) AppleWebKit/537.36 (KHTML, like Gecko) Chrome/109.0.0.0 Safari/537.36"
156.254.127.45 - - [13/Mar/2025:03:17:57 +0000] "GET /wp-includes/js/dist/url.min.js?ver=e87eb76272a3a08402d2 HTTP/1.1" 200 3588 "https://webcloude.com/wp-admin/plugins.php?plugin_status=all&paged=1&s" "Mozilla/5.0 (Windows NT 10.0; Win64; x64) AppleWebKit/537.36 (KHTML, like Gecko) Chrome/109.0.0.0 Safari/537.36"
156.254.127.45 - - [13/Mar/2025:03:17:57 +0000] "GET /wp-content/plugins/woocommerce/assets/client/admin/experimental/index.js?ver=2b2edd628e2c2d8d8780 HTTP/1.1" 200 18861 "https://webcloude.com/wp-admin/plugins.php?activate=true&plugin_status=all&paged=1&s=" "Mozilla/5.0 (Windows NT 10.0; Win64; x64) AppleWebKit/537.36 (KHTML, like Gecko) Chrome/109.0.0.0 Safari/537.36"
156.254.127.45 - - [13/Mar/2025:03:17:57 +0000] "GET /wp-content/plugins/woocommerce/assets/client/admin/customer-effort-score/index.js?ver=d940865139d17a81cf48 HTTP/1.1" 200 6308 "https://webcloude.com/wp-admin/plugins.php?activate=true&plugin_status=all&paged=1&s=" "Mozilla/5.0 (Windows NT 10.0; Win64; x64) AppleWebKit/537.36 (KHTML, like Gecko) Chrome/109.0.0.0 Safari/537.36"
156.254.127.45 - - [13/Mar/2025:03:17:58 +0000] "GET /wp-includes/js/dist/api-fetch.min.js?ver=d387b816bc1ed2042e28 HTTP/1.1" 200 2213 "https://webcloude.com/wp-admin/plugins.php?plugin_status=all&paged=1&s" "Mozilla/5.0 (Windows NT 10.0; Win64; x64) AppleWebKit/537.36 (KHTML, like Gecko) Chrome/109.0.0.0 Safari/537.36"
156.254.127.45 - - [13/Mar/2025:03:17:58 +0000] "GET /wp-content/plugins/woocommerce/assets/client/admin/explat/index.js?ver=905d5d5b0f90753d5639 HTTP/1.1" 200 14611 "https://webcloude.com/wp-admin/plugins.php?activate=true&plugin_status=all&paged=1&s=" "Mozilla/5.0 (Windows NT 10.0; Win64; x64) AppleWebKit/537.36 (KHTML, like Gecko) Chrome/109.0.0.0 Safari/537.36"
156.254.127.45 - - [13/Mar/2025:03:17:58 +0000] "GET /wp-content/plugins/woocommerce/assets/client/admin/notices/index.js?ver=46f0614364bec2a020d6 HTTP/1.1" 200 765 "https://webcloude.com/wp-admin/plugins.php?activate=true&plugin_status=all&paged=1&s=" "Mozilla/5.0 (Windows NT 10.0; Win64; x64) AppleWebKit/537.36 (KHTML, like Gecko) Chrome/109.0.0.0 Safari/537.36"
156.254.127.45 - - [13/Mar/2025:03:17:58 +0000] "GET /wp-content/plugins/woocommerce/assets/client/admin/block-templates/index.js?ver=281591d534b4849d5926 HTTP/1.1" 200 35532 "https://webcloude.com/wp-admin/plugins.php?activate=true&plugin_status=all&paged=1&s=" "Mozilla/5.0 (Windows NT 10.0; Win64; x64) AppleWebKit/537.36 (KHTML, like Gecko) Chrome/109.0.0.0 Safari/537.36"
156.254.127.45 - - [13/Mar/2025:03:17:58 +0000] "GET /wp-includes/js/dist/deprecated.min.js?ver=e1f84915c5e8ae38964c HTTP/1.1" 200 409 "https://webcloude.com/wp-admin/plugins.php?plugin_status=all&paged=1&s" "Mozilla/5.0 (Windows NT 10.0; Win64; x64) AppleWebKit/537.36 (KHTML, like Gecko) Chrome/109.0.0.0 Safari/537.36"
156.254.127.45 - - [13/Mar/2025:03:17:58 +0000] "GET /wp-includes/js/dist/patterns.min.js?ver=b4c7e00c3ec65ecfeaed HTTP/1.1" 200 6871 "https://webcloude.com/wp-admin/plugins.php?activate=true&plugin_status=all&paged=1&s=" "Mozilla/5.0 (Windows NT 10.0; Win64; x64) AppleWebKit/537.36 (KHTML, like Gecko) Chrome/109.0.0.0 Safari/537.36"
156.254.127.45 - - [13/Mar/2025:03:17:58 +0000] "GET /wp-includes/js/dist/server-side-render.min.js?ver=1e0f25c205ebeb30bcd2 HTTP/1.1" 200 1819 "https://webcloude.com/wp-admin/plugins.php?activate=true&plugin_status=all&paged=1&s=" "Mozilla/5.0 (Windows NT 10.0; Win64; x64) AppleWebKit/537.36 (KHTML, like Gecko) Chrome/109.0.0.0 Safari/537.36"
156.254.127.45 - - [13/Mar/2025:03:17:59 +0000] "GET /wp-admin/js/editor.min.js?ver=6.7.2 HTTP/1.1" 200 4492 "https://webcloude.com/wp-admin/plugins.php?activate=true&plugin_status=all&paged=1&s=" "Mozilla/5.0 (Windows NT 10.0; Win64; x64) AppleWebKit/537.36 (KHTML, like Gecko) Chrome/109.0.0.0 Safari/537.36"
156.254.127.45 - - [13/Mar/2025:03:17:59 +0000] "GET /wp-includes/js/dist/escape-html.min.js?ver=6561a406d2d232a6fbd2 HTTP/1.1" 200 476 "https://webcloude.com/wp-admin/plugins.php?plugin_status=all&paged=1&s" "Mozilla/5.0 (Windows NT 10.0; Win64; x64) AppleWebKit/537.36 (KHTML, like Gecko) Chrome/109.0.0.0 Safari/537.36"
156.254.127.45 - - [13/Mar/2025:03:17:59 +0000] "GET /wp-includes/js/dist/block-library.min.js?ver=ccc402e50b786e799ae9 HTTP/1.1" 200 200921 "https://webcloude.com/wp-admin/plugins.php?activate=true&plugin_status=all&paged=1&s=" "Mozilla/5.0 (Windows NT 10.0; Win64; x64) AppleWebKit/537.36 (KHTML, like Gecko) Chrome/109.0.0.0 Safari/537.36"
156.254.127.45 - - [13/Mar/2025:03:17:59 +0000] "GET /wp-includes/js/dist/editor.min.js?ver=355cd3c434489d8e5a6b HTTP/1.1" 200 94579 "https://webcloude.com/wp-admin/plugins.php?activate=true&plugin_status=all&paged=1&s=" "Mozilla/5.0 (Windows NT 10.0; Win64; x64) AppleWebKit/537.36 (KHTML, like Gecko) Chrome/109.0.0.0 Safari/537.36"
156.254.127.45 - - [13/Mar/2025:03:17:59 +0000] "GET /wp-includes/js/dist/router.min.js?ver=e4887fecc16ef03e908f HTTP/1.1" 200 1864 "https://webcloude.com/wp-admin/plugins.php?activate=true&plugin_status=all&paged=1&s=" "Mozilla/5.0 (Windows NT 10.0; Win64; x64) AppleWebKit/537.36 (KHTML, like Gecko) Chrome/109.0.0.0 Safari/537.36"
156.254.127.45 - - [13/Mar/2025:03:18:00 +0000] "GET /wp-includes/js/dist/element.min.js?ver=cb762d190aebbec25b27 HTTP/1.1" 200 4815 "https://webcloude.com/wp-admin/plugins.php?plugin_status=all&paged=1&s" "Mozilla/5.0 (Windows NT 10.0; Win64; x64) AppleWebKit/537.36 (KHTML, like Gecko) Chrome/109.0.0.0 Safari/537.36"
156.254.127.45 - - [13/Mar/2025:03:18:00 +0000] "GET /wp-content/plugins/woocommerce/assets/client/admin/product-editor/index.js?ver=24f7cddeb35d18d9d62f HTTP/1.1" 200 173020 "https://webcloude.com/wp-admin/plugins.php?activate=true&plugin_status=all&paged=1&s=" "Mozilla/5.0 (Windows NT 10.0; Win64; x64) AppleWebKit/537.36 (KHTML, like Gecko) Chrome/109.0.0.0 Safari/537.36"
156.254.127.45 - - [13/Mar/2025:03:18:00 +0000] "GET /wp-content/plugins/woocommerce/assets/client/admin/remote-logging/index.js?ver=2092a258f32e1e624a30 HTTP/1.1" 200 7999 "https://webcloude.com/wp-admin/plugins.php?activate=true&plugin_status=all&paged=1&s=" "Mozilla/5.0 (Windows NT 10.0; Win64; x64) AppleWebKit/537.36 (KHTML, like Gecko) Chrome/109.0.0.0 Safari/537.36"
156.254.127.45 - - [13/Mar/2025:03:18:00 +0000] "GET /wp-content/plugins/woocommerce/assets/client/admin/app/index.js?ver=0cd23dbb9aaf179ae6e6 HTTP/1.1" 200 199081 "https://webcloude.com/wp-admin/plugins.php?activate=true&plugin_status=all&paged=1&s=" "Mozilla/5.0 (Windows NT 10.0; Win64; x64) AppleWebKit/537.36 (KHTML, like Gecko) Chrome/109.0.0.0 Safari/537.36"
156.254.127.45 - - [13/Mar/2025:03:18:00 +0000] "GET /wp-includes/js/dist/html-entities.min.js?ver=2cd3358363e0675638fb HTTP/1.1" 200 386 "https://webcloude.com/wp-admin/plugins.php?plugin_status=all&paged=1&s" "Mozilla/5.0 (Windows NT 10.0; Win64; x64) AppleWebKit/537.36 (KHTML, like Gecko) Chrome/109.0.0.0 Safari/537.36"
156.254.127.45 - - [13/Mar/2025:03:18:00 +0000] "GET /wp-content/plugins/woocommerce/assets/client/admin/wp-admin-scripts/woo-plugin-update-connect-notice.js?ver=53117109b6e1e8d466a3 HTTP/1.1" 200 421 "https://webcloude.com/wp-admin/plugins.php?activate=true&plugin_status=all&paged=1&s=" "Mozilla/5.0 (Windows NT 10.0; Win64; x64) AppleWebKit/537.36 (KHTML, like Gecko) Chrome/109.0.0.0 Safari/537.36"
156.254.127.45 - - [13/Mar/2025:03:18:01 +0000] "GET /wp-content/plugins/woocommerce/assets/client/admin/wp-admin-scripts/woo-enable-autorenew.js?ver=51341503d6ea36e07740 HTTP/1.1" 200 413 "https://webcloude.com/wp-admin/plugins.php?activate=true&plugin_status=all&paged=1&s=" "Mozilla/5.0 (Windows NT 10.0; Win64; x64) AppleWebKit/537.36 (KHTML, like Gecko) Chrome/109.0.0.0 Safari/537.36"
156.254.127.45 - - [13/Mar/2025:03:18:01 +0000] "GET /wp-content/plugins/woocommerce/assets/client/admin/wp-admin-scripts/woo-renew-subscription.js?ver=b1c03913b05a3e455e30 HTTP/1.1" 200 415 "https://webcloude.com/wp-admin/plugins.php?activate=true&plugin_status=all&paged=1&s=" "Mozilla/5.0 (Windows NT 10.0; Win64; x64) AppleWebKit/537.36 (KHTML, like Gecko) Chrome/109.0.0.0 Safari/537.36"
156.254.127.45 - - [13/Mar/2025:03:18:01 +0000] "GET /wp-content/plugins/cartflows/admin/assets/js/ui-notice.js?ver=2.1.8 HTTP/1.1" 200 372 "https://webcloude.com/wp-admin/plugins.php?activate=true&plugin_status=all&paged=1&s=" "Mozilla/5.0 (Windows NT 10.0; Win64; x64) AppleWebKit/537.36 (KHTML, like Gecko) Chrome/109.0.0.0 Safari/537.36"
156.254.127.45 - - [13/Mar/2025:03:18:01 +0000] "GET /wp-includes/js/dist/vendor/react-jsx-runtime.min.js?ver=18.3.1 HTTP/1.1" 200 517 "https://webcloude.com/wp-admin/plugins.php?plugin_status=all&paged=1&s" "Mozilla/5.0 (Windows NT 10.0; Win64; x64) AppleWebKit/537.36 (KHTML, like Gecko) Chrome/109.0.0.0 Safari/537.36"
156.254.127.45 - - [13/Mar/2025:03:18:01 +0000] "GET /wp-content/plugins/cartflows/libraries/bsf-analytics/modules/deactivation-survey/assets/js/feedback.min.js?ver=1.1.11 HTTP/1.1" 200 966 "https://webcloude.com/wp-admin/plugins.php?activate=true&plugin_status=all&paged=1&s=" "Mozilla/5.0 (Windows NT 10.0; Win64; x64) AppleWebKit/537.36 (KHTML, like Gecko) Chrome/109.0.0.0 Safari/537.36"
156.254.127.45 - - [13/Mar/2025:03:18:01 +0000] "GET /wp-content/plugins/astra-addon/admin/bsf-core/assets/js/jquery-history.js?ver=1.29.11 HTTP/1.1" 200 4407 "https://webcloude.com/wp-admin/plugins.php?activate=true&plugin_status=all&paged=1&s=" "Mozilla/5.0 (Windows NT 10.0; Win64; x64) AppleWebKit/537.36 (KHTML, like Gecko) Chrome/109.0.0.0 Safari/537.36"
156.254.127.45 - - [13/Mar/2025:03:18:01 +0000] "GET /wp-content/plugins/astra-addon/admin/bsf-core/assets/js/license-form-popup.js?ver=1.29.11 HTTP/1.1" 200 1141 "https://webcloude.com/wp-admin/plugins.php?activate=true&plugin_status=all&paged=1&s=" "Mozilla/5.0 (Windows NT 10.0; Win64; x64) AppleWebKit/537.36 (KHTML, like Gecko) Chrome/109.0.0.0 Safari/537.36"
156.254.127.45 - - [13/Mar/2025:03:18:01 +0000] "GET /wp-content/plugins/elementor/assets/js/admin-feedback.min.js?ver=3.27.6 HTTP/1.1" 200 778 "https://webcloude.com/wp-admin/plugins.php?activate=true&plugin_status=all&paged=1&s=" "Mozilla/5.0 (Windows NT 10.0; Win64; x64) AppleWebKit/537.36 (KHTML, like Gecko) Chrome/109.0.0.0 Safari/537.36"
156.254.127.45 - - [13/Mar/2025:03:18:01 +0000] "GET /wp-content/plugins/file-manager-advanced/application/assets/icon/fma.png HTTP/1.1" 200 315 "https://webcloude.com/wp-admin/plugins.php?activate=true&plugin_status=all&paged=1&s=" "Mozilla/5.0 (Windows NT 10.0; Win64; x64) AppleWebKit/537.36 (KHTML, like Gecko) Chrome/109.0.0.0 Safari/537.36"
156.254.127.45 - - [13/Mar/2025:03:18:02 +0000] "GET /wp-includes/js/dist/dom.min.js?ver=93117dfee2692b04b770 HTTP/1.1" 200 4506 "https://webcloude.com/wp-admin/plugins.php?plugin_status=all&paged=1&s" "Mozilla/5.0 (Windows NT 10.0; Win64; x64) AppleWebKit/537.36 (KHTML, like Gecko) Chrome/109.0.0.0 Safari/537.36"
156.254.127.45 - - [13/Mar/2025:03:18:02 +0000] "GET /wp-content/plugins/cartflows/admin-core/assets/images/cartflows-icon.svg HTTP/1.1" 200 753 "https://webcloude.com/wp-admin/plugins.php?activate=true&plugin_status=all&paged=1&s=" "Mozilla/5.0 (Windows NT 10.0; Win64; x64) AppleWebKit/537.36 (KHTML, like Gecko) Chrome/109.0.0.0 Safari/537.36"
156.254.127.45 - - [13/Mar/2025:03:18:02 +0000] "GET /wp-includes/js/dist/is-shallow-equal.min.js?ver=e0f9f1d78d83f5196979 HTTP/1.1" 200 479 "https://webcloude.com/wp-admin/plugins.php?plugin_status=all&paged=1&s" "Mozilla/5.0 (Windows NT 10.0; Win64; x64) AppleWebKit/537.36 (KHTML, like Gecko) Chrome/109.0.0.0 Safari/537.36"
156.254.127.45 - - [13/Mar/2025:03:18:03 +0000] "GET /wp-includes/js/dist/keycodes.min.js?ver=034ff647a54b018581d3 HTTP/1.1" 200 1327 "https://webcloude.com/wp-admin/plugins.php?plugin_status=all&paged=1&s" "Mozilla/5.0 (Windows NT 10.0; Win64; x64) AppleWebKit/537.36 (KHTML, like Gecko) Chrome/109.0.0.0 Safari/537.36"
156.254.127.45 - - [13/Mar/2025:03:18:03 +0000] "GET /wp-includes/js/dist/priority-queue.min.js?ver=9c21c957c7e50ffdbf48 HTTP/1.1" 200 1450 "https://webcloude.com/wp-admin/plugins.php?plugin_status=all&paged=1&s" "Mozilla/5.0 (Windows NT 10.0; Win64; x64) AppleWebKit/537.36 (KHTML, like Gecko) Chrome/109.0.0.0 Safari/537.36"
156.254.127.45 - - [13/Mar/2025:03:18:03 +0000] "GET /wp-includes/js/dist/compose.min.js?ver=d52df0f868e03c1bd905 HTTP/1.1" 200 12519 "https://webcloude.com/wp-admin/plugins.php?plugin_status=all&paged=1&s" "Mozilla/5.0 (Windows NT 10.0; Win64; x64) AppleWebKit/537.36 (KHTML, like Gecko) Chrome/109.0.0.0 Safari/537.36"
