2a06:98c0:3600::103 - - [12/Mar/2025:04:41:13 +0000] "GET /wp-admin/setup-config.php HTTP/1.1" 409 1144 "-" "Mozilla/5.0 (Windows NT 10.0; Win64; x64) AppleWebKit/537.36 (KHTML, like Gecko) Chrome/133.0.0.0 Safari/537.36"
65.109.31.236 - - [12/Mar/2025:04:43:09 +0000] "POST /wp-cron.php?doing_wp_cron=1741754589.8446559906005859375000 HTTP/1.1" 200 20 "-" "WordPress/6.7.2; https://webcloude.com"
2a06:98c0:3600::103 - - [12/Mar/2025:05:45:27 +0000] "GET /wp-admin/setup-config.php HTTP/1.1" 409 1144 "-" "Mozilla/5.0 (Windows NT 10.0; Win64; x64) AppleWebKit/537.36 (KHTML, like Gecko) Chrome/133.0.0.0 Safari/537.36"
74.63.207.120 - - [12/Mar/2025:06:22:25 +0000] "POST /wp-login.php HTTP/1.1" 403 1154 "-" "Mozilla/5.0"
2a06:98c0:3600::103 - - [12/Mar/2025:06:29:23 +0000] "GET /wp-admin/setup-config.php HTTP/1.1" 409 1144 "-" "Mozilla/5.0 (Windows NT 10.0; Win64; x64) AppleWebKit/537.36 (KHTML, like Gecko) Chrome/133.0.0.0 Safari/537.36"
2a06:98c0:3600::103 - - [12/Mar/2025:06:29:52 +0000] "GET /wordpress/wp-admin/setup-config.php HTTP/1.1" 404 25134 "-" "Mozilla/5.0 (Windows NT 10.0; Win64; x64) AppleWebKit/537.36 (KHTML, like Gecko) Chrome/133.0.0.0 Safari/537.36"
44.212.25.114 - - [12/Mar/2025:07:03:30 +0000] "GET /favicon.ico HTTP/1.1" 404 1163 "-" "Mozilla/5.0 (Windows NT 6.3; WOW64; rv:38.0) Gecko/20100101 Firefox/38.0"
49.51.178.45 - - [12/Mar/2025:07:08:33 +0000] "GET / HTTP/1.1" 200 31622 "http://www.webcloude.com" "Mozilla/5.0 (iPhone; CPU iPhone OS 13_2_3 like Mac OS X) AppleWebKit/605.1.15 (KHTML, like Gecko) Version/13.0.3 Mobile/15E148 Safari/604.1"
170.246.53.170 - - [12/Mar/2025:08:01:09 +0000] "GET / HTTP/1.1" 200 31618 "-" "Mozilla/5.0 (Macintosh; Intel Mac OS X 10_15_7) AppleWebKit/537.36 (KHTML, like Gecko) Chrome/107.0.0.0 Safari/537.36"
170.246.53.170 - - [12/Mar/2025:08:01:10 +0000] "GET /favicon.ico HTTP/1.1" 404 1163 "-" "Mozilla/5.0 (Macintosh; Intel Mac OS X 10_15_7) AppleWebKit/537.36 (KHTML, like Gecko) Chrome/107.0.0.0 Safari/537.36"
170.246.53.170 - - [12/Mar/2025:08:01:11 +0000] "GET /favicon.png HTTP/1.1" 404 24884 "-" "Mozilla/5.0 (Macintosh; Intel Mac OS X 10_15_7) AppleWebKit/537.36 (KHTML, like Gecko) Chrome/107.0.0.0 Safari/537.36"
91.242.95.106 - - [12/Mar/2025:08:03:56 +0000] "GET /wp-content/uploads/2025/03/manager-free-img.png HTTP/1.1" 200 159354 "-" "Mozilla/5.0 (Macintosh; Intel Mac OS X 13_0_1) AppleWebKit/537.36 (KHTML, like Gecko) Chrome/108.0.0.0 Safari/537.36"
2a06:98c0:3600::103 - - [12/Mar/2025:08:11:29 +0000] "GET /wordpress/wp-admin/setup-config.php HTTP/1.1" 404 25135 "-" "Mozilla/5.0 (Windows NT 10.0; Win64; x64) AppleWebKit/537.36 (KHTML, like Gecko) Chrome/133.0.0.0 Safari/537.36"
2a06:98c0:3600::103 - - [12/Mar/2025:08:34:49 +0000] "GET /wp-admin/setup-config.php HTTP/1.1" 409 1144 "-" "Mozilla/5.0 (Windows NT 10.0; Win64; x64) AppleWebKit/537.36 (KHTML, like Gecko) Chrome/133.0.0.0 Safari/537.36"
65.109.31.236 - - [12/Mar/2025:08:54:14 +0000] "POST /wp-cron.php?doing_wp_cron=1741769654.8691089153289794921875 HTTP/1.1" 200 20 "-" "WordPress/6.7.2; https://webcloude.com"
65.109.31.236 - - [12/Mar/2025:08:54:14 +0000] "POST /wp-cron.php?doing_wp_cron=1741769654.9013469219207763671875 HTTP/1.1" 200 20 "-" "WordPress/6.7.2; https://webcloude.com"
2a06:98c0:3600::103 - - [12/Mar/2025:08:54:14 +0000] "GET /wordpress/wp-admin/setup-config.php HTTP/1.1" 404 25136 "-" "Mozilla/5.0 (Windows NT 10.0; Win64; x64) AppleWebKit/537.36 (KHTML, like Gecko) Chrome/133.0.0.0 Safari/537.36"
23.111.114.116 - - [12/Mar/2025:10:03:21 +0000] "GET /?click_id=db49f651a2e3cceb437710a045ed2015&pid=21469075&aid=43217&format=&ipmid=db49f651a2e3cceb437710a045ed2015&pb=4535&utm_source=PB47-BAKS-0909-bnr-TNK_CHAT-campaign-PB-TNK_CHAT&utm_campaign=PB-TNK_CHAT&utm_content=creozak HTTP/1.1" 200 26196 "-" "Mozilla/5.0 (Linux; Android 7.1.2; Redmi 4A) AppleWebKit/537.36 (KHTML, like Gecko) Chrome/85.0.4183.127 Mobile Safari/537.36"
152.59.109.231 - - [12/Mar/2025:08:07:15 +0000] "GET /wp-content/plugins/presto-player/dist/components/web-components/p-43f79dfb.js HTTP/1.1" 200 6985 "https://webcloude.com/wp-content/plugins/presto-player/dist/components/web-components/web-components.esm.js?ver=1741603403" "Mozilla/5.0 (X11; Linux x86_64) AppleWebKit/537.36 (KHTML, like Gecko) Chrome/131.0.0.0 Safari/537.36"
152.59.109.231 - - [12/Mar/2025:08:07:16 +0000] "GET /favicon.ico HTTP/1.1" 404 1163 "https://webcloude.com/" "Mozilla/5.0 (X11; Linux x86_64) AppleWebKit/537.36 (KHTML, like Gecko) Chrome/131.0.0.0 Safari/537.36"
152.59.109.231 - - [12/Mar/2025:08:07:19 +0000] "GET /wp-content/uploads/2019/05/testimonial3-free-img.jpg HTTP/1.1" 200 6731 "https://webcloude.com/" "Mozilla/5.0 (X11; Linux x86_64) AppleWebKit/537.36 (KHTML, like Gecko) Chrome/131.0.0.0 Safari/537.36"
152.59.109.231 - - [12/Mar/2025:08:07:19 +0000] "GET /wp-content/uploads/2019/05/testimonial2-free-img.jpg HTTP/1.1" 200 10087 "https://webcloude.com/" "Mozilla/5.0 (X11; Linux x86_64) AppleWebKit/537.36 (KHTML, like Gecko) Chrome/131.0.0.0 Safari/537.36"
65.109.31.236 - - [12/Mar/2025:09:34:48 +0000] "POST /wp-cron.php?doing_wp_cron=1741772088.5972199440002441406250 HTTP/1.1" 200 20 "-" "WordPress/6.7.2; https://webcloude.com"
2a06:98c0:3600::103 - - [12/Mar/2025:09:57:14 +0000] "GET /wp-admin/setup-config.php HTTP/1.1" 409 1144 "-" "Mozilla/5.0 (Windows NT 10.0; Win64; x64) AppleWebKit/537.36 (KHTML, like Gecko) Chrome/133.0.0.0 Safari/537.36"
65.109.31.236 - - [12/Mar/2025:10:03:22 +0000] "POST /wp-cron.php?doing_wp_cron=1741773802.0662639141082763671875 HTTP/1.1" 200 20 "-" "WordPress/6.7.2; https://webcloude.com"
2a06:98c0:3600::103 - - [12/Mar/2025:10:31:57 +0000] "GET /wp-admin/setup-config.php HTTP/1.1" 409 1144 "-" "Mozilla/5.0 (Windows NT 10.0; Win64; x64) AppleWebKit/537.36 (KHTML, like Gecko) Chrome/133.0.0.0 Safari/537.36"
2a06:98c0:3600::103 - - [12/Mar/2025:11:15:32 +0000] "GET /wp-admin/setup-config.php HTTP/1.1" 409 1144 "-" "Mozilla/5.0 (Windows NT 10.0; Win64; x64) AppleWebKit/537.36 (KHTML, like Gecko) Chrome/133.0.0.0 Safari/537.36"
65.109.31.236 - - [12/Mar/2025:11:16:54 +0000] "POST /wp-admin/admin-ajax.php?action=wp_1_wc_privacy_cleanup&nonce=bb991ad3b6 HTTP/1.1" 200 20 "-" "WordPress/6.7.2; https://webcloude.com"
35.170.244.253 - - [12/Mar/2025:07:03:26 +0000] "GET /wp-content/plugins/woocommerce/assets/js/frontend/order-attribution.min.js?ver=9.7.1 HTTP/1.1" 200 1137 "https://webcloude.com/" "Mozilla/5.0 (Windows NT 10.0; Win64; x64) AppleWebKit/537.36 (KHTML, like Gecko) Chrome/103.0.5060.66 Safari/537.36 Edg/103.0.1264.44"
35.170.244.253 - - [12/Mar/2025:07:03:26 +0000] "GET /wp-content/plugins/wpforms-lite/assets/lib/jquery.validate.min.js?ver=1.21.0 HTTP/1.1" 200 8053 "https://webcloude.com/" "Mozilla/5.0 (Windows NT 10.0; Win64; x64) AppleWebKit/537.36 (KHTML, like Gecko) Chrome/103.0.5060.66 Safari/537.36 Edg/103.0.1264.44"
35.170.244.253 - - [12/Mar/2025:07:03:26 +0000] "GET /wp-content/plugins/wpforms-lite/assets/lib/punycode.min.js?ver=1.0.0 HTTP/1.1" 200 872 "https://webcloude.com/" "Mozilla/5.0 (Windows NT 10.0; Win64; x64) AppleWebKit/537.36 (KHTML, like Gecko) Chrome/103.0.5060.66 Safari/537.36 Edg/103.0.1264.44"
35.170.244.253 - - [12/Mar/2025:07:03:26 +0000] "GET /wp-content/uploads/2025/03/manager-free-img.png HTTP/1.1" 200 159354 "https://webcloude.com/" "Mozilla/5.0 (Windows NT 10.0; Win64; x64) AppleWebKit/537.36 (KHTML, like Gecko) Chrome/103.0.5060.66 Safari/537.36 Edg/103.0.1264.44"
35.170.244.253 - - [12/Mar/2025:07:03:26 +0000] "GET /wp-content/uploads/2021/03/logo-2.svg HTTP/1.1" 200 3457 "https://webcloude.com/" "Mozilla/5.0 (Windows NT 10.0; Win64; x64) AppleWebKit/537.36 (KHTML, like Gecko) Chrome/103.0.5060.66 Safari/537.36 Edg/103.0.1264.44"
35.170.244.253 - - [12/Mar/2025:07:03:26 +0000] "GET /wp-content/uploads/2019/05/testimonial3-free-img.jpg HTTP/1.1" 200 6731 "https://webcloude.com/" "Mozilla/5.0 (Windows NT 10.0; Win64; x64) AppleWebKit/537.36 (KHTML, like Gecko) Chrome/103.0.5060.66 Safari/537.36 Edg/103.0.1264.44"
2a06:98c0:3600::103 - - [12/Mar/2025:07:14:05 +0000] "GET /wordpress/wp-admin/setup-config.php HTTP/1.1" 404 25135 "-" "Mozilla/5.0 (Windows NT 10.0; Win64; x64) AppleWebKit/537.36 (KHTML, like Gecko) Chrome/133.0.0.0 Safari/537.36"
2a06:98c0:3600::103 - - [12/Mar/2025:07:31:23 +0000] "GET /wp-admin/setup-config.php HTTP/1.1" 409 1144 "-" "Mozilla/5.0 (Windows NT 10.0; Win64; x64) AppleWebKit/537.36 (KHTML, like Gecko) Chrome/133.0.0.0 Safari/537.36"
2a06:98c0:3600::103 - - [12/Mar/2025:07:50:17 +0000] "GET /wp-admin/setup-config.php HTTP/1.1" 409 1144 "-" "Mozilla/5.0 (Windows NT 10.0; Win64; x64) AppleWebKit/537.36 (KHTML, like Gecko) Chrome/133.0.0.0 Safari/537.36"
170.247.220.15 - - [12/Mar/2025:08:01:02 +0000] "GET / HTTP/1.1" 200 31618 "-" "Apache-HttpClient/5.1.4 (Java/11.0.18)"
95.164.157.142 - - [12/Mar/2025:08:04:00 +0000] "GET /wp-content/uploads/2021/03/logo-4.svg HTTP/1.1" 200 2609 "-" "Mozilla/5.0 (Windows NT 10.0; Win64; x64) AppleWebKit/537.36 (KHTML, like Gecko) Chrome/108.0.0.0 Safari/537.36"
2a06:98c0:3600::103 - - [12/Mar/2025:09:16:32 +0000] "GET /wordpress/wp-admin/setup-config.php HTTP/1.1" 404 25136 "-" "Mozilla/5.0 (Windows NT 10.0; Win64; x64) AppleWebKit/537.36 (KHTML, like Gecko) Chrome/133.0.0.0 Safari/537.36"
2a06:98c0:3600::103 - - [12/Mar/2025:10:55:26 +0000] "GET /wordpress/wp-admin/setup-config.php HTTP/1.1" 404 25136 "-" "Mozilla/5.0 (Windows NT 10.0; Win64; x64) AppleWebKit/537.36 (KHTML, like Gecko) Chrome/133.0.0.0 Safari/537.36"
35.170.244.253 - - [12/Mar/2025:07:03:26 +0000] "GET /wp-content/uploads/2019/06/ld2.jpg HTTP/1.1" 200 54062 "https://webcloude.com/" "Mozilla/5.0 (Windows NT 10.0; Win64; x64) AppleWebKit/537.36 (KHTML, like Gecko) Chrome/103.0.5060.66 Safari/537.36 Edg/103.0.1264.44"
2a06:98c0:3600::103 - - [12/Mar/2025:07:53:57 +0000] "GET /wordpress/wp-admin/setup-config.php HTTP/1.1" 404 25135 "-" "Mozilla/5.0 (Windows NT 10.0; Win64; x64) AppleWebKit/537.36 (KHTML, like Gecko) Chrome/133.0.0.0 Safari/537.36"
170.247.222.8 - - [12/Mar/2025:08:03:55 +0000] "GET /wp-content/uploads/2019/06/learn-dash-white-logo.svg HTTP/1.1" 200 5197 "-" "Mozilla/5.0 (X11; Linux x86_64) AppleWebKit/537.36 (KHTML, like Gecko) Chrome/108.0.0.0 Safari/537.36"
95.164.159.193 - - [12/Mar/2025:08:03:58 +0000] "GET /wp-content/uploads/2021/03/logo-2.svg HTTP/1.1" 200 3457 "-" "Mozilla/5.0 (X11; Linux x86_64) AppleWebKit/537.36 (KHTML, like Gecko) Chrome/108.0.0.0 Safari/537.36"
65.109.31.236 - - [12/Mar/2025:08:04:58 +0000] "POST /wp-cron.php?doing_wp_cron=1741766698.8157548904418945312500 HTTP/1.1" 200 20 "-" "WordPress/6.7.2; https://webcloude.com"
186.179.14.213 - - [12/Mar/2025:08:04:58 +0000] "GET / HTTP/1.1" 200 31618 "-" "Mozilla/5.0 (X11; Linux x86_64) AppleWebKit/537.36 (KHTML, like Gecko) Chrome/108.0.0.0 Safari/537.36"
223.71.52.82 - - [12/Mar/2025:08:05:19 +0000] "GET / HTTP/1.1" 200 31619 "-" "-"
2a06:98c0:3600::103 - - [12/Mar/2025:08:32:15 +0000] "GET /wordpress/wp-admin/setup-config.php HTTP/1.1" 404 25135 "-" "Mozilla/5.0 (Windows NT 10.0; Win64; x64) AppleWebKit/537.36 (KHTML, like Gecko) Chrome/133.0.0.0 Safari/537.36"
65.109.31.236 - - [12/Mar/2025:08:54:14 +0000] "POST /wp-cron.php?doing_wp_cron=1741769654.8073580265045166015625 HTTP/1.1" 200 20 "-" "WordPress/6.7.2; https://webcloude.com"
2a06:98c0:3600::103 - - [12/Mar/2025:09:34:19 +0000] "GET /wp-admin/setup-config.php HTTP/1.1" 409 1144 "-" "Mozilla/5.0 (Windows NT 10.0; Win64; x64) AppleWebKit/537.36 (KHTML, like Gecko) Chrome/133.0.0.0 Safari/537.36"
65.109.31.236 - - [12/Mar/2025:10:12:47 +0000] "POST /wp-cron.php?doing_wp_cron=1741774367.6601800918579101562500 HTTP/1.1" 200 20 "-" "WordPress/6.7.2; https://webcloude.com"
2a06:98c0:3600::103 - - [12/Mar/2025:10:13:42 +0000] "GET /wp-admin/setup-config.php HTTP/1.1" 409 1144 "-" "Mozilla/5.0 (Windows NT 10.0; Win64; x64) AppleWebKit/537.36 (KHTML, like Gecko) Chrome/133.0.0.0 Safari/537.36"
65.109.31.236 - - [12/Mar/2025:10:55:27 +0000] "POST /wp-cron.php?doing_wp_cron=1741776927.4369390010833740234375 HTTP/1.1" 200 20 "-" "WordPress/6.7.2; https://webcloude.com"
223.71.52.82 - - [12/Mar/2025:08:05:17 +0000] "HEAD / HTTP/1.1" 200 0 "-" "Mozilla/5.0 (Windows NT 10.0; Win64; x64) AppleWebKit/537.36 (KHTML, like Gecko) Chrome/117.0.0.0 Safari/537.36"
65.109.31.236 - - [12/Mar/2025:08:07:13 +0000] "POST /wp-cron.php?doing_wp_cron=1741766833.3648109436035156250000 HTTP/1.1" 200 20 "-" "WordPress/6.7.2; https://webcloude.com"
152.59.109.231 - - [12/Mar/2025:08:07:12 +0000] "GET / HTTP/1.1" 200 31618 "android-app://com.google.android.googlequicksearchbox/" "Mozilla/5.0 (X11; Linux x86_64) AppleWebKit/537.36 (KHTML, like Gecko) Chrome/131.0.0.0 Safari/537.36"
35.170.244.253 - - [12/Mar/2025:07:03:26 +0000] "GET /wp-content/uploads/2019/05/testimonial1-free-img.jpg HTTP/1.1" 200 11264 "https://webcloude.com/" "Mozilla/5.0 (Windows NT 10.0; Win64; x64) AppleWebKit/537.36 (KHTML, like Gecko) Chrome/103.0.5060.66 Safari/537.36 Edg/103.0.1264.44"
35.170.244.253 - - [12/Mar/2025:07:03:27 +0000] "GET /wp-includes/js/wp-emoji-release.min.js?ver=6.7.2 HTTP/1.1" 200 5056 "https://webcloude.com/" "Mozilla/5.0 (Windows NT 10.0; Win64; x64) AppleWebKit/537.36 (KHTML, like Gecko) Chrome/103.0.5060.66 Safari/537.36 Edg/103.0.1264.44"
35.170.244.253 - - [12/Mar/2025:07:03:27 +0000] "GET /wp-content/themes/astra/assets/css/minified/compatibility/woocommerce/woocommerce-smallscreen-grid.min.css?ver=4.9.0 HTTP/1.1" 200 891 "https://webcloude.com/" "Mozilla/5.0 (Windows NT 10.0; Win64; x64) AppleWebKit/537.36 (KHTML, like Gecko) Chrome/103.0.5060.66 Safari/537.36 Edg/103.0.1264.44"
2a06:98c0:3600::103 - - [12/Mar/2025:07:12:49 +0000] "GET /wp-admin/setup-config.php HTTP/1.1" 409 1144 "-" "Mozilla/5.0 (Windows NT 10.0; Win64; x64) AppleWebKit/537.36 (KHTML, like Gecko) Chrome/133.0.0.0 Safari/537.36"
43.130.3.122 - - [12/Mar/2025:08:03:24 +0000] "GET / HTTP/1.1" 200 31620 "http://webcloude.com" "Mozilla/5.0 (iPhone; CPU iPhone OS 13_2_3 like Mac OS X) AppleWebKit/605.1.15 (KHTML, like Gecko) Version/13.0.3 Mobile/15E148 Safari/604.1"
2a06:98c0:3600::103 - - [12/Mar/2025:08:14:27 +0000] "GET /wp-admin/setup-config.php HTTP/1.1" 409 1144 "-" "Mozilla/5.0 (Windows NT 10.0; Win64; x64) AppleWebKit/537.36 (KHTML, like Gecko) Chrome/133.0.0.0 Safari/537.36"
2a06:98c0:3600::103 - - [12/Mar/2025:09:16:36 +0000] "GET /wp-admin/setup-config.php HTTP/1.1" 409 1144 "-" "Mozilla/5.0 (Windows NT 10.0; Win64; x64) AppleWebKit/537.36 (KHTML, like Gecko) Chrome/133.0.0.0 Safari/537.36"
65.109.31.236 - - [12/Mar/2025:09:55:48 +0000] "POST /wp-cron.php?doing_wp_cron=1741773348.9712181091308593750000 HTTP/1.1" 200 20 "-" "WordPress/6.7.2; https://webcloude.com"
2a06:98c0:3600::103 - - [12/Mar/2025:09:55:48 +0000] "GET /wordpress/wp-admin/setup-config.php HTTP/1.1" 404 25136 "-" "Mozilla/5.0 (Windows NT 10.0; Win64; x64) AppleWebKit/537.36 (KHTML, like Gecko) Chrome/133.0.0.0 Safari/537.36"
2a06:98c0:3600::103 - - [12/Mar/2025:10:53:48 +0000] "GET /wp-admin/setup-config.php HTTP/1.1" 409 1144 "-" "Mozilla/5.0 (Windows NT 10.0; Win64; x64) AppleWebKit/537.36 (KHTML, like Gecko) Chrome/133.0.0.0 Safari/537.36"
65.109.31.236 - - [12/Mar/2025:10:55:27 +0000] "POST /wp-cron.php?doing_wp_cron=1741776927.5008480548858642578125 HTTP/1.1" 200 20 "-" "WordPress/6.7.2; https://webcloude.com"
65.109.31.236 - - [12/Mar/2025:10:55:27 +0000] "POST /wp-cron.php?doing_wp_cron=1741776927.5508470535278320312500 HTTP/1.1" 200 20 "-" "WordPress/6.7.2; https://webcloude.com"
65.109.31.236 - - [12/Mar/2025:04:43:09 +0000] "POST /wp-cron.php?doing_wp_cron=1741754589.9004719257354736328125 HTTP/1.1" 200 20 "-" "WordPress/6.7.2; https://webcloude.com"
2a06:98c0:3600::103 - - [12/Mar/2025:05:04:16 +0000] "GET /wordpress/wp-admin/setup-config.php HTTP/1.1" 404 25136 "-" "Mozilla/5.0 (Windows NT 10.0; Win64; x64) AppleWebKit/537.36 (KHTML, like Gecko) Chrome/133.0.0.0 Safari/537.36"
74.63.207.120 - - [12/Mar/2025:05:51:25 +0000] "GET /wp-login.php HTTP/1.1" 200 2019 "-" "Mozilla/5.0"
74.63.207.120 - - [12/Mar/2025:05:51:25 +0000] "GET /?author=1 HTTP/1.1" 301 20 "-" "Mozilla/5.0"
74.63.207.120 - - [12/Mar/2025:05:51:26 +0000] "GET /?author=2 HTTP/1.1" 404 24883 "-" "Mozilla/5.0"
65.109.31.236 - - [12/Mar/2025:07:14:10 +0000] "POST /wp-cron.php?doing_wp_cron=1741763650.1334180831909179687500 HTTP/1.1" 200 20 "-" "WordPress/6.7.2; https://webcloude.com"
100.26.32.25 - - [12/Mar/2025:08:01:11 +0000] "GET /favicon.ico HTTP/1.1" 404 1163 "-" "Mozilla/5.0 (Macintosh; Intel Mac OS X 10_15_7) AppleWebKit/537.36 (KHTML, like Gecko) Chrome/107.0.0.0 Safari/537.36"
100.26.32.25 - - [12/Mar/2025:08:01:12 +0000] "GET /favicon.png HTTP/1.1" 404 24884 "-" "Mozilla/5.0 (Macintosh; Intel Mac OS X 10_15_7) AppleWebKit/537.36 (KHTML, like Gecko) Chrome/107.0.0.0 Safari/537.36"
91.242.95.106 - - [12/Mar/2025:08:03:57 +0000] "GET /wp-content/uploads/2021/03/logo-1.svg HTTP/1.1" 200 4291 "-" "Mozilla/5.0 (Windows NT 10.0; Win64; x64) AppleWebKit/537.36 (KHTML, like Gecko) Chrome/108.0.0.0 Safari/537.36"
209.127.111.163 - - [12/Mar/2025:08:04:01 +0000] "GET /wp-content/uploads/2021/03/logo-5.svg HTTP/1.1" 200 1506 "-" "Mozilla/5.0 (Macintosh; Intel Mac OS X 13_0_1) AppleWebKit/537.36 (KHTML, like Gecko) Chrome/108.0.0.0 Safari/537.36"
65.109.31.236 - - [12/Mar/2025:08:11:29 +0000] "POST /wp-cron.php?doing_wp_cron=1741767089.1939830780029296875000 HTTP/1.1" 200 20 "-" "WordPress/6.7.2; https://webcloude.com"
65.109.31.236 - - [12/Mar/2025:08:32:16 +0000] "POST /wp-cron.php?doing_wp_cron=1741768335.9887769222259521484375 HTTP/1.1" 200 20 "-" "WordPress/6.7.2; https://webcloude.com"
65.109.31.236 - - [12/Mar/2025:09:16:32 +0000] "POST /wp-cron.php?doing_wp_cron=1741770992.7024290561676025390625 HTTP/1.1" 200 20 "-" "WordPress/6.7.2; https://webcloude.com"
2a06:98c0:3600::103 - - [12/Mar/2025:09:34:48 +0000] "GET /wordpress/wp-admin/setup-config.php HTTP/1.1" 404 25136 "-" "Mozilla/5.0 (Windows NT 10.0; Win64; x64) AppleWebKit/537.36 (KHTML, like Gecko) Chrome/133.0.0.0 Safari/537.36"
2a06:98c0:3600::103 - - [12/Mar/2025:10:35:36 +0000] "GET /wordpress/wp-admin/setup-config.php HTTP/1.1" 404 25136 "-" "Mozilla/5.0 (Windows NT 10.0; Win64; x64) AppleWebKit/537.36 (KHTML, like Gecko) Chrome/133.0.0.0 Safari/537.36"
98.84.161.237 - - [12/Mar/2025:07:03:29 +0000] "GET /wp-content/uploads/2021/03/logo-4.svg HTTP/2" 200 2609 "https://webcloude.com/" "Mozilla/5.0 (iPhone; CPU iPhone OS 12_2 like Mac OS X) AppleWebKit/605.1.15 (KHTML, like Gecko) Mobile/15E148"
98.84.161.237 - - [12/Mar/2025:07:03:29 +0000] "GET /wp-content/uploads/2025/03/testimonial4-free-img.jpg HTTP/2" 200 8748 "https://webcloude.com/" "Mozilla/5.0 (iPhone; CPU iPhone OS 12_2 like Mac OS X) AppleWebKit/605.1.15 (KHTML, like Gecko) Mobile/15E148"
98.84.161.237 - - [12/Mar/2025:07:03:29 +0000] "GET /wp-content/uploads/2021/03/logo-2.svg HTTP/2" 200 3457 "https://webcloude.com/" "Mozilla/5.0 (iPhone; CPU iPhone OS 12_2 like Mac OS X) AppleWebKit/605.1.15 (KHTML, like Gecko) Mobile/15E148"
98.84.161.237 - - [12/Mar/2025:07:03:29 +0000] "GET /wp-content/uploads/2021/03/logo-1.svg HTTP/2" 200 4291 "https://webcloude.com/" "Mozilla/5.0 (iPhone; CPU iPhone OS 12_2 like Mac OS X) AppleWebKit/605.1.15 (KHTML, like Gecko) Mobile/15E148"
98.84.161.237 - - [12/Mar/2025:07:03:29 +0000] "GET /wp-content/uploads/2019/05/testimonial1-free-img.jpg HTTP/2" 200 11264 "https://webcloude.com/" "Mozilla/5.0 (iPhone; CPU iPhone OS 12_2 like Mac OS X) AppleWebKit/605.1.15 (KHTML, like Gecko) Mobile/15E148"
98.84.161.237 - - [12/Mar/2025:07:03:29 +0000] "GET /wp-content/uploads/2025/03/manager-free-img-600x600.png HTTP/2" 200 361889 "https://webcloude.com/" "Mozilla/5.0 (iPhone; CPU iPhone OS 12_2 like Mac OS X) AppleWebKit/605.1.15 (KHTML, like Gecko) Mobile/15E148"
98.84.161.237 - - [12/Mar/2025:07:03:29 +0000] "GET /wp-content/uploads/2019/05/testimonial2-free-img.jpg HTTP/2" 200 10087 "https://webcloude.com/" "Mozilla/5.0 (iPhone; CPU iPhone OS 12_2 like Mac OS X) AppleWebKit/605.1.15 (KHTML, like Gecko) Mobile/15E148"
98.84.161.237 - - [12/Mar/2025:07:03:29 +0000] "GET /wp-content/uploads/2019/06/ld2.jpg HTTP/2" 200 54062 "https://webcloude.com/" "Mozilla/5.0 (iPhone; CPU iPhone OS 12_2 like Mac OS X) AppleWebKit/605.1.15 (KHTML, like Gecko) Mobile/15E148"
98.84.161.237 - - [12/Mar/2025:07:03:29 +0000] "GET /wp-includes/js/wp-emoji-release.min.js?ver=6.7.2 HTTP/2" 200 5056 "https://webcloude.com/" "Mozilla/5.0 (iPhone; CPU iPhone OS 12_2 like Mac OS X) AppleWebKit/605.1.15 (KHTML, like Gecko) Mobile/15E148"
2a06:98c0:3600::103 - - [12/Mar/2025:08:53:51 +0000] "GET /wp-admin/setup-config.php HTTP/1.1" 409 1144 "-" "Mozilla/5.0 (Windows NT 10.0; Win64; x64) AppleWebKit/537.36 (KHTML, like Gecko) Chrome/133.0.0.0 Safari/537.36"
2a06:98c0:3600::103 - - [12/Mar/2025:10:12:47 +0000] "GET /wordpress/wp-admin/setup-config.php HTTP/1.1" 404 25136 "-" "Mozilla/5.0 (Windows NT 10.0; Win64; x64) AppleWebKit/537.36 (KHTML, like Gecko) Chrome/133.0.0.0 Safari/537.36"
65.109.31.236 - - [12/Mar/2025:10:35:37 +0000] "POST /wp-cron.php?doing_wp_cron=1741775737.7056360244750976562500 HTTP/1.1" 200 20 "-" "WordPress/6.7.2; https://webcloude.com"
2a06:98c0:3600::103 - - [12/Mar/2025:11:37:22 +0000] "GET /wordpress/wp-admin/setup-config.php HTTP/1.1" 404 25137 "-" "Mozilla/5.0 (Windows NT 10.0; Win64; x64) AppleWebKit/537.36 (KHTML, like Gecko) Chrome/133.0.0.0 Safari/537.36"
2a06:98c0:3600::103 - - [12/Mar/2025:11:19:11 +0000] "GET /wordpress/wp-admin/setup-config.php HTTP/1.1" 404 25136 "-" "Mozilla/5.0 (Windows NT 10.0; Win64; x64) AppleWebKit/537.36 (KHTML, like Gecko) Chrome/133.0.0.0 Safari/537.36"
2a06:98c0:3600::103 - - [12/Mar/2025:11:39:50 +0000] "GET /wp-admin/setup-config.php HTTP/1.1" 409 1144 "-" "Mozilla/5.0 (Windows NT 10.0; Win64; x64) AppleWebKit/537.36 (KHTML, like Gecko) Chrome/133.0.0.0 Safari/537.36"
65.109.31.236 - - [12/Mar/2025:11:19:12 +0000] "POST /wp-cron.php?doing_wp_cron=1741778352.7917129993438720703125 HTTP/1.1" 200 20 "-" "WordPress/6.7.2; https://webcloude.com"
65.109.31.236 - - [12/Mar/2025:11:37:23 +0000] "POST /wp-cron.php?doing_wp_cron=1741779443.0734090805053710937500 HTTP/1.1" 200 20 "-" "WordPress/6.7.2; https://webcloude.com"
2a06:98c0:3600::103 - - [12/Mar/2025:12:22:50 +0000] "GET /wordpress/wp-admin/setup-config.php HTTP/1.1" 404 25136 "-" "Mozilla/5.0 (Windows NT 10.0; Win64; x64) AppleWebKit/537.36 (KHTML, like Gecko) Chrome/133.0.0.0 Safari/537.36"
2a06:98c0:3600::103 - - [12/Mar/2025:14:19:56 +0000] "GET /wp-admin/setup-config.php HTTP/1.1" 409 1144 "-" "Mozilla/5.0 (Windows NT 10.0; Win64; x64) AppleWebKit/537.36 (KHTML, like Gecko) Chrome/133.0.0.0 Safari/537.36"
65.109.31.236 - - [12/Mar/2025:12:00:55 +0000] "POST /wp-cron.php?doing_wp_cron=1741780855.1014070510864257812500 HTTP/1.1" 200 20 "-" "WordPress/6.7.2; https://webcloude.com"
65.109.31.236 - - [12/Mar/2025:13:09:36 +0000] "POST /wp-cron.php?doing_wp_cron=1741784976.7825269699096679687500 HTTP/1.1" 200 20 "-" "WordPress/6.7.2; https://webcloude.com"
65.109.31.236 - - [12/Mar/2025:13:54:53 +0000] "POST /wp-cron.php?doing_wp_cron=1741787693.2537920475006103515625 HTTP/1.1" 200 20 "-" "WordPress/6.7.2; https://webcloude.com"
185.220.101.77 - - [12/Mar/2025:14:01:02 +0000] "GET / HTTP/1.1" 200 31618 "-" "Mozilla/5.0 (compatible; MSIE 10.0; Windows NT 6.1; Trident/6.0)"
2a06:98c0:3600::103 - - [12/Mar/2025:14:39:20 +0000] "GET /wordpress/wp-admin/setup-config.php HTTP/1.1" 404 25135 "-" "Mozilla/5.0 (Windows NT 10.0; Win64; x64) AppleWebKit/537.36 (KHTML, like Gecko) Chrome/133.0.0.0 Safari/537.36"
2a06:98c0:3600::103 - - [12/Mar/2025:11:59:37 +0000] "GET /wp-admin/setup-config.php HTTP/1.1" 409 1144 "-" "Mozilla/5.0 (Windows NT 10.0; Win64; x64) AppleWebKit/537.36 (KHTML, like Gecko) Chrome/133.0.0.0 Safari/537.36"
2a06:98c0:3600::103 - - [12/Mar/2025:12:48:19 +0000] "GET /wp-admin/setup-config.php HTTP/1.1" 409 1144 "-" "Mozilla/5.0 (Windows NT 10.0; Win64; x64) AppleWebKit/537.36 (KHTML, like Gecko) Chrome/133.0.0.0 Safari/537.36"
2a06:98c0:3600::103 - - [12/Mar/2025:13:13:04 +0000] "GET /wp-admin/setup-config.php HTTP/1.1" 409 1144 "-" "Mozilla/5.0 (Windows NT 10.0; Win64; x64) AppleWebKit/537.36 (KHTML, like Gecko) Chrome/133.0.0.0 Safari/537.36"
65.109.31.236 - - [12/Mar/2025:14:39:21 +0000] "POST /wp-cron.php?doing_wp_cron=1741790361.4915030002593994140625 HTTP/1.1" 200 20 "-" "WordPress/6.7.2; https://webcloude.com"
65.109.31.236 - - [12/Mar/2025:12:22:50 +0000] "POST /wp-cron.php?doing_wp_cron=1741782170.8405249118804931640625 HTTP/1.1" 200 20 "-" "WordPress/6.7.2; https://webcloude.com"
2a06:98c0:3600::103 - - [12/Mar/2025:13:32:06 +0000] "GET /wordpress/wp-admin/setup-config.php HTTP/1.1" 404 25126 "-" "Mozilla/5.0 (Windows NT 10.0; Win64; x64) AppleWebKit/537.36 (KHTML, like Gecko) Chrome/133.0.0.0 Safari/537.36"
2a06:98c0:3600::103 - - [12/Mar/2025:13:54:52 +0000] "GET /wordpress/wp-admin/setup-config.php HTTP/1.1" 404 25136 "-" "Mozilla/5.0 (Windows NT 10.0; Win64; x64) AppleWebKit/537.36 (KHTML, like Gecko) Chrome/133.0.0.0 Safari/537.36"
65.109.31.236 - - [12/Mar/2025:14:20:46 +0000] "POST /wp-cron.php?doing_wp_cron=1741789246.2933650016784667968750 HTTP/1.1" 200 20 "-" "WordPress/6.7.2; https://webcloude.com"
43.159.152.4 - - [12/Mar/2025:12:04:34 +0000] "GET / HTTP/1.1" 200 31622 "http://www.webcloude.com" "Mozilla/5.0 (iPhone; CPU iPhone OS 13_2_3 like Mac OS X) AppleWebKit/605.1.15 (KHTML, like Gecko) Version/13.0.3 Mobile/15E148 Safari/604.1"
2a06:98c0:3600::103 - - [12/Mar/2025:12:21:41 +0000] "GET /wp-admin/setup-config.php HTTP/1.1" 409 1144 "-" "Mozilla/5.0 (Windows NT 10.0; Win64; x64) AppleWebKit/537.36 (KHTML, like Gecko) Chrome/133.0.0.0 Safari/537.36"
65.109.31.236 - - [12/Mar/2025:12:48:33 +0000] "POST /wp-cron.php?doing_wp_cron=1741783713.9147710800170898437500 HTTP/1.1" 200 20 "-" "WordPress/6.7.2; https://webcloude.com"
2a06:98c0:3600::103 - - [12/Mar/2025:12:00:54 +0000] "GET /wordpress/wp-admin/setup-config.php HTTP/1.1" 404 25137 "-" "Mozilla/5.0 (Windows NT 10.0; Win64; x64) AppleWebKit/537.36 (KHTML, like Gecko) Chrome/133.0.0.0 Safari/537.36"
2a06:98c0:3600::103 - - [12/Mar/2025:12:48:33 +0000] "GET /wordpress/wp-admin/setup-config.php HTTP/1.1" 404 25137 "-" "Mozilla/5.0 (Windows NT 10.0; Win64; x64) AppleWebKit/537.36 (KHTML, like Gecko) Chrome/133.0.0.0 Safari/537.36"
65.109.31.236 - - [12/Mar/2025:13:09:36 +0000] "POST /wp-cron.php?doing_wp_cron=1741784976.8197410106658935546875 HTTP/1.1" 200 20 "-" "WordPress/6.7.2; https://webcloude.com"
65.109.31.236 - - [12/Mar/2025:13:32:10 +0000] "POST /wp-cron.php?doing_wp_cron=1741786330.5791480541229248046875 HTTP/1.1" 200 20 "-" "WordPress/6.7.2; https://webcloude.com"
106.119.167.146 - - [12/Mar/2025:12:00:21 +0000] "GET / HTTP/1.1" 200 31620 "http://webcloude.com" "Mozilla/5.0 (iPhone; CPU iPhone OS 13_2_3 like Mac OS X) AppleWebKit/605.1.15 (KHTML, like Gecko) Version/13.0.3 Mobile/15E148 Safari/604.1"
43.130.74.193 - - [12/Mar/2025:12:44:26 +0000] "GET / HTTP/1.1" 200 31623 "http://www.webcloude.com" "Mozilla/5.0 (iPhone; CPU iPhone OS 13_2_3 like Mac OS X) AppleWebKit/605.1.15 (KHTML, like Gecko) Version/13.0.3 Mobile/15E148 Safari/604.1"
65.109.31.236 - - [12/Mar/2025:13:09:36 +0000] "POST /wp-cron.php?doing_wp_cron=1741784976.8494949340820312500000 HTTP/1.1" 200 20 "-" "WordPress/6.7.2; https://webcloude.com"
43.153.73.200 - - [12/Mar/2025:13:37:04 +0000] "GET / HTTP/1.1" 200 31620 "http://webcloude.com" "Mozilla/5.0 (iPhone; CPU iPhone OS 13_2_3 like Mac OS X) AppleWebKit/605.1.15 (KHTML, like Gecko) Version/13.0.3 Mobile/15E148 Safari/604.1"
2a06:98c0:3600::103 - - [12/Mar/2025:13:56:57 +0000] "GET /wp-admin/setup-config.php HTTP/1.1" 409 1144 "-" "Mozilla/5.0 (Windows NT 10.0; Win64; x64) AppleWebKit/537.36 (KHTML, like Gecko) Chrome/133.0.0.0 Safari/537.36"
2a06:98c0:3600::103 - - [12/Mar/2025:14:20:45 +0000] "GET /wordpress/wp-admin/setup-config.php HTTP/1.1" 404 25136 "-" "Mozilla/5.0 (Windows NT 10.0; Win64; x64) AppleWebKit/537.36 (KHTML, like Gecko) Chrome/133.0.0.0 Safari/537.36"
2a06:98c0:3600::103 - - [12/Mar/2025:13:09:36 +0000] "GET /wordpress/wp-admin/setup-config.php HTTP/1.1" 404 25136 "-" "Mozilla/5.0 (Windows NT 10.0; Win64; x64) AppleWebKit/537.36 (KHTML, like Gecko) Chrome/133.0.0.0 Safari/537.36"
159.223.62.30 - - [12/Mar/2025:16:12:12 +0000] "GET / HTTP/1.1" 200 184631 "-" "Mozilla/5.0 (Windows NT 10.0; Win64; x64) AppleWebKit/537.36 (KHTML, like Gecko) Chrome/89.0.4389.114 Safari/537.36"
159.223.62.30 - - [12/Mar/2025:16:12:14 +0000] "GET //wp-includes/wlwmanifest.xml HTTP/1.1" 301 0 "-" "Mozilla/5.0 (Windows NT 10.0; Win64; x64) AppleWebKit/537.36 (KHTML, like Gecko) Chrome/89.0.4389.114 Safari/537.36"
159.223.62.30 - - [12/Mar/2025:16:12:14 +0000] "GET //xmlrpc.php?rsd HTTP/1.1" 200 23330 "-" "Mozilla/5.0 (Windows NT 10.0; Win64; x64) AppleWebKit/537.36 (KHTML, like Gecko) Chrome/89.0.4389.114 Safari/537.36"
159.223.62.30 - - [12/Mar/2025:16:12:14 +0000] "GET / HTTP/1.1" 200 184631 "-" "Mozilla/5.0 (Windows NT 10.0; Win64; x64) AppleWebKit/537.36 (KHTML, like Gecko) Chrome/89.0.4389.114 Safari/537.36"
159.223.62.30 - - [12/Mar/2025:16:12:15 +0000] "GET //?author=1 HTTP/1.1" 301 0 "-" "Mozilla/5.0 (Windows NT 10.0; Win64; x64) AppleWebKit/537.36 (KHTML, like Gecko) Chrome/89.0.4389.114 Safari/537.36"
159.223.62.30 - - [12/Mar/2025:16:12:15 +0000] "GET //?author=2 HTTP/1.1" 301 0 "-" "Mozilla/5.0 (Windows NT 10.0; Win64; x64) AppleWebKit/537.36 (KHTML, like Gecko) Chrome/89.0.4389.114 Safari/537.36"
159.223.62.30 - - [12/Mar/2025:16:12:16 +0000] "GET //?author=3 HTTP/1.1" 301 0 "-" "Mozilla/5.0 (Windows NT 10.0; Win64; x64) AppleWebKit/537.36 (KHTML, like Gecko) Chrome/89.0.4389.114 Safari/537.36"
159.223.62.30 - - [12/Mar/2025:16:12:16 +0000] "GET //wp-json/wp/v2/users/ HTTP/1.1" 200 1418 "-" "Mozilla/5.0 (Windows NT 10.0; Win64; x64) AppleWebKit/537.36 (KHTML, like Gecko) Chrome/89.0.4389.114 Safari/537.36"
159.223.62.30 - - [12/Mar/2025:16:12:17 +0000] "POST //xmlrpc.php HTTP/1.1" 200 23330 "-" "Mozilla/5.0 (Windows NT 10.0; Win64; x64) AppleWebKit/537.36 (KHTML, like Gecko) Chrome/89.0.4389.114 Safari/537.36"
2a06:98c0:3600::103 - - [12/Mar/2025:17:05:55 +0000] "GET /wordpress/wp-admin/setup-config.php HTTP/1.1" 404 25136 "-" "Mozilla/5.0 (Windows NT 10.0; Win64; x64) AppleWebKit/537.36 (KHTML, like Gecko) Chrome/133.0.0.0 Safari/537.36"
65.109.31.236 - - [12/Mar/2025:17:32:44 +0000] "POST /wp-cron.php?doing_wp_cron=1741800764.2665770053863525390625 HTTP/1.1" 200 20 "-" "WordPress/6.7.2; https://webcloude.com"
65.109.31.236 - - [12/Mar/2025:15:28:16 +0000] "POST /wp-cron.php?doing_wp_cron=1741793296.6755459308624267578125 HTTP/1.1" 200 20 "-" "WordPress/6.7.2; https://webcloude.com"
124.220.24.137 - - [12/Mar/2025:16:09:12 +0000] "GET / HTTP/1.1" 200 31617 "-" "Mozilla/5.0 (Linux; Android 10; LIO-AN00 Build/HUAWEILIO-AN00; wv) MicroMessenger Weixin QQ AppleWebKit/537.36 (KHTML, like Gecko) Version/4.0 Chrome/78.0.3904.62 XWEB/2692 MMWEBSDK/200901 Mobile Safari/537.36"
65.109.31.236 - - [12/Mar/2025:16:41:35 +0000] "POST /wp-cron.php?doing_wp_cron=1741797695.9801249504089355468750 HTTP/1.1" 200 20 "-" "WordPress/6.7.2; https://webcloude.com"
2a06:98c0:3600::103 - - [12/Mar/2025:16:41:35 +0000] "GET /wordpress/wp-admin/setup-config.php HTTP/1.1" 404 25136 "-" "Mozilla/5.0 (Windows NT 10.0; Win64; x64) AppleWebKit/537.36 (KHTML, like Gecko) Chrome/133.0.0.0 Safari/537.36"
65.109.31.236 - - [12/Mar/2025:17:05:22 +0000] "POST /wp-cron.php?doing_wp_cron=1741799122.1922340393066406250000 HTTP/1.1" 200 20 "-" "WordPress/6.7.2; https://webcloude.com"
2a06:98c0:3600::103 - - [12/Mar/2025:17:08:13 +0000] "GET /wp-admin/setup-config.php HTTP/1.1" 409 1144 "-" "Mozilla/5.0 (Windows NT 10.0; Win64; x64) AppleWebKit/537.36 (KHTML, like Gecko) Chrome/133.0.0.0 Safari/537.36"
2a06:98c0:3600::103 - - [12/Mar/2025:15:28:15 +0000] "GET /wordpress/wp-admin/setup-config.php HTTP/1.1" 404 25136 "-" "Mozilla/5.0 (Windows NT 10.0; Win64; x64) AppleWebKit/537.36 (KHTML, like Gecko) Chrome/133.0.0.0 Safari/537.36"
208.115.211.87 - - [12/Mar/2025:15:47:17 +0000] "GET / HTTP/1.1" 200 31618 "-" "Mozilla/5.0 (Windows NT 10.0; Win64; x64; rv:97.0) Gecko/20100101 Firefox/97.0"
146.235.222.235 - - [12/Mar/2025:16:05:25 +0000] "GET / HTTP/2" 200 184651 "http://webcloude.com" "Go-http-client/2.0"
2a06:98c0:3600::103 - - [12/Mar/2025:16:20:00 +0000] "GET /wp-admin/setup-config.php HTTP/1.1" 409 1144 "-" "Mozilla/5.0 (Windows NT 10.0; Win64; x64) AppleWebKit/537.36 (KHTML, like Gecko) Chrome/133.0.0.0 Safari/537.36"
2a06:98c0:3600::103 - - [12/Mar/2025:17:34:03 +0000] "GET /wp-admin/setup-config.php HTTP/1.1" 409 1144 "-" "Mozilla/5.0 (Windows NT 10.0; Win64; x64) AppleWebKit/537.36 (KHTML, like Gecko) Chrome/133.0.0.0 Safari/537.36"
2a06:98c0:3600::103 - - [12/Mar/2025:15:52:03 +0000] "GET /wp-admin/setup-config.php HTTP/1.1" 409 1144 "-" "Mozilla/5.0 (Windows NT 10.0; Win64; x64) AppleWebKit/537.36 (KHTML, like Gecko) Chrome/133.0.0.0 Safari/537.36"
65.109.31.236 - - [12/Mar/2025:15:52:10 +0000] "POST /wp-cron.php?doing_wp_cron=1741794730.2319910526275634765625 HTTP/1.1" 200 20 "-" "WordPress/6.7.2; https://webcloude.com"
65.109.31.236 - - [12/Mar/2025:16:22:47 +0000] "POST /wp-cron.php?doing_wp_cron=1741796567.6070671081542968750000 HTTP/1.1" 200 20 "-" "WordPress/6.7.2; https://webcloude.com"
2a06:98c0:3600::103 - - [12/Mar/2025:16:22:46 +0000] "GET /wordpress/wp-admin/setup-config.php HTTP/1.1" 404 25136 "-" "Mozilla/5.0 (Windows NT 10.0; Win64; x64) AppleWebKit/537.36 (KHTML, like Gecko) Chrome/133.0.0.0 Safari/537.36"
65.109.31.236 - - [12/Mar/2025:16:41:36 +0000] "POST /wp-cron.php?doing_wp_cron=1741797696.0532670021057128906250 HTTP/1.1" 200 20 "-" "WordPress/6.7.2; https://webcloude.com"
34.21.76.131 - - [12/Mar/2025:16:41:47 +0000] "GET / HTTP/1.1" 200 184631 "-" "Mozilla/5.0 (Windows NT 10.0; Win64; x64) AppleWebKit/537.36 (KHTML, like Gecko) Chrome/78.0.3904.108 Safari/537.36"
34.21.76.131 - - [12/Mar/2025:16:41:48 +0000] "GET //wp-includes/wlwmanifest.xml HTTP/1.1" 301 0 "-" "Mozilla/5.0 (Windows NT 10.0; Win64; x64) AppleWebKit/537.36 (KHTML, like Gecko) Chrome/78.0.3904.108 Safari/537.36"
34.21.76.131 - - [12/Mar/2025:16:41:48 +0000] "GET //xmlrpc.php?rsd HTTP/1.1" 200 23329 "-" "Mozilla/5.0 (Windows NT 10.0; Win64; x64) AppleWebKit/537.36 (KHTML, like Gecko) Chrome/78.0.3904.108 Safari/537.36"
34.21.76.131 - - [12/Mar/2025:16:41:48 +0000] "GET / HTTP/1.1" 200 184631 "-" "Mozilla/5.0 (Windows NT 10.0; Win64; x64) AppleWebKit/537.36 (KHTML, like Gecko) Chrome/78.0.3904.108 Safari/537.36"
34.21.76.131 - - [12/Mar/2025:16:41:48 +0000] "GET //?author=1 HTTP/1.1" 301 0 "-" "Mozilla/5.0 (Windows NT 10.0; Win64; x64) AppleWebKit/537.36 (KHTML, like Gecko) Chrome/78.0.3904.108 Safari/537.36"
34.21.76.131 - - [12/Mar/2025:16:41:49 +0000] "GET //?author=2 HTTP/1.1" 301 0 "-" "Mozilla/5.0 (Windows NT 10.0; Win64; x64) AppleWebKit/537.36 (KHTML, like Gecko) Chrome/78.0.3904.108 Safari/537.36"
34.21.76.131 - - [12/Mar/2025:16:41:49 +0000] "GET //wp-json/wp/v2/users/ HTTP/1.1" 200 1418 "-" "Mozilla/5.0 (Windows NT 10.0; Win64; x64) AppleWebKit/537.36 (KHTML, like Gecko) Chrome/78.0.3904.108 Safari/537.36"
34.21.76.131 - - [12/Mar/2025:16:41:49 +0000] "POST //xmlrpc.php HTTP/1.1" 200 23329 "-" "Mozilla/5.0 (Windows NT 10.0; Win64; x64) AppleWebKit/537.36 (KHTML, like Gecko) Chrome/78.0.3904.108 Safari/537.36"
101.91.148.219 - - [12/Mar/2025:17:04:16 +0000] "GET / HTTP/1.1" 200 31622 "http://www.webcloude.com" "Mozilla/5.0 (iPhone; CPU iPhone OS 13_2_3 like Mac OS X) AppleWebKit/605.1.15 (KHTML, like Gecko) Version/13.0.3 Mobile/15E148 Safari/604.1"
43.130.39.254 - - [12/Mar/2025:15:04:03 +0000] "GET / HTTP/1.1" 200 31622 "http://www.webcloude.com" "Mozilla/5.0 (iPhone; CPU iPhone OS 13_2_3 like Mac OS X) AppleWebKit/605.1.15 (KHTML, like Gecko) Version/13.0.3 Mobile/15E148 Safari/604.1"
2a06:98c0:3600::103 - - [12/Mar/2025:15:05:10 +0000] "GET /wp-admin/setup-config.php HTTP/1.1" 409 1144 "-" "Mozilla/5.0 (Windows NT 10.0; Win64; x64) AppleWebKit/537.36 (KHTML, like Gecko) Chrome/133.0.0.0 Safari/537.36"
124.70.203.191 - - [12/Mar/2025:15:11:26 +0000] "GET / HTTP/1.1" 200 31618 "-" "Mozilla/5.0 (Windows NT 5.5; Win64; x64) AppleWebKit/537.36 (KHTML, like Gecko) Chrome/73.0.1372.88 Safari/537.36"
65.109.31.236 - - [12/Mar/2025:16:41:36 +0000] "POST /wp-cron.php?doing_wp_cron=1741797696.0240380764007568359375 HTTP/1.1" 200 20 "-" "WordPress/6.7.2; https://webcloude.com"
139.59.227.194 - - [12/Mar/2025:17:27:01 +0000] "GET / HTTP/1.1" 200 184631 "-" "Mozilla/5.0 (Windows NT 10.0; Win64; x64) AppleWebKit/537.36 (KHTML, like Gecko) Chrome/89.0.4389.114 Safari/537.36"
139.59.227.194 - - [12/Mar/2025:17:27:02 +0000] "GET //wp-includes/wlwmanifest.xml HTTP/1.1" 301 0 "-" "Mozilla/5.0 (Windows NT 10.0; Win64; x64) AppleWebKit/537.36 (KHTML, like Gecko) Chrome/89.0.4389.114 Safari/537.36"
139.59.227.194 - - [12/Mar/2025:17:27:02 +0000] "GET //xmlrpc.php?rsd HTTP/1.1" 200 23331 "-" "Mozilla/5.0 (Windows NT 10.0; Win64; x64) AppleWebKit/537.36 (KHTML, like Gecko) Chrome/89.0.4389.114 Safari/537.36"
139.59.227.194 - - [12/Mar/2025:17:27:03 +0000] "GET / HTTP/1.1" 200 184631 "-" "Mozilla/5.0 (Windows NT 10.0; Win64; x64) AppleWebKit/537.36 (KHTML, like Gecko) Chrome/89.0.4389.114 Safari/537.36"
139.59.227.194 - - [12/Mar/2025:17:27:03 +0000] "GET //?author=1 HTTP/1.1" 301 0 "-" "Mozilla/5.0 (Windows NT 10.0; Win64; x64) AppleWebKit/537.36 (KHTML, like Gecko) Chrome/89.0.4389.114 Safari/537.36"
139.59.227.194 - - [12/Mar/2025:17:27:05 +0000] "GET //?author=2 HTTP/1.1" 301 0 "-" "Mozilla/5.0 (Windows NT 10.0; Win64; x64) AppleWebKit/537.36 (KHTML, like Gecko) Chrome/89.0.4389.114 Safari/537.36"
139.59.227.194 - - [12/Mar/2025:17:27:06 +0000] "GET //?author=3 HTTP/1.1" 301 0 "-" "Mozilla/5.0 (Windows NT 10.0; Win64; x64) AppleWebKit/537.36 (KHTML, like Gecko) Chrome/89.0.4389.114 Safari/537.36"
139.59.227.194 - - [12/Mar/2025:17:27:07 +0000] "GET //wp-json/wp/v2/users/ HTTP/1.1" 200 1418 "-" "Mozilla/5.0 (Windows NT 10.0; Win64; x64) AppleWebKit/537.36 (KHTML, like Gecko) Chrome/89.0.4389.114 Safari/537.36"
139.59.227.194 - - [12/Mar/2025:17:27:08 +0000] "POST //xmlrpc.php HTTP/1.1" 200 23331 "-" "Mozilla/5.0 (Windows NT 10.0; Win64; x64) AppleWebKit/537.36 (KHTML, like Gecko) Chrome/89.0.4389.114 Safari/537.36"
2a06:98c0:3600::103 - - [12/Mar/2025:15:04:05 +0000] "GET /wordpress/wp-admin/setup-config.php HTTP/1.1" 404 25136 "-" "Mozilla/5.0 (Windows NT 10.0; Win64; x64) AppleWebKit/537.36 (KHTML, like Gecko) Chrome/133.0.0.0 Safari/537.36"
65.109.31.236 - - [12/Mar/2025:15:28:16 +0000] "POST /wp-cron.php?doing_wp_cron=1741793296.6464900970458984375000 HTTP/1.1" 200 20 "-" "WordPress/6.7.2; https://webcloude.com"
65.109.31.236 - - [12/Mar/2025:15:47:18 +0000] "POST /wp-cron.php?doing_wp_cron=1741794438.6931080818176269531250 HTTP/1.1" 200 20 "-" "WordPress/6.7.2; https://webcloude.com"
2a06:98c0:3600::103 - - [12/Mar/2025:15:52:08 +0000] "GET /wordpress/wp-admin/setup-config.php HTTP/1.1" 404 25136 "-" "Mozilla/5.0 (Windows NT 10.0; Win64; x64) AppleWebKit/537.36 (KHTML, like Gecko) Chrome/133.0.0.0 Safari/537.36"
124.220.24.137 - - [12/Mar/2025:15:58:57 +0000] "GET / HTTP/1.1" 200 31620 "http://webcloude.com" "Mozilla/5.0 (Linux; Android 10; LIO-AN00 Build/HUAWEILIO-AN00; wv) MicroMessenger Weixin QQ AppleWebKit/537.36 (KHTML, like Gecko) Version/4.0 Chrome/78.0.3904.62 XWEB/2692 MMWEBSDK/200901 Mobile Safari/537.36"
65.109.31.236 - - [12/Mar/2025:16:08:22 +0000] "POST /wp-cron.php?doing_wp_cron=1741795702.0065879821777343750000 HTTP/1.1" 200 20 "-" "WordPress/6.7.2; https://webcloude.com"
124.220.24.137 - - [12/Mar/2025:16:08:41 +0000] "GET / HTTP/1.1" 200 31620 "http://webcloude.com" "Mozilla/5.0 (Linux; Android 10; LIO-AN00 Build/HUAWEILIO-AN00; wv) MicroMessenger Weixin QQ AppleWebKit/537.36 (KHTML, like Gecko) Version/4.0 Chrome/78.0.3904.62 XWEB/2692 MMWEBSDK/200901 Mobile Safari/537.36"
134.209.146.211 - - [12/Mar/2025:17:05:16 +0000] "GET / HTTP/1.1" 200 184631 "-" "Mozilla/5.0 (Windows NT 10.0; Win64; x64) AppleWebKit/537.36 (KHTML, like Gecko) Chrome/78.0.3904.108 Safari/537.36"
134.209.146.211 - - [12/Mar/2025:17:05:19 +0000] "GET //wp-includes/wlwmanifest.xml HTTP/1.1" 301 0 "-" "Mozilla/5.0 (Windows NT 10.0; Win64; x64) AppleWebKit/537.36 (KHTML, like Gecko) Chrome/78.0.3904.108 Safari/537.36"
134.209.146.211 - - [12/Mar/2025:17:05:20 +0000] "GET //xmlrpc.php?rsd HTTP/1.1" 200 23332 "-" "Mozilla/5.0 (Windows NT 10.0; Win64; x64) AppleWebKit/537.36 (KHTML, like Gecko) Chrome/78.0.3904.108 Safari/537.36"
134.209.146.211 - - [12/Mar/2025:17:05:20 +0000] "GET / HTTP/1.1" 200 184631 "-" "Mozilla/5.0 (Windows NT 10.0; Win64; x64) AppleWebKit/537.36 (KHTML, like Gecko) Chrome/78.0.3904.108 Safari/537.36"
134.209.146.211 - - [12/Mar/2025:17:05:21 +0000] "GET //?author=1 HTTP/1.1" 301 0 "-" "Mozilla/5.0 (Windows NT 10.0; Win64; x64) AppleWebKit/537.36 (KHTML, like Gecko) Chrome/78.0.3904.108 Safari/537.36"
134.209.146.211 - - [12/Mar/2025:17:05:21 +0000] "GET //?author=2 HTTP/1.1" 301 0 "-" "Mozilla/5.0 (Windows NT 10.0; Win64; x64) AppleWebKit/537.36 (KHTML, like Gecko) Chrome/78.0.3904.108 Safari/537.36"
134.209.146.211 - - [12/Mar/2025:17:05:22 +0000] "GET //wp-json/wp/v2/users/ HTTP/1.1" 200 1418 "-" "Mozilla/5.0 (Windows NT 10.0; Win64; x64) AppleWebKit/537.36 (KHTML, like Gecko) Chrome/78.0.3904.108 Safari/537.36"
134.209.146.211 - - [12/Mar/2025:17:05:23 +0000] "POST //xmlrpc.php HTTP/1.1" 200 23332 "-" "Mozilla/5.0 (Windows NT 10.0; Win64; x64) AppleWebKit/537.36 (KHTML, like Gecko) Chrome/78.0.3904.108 Safari/537.36"
65.109.31.236 - - [12/Mar/2025:17:05:55 +0000] "POST /wp-cron.php?doing_wp_cron=1741799155.3626010417938232421875 HTTP/1.1" 200 20 "-" "WordPress/6.7.2; https://webcloude.com"
65.109.31.236 - - [12/Mar/2025:15:28:16 +0000] "POST /wp-cron.php?doing_wp_cron=1741793296.6076889038085937500000 HTTP/1.1" 200 20 "-" "WordPress/6.7.2; https://webcloude.com"
2a06:98c0:3600::103 - - [12/Mar/2025:15:30:10 +0000] "GET /wp-admin/setup-config.php HTTP/1.1" 409 1144 "-" "Mozilla/5.0 (Windows NT 10.0; Win64; x64) AppleWebKit/537.36 (KHTML, like Gecko) Chrome/133.0.0.0 Safari/537.36"
159.223.62.30 - - [12/Mar/2025:15:59:51 +0000] "GET / HTTP/1.1" 200 184631 "-" "Mozilla/5.0 (Windows NT 10.0; Win64; x64) AppleWebKit/537.36 (KHTML, like Gecko) Chrome/89.0.4389.114 Safari/537.36"
159.223.62.30 - - [12/Mar/2025:15:59:52 +0000] "GET //wp-includes/wlwmanifest.xml HTTP/1.1" 301 0 "-" "Mozilla/5.0 (Windows NT 10.0; Win64; x64) AppleWebKit/537.36 (KHTML, like Gecko) Chrome/89.0.4389.114 Safari/537.36"
159.223.62.30 - - [12/Mar/2025:15:59:53 +0000] "GET //xmlrpc.php?rsd HTTP/1.1" 200 23330 "-" "Mozilla/5.0 (Windows NT 10.0; Win64; x64) AppleWebKit/537.36 (KHTML, like Gecko) Chrome/89.0.4389.114 Safari/537.36"
159.223.62.30 - - [12/Mar/2025:15:59:53 +0000] "GET / HTTP/1.1" 200 184631 "-" "Mozilla/5.0 (Windows NT 10.0; Win64; x64) AppleWebKit/537.36 (KHTML, like Gecko) Chrome/89.0.4389.114 Safari/537.36"
159.223.62.30 - - [12/Mar/2025:15:59:53 +0000] "GET //?author=1 HTTP/1.1" 301 0 "-" "Mozilla/5.0 (Windows NT 10.0; Win64; x64) AppleWebKit/537.36 (KHTML, like Gecko) Chrome/89.0.4389.114 Safari/537.36"
159.223.62.30 - - [12/Mar/2025:15:59:54 +0000] "GET //?author=2 HTTP/1.1" 301 0 "-" "Mozilla/5.0 (Windows NT 10.0; Win64; x64) AppleWebKit/537.36 (KHTML, like Gecko) Chrome/89.0.4389.114 Safari/537.36"
159.223.62.30 - - [12/Mar/2025:15:59:54 +0000] "GET //?author=3 HTTP/1.1" 301 0 "-" "Mozilla/5.0 (Windows NT 10.0; Win64; x64) AppleWebKit/537.36 (KHTML, like Gecko) Chrome/89.0.4389.114 Safari/537.36"
159.223.62.30 - - [12/Mar/2025:15:59:54 +0000] "GET //wp-json/wp/v2/users/ HTTP/1.1" 200 1418 "-" "Mozilla/5.0 (Windows NT 10.0; Win64; x64) AppleWebKit/537.36 (KHTML, like Gecko) Chrome/89.0.4389.114 Safari/537.36"
159.223.62.30 - - [12/Mar/2025:15:59:55 +0000] "POST //xmlrpc.php HTTP/1.1" 200 23330 "-" "Mozilla/5.0 (Windows NT 10.0; Win64; x64) AppleWebKit/537.36 (KHTML, like Gecko) Chrome/89.0.4389.114 Safari/537.36"
65.109.31.236 - - [12/Mar/2025:16:18:13 +0000] "POST /wp-cron.php?doing_wp_cron=1741796293.3473999500274658203125 HTTP/1.1" 200 20 "-" "WordPress/6.7.2; https://webcloude.com"
2a06:98c0:3600::103 - - [12/Mar/2025:14:39:50 +0000] "GET /wp-admin/setup-config.php HTTP/1.1" 409 1144 "-" "Mozilla/5.0 (Windows NT 10.0; Win64; x64) AppleWebKit/537.36 (KHTML, like Gecko) Chrome/133.0.0.0 Safari/537.36"
124.220.24.137 - - [12/Mar/2025:16:08:21 +0000] "GET / HTTP/1.1" 200 31619 "http://webcloude.com" "Mozilla/5.0 (Linux; Android 10; LIO-AN00 Build/HUAWEILIO-AN00; wv) MicroMessenger Weixin QQ AppleWebKit/537.36 (KHTML, like Gecko) Version/4.0 Chrome/78.0.3904.62 XWEB/2692 MMWEBSDK/200901 Mobile Safari/537.36"
49.0.237.195 - - [12/Mar/2025:16:18:11 +0000] "GET / HTTP/1.1" 200 31618 "-" "Mozilla/5.0 (Macintosh; Intel Mac OS X 10_14_5) AppleWebKit/537.36 (KHTML, like Gecko) Chrome/103.0.4388.44 Safari/537.36"
2a06:98c0:3600::103 - - [12/Mar/2025:16:44:23 +0000] "GET /wp-admin/setup-config.php HTTP/1.1" 409 1144 "-" "Mozilla/5.0 (Windows NT 10.0; Win64; x64) AppleWebKit/537.36 (KHTML, like Gecko) Chrome/133.0.0.0 Safari/537.36"
2a06:98c0:3600::103 - - [12/Mar/2025:17:32:43 +0000] "GET /wordpress/wp-admin/setup-config.php HTTP/1.1" 404 25136 "-" "Mozilla/5.0 (Windows NT 10.0; Win64; x64) AppleWebKit/537.36 (KHTML, like Gecko) Chrome/133.0.0.0 Safari/537.36"
65.109.31.236 - - [12/Mar/2025:17:54:46 +0000] "POST /wp-cron.php?doing_wp_cron=1741802086.5231339931488037109375 HTTP/1.1" 200 20 "-" "WordPress/6.7.2; https://webcloude.com"
43.130.105.21 - - [12/Mar/2025:18:14:12 +0000] "GET / HTTP/1.1" 200 31622 "http://www.webcloude.com" "Mozilla/5.0 (iPhone; CPU iPhone OS 13_2_3 like Mac OS X) AppleWebKit/605.1.15 (KHTML, like Gecko) Version/13.0.3 Mobile/15E148 Safari/604.1"
2a06:98c0:3600::103 - - [12/Mar/2025:17:54:45 +0000] "GET /wordpress/wp-admin/setup-config.php HTTP/1.1" 404 25135 "-" "Mozilla/5.0 (Windows NT 10.0; Win64; x64) AppleWebKit/537.36 (KHTML, like Gecko) Chrome/133.0.0.0 Safari/537.36"
65.109.31.236 - - [12/Mar/2025:18:04:22 +0000] "POST /wp-cron.php?doing_wp_cron=1741802662.6825850009918212890625 HTTP/1.1" 200 20 "-" "WordPress/6.7.2; https://webcloude.com"
2a06:98c0:3600::103 - - [12/Mar/2025:18:19:49 +0000] "GET /wordpress/wp-admin/setup-config.php HTTP/1.1" 404 25135 "-" "Mozilla/5.0 (Windows NT 10.0; Win64; x64) AppleWebKit/537.36 (KHTML, like Gecko) Chrome/133.0.0.0 Safari/537.36"
43.153.67.21 - - [12/Mar/2025:18:04:22 +0000] "GET / HTTP/1.1" 200 31619 "http://webcloude.com" "Mozilla/5.0 (iPhone; CPU iPhone OS 13_2_3 like Mac OS X) AppleWebKit/605.1.15 (KHTML, like Gecko) Version/13.0.3 Mobile/15E148 Safari/604.1"
2a06:98c0:3600::103 - - [12/Mar/2025:18:18:08 +0000] "GET /wp-admin/setup-config.php HTTP/1.1" 409 1144 "-" "Mozilla/5.0 (Windows NT 10.0; Win64; x64) AppleWebKit/537.36 (KHTML, like Gecko) Chrome/133.0.0.0 Safari/537.36"
65.109.31.236 - - [12/Mar/2025:18:19:55 +0000] "POST /wp-cron.php?doing_wp_cron=1741803595.6878979206085205078125 HTTP/1.1" 200 20 "-" "WordPress/6.7.2; https://webcloude.com"
2a06:98c0:3600::103 - - [12/Mar/2025:17:57:17 +0000] "GET /wp-admin/setup-config.php HTTP/1.1" 409 1144 "-" "Mozilla/5.0 (Windows NT 10.0; Win64; x64) AppleWebKit/537.36 (KHTML, like Gecko) Chrome/133.0.0.0 Safari/537.36"
159.223.62.30 - - [12/Mar/2025:18:14:15 +0000] "GET / HTTP/1.1" 200 184631 "-" "Mozilla/5.0 (Windows NT 10.0; Win64; x64) AppleWebKit/537.36 (KHTML, like Gecko) Chrome/89.0.4389.114 Safari/537.36"
159.223.62.30 - - [12/Mar/2025:18:14:16 +0000] "GET //wp-includes/wlwmanifest.xml HTTP/1.1" 301 0 "-" "Mozilla/5.0 (Windows NT 10.0; Win64; x64) AppleWebKit/537.36 (KHTML, like Gecko) Chrome/89.0.4389.114 Safari/537.36"
159.223.62.30 - - [12/Mar/2025:18:14:17 +0000] "GET //xmlrpc.php?rsd HTTP/1.1" 200 23330 "-" "Mozilla/5.0 (Windows NT 10.0; Win64; x64) AppleWebKit/537.36 (KHTML, like Gecko) Chrome/89.0.4389.114 Safari/537.36"
159.223.62.30 - - [12/Mar/2025:18:14:17 +0000] "GET / HTTP/1.1" 200 184631 "-" "Mozilla/5.0 (Windows NT 10.0; Win64; x64) AppleWebKit/537.36 (KHTML, like Gecko) Chrome/89.0.4389.114 Safari/537.36"
159.223.62.30 - - [12/Mar/2025:18:14:17 +0000] "GET //?author=1 HTTP/1.1" 301 0 "-" "Mozilla/5.0 (Windows NT 10.0; Win64; x64) AppleWebKit/537.36 (KHTML, like Gecko) Chrome/89.0.4389.114 Safari/537.36"
159.223.62.30 - - [12/Mar/2025:18:14:18 +0000] "GET //?author=2 HTTP/1.1" 301 0 "-" "Mozilla/5.0 (Windows NT 10.0; Win64; x64) AppleWebKit/537.36 (KHTML, like Gecko) Chrome/89.0.4389.114 Safari/537.36"
159.223.62.30 - - [12/Mar/2025:18:14:18 +0000] "GET //?author=3 HTTP/1.1" 301 0 "-" "Mozilla/5.0 (Windows NT 10.0; Win64; x64) AppleWebKit/537.36 (KHTML, like Gecko) Chrome/89.0.4389.114 Safari/537.36"
159.223.62.30 - - [12/Mar/2025:18:14:19 +0000] "GET //wp-json/wp/v2/users/ HTTP/1.1" 200 1418 "-" "Mozilla/5.0 (Windows NT 10.0; Win64; x64) AppleWebKit/537.36 (KHTML, like Gecko) Chrome/89.0.4389.114 Safari/537.36"
159.223.62.30 - - [12/Mar/2025:18:14:19 +0000] "POST //xmlrpc.php HTTP/1.1" 200 23330 "-" "Mozilla/5.0 (Windows NT 10.0; Win64; x64) AppleWebKit/537.36 (KHTML, like Gecko) Chrome/89.0.4389.114 Safari/537.36"
159.223.62.30 - - [12/Mar/2025:19:05:16 +0000] "GET / HTTP/1.1" 200 184631 "-" "Mozilla/5.0 (Windows NT 10.0; Win64; x64) AppleWebKit/537.36 (KHTML, like Gecko) Chrome/89.0.4389.114 Safari/537.36"
159.223.62.30 - - [12/Mar/2025:19:05:17 +0000] "GET //wp-includes/wlwmanifest.xml HTTP/1.1" 301 0 "-" "Mozilla/5.0 (Windows NT 10.0; Win64; x64) AppleWebKit/537.36 (KHTML, like Gecko) Chrome/89.0.4389.114 Safari/537.36"
159.223.62.30 - - [12/Mar/2025:19:05:18 +0000] "GET //xmlrpc.php?rsd HTTP/1.1" 200 23330 "-" "Mozilla/5.0 (Windows NT 10.0; Win64; x64) AppleWebKit/537.36 (KHTML, like Gecko) Chrome/89.0.4389.114 Safari/537.36"
