34.138.150.134 - - [12/Mar/2025:21:02:41 +0000] "GET / HTTP/1.1" 200 184631 "-" "Mozilla/5.0 (Windows NT 10.0; Win64; x64) AppleWebKit/537.36 (KHTML, like Gecko) Chrome/78.0.3904.108 Safari/537.36"
34.138.150.134 - - [12/Mar/2025:21:02:42 +0000] "GET //?author=1 HTTP/1.1" 301 0 "-" "Mozilla/5.0 (Windows NT 10.0; Win64; x64) AppleWebKit/537.36 (KHTML, like Gecko) Chrome/78.0.3904.108 Safari/537.36"
34.138.150.134 - - [12/Mar/2025:21:02:42 +0000] "GET //?author=2 HTTP/1.1" 301 0 "-" "Mozilla/5.0 (Windows NT 10.0; Win64; x64) AppleWebKit/537.36 (KHTML, like Gecko) Chrome/78.0.3904.108 Safari/537.36"
34.138.150.134 - - [12/Mar/2025:21:02:42 +0000] "GET //wp-json/wp/v2/users/ HTTP/1.1" 200 1418 "-" "Mozilla/5.0 (Windows NT 10.0; Win64; x64) AppleWebKit/537.36 (KHTML, like Gecko) Chrome/78.0.3904.108 Safari/537.36"
34.138.150.134 - - [12/Mar/2025:21:02:43 +0000] "POST //xmlrpc.php HTTP/1.1" 200 23331 "-" "Mozilla/5.0 (Windows NT 10.0; Win64; x64) AppleWebKit/537.36 (KHTML, like Gecko) Chrome/78.0.3904.108 Safari/537.36"
43.155.188.157 - - [12/Mar/2025:21:03:59 +0000] "GET / HTTP/1.1" 200 31622 "http://www.webcloude.com" "Mozilla/5.0 (iPhone; CPU iPhone OS 13_2_3 like Mac OS X) AppleWebKit/605.1.15 (KHTML, like Gecko) Version/13.0.3 Mobile/15E148 Safari/604.1"
65.109.31.236 - - [12/Mar/2025:21:06:58 +0000] "POST /wp-cron.php?doing_wp_cron=1741813618.0605459213256835937500 HTTP/1.1" 200 20 "-" "WordPress/6.7.2; https://webcloude.com"
65.109.31.236 - - [12/Mar/2025:21:24:56 +0000] "POST /wp-cron.php?doing_wp_cron=1741814696.3863160610198974609375 HTTP/1.1" 200 20 "-" "WordPress/6.7.2; https://webcloude.com"
65.109.31.236 - - [12/Mar/2025:21:41:00 +0000] "POST /wp-cron.php?doing_wp_cron=1741815660.9569990634918212890625 HTTP/1.1" 200 20 "-" "WordPress/6.7.2; https://webcloude.com"
173.252.83.11 - - [12/Mar/2025:21:50:53 +0000] "GET /wp-content/uploads/2019/05/testimonial1-free-img.jpg HTTP/2" 200 11264 "-" "facebookexternalhit/1.1 (+http://www.facebook.com/externalhit_uatext.php)"
65.109.31.236 - - [12/Mar/2025:22:10:42 +0000] "POST /wp-cron.php?doing_wp_cron=1741817442.9180519580841064453125 HTTP/1.1" 200 20 "-" "WordPress/6.7.2; https://webcloude.com"
2a06:98c0:3600::103 - - [12/Mar/2025:22:10:42 +0000] "GET /wordpress/wp-admin/setup-config.php HTTP/1.1" 404 25136 "-" "Mozilla/5.0 (Windows NT 10.0; Win64; x64) AppleWebKit/537.36 (KHTML, like Gecko) Chrome/133.0.0.0 Safari/537.36"
2a06:98c0:3600::103 - - [12/Mar/2025:22:51:44 +0000] "GET /wp-admin/setup-config.php HTTP/1.1" 409 1144 "-" "Mozilla/5.0 (Windows NT 10.0; Win64; x64) AppleWebKit/537.36 (KHTML, like Gecko) Chrome/133.0.0.0 Safari/537.36"
2a06:98c0:3600::103 - - [12/Mar/2025:23:13:19 +0000] "GET /wordpress/wp-admin/setup-config.php HTTP/1.1" 404 25137 "-" "Mozilla/5.0 (Windows NT 10.0; Win64; x64) AppleWebKit/537.36 (KHTML, like Gecko) Chrome/133.0.0.0 Safari/537.36"
2a06:98c0:3600::103 - - [13/Mar/2025:00:46:54 +0000] "GET /wordpress/wp-admin/setup-config.php HTTP/1.1" 404 25138 "-" "Mozilla/5.0 (Windows NT 10.0; Win64; x64) AppleWebKit/537.36 (KHTML, like Gecko) Chrome/133.0.0.0 Safari/537.36"
2a06:98c0:3600::103 - - [13/Mar/2025:01:05:56 +0000] "GET /wp-admin/setup-config.php HTTP/1.1" 409 1144 "-" "Mozilla/5.0 (Windows NT 10.0; Win64; x64) AppleWebKit/537.36 (KHTML, like Gecko) Chrome/133.0.0.0 Safari/537.36"
173.252.95.6 - - [12/Mar/2025:21:50:18 +0000] "GET /wp-content/plugins/elementor/assets/css/widget-image.min.css?ver=3.27.6 HTTP/2" 200 119 "https://webcloude.com/?fbclid=IwZXh0bgNhZW0CMTEAAR1GZ51ZbY-UzuLIFMMrscipDwi6f5-ISCNcVi94117I4_cPnhPQHooLbnI_aem_5ujtAXrcT2Ownk7ASUcaNQ" "Mozilla/5.0 (X11; Linux x86_64) AppleWebKit/537.36 (KHTML, like Gecko) Chrome/134.0.0.0 Safari/537.36"
173.252.95.6 - - [12/Mar/2025:21:50:19 +0000] "GET /wp-content/plugins/elementor/assets/css/widget-image-gallery.min.css?ver=3.27.6 HTTP/2" 200 300 "https://webcloude.com/?fbclid=IwZXh0bgNhZW0CMTEAAR1GZ51ZbY-UzuLIFMMrscipDwi6f5-ISCNcVi94117I4_cPnhPQHooLbnI_aem_5ujtAXrcT2Ownk7ASUcaNQ" "Mozilla/5.0 (X11; Linux x86_64) AppleWebKit/537.36 (KHTML, like Gecko) Chrome/134.0.0.0 Safari/537.36"
173.252.95.6 - - [12/Mar/2025:21:50:19 +0000] "GET /wp-includes/js/jquery/jquery.min.js?ver=3.7.1 HTTP/2" 200 29744 "https://webcloude.com/?fbclid=IwZXh0bgNhZW0CMTEAAR1GZ51ZbY-UzuLIFMMrscipDwi6f5-ISCNcVi94117I4_cPnhPQHooLbnI_aem_5ujtAXrcT2Ownk7ASUcaNQ" "Mozilla/5.0 (X11; Linux x86_64) AppleWebKit/537.36 (KHTML, like Gecko) Chrome/134.0.0.0 Safari/537.36"
173.252.95.6 - - [12/Mar/2025:21:50:19 +0000] "GET /wp-content/uploads/2025/03/manager-free-img.png HTTP/2" 200 159354 "https://webcloude.com/?fbclid=IwZXh0bgNhZW0CMTEAAR1GZ51ZbY-UzuLIFMMrscipDwi6f5-ISCNcVi94117I4_cPnhPQHooLbnI_aem_5ujtAXrcT2Ownk7ASUcaNQ" "Mozilla/5.0 (X11; Linux x86_64) AppleWebKit/537.36 (KHTML, like Gecko) Chrome/134.0.0.0 Safari/537.36"
69.63.184.115 - - [12/Mar/2025:21:50:53 +0000] "GET /wp-content/uploads/2019/05/testimonial2-free-img.jpg HTTP/2" 200 10087 "-" "facebookexternalhit/1.1 (+http://www.facebook.com/externalhit_uatext.php)"
2a06:98c0:3600::103 - - [12/Mar/2025:22:09:12 +0000] "GET /wp-admin/setup-config.php HTTP/1.1" 409 1144 "-" "Mozilla/5.0 (Windows NT 10.0; Win64; x64) AppleWebKit/537.36 (KHTML, like Gecko) Chrome/133.0.0.0 Safari/537.36"
72.13.46.5 - - [12/Mar/2025:23:52:12 +0000] "GET / HTTP/1.1" 200 31617 "-" "Mozilla/5.0 (compatible; ips-agent)"
72.13.46.5 - - [12/Mar/2025:23:52:12 +0000] "GET /robots.txt HTTP/1.1" 200 154 "-" "Mozilla/5.0 (compatible; ips-agent)"
72.13.46.5 - - [12/Mar/2025:23:52:13 +0000] "GET /contact-2/ HTTP/1.1" 200 30112 "-" "Mozilla/5.0 (compatible; ips-agent)"
72.13.46.5 - - [12/Mar/2025:23:52:15 +0000] "GET /about-2/ HTTP/1.1" 200 31969 "-" "Mozilla/5.0 (compatible; ips-agent)"
2a06:98c0:3600::103 - - [13/Mar/2025:00:24:52 +0000] "GET /wp-admin/setup-config.php HTTP/1.1" 409 1144 "-" "Mozilla/5.0 (Windows NT 10.0; Win64; x64) AppleWebKit/537.36 (KHTML, like Gecko) Chrome/133.0.0.0 Safari/537.36"
2a06:98c0:3600::103 - - [13/Mar/2025:00:27:15 +0000] "GET /wordpress/wp-admin/setup-config.php HTTP/1.1" 404 25137 "-" "Mozilla/5.0 (Windows NT 10.0; Win64; x64) AppleWebKit/537.36 (KHTML, like Gecko) Chrome/133.0.0.0 Safari/537.36"
65.109.31.236 - - [13/Mar/2025:00:46:55 +0000] "POST /wp-cron.php?doing_wp_cron=1741826815.1799459457397460937500 HTTP/1.1" 200 20 "-" "WordPress/6.7.2; https://webcloude.com"
49.51.33.159 - - [13/Mar/2025:01:04:55 +0000] "GET / HTTP/1.1" 200 31624 "http://www.webcloude.com" "Mozilla/5.0 (iPhone; CPU iPhone OS 13_2_3 like Mac OS X) AppleWebKit/605.1.15 (KHTML, like Gecko) Version/13.0.3 Mobile/15E148 Safari/604.1"
3.17.130.224 - - [13/Mar/2025:01:10:42 +0000] "GET /robots.txt HTTP/2" 200 154 "-" "Mozilla/5.0 AppleWebKit/537.36 (KHTML, like Gecko; compatible; ClaudeBot/1.0; +claudebot@anthropic.com)"
3.17.130.224 - - [13/Mar/2025:01:10:43 +0000] "GET /wp-sitemap.xml HTTP/2" 200 248 "-" "Mozilla/5.0 AppleWebKit/537.36 (KHTML, like Gecko; compatible; ClaudeBot/1.0; +claudebot@anthropic.com)"
3.138.121.247 - - [13/Mar/2025:01:18:07 +0000] "GET /xmlrpc.php HTTP/2" 200 1730 "-" "Mozilla/5.0 AppleWebKit/537.36 (KHTML, like Gecko; compatible; ClaudeBot/1.0; +claudebot@anthropic.com)"
65.109.31.236 - - [13/Mar/2025:01:26:36 +0000] "POST /wp-cron.php?doing_wp_cron=1741829196.0122361183166503906250 HTTP/1.1" 200 20 "-" "WordPress/6.7.2; https://webcloude.com"
65.109.31.236 - - [12/Mar/2025:21:06:58 +0000] "POST /wp-cron.php?doing_wp_cron=1741813617.9815630912780761718750 HTTP/1.1" 200 20 "-" "WordPress/6.7.2; https://webcloude.com"
65.109.31.236 - - [12/Mar/2025:21:13:52 +0000] "POST /wp-cron.php?doing_wp_cron=1741814032.2621159553527832031250 HTTP/1.1" 200 20 "-" "WordPress/6.7.2; https://webcloude.com"
173.252.79.113 - - [12/Mar/2025:21:50:13 +0000] "GET /robots.txt HTTP/2" 200 263 "-" "facebookexternalhit/1.1 (+http://www.facebook.com/externalhit_uatext.php)"
31.13.103.5 - - [12/Mar/2025:21:50:53 +0000] "GET /wp-content/uploads/2025/03/manager-free-img.png HTTP/2" 200 159354 "-" "facebookexternalhit/1.1 (+http://www.facebook.com/externalhit_uatext.php)"
69.171.249.112 - - [12/Mar/2025:21:50:54 +0000] "GET /wp-content/uploads/2025/03/testimonial4-free-img.jpg HTTP/2" 200 8748 "-" "facebookexternalhit/1.1 (+http://www.facebook.com/externalhit_uatext.php)"
65.109.31.236 - - [12/Mar/2025:23:13:20 +0000] "POST /wp-cron.php?doing_wp_cron=1741821200.8394510746002197265625 HTTP/1.1" 200 20 "-" "WordPress/6.7.2; https://webcloude.com"
2a06:98c0:3600::103 - - [13/Mar/2025:00:02:45 +0000] "GET /wordpress/wp-admin/setup-config.php HTTP/1.1" 404 25139 "-" "Mozilla/5.0 (Windows NT 10.0; Win64; x64) AppleWebKit/537.36 (KHTML, like Gecko) Chrome/133.0.0.0 Safari/537.36"
65.109.31.236 - - [13/Mar/2025:00:21:22 +0000] "POST /wp-cron.php?doing_wp_cron=1741825282.4100289344787597656250 HTTP/1.1" 200 20 "-" "WordPress/6.7.2; https://webcloude.com"
65.109.31.236 - - [13/Mar/2025:00:23:15 +0000] "POST /wp-cron.php?doing_wp_cron=1741825395.4771490097045898437500 HTTP/1.1" 200 20 "-" "WordPress/6.7.2; https://webcloude.com"
65.109.31.236 - - [13/Mar/2025:00:27:15 +0000] "POST /wp-cron.php?doing_wp_cron=1741825635.9078879356384277343750 HTTP/1.1" 200 20 "-" "WordPress/6.7.2; https://webcloude.com"
2a06:98c0:3600::103 - - [13/Mar/2025:00:46:35 +0000] "GET /wp-admin/setup-config.php HTTP/1.1" 409 1144 "-" "Mozilla/5.0 (Windows NT 10.0; Win64; x64) AppleWebKit/537.36 (KHTML, like Gecko) Chrome/133.0.0.0 Safari/537.36"
3.142.218.72 - - [13/Mar/2025:01:15:03 +0000] "GET /wp-content/plugins/elementor/assets/css/widget-image.min.css HTTP/2" 200 119 "-" "Mozilla/5.0 AppleWebKit/537.36 (KHTML, like Gecko; compatible; ClaudeBot/1.0; +claudebot@anthropic.com)"
18.188.228.120 - - [13/Mar/2025:01:19:15 +0000] "GET /wp-content/plugins/wpforms-lite/assets/lib/mailcheck.min.js HTTP/2" 200 1615 "-" "Mozilla/5.0 AppleWebKit/537.36 (KHTML, like Gecko; compatible; ClaudeBot/1.0; +claudebot@anthropic.com)"
18.219.218.230 - - [13/Mar/2025:01:20:08 +0000] "GET /wp-content/uploads/2019/05/testimonial1-free-img.jpg HTTP/2" 200 11264 "-" "Mozilla/5.0 AppleWebKit/537.36 (KHTML, like Gecko; compatible; ClaudeBot/1.0; +claudebot@anthropic.com)"
3.129.218.125 - - [13/Mar/2025:01:20:51 +0000] "GET /wp-content/plugins/elementor/assets/js/frontend-modules.min.js HTTP/2" 200 17104 "-" "Mozilla/5.0 AppleWebKit/537.36 (KHTML, like Gecko; compatible; ClaudeBot/1.0; +claudebot@anthropic.com)"
3.136.17.91 - - [13/Mar/2025:01:28:53 +0000] "GET /wp-content/plugins/wpforms-lite/assets/css/frontend/classic/wpforms-base.min.css HTTP/2" 200 6111 "-" "Mozilla/5.0 AppleWebKit/537.36 (KHTML, like Gecko; compatible; ClaudeBot/1.0; +claudebot@anthropic.com)"
3.15.170.216 - - [13/Mar/2025:01:30:31 +0000] "GET /wp-content/plugins/woocommerce/assets/js/sourcebuster/sourcebuster.min.js HTTP/2" 200 4609 "-" "Mozilla/5.0 AppleWebKit/537.36 (KHTML, like Gecko; compatible; ClaudeBot/1.0; +claudebot@anthropic.com)"
134.209.146.211 - - [13/Mar/2025:01:36:44 +0000] "GET / HTTP/1.1" 200 184631 "-" "Mozilla/5.0 (Windows NT 10.0; Win64; x64) AppleWebKit/537.36 (KHTML, like Gecko) Chrome/78.0.3904.108 Safari/537.36"
134.209.146.211 - - [13/Mar/2025:01:36:45 +0000] "GET //wp-includes/wlwmanifest.xml HTTP/1.1" 301 0 "-" "Mozilla/5.0 (Windows NT 10.0; Win64; x64) AppleWebKit/537.36 (KHTML, like Gecko) Chrome/78.0.3904.108 Safari/537.36"
173.252.95.2 - - [12/Mar/2025:21:50:21 +0000] "GET /wp-content/plugins/wpforms-lite/assets/lib/punycode.min.js?ver=1.0.0 HTTP/2" 200 833 "https://webcloude.com/?fbclid=IwZXh0bgNhZW0CMTEAAR1GZ51ZbY-UzuLIFMMrscipDwi6f5-ISCNcVi94117I4_cPnhPQHooLbnI_aem_5ujtAXrcT2Ownk7ASUcaNQ" "Mozilla/5.0 (X11; Linux x86_64) AppleWebKit/537.36 (KHTML, like Gecko) Chrome/134.0.0.0 Safari/537.36"
173.252.95.2 - - [12/Mar/2025:21:50:21 +0000] "GET /wp-content/plugins/woocommerce/assets/js/jquery-blockui/jquery.blockUI.min.js?ver=2.7.0-wc.9.7.1 HTTP/2" 200 3277 "https://webcloude.com/?fbclid=IwZXh0bgNhZW0CMTEAAR1GZ51ZbY-UzuLIFMMrscipDwi6f5-ISCNcVi94117I4_cPnhPQHooLbnI_aem_5ujtAXrcT2Ownk7ASUcaNQ" "Mozilla/5.0 (X11; Linux x86_64) AppleWebKit/537.36 (KHTML, like Gecko) Chrome/134.0.0.0 Safari/537.36"
173.252.95.2 - - [12/Mar/2025:21:50:21 +0000] "GET /wp-content/uploads/2021/03/logo-3.svg HTTP/2" 200 2788 "https://webcloude.com/?fbclid=IwZXh0bgNhZW0CMTEAAR1GZ51ZbY-UzuLIFMMrscipDwi6f5-ISCNcVi94117I4_cPnhPQHooLbnI_aem_5ujtAXrcT2Ownk7ASUcaNQ" "Mozilla/5.0 (X11; Linux x86_64) AppleWebKit/537.36 (KHTML, like Gecko) Chrome/134.0.0.0 Safari/537.36"
173.252.95.2 - - [12/Mar/2025:21:50:21 +0000] "GET /wp-content/uploads/2021/03/logo-5.svg HTTP/2" 200 1361 "https://webcloude.com/?fbclid=IwZXh0bgNhZW0CMTEAAR1GZ51ZbY-UzuLIFMMrscipDwi6f5-ISCNcVi94117I4_cPnhPQHooLbnI_aem_5ujtAXrcT2Ownk7ASUcaNQ" "Mozilla/5.0 (X11; Linux x86_64) AppleWebKit/537.36 (KHTML, like Gecko) Chrome/134.0.0.0 Safari/537.36"
173.252.95.2 - - [12/Mar/2025:21:50:21 +0000] "GET /wp-content/uploads/2019/05/testimonial1-free-img.jpg HTTP/2" 200 11264 "https://webcloude.com/?fbclid=IwZXh0bgNhZW0CMTEAAR1GZ51ZbY-UzuLIFMMrscipDwi6f5-ISCNcVi94117I4_cPnhPQHooLbnI_aem_5ujtAXrcT2Ownk7ASUcaNQ" "Mozilla/5.0 (X11; Linux x86_64) AppleWebKit/537.36 (KHTML, like Gecko) Chrome/134.0.0.0 Safari/537.36"
173.252.95.2 - - [12/Mar/2025:21:50:21 +0000] "GET /wp-content/plugins/presto-player/dist/components/web-components/p-e1255160.js HTTP/2" 200 30 "https://webcloude.com/wp-content/plugins/presto-player/dist/components/web-components/web-components.esm.js?ver=1741603403" "Mozilla/5.0 (X11; Linux x86_64) AppleWebKit/537.36 (KHTML, like Gecko) Chrome/134.0.0.0 Safari/537.36"
173.252.95.2 - - [12/Mar/2025:21:50:22 +0000] "GET /wp-content/plugins/elementor/assets/js/accordion.36aa4c8c4eba17bc8e03.bundle.min.js HTTP/2" 200 1318 "https://webcloude.com/?fbclid=IwZXh0bgNhZW0CMTEAAR1GZ51ZbY-UzuLIFMMrscipDwi6f5-ISCNcVi94117I4_cPnhPQHooLbnI_aem_5ujtAXrcT2Ownk7ASUcaNQ" "Mozilla/5.0 (X11; Linux x86_64) AppleWebKit/537.36 (KHTML, like Gecko) Chrome/134.0.0.0 Safari/537.36"
65.109.31.236 - - [12/Mar/2025:23:13:20 +0000] "POST /wp-cron.php?doing_wp_cron=1741821200.7735950946807861328125 HTTP/1.1" 200 20 "-" "WordPress/6.7.2; https://webcloude.com"
3.15.42.24 - - [13/Mar/2025:01:08:02 +0000] "GET /.git/config HTTP/1.1" 403 1154 "-" "Lynx/2.8.5rel.1 libwww-FM/2.14 SSL-MM/1.4.1 GNUTLS/0.8.12"
18.118.166.152 - - [13/Mar/2025:01:14:03 +0000] "GET /wp-content/themes/astra/assets/css/minified/compatibility/woocommerce/woocommerce-grid.min.css HTTP/2" 200 15143 "-" "Mozilla/5.0 AppleWebKit/537.36 (KHTML, like Gecko; compatible; ClaudeBot/1.0; +claudebot@anthropic.com)"
18.118.166.152 - - [13/Mar/2025:01:14:03 +0000] "GET /wp-json HTTP/2" 200 90220 "-" "Mozilla/5.0 AppleWebKit/537.36 (KHTML, like Gecko; compatible; ClaudeBot/1.0; +claudebot@anthropic.com)"
18.191.22.141 - - [13/Mar/2025:01:33:34 +0000] "GET /wp-content/plugins/wpforms-lite/assets/lib/punycode.min.js HTTP/2" 200 833 "-" "Mozilla/5.0 AppleWebKit/537.36 (KHTML, like Gecko; compatible; ClaudeBot/1.0; +claudebot@anthropic.com)"
3.138.110.109 - - [13/Mar/2025:01:38:53 +0000] "GET /wp-content/uploads/2021/03/logo-5.svg HTTP/2" 200 1361 "-" "Mozilla/5.0 AppleWebKit/537.36 (KHTML, like Gecko; compatible; ClaudeBot/1.0; +claudebot@anthropic.com)"
65.109.31.236 - - [12/Mar/2025:21:06:58 +0000] "POST /wp-cron.php?doing_wp_cron=1741813618.0334219932556152343750 HTTP/1.1" 200 20 "-" "WordPress/6.7.2; https://webcloude.com"
18.119.119.201 - - [12/Mar/2025:21:13:51 +0000] "GET /robots.txt HTTP/2" 200 154 "-" "Mozilla/5.0 AppleWebKit/537.36 (KHTML, like Gecko; compatible; ClaudeBot/1.0; +claudebot@anthropic.com)"
18.119.119.201 - - [12/Mar/2025:21:13:52 +0000] "GET / HTTP/2" 200 31616 "-" "Mozilla/5.0 AppleWebKit/537.36 (KHTML, like Gecko; compatible; ClaudeBot/1.0; +claudebot@anthropic.com)"
65.109.31.236 - - [12/Mar/2025:22:32:09 +0000] "POST /wp-cron.php?doing_wp_cron=1741818729.6831419467926025390625 HTTP/1.1" 200 20 "-" "WordPress/6.7.2; https://webcloude.com"
43.130.40.120 - - [13/Mar/2025:00:03:55 +0000] "GET / HTTP/1.1" 200 31622 "http://webcloude.com" "Mozilla/5.0 (iPhone; CPU iPhone OS 13_2_3 like Mac OS X) AppleWebKit/605.1.15 (KHTML, like Gecko) Version/13.0.3 Mobile/15E148 Safari/604.1"
176.53.219.247 - - [13/Mar/2025:00:21:19 +0000] "GET /merchant/code HTTP/1.1" 404 24889 "-" "Mozilla/5.0 (Windows NT 10.0; Win64; x64) AppleWebKit/537.36 (KHTML, like Gecko) Chrome/94.0.4606.61 Safari/537.36"
176.53.219.247 - - [13/Mar/2025:00:21:19 +0000] "GET /favicon.ico HTTP/1.1" 404 1163 "-" "Mozilla/5.0 (Windows NT 10.0; Win64; x64) AppleWebKit/537.36 (KHTML, like Gecko) Chrome/94.0.4606.61 Safari/537.36"
176.53.219.247 - - [13/Mar/2025:00:21:20 +0000] "GET /3ds.php HTTP/1.1" 404 24883 "-" "Mozilla/5.0 (Windows NT 10.0; Win64; x64) AppleWebKit/537.36 (KHTML, like Gecko) Chrome/94.0.4606.61 Safari/537.36"
176.53.219.247 - - [13/Mar/2025:00:21:21 +0000] "GET /favicon.ico HTTP/1.1" 404 1163 "-" "Mozilla/5.0 (Windows NT 10.0; Win64; x64) AppleWebKit/537.36 (KHTML, like Gecko) Chrome/94.0.4606.61 Safari/537.36"
176.53.219.247 - - [13/Mar/2025:00:21:22 +0000] "GET /merchant/z/payment/?order=1 HTTP/1.1" 404 25135 "-" "Mozilla/5.0 (Windows NT 10.0; Win64; x64) AppleWebKit/537.36 (KHTML, like Gecko) Chrome/94.0.4606.61 Safari/537.36"
176.53.219.247 - - [13/Mar/2025:00:21:22 +0000] "GET /favicon.ico HTTP/1.1" 404 1163 "-" "Mozilla/5.0 (Windows NT 10.0; Win64; x64) AppleWebKit/537.36 (KHTML, like Gecko) Chrome/94.0.4606.61 Safari/537.36"
176.53.219.247 - - [13/Mar/2025:00:21:23 +0000] "GET /3ds1633693954432212 HTTP/1.1" 404 24896 "-" "Mozilla/5.0 (Windows NT 10.0; Win64; x64) AppleWebKit/537.36 (KHTML, like Gecko) Chrome/94.0.4606.61 Safari/537.36"
176.53.219.247 - - [13/Mar/2025:00:21:24 +0000] "GET /favicon.ico HTTP/1.1" 404 1163 "-" "Mozilla/5.0 (Windows NT 10.0; Win64; x64) AppleWebKit/537.36 (KHTML, like Gecko) Chrome/94.0.4606.61 Safari/537.36"
3.17.29.171 - - [13/Mar/2025:01:13:30 +0000] "GET /all-courses-2 HTTP/2" 301 20 "-" "Mozilla/5.0 AppleWebKit/537.36 (KHTML, like Gecko; compatible; ClaudeBot/1.0; +claudebot@anthropic.com)"
3.17.29.171 - - [13/Mar/2025:01:13:31 +0000] "GET /all-courses-2/ HTTP/2" 200 28780 "https://webcloude.com/all-courses-2" "Mozilla/5.0 AppleWebKit/537.36 (KHTML, like Gecko; compatible; ClaudeBot/1.0; +claudebot@anthropic.com)"
3.14.251.115 - - [13/Mar/2025:01:18:29 +0000] "GET /wp-json/oembed/1.0/embed?format=xml&url=https%3A%2F%2Fwebcloude.com%2F HTTP/2" 200 1056 "-" "Mozilla/5.0 AppleWebKit/537.36 (KHTML, like Gecko; compatible; ClaudeBot/1.0; +claudebot@anthropic.com)"
13.58.19.23 - - [13/Mar/2025:01:40:55 +0000] "GET /wp-content/plugins/wpforms-lite/assets/js/frontend/wpforms.min.js HTTP/2" 200 13211 "-" "Mozilla/5.0 AppleWebKit/537.36 (KHTML, like Gecko; compatible; ClaudeBot/1.0; +claudebot@anthropic.com)"
18.190.253.90 - - [13/Mar/2025:01:53:30 +0000] "GET /wp-content/plugins/elementor/assets/css/widget-image-box.min.css HTTP/2" 200 289 "-" "Mozilla/5.0 AppleWebKit/537.36 (KHTML, like Gecko; compatible; ClaudeBot/1.0; +claudebot@anthropic.com)"
65.109.31.236 - - [13/Mar/2025:01:59:15 +0000] "POST /wp-cron.php?doing_wp_cron=1741831155.4052619934082031250000 HTTP/1.1" 200 20 "-" "WordPress/6.7.2; https://webcloude.com"
173.252.95.30 - - [12/Mar/2025:21:50:21 +0000] "GET /wp-includes/js/wp-emoji-release.min.js?ver=6.7.2 HTTP/2" 200 4676 "https://webcloude.com/?fbclid=IwZXh0bgNhZW0CMTEAAR1GZ51ZbY-UzuLIFMMrscipDwi6f5-ISCNcVi94117I4_cPnhPQHooLbnI_aem_5ujtAXrcT2Ownk7ASUcaNQ" "Mozilla/5.0 (X11; Linux x86_64) AppleWebKit/537.36 (KHTML, like Gecko) Chrome/134.0.0.0 Safari/537.36"
69.171.231.115 - - [12/Mar/2025:21:50:53 +0000] "GET /wp-content/uploads/2019/05/testimonial3-free-img.jpg HTTP/2" 200 6731 "-" "facebookexternalhit/1.1 (+http://www.facebook.com/externalhit_uatext.php)"
2a06:98c0:3600::103 - - [12/Mar/2025:22:32:05 +0000] "GET /wordpress/wp-admin/setup-config.php HTTP/1.1" 404 25136 "-" "Mozilla/5.0 (Windows NT 10.0; Win64; x64) AppleWebKit/537.36 (KHTML, like Gecko) Chrome/133.0.0.0 Safari/537.36"
2a06:98c0:3600::103 - - [12/Mar/2025:22:52:50 +0000] "GET /wordpress/wp-admin/setup-config.php HTTP/1.1" 404 25135 "-" "Mozilla/5.0 (Windows NT 10.0; Win64; x64) AppleWebKit/537.36 (KHTML, like Gecko) Chrome/133.0.0.0 Safari/537.36"
2a06:98c0:3600::103 - - [12/Mar/2025:23:15:28 +0000] "GET /wp-admin/setup-config.php HTTP/1.1" 409 1144 "-" "Mozilla/5.0 (Windows NT 10.0; Win64; x64) AppleWebKit/537.36 (KHTML, like Gecko) Chrome/133.0.0.0 Safari/537.36"
65.109.31.236 - - [12/Mar/2025:23:37:27 +0000] "POST /wp-cron.php?doing_wp_cron=1741822647.3613100051879882812500 HTTP/1.1" 200 20 "-" "WordPress/6.7.2; https://webcloude.com"
43.153.12.58 - - [12/Mar/2025:23:58:25 +0000] "GET / HTTP/1.1" 200 31621 "http://www.webcloude.com" "Mozilla/5.0 (iPhone; CPU iPhone OS 13_2_3 like Mac OS X) AppleWebKit/605.1.15 (KHTML, like Gecko) Version/13.0.3 Mobile/15E148 Safari/604.1"
65.109.31.236 - - [13/Mar/2025:00:02:45 +0000] "POST /wp-cron.php?doing_wp_cron=1741824165.8781549930572509765625 HTTP/1.1" 200 20 "-" "WordPress/6.7.2; https://webcloude.com"
43.166.132.142 - - [13/Mar/2025:00:57:47 +0000] "GET / HTTP/1.1" 200 31622 "http://webcloude.com" "Mozilla/5.0 (iPhone; CPU iPhone OS 13_2_3 like Mac OS X) AppleWebKit/605.1.15 (KHTML, like Gecko) Version/13.0.3 Mobile/15E148 Safari/604.1"
3.142.172.253 - - [13/Mar/2025:01:16:36 +0000] "GET /wp-content/plugins/elementor/assets/js/frontend.min.js HTTP/2" 200 13108 "-" "Mozilla/5.0 AppleWebKit/537.36 (KHTML, like Gecko; compatible; ClaudeBot/1.0; +claudebot@anthropic.com)"
52.15.52.104 - - [13/Mar/2025:01:17:33 +0000] "GET /wp-content/themes/astra/assets/js/minified/frontend.min.js HTTP/2" 200 5508 "-" "Mozilla/5.0 AppleWebKit/537.36 (KHTML, like Gecko; compatible; ClaudeBot/1.0; +claudebot@anthropic.com)"
2a06:98c0:3600::103 - - [13/Mar/2025:01:27:21 +0000] "GET /wp-admin/setup-config.php HTTP/1.1" 409 1144 "-" "Mozilla/5.0 (Windows NT 10.0; Win64; x64) AppleWebKit/537.36 (KHTML, like Gecko) Chrome/133.0.0.0 Safari/537.36"
3.17.145.23 - - [13/Mar/2025:01:41:10 +0000] "GET /wp-content/uploads/2025/03/testimonial4-free-img.jpg HTTP/2" 200 8748 "-" "Mozilla/5.0 AppleWebKit/537.36 (KHTML, like Gecko; compatible; ClaudeBot/1.0; +claudebot@anthropic.com)"
18.119.141.194 - - [13/Mar/2025:01:46:42 +0000] "GET /wp-content/plugins/astra-addon/assets/js/minified/purify.min.js HTTP/2" 200 8109 "-" "Mozilla/5.0 AppleWebKit/537.36 (KHTML, like Gecko; compatible; ClaudeBot/1.0; +claudebot@anthropic.com)"
18.218.135.130 - - [13/Mar/2025:01:57:29 +0000] "GET /wp-content/plugins/woocommerce/assets/client/blocks/wc-blocks.css HTTP/2" 200 2367 "-" "Mozilla/5.0 AppleWebKit/537.36 (KHTML, like Gecko; compatible; ClaudeBot/1.0; +claudebot@anthropic.com)"
3.21.185.132 - - [13/Mar/2025:01:59:30 +0000] "GET /wp-content/plugins/woocommerce/assets/js/frontend/woocommerce.min.js HTTP/2" 200 1241 "-" "Mozilla/5.0 AppleWebKit/537.36 (KHTML, like Gecko; compatible; ClaudeBot/1.0; +claudebot@anthropic.com)"
3.129.92.95 - - [13/Mar/2025:02:12:46 +0000] "GET /robots.txt HTTP/2" 200 154 "-" "Mozilla/5.0 AppleWebKit/537.36 (KHTML, like Gecko; compatible; ClaudeBot/1.0; +claudebot@anthropic.com)"
74.125.182.128 - - [12/Mar/2025:21:41:05 +0000] "GET /wp-content/uploads/2019/05/testimonial3-free-img.jpg HTTP/2" 200 6731 "https://webcloude.com/" "Mozilla/5.0 (Windows NT 10.0; Win64; x64) AppleWebKit/537.36 (KHTML, like Gecko) Chrome/133.0.0.0 Safari/537.36"
74.125.182.128 - - [12/Mar/2025:21:41:05 +0000] "GET /wp-content/uploads/2019/05/testimonial2-free-img.jpg HTTP/2" 200 10087 "https://webcloude.com/" "Mozilla/5.0 (Windows NT 10.0; Win64; x64) AppleWebKit/537.36 (KHTML, like Gecko) Chrome/133.0.0.0 Safari/537.36"
2a06:98c0:3600::103 - - [12/Mar/2025:21:48:56 +0000] "GET /wp-admin/setup-config.php HTTP/1.1" 409 1144 "-" "Mozilla/5.0 (Windows NT 10.0; Win64; x64) AppleWebKit/537.36 (KHTML, like Gecko) Chrome/133.0.0.0 Safari/537.36"
65.109.31.236 - - [12/Mar/2025:22:52:50 +0000] "POST /wp-cron.php?doing_wp_cron=1741819970.8571300506591796875000 HTTP/1.1" 200 20 "-" "WordPress/6.7.2; https://webcloude.com"
2a06:98c0:3600::103 - - [13/Mar/2025:01:06:39 +0000] "GET /wordpress/wp-admin/setup-config.php HTTP/1.1" 404 25137 "-" "Mozilla/5.0 (Windows NT 10.0; Win64; x64) AppleWebKit/537.36 (KHTML, like Gecko) Chrome/133.0.0.0 Safari/537.36"
65.109.31.236 - - [13/Mar/2025:01:10:43 +0000] "POST /wp-cron.php?doing_wp_cron=1741828243.4955689907073974609375 HTTP/1.1" 200 20 "-" "WordPress/6.7.2; https://webcloude.com"
3.142.143.97 - - [13/Mar/2025:01:13:27 +0000] "GET /wp-content/plugins/elementor/assets/css/widget-accordion.min.css HTTP/2" 200 377 "-" "Mozilla/5.0 AppleWebKit/537.36 (KHTML, like Gecko; compatible; ClaudeBot/1.0; +claudebot@anthropic.com)"
65.109.31.236 - - [13/Mar/2025:01:13:31 +0000] "POST /wp-cron.php?doing_wp_cron=1741828411.6508750915527343750000 HTTP/1.1" 200 20 "-" "WordPress/6.7.2; https://webcloude.com"
18.118.83.58 - - [13/Mar/2025:01:34:03 +0000] "GET /wp-content/plugins/woocommerce/assets/css/brands.css HTTP/2" 200 579 "-" "Mozilla/5.0 AppleWebKit/537.36 (KHTML, like Gecko; compatible; ClaudeBot/1.0; +claudebot@anthropic.com)"
3.143.217.184 - - [13/Mar/2025:01:39:11 +0000] "GET /wp-includes/js/dist/i18n.min.js HTTP/2" 200 3542 "-" "Mozilla/5.0 AppleWebKit/537.36 (KHTML, like Gecko; compatible; ClaudeBot/1.0; +claudebot@anthropic.com)"
3.133.138.207 - - [13/Mar/2025:01:54:43 +0000] "GET /wp-json/wp/v2/pages/25066 HTTP/2" 200 5369 "-" "Mozilla/5.0 AppleWebKit/537.36 (KHTML, like Gecko; compatible; ClaudeBot/1.0; +claudebot@anthropic.com)"
3.142.94.219 - - [13/Mar/2025:01:56:26 +0000] "GET /wp-content/themes/astra/assets/css/minified/galleries.min.css HTTP/2" 200 311 "-" "Mozilla/5.0 AppleWebKit/537.36 (KHTML, like Gecko; compatible; ClaudeBot/1.0; +claudebot@anthropic.com)"
3.138.120.196 - - [13/Mar/2025:01:59:06 +0000] "GET /wp-includes/js/jquery/ui/core.min.js HTTP/2" 200 6811 "-" "Mozilla/5.0 AppleWebKit/537.36 (KHTML, like Gecko; compatible; ClaudeBot/1.0; +claudebot@anthropic.com)"
3.138.120.196 - - [13/Mar/2025:01:59:06 +0000] "GET /wp-content/uploads/elementor/css/post-24888.css HTTP/2" 200 383 "-" "Mozilla/5.0 AppleWebKit/537.36 (KHTML, like Gecko; compatible; ClaudeBot/1.0; +claudebot@anthropic.com)"
65.109.31.236 - - [13/Mar/2025:02:15:29 +0000] "POST /wp-cron.php?doing_wp_cron=1741832129.6584520339965820312500 HTTP/1.1" 200 20 "-" "WordPress/6.7.2; https://webcloude.com"
52.15.244.213 - - [13/Mar/2025:02:16:40 +0000] "GET /wp-content/plugins/woocommerce/assets/js/frontend/order-attribution.min.js HTTP/2" 200 1006 "-" "Mozilla/5.0 AppleWebKit/537.36 (KHTML, like Gecko; compatible; ClaudeBot/1.0; +claudebot@anthropic.com)"
139.59.227.194 - - [13/Mar/2025:02:18:30 +0000] "GET / HTTP/1.1" 200 184631 "-" "Mozilla/5.0 (Windows NT 10.0; Win64; x64) AppleWebKit/537.36 (KHTML, like Gecko) Chrome/89.0.4389.114 Safari/537.36"
139.59.227.194 - - [13/Mar/2025:02:18:31 +0000] "GET //wp-includes/wlwmanifest.xml HTTP/1.1" 301 0 "-" "Mozilla/5.0 (Windows NT 10.0; Win64; x64) AppleWebKit/537.36 (KHTML, like Gecko) Chrome/89.0.4389.114 Safari/537.36"
3.138.184.254 - - [13/Mar/2025:01:50:08 +0000] "GET /wp-content/plugins/presto-player/src/player/player-static.js HTTP/2" 200 226 "-" "Mozilla/5.0 AppleWebKit/537.36 (KHTML, like Gecko; compatible; ClaudeBot/1.0; +claudebot@anthropic.com)"
3.138.184.254 - - [13/Mar/2025:01:50:08 +0000] "GET /wp-content/plugins/elementor/assets/css/widget-heading.min.css HTTP/2" 200 154 "-" "Mozilla/5.0 AppleWebKit/537.36 (KHTML, like Gecko; compatible; ClaudeBot/1.0; +claudebot@anthropic.com)"
18.219.50.175 - - [13/Mar/2025:01:56:57 +0000] "GET /wp-content/plugins/elementor/assets/css/widget-icon-box.min.css HTTP/2" 200 656 "-" "Mozilla/5.0 AppleWebKit/537.36 (KHTML, like Gecko; compatible; ClaudeBot/1.0; +claudebot@anthropic.com)"
65.109.31.236 - - [13/Mar/2025:02:00:30 +0000] "POST /wp-cron.php?doing_wp_cron=1741831230.9280281066894531250000 HTTP/1.1" 200 20 "-" "WordPress/6.7.2; https://webcloude.com"
3.133.125.131 - - [13/Mar/2025:02:07:44 +0000] "GET /wp-content/plugins/elementor/assets/css/frontend.min.css HTTP/2" 200 6463 "-" "Mozilla/5.0 AppleWebKit/537.36 (KHTML, like Gecko; compatible; ClaudeBot/1.0; +claudebot@anthropic.com)"
2a06:98c0:3600::103 - - [13/Mar/2025:02:11:25 +0000] "GET /wp-admin/setup-config.php HTTP/1.1" 409 1144 "-" "Mozilla/5.0 (Windows NT 10.0; Win64; x64) AppleWebKit/537.36 (KHTML, like Gecko) Chrome/133.0.0.0 Safari/537.36"
65.109.31.236 - - [13/Mar/2025:02:12:46 +0000] "POST /wp-cron.php?doing_wp_cron=1741831966.8458979129791259765625 HTTP/1.1" 200 20 "-" "WordPress/6.7.2; https://webcloude.com"
18.218.240.193 - - [13/Mar/2025:02:15:12 +0000] "GET /wp-content/plugins/wpforms-lite/assets/lib/jquery.validate.min.js HTTP/2" 200 7806 "-" "Mozilla/5.0 AppleWebKit/537.36 (KHTML, like Gecko; compatible; ClaudeBot/1.0; +claudebot@anthropic.com)"
18.218.240.193 - - [13/Mar/2025:02:15:12 +0000] "GET /wp-content/themes/astra/assets/css/minified/main.min.css HTTP/2" 200 8479 "-" "Mozilla/5.0 AppleWebKit/537.36 (KHTML, like Gecko; compatible; ClaudeBot/1.0; +claudebot@anthropic.com)"
3.146.105.93 - - [13/Mar/2025:02:15:33 +0000] "GET /wp-content/plugins/elementor/assets/css/conditionals/shapes.min.css HTTP/2" 200 221 "-" "Mozilla/5.0 AppleWebKit/537.36 (KHTML, like Gecko; compatible; ClaudeBot/1.0; +claudebot@anthropic.com)"
3.146.105.93 - - [13/Mar/2025:02:15:33 +0000] "GET /wp-content/plugins/elementor/assets/lib/font-awesome/css/all.min.css HTTP/2" 200 12380 "-" "Mozilla/5.0 AppleWebKit/537.36 (KHTML, like Gecko; compatible; ClaudeBot/1.0; +claudebot@anthropic.com)"
3.146.105.93 - - [13/Mar/2025:02:15:33 +0000] "GET /wp-content/plugins/elementor/assets/lib/font-awesome/js/v4-shims.min.js HTTP/2" 200 4042 "-" "Mozilla/5.0 AppleWebKit/537.36 (KHTML, like Gecko; compatible; ClaudeBot/1.0; +claudebot@anthropic.com)"
92.113.3.203 - - [13/Mar/2025:02:17:16 +0000] "GET /allsitemap.xml/1111/1111.html HTTP/2" 404 136255 "-" "Mozilla/5.0(compatible;Googlebot/2.1;+http://www.google.com/bot.html)"
103.172.41.147 - - [13/Mar/2025:02:21:03 +0000] "GET //wp-login.php HTTP/2" 200 2020 "-" "Mozilla/5.0 (Windows NT 10.0; Win64; x64) AppleWebKit/537.36 (KHTML, like Gecko) Chrome/133.0.0.0 Safari/537.36"
103.172.41.147 - - [13/Mar/2025:02:21:20 +0000] "GET /wp-admin/css/login.min.css?ver=6.7.2 HTTP/2" 200 1981 "https://webcloude.com//wp-login.php" "Mozilla/5.0 (Windows NT 10.0; Win64; x64) AppleWebKit/537.36 (KHTML, like Gecko) Chrome/133.0.0.0 Safari/537.36"
103.172.41.147 - - [13/Mar/2025:02:21:20 +0000] "GET /wp-includes/js/jquery/jquery.min.js?ver=3.7.1 HTTP/2" 200 29744 "https://webcloude.com//wp-login.php" "Mozilla/5.0 (Windows NT 10.0; Win64; x64) AppleWebKit/537.36 (KHTML, like Gecko) Chrome/133.0.0.0 Safari/537.36"
103.172.41.147 - - [13/Mar/2025:02:21:20 +0000] "GET /wp-includes/js/clipboard.min.js?ver=2.0.11 HTTP/2" 200 2989 "https://webcloude.com//wp-login.php" "Mozilla/5.0 (Windows NT 10.0; Win64; x64) AppleWebKit/537.36 (KHTML, like Gecko) Chrome/133.0.0.0 Safari/537.36"
134.209.146.211 - - [13/Mar/2025:01:36:46 +0000] "GET //xmlrpc.php?rsd HTTP/1.1" 200 23332 "-" "Mozilla/5.0 (Windows NT 10.0; Win64; x64) AppleWebKit/537.36 (KHTML, like Gecko) Chrome/78.0.3904.108 Safari/537.36"
134.209.146.211 - - [13/Mar/2025:01:36:46 +0000] "GET / HTTP/1.1" 200 184631 "-" "Mozilla/5.0 (Windows NT 10.0; Win64; x64) AppleWebKit/537.36 (KHTML, like Gecko) Chrome/78.0.3904.108 Safari/537.36"
134.209.146.211 - - [13/Mar/2025:01:36:46 +0000] "GET //?author=1 HTTP/1.1" 301 0 "-" "Mozilla/5.0 (Windows NT 10.0; Win64; x64) AppleWebKit/537.36 (KHTML, like Gecko) Chrome/78.0.3904.108 Safari/537.36"
134.209.146.211 - - [13/Mar/2025:01:36:47 +0000] "GET //?author=2 HTTP/1.1" 301 0 "-" "Mozilla/5.0 (Windows NT 10.0; Win64; x64) AppleWebKit/537.36 (KHTML, like Gecko) Chrome/78.0.3904.108 Safari/537.36"
134.209.146.211 - - [13/Mar/2025:01:36:47 +0000] "GET //wp-json/wp/v2/users/ HTTP/1.1" 200 1418 "-" "Mozilla/5.0 (Windows NT 10.0; Win64; x64) AppleWebKit/537.36 (KHTML, like Gecko) Chrome/78.0.3904.108 Safari/537.36"
134.209.146.211 - - [13/Mar/2025:01:36:48 +0000] "POST //xmlrpc.php HTTP/1.1" 200 23332 "-" "Mozilla/5.0 (Windows NT 10.0; Win64; x64) AppleWebKit/537.36 (KHTML, like Gecko) Chrome/78.0.3904.108 Safari/537.36"
3.22.41.97 - - [13/Mar/2025:01:49:19 +0000] "GET /wp-content/plugins/elementor/assets/css/widget-testimonial.min.css HTTP/2" 200 296 "-" "Mozilla/5.0 AppleWebKit/537.36 (KHTML, like Gecko; compatible; ClaudeBot/1.0; +claudebot@anthropic.com)"
2a06:98c0:3600::103 - - [13/Mar/2025:01:49:50 +0000] "GET /wordpress/wp-admin/setup-config.php HTTP/1.1" 404 25138 "-" "Mozilla/5.0 (Windows NT 10.0; Win64; x64) AppleWebKit/537.36 (KHTML, like Gecko) Chrome/133.0.0.0 Safari/537.36"
65.109.31.236 - - [13/Mar/2025:01:54:43 +0000] "POST /wp-cron.php?doing_wp_cron=1741830883.8185880184173583984375 HTTP/1.1" 200 20 "-" "WordPress/6.7.2; https://webcloude.com"
18.116.59.154 - - [13/Mar/2025:01:59:14 +0000] "GET /wp-content/themes/astra/assets/css/minified/compatibility/woocommerce/woocommerce-layout-grid.min.css HTTP/2" 200 1829 "-" "Mozilla/5.0 AppleWebKit/537.36 (KHTML, like Gecko; compatible; ClaudeBot/1.0; +claudebot@anthropic.com)"
18.116.59.154 - - [13/Mar/2025:01:59:14 +0000] "GET /contact-2 HTTP/2" 301 20 "-" "Mozilla/5.0 AppleWebKit/537.36 (KHTML, like Gecko; compatible; ClaudeBot/1.0; +claudebot@anthropic.com)"
18.116.59.154 - - [13/Mar/2025:01:59:15 +0000] "GET /contact-2/ HTTP/2" 200 30116 "https://webcloude.com/contact-2" "Mozilla/5.0 AppleWebKit/537.36 (KHTML, like Gecko; compatible; ClaudeBot/1.0; +claudebot@anthropic.com)"
52.15.107.27 - - [13/Mar/2025:02:00:30 +0000] "GET /my-account HTTP/2" 301 20 "-" "Mozilla/5.0 AppleWebKit/537.36 (KHTML, like Gecko; compatible; ClaudeBot/1.0; +claudebot@anthropic.com)"
52.15.107.27 - - [13/Mar/2025:02:00:31 +0000] "GET /my-account/ HTTP/2" 200 27836 "https://webcloude.com/my-account" "Mozilla/5.0 AppleWebKit/537.36 (KHTML, like Gecko; compatible; ClaudeBot/1.0; +claudebot@anthropic.com)"
65.109.31.236 - - [13/Mar/2025:02:09:35 +0000] "POST /wp-cron.php?doing_wp_cron=1741831775.7030050754547119140625 HTTP/1.1" 200 20 "-" "WordPress/6.7.2; https://webcloude.com"
3.137.200.88 - - [13/Mar/2025:02:14:58 +0000] "GET /wp-content/uploads/2021/03/logo-2.svg HTTP/2" 200 3280 "-" "Mozilla/5.0 AppleWebKit/537.36 (KHTML, like Gecko; compatible; ClaudeBot/1.0; +claudebot@anthropic.com)"
3.137.200.88 - - [13/Mar/2025:02:14:58 +0000] "GET /wp-content/uploads/2019/06/learn-dash-white-logo.svg HTTP/2" 200 5000 "-" "Mozilla/5.0 AppleWebKit/537.36 (KHTML, like Gecko; compatible; ClaudeBot/1.0; +claudebot@anthropic.com)"
156.254.127.45 - - [13/Mar/2025:02:24:29 +0000] "GET /wp-admin/css/l10n.min.css?ver=6.7.2 HTTP/1.1" 200 675 "https://webcloude.com//wp-login.php" "Mozilla/5.0 (Windows NT 10.0; Win64; x64) AppleWebKit/537.36 (KHTML, like Gecko) Chrome/109.0.0.0 Safari/537.36"
156.254.127.45 - - [13/Mar/2025:02:24:29 +0000] "GET /wp-admin/css/login.min.css?ver=6.7.2 HTTP/1.1" 200 1981 "https://webcloude.com//wp-login.php" "Mozilla/5.0 (Windows NT 10.0; Win64; x64) AppleWebKit/537.36 (KHTML, like Gecko) Chrome/109.0.0.0 Safari/537.36"
156.254.127.45 - - [13/Mar/2025:02:24:30 +0000] "GET /wp-includes/js/clipboard.min.js?ver=2.0.11 HTTP/1.1" 200 2989 "https://webcloude.com//wp-login.php" "Mozilla/5.0 (Windows NT 10.0; Win64; x64) AppleWebKit/537.36 (KHTML, like Gecko) Chrome/109.0.0.0 Safari/537.36"
156.254.127.45 - - [13/Mar/2025:02:24:30 +0000] "GET /wp-includes/js/jquery/jquery.min.js?ver=3.7.1 HTTP/1.1" 200 29744 "https://webcloude.com//wp-login.php" "Mozilla/5.0 (Windows NT 10.0; Win64; x64) AppleWebKit/537.36 (KHTML, like Gecko) Chrome/109.0.0.0 Safari/537.36"
156.254.127.45 - - [13/Mar/2025:02:24:30 +0000] "GET /wp-includes/js/jquery/jquery-migrate.min.js?ver=3.4.1 HTTP/1.1" 200 4678 "https://webcloude.com//wp-login.php" "Mozilla/5.0 (Windows NT 10.0; Win64; x64) AppleWebKit/537.36 (KHTML, like Gecko) Chrome/109.0.0.0 Safari/537.36"
156.254.127.45 - - [13/Mar/2025:02:24:31 +0000] "GET /wp-includes/js/zxcvbn-async.min.js?ver=1.0 HTTP/1.1" 200 187 "https://webcloude.com//wp-login.php" "Mozilla/5.0 (Windows NT 10.0; Win64; x64) AppleWebKit/537.36 (KHTML, like Gecko) Chrome/109.0.0.0 Safari/537.36"
156.254.127.45 - - [13/Mar/2025:02:24:31 +0000] "GET /wp-admin/images/wordpress-logo.svg?ver=20131107 HTTP/1.1" 200 759 "https://webcloude.com/wp-admin/css/login.min.css?ver=6.7.2" "Mozilla/5.0 (Windows NT 10.0; Win64; x64) AppleWebKit/537.36 (KHTML, like Gecko) Chrome/109.0.0.0 Safari/537.36"
156.254.127.45 - - [13/Mar/2025:02:24:31 +0000] "GET /wp-includes/js/dist/hooks.min.js?ver=4d63a3d491d11ffd8ac6 HTTP/1.1" 200 1571 "https://webcloude.com//wp-login.php" "Mozilla/5.0 (Windows NT 10.0; Win64; x64) AppleWebKit/537.36 (KHTML, like Gecko) Chrome/109.0.0.0 Safari/537.36"
156.254.127.45 - - [13/Mar/2025:02:24:32 +0000] "GET /wp-includes/js/dist/i18n.min.js?ver=5e580eb46a90c2b997e6 HTTP/1.1" 200 3542 "https://webcloude.com//wp-login.php" "Mozilla/5.0 (Windows NT 10.0; Win64; x64) AppleWebKit/537.36 (KHTML, like Gecko) Chrome/109.0.0.0 Safari/537.36"
156.254.127.45 - - [13/Mar/2025:02:24:32 +0000] "GET /wp-admin/js/password-strength-meter.min.js?ver=6.7.2 HTTP/1.1" 200 558 "https://webcloude.com//wp-login.php" "Mozilla/5.0 (Windows NT 10.0; Win64; x64) AppleWebKit/537.36 (KHTML, like Gecko) Chrome/109.0.0.0 Safari/537.36"
156.254.127.45 - - [13/Mar/2025:02:24:32 +0000] "GET /wp-includes/js/underscore.min.js?ver=1.13.7 HTTP/1.1" 200 7197 "https://webcloude.com//wp-login.php" "Mozilla/5.0 (Windows NT 10.0; Win64; x64) AppleWebKit/537.36 (KHTML, like Gecko) Chrome/109.0.0.0 Safari/537.36"
156.254.127.45 - - [13/Mar/2025:02:24:32 +0000] "GET /wp-includes/js/wp-util.min.js?ver=6.7.2 HTTP/1.1" 200 690 "https://webcloude.com//wp-login.php" "Mozilla/5.0 (Windows NT 10.0; Win64; x64) AppleWebKit/537.36 (KHTML, like Gecko) Chrome/109.0.0.0 Safari/537.36"
156.254.127.45 - - [13/Mar/2025:02:24:32 +0000] "GET /wp-includes/js/dist/dom-ready.min.js?ver=f77871ff7694fffea381 HTTP/1.1" 200 275 "https://webcloude.com//wp-login.php" "Mozilla/5.0 (Windows NT 10.0; Win64; x64) AppleWebKit/537.36 (KHTML, like Gecko) Chrome/109.0.0.0 Safari/537.36"
156.254.127.45 - - [13/Mar/2025:02:24:32 +0000] "GET /wp-includes/js/dist/a11y.min.js?ver=3156534cc54473497e14 HTTP/1.1" 200 827 "https://webcloude.com//wp-login.php" "Mozilla/5.0 (Windows NT 10.0; Win64; x64) AppleWebKit/537.36 (KHTML, like Gecko) Chrome/109.0.0.0 Safari/537.36"
156.254.127.45 - - [13/Mar/2025:02:24:33 +0000] "GET /wp-admin/js/user-profile.min.js?ver=6.7.2 HTTP/1.1" 200 2388 "https://webcloude.com//wp-login.php" "Mozilla/5.0 (Windows NT 10.0; Win64; x64) AppleWebKit/537.36 (KHTML, like Gecko) Chrome/109.0.0.0 Safari/537.36"
156.254.127.45 - - [13/Mar/2025:02:24:33 +0000] "GET /favicon.ico HTTP/1.1" 404 1163 "https://webcloude.com//wp-login.php" "Mozilla/5.0 (Windows NT 10.0; Win64; x64) AppleWebKit/537.36 (KHTML, like Gecko) Chrome/109.0.0.0 Safari/537.36"
103.172.41.147 - - [13/Mar/2025:02:21:20 +0000] "GET /wp-includes/js/jquery/jquery-migrate.min.js?ver=3.4.1 HTTP/2" 200 4678 "https://webcloude.com//wp-login.php" "Mozilla/5.0 (Windows NT 10.0; Win64; x64) AppleWebKit/537.36 (KHTML, like Gecko) Chrome/133.0.0.0 Safari/537.36"
103.172.41.147 - - [13/Mar/2025:02:21:20 +0000] "GET /wp-includes/js/dist/hooks.min.js?ver=4d63a3d491d11ffd8ac6 HTTP/2" 200 1571 "https://webcloude.com//wp-login.php" "Mozilla/5.0 (Windows NT 10.0; Win64; x64) AppleWebKit/537.36 (KHTML, like Gecko) Chrome/133.0.0.0 Safari/537.36"
103.172.41.147 - - [13/Mar/2025:02:21:20 +0000] "GET /wp-includes/js/zxcvbn-async.min.js?ver=1.0 HTTP/2" 200 187 "https://webcloude.com//wp-login.php" "Mozilla/5.0 (Windows NT 10.0; Win64; x64) AppleWebKit/537.36 (KHTML, like Gecko) Chrome/133.0.0.0 Safari/537.36"
103.172.41.147 - - [13/Mar/2025:02:21:20 +0000] "GET /wp-includes/js/dist/i18n.min.js?ver=5e580eb46a90c2b997e6 HTTP/2" 200 3542 "https://webcloude.com//wp-login.php" "Mozilla/5.0 (Windows NT 10.0; Win64; x64) AppleWebKit/537.36 (KHTML, like Gecko) Chrome/133.0.0.0 Safari/537.36"
103.172.41.147 - - [13/Mar/2025:02:21:21 +0000] "GET /wp-admin/js/password-strength-meter.min.js?ver=6.7.2 HTTP/2" 200 558 "https://webcloude.com//wp-login.php" "Mozilla/5.0 (Windows NT 10.0; Win64; x64) AppleWebKit/537.36 (KHTML, like Gecko) Chrome/133.0.0.0 Safari/537.36"
103.172.41.147 - - [13/Mar/2025:02:21:21 +0000] "GET /wp-admin/images/wordpress-logo.svg?ver=20131107 HTTP/2" 200 759 "https://webcloude.com/wp-admin/css/login.min.css?ver=6.7.2" "Mozilla/5.0 (Windows NT 10.0; Win64; x64) AppleWebKit/537.36 (KHTML, like Gecko) Chrome/133.0.0.0 Safari/537.36"
103.172.41.147 - - [13/Mar/2025:02:21:21 +0000] "GET /wp-includes/js/underscore.min.js?ver=1.13.7 HTTP/2" 200 7197 "https://webcloude.com//wp-login.php" "Mozilla/5.0 (Windows NT 10.0; Win64; x64) AppleWebKit/537.36 (KHTML, like Gecko) Chrome/133.0.0.0 Safari/537.36"
103.172.41.147 - - [13/Mar/2025:02:21:21 +0000] "GET /wp-includes/js/wp-util.min.js?ver=6.7.2 HTTP/2" 200 690 "https://webcloude.com//wp-login.php" "Mozilla/5.0 (Windows NT 10.0; Win64; x64) AppleWebKit/537.36 (KHTML, like Gecko) Chrome/133.0.0.0 Safari/537.36"
103.172.41.147 - - [13/Mar/2025:02:21:21 +0000] "GET /wp-includes/js/dist/dom-ready.min.js?ver=f77871ff7694fffea381 HTTP/2" 200 275 "https://webcloude.com//wp-login.php" "Mozilla/5.0 (Windows NT 10.0; Win64; x64) AppleWebKit/537.36 (KHTML, like Gecko) Chrome/133.0.0.0 Safari/537.36"
103.172.41.147 - - [13/Mar/2025:02:21:21 +0000] "GET /wp-includes/js/dist/a11y.min.js?ver=3156534cc54473497e14 HTTP/2" 200 827 "https://webcloude.com//wp-login.php" "Mozilla/5.0 (Windows NT 10.0; Win64; x64) AppleWebKit/537.36 (KHTML, like Gecko) Chrome/133.0.0.0 Safari/537.36"
103.172.41.147 - - [13/Mar/2025:02:21:21 +0000] "GET /wp-admin/js/user-profile.min.js?ver=6.7.2 HTTP/2" 200 2388 "https://webcloude.com//wp-login.php" "Mozilla/5.0 (Windows NT 10.0; Win64; x64) AppleWebKit/537.36 (KHTML, like Gecko) Chrome/133.0.0.0 Safari/537.36"
103.172.41.147 - - [13/Mar/2025:02:21:26 +0000] "GET /favicon.ico HTTP/2" 404 1163 "https://webcloude.com//wp-login.php" "Mozilla/5.0 (Windows NT 10.0; Win64; x64) AppleWebKit/537.36 (KHTML, like Gecko) Chrome/133.0.0.0 Safari/537.36"
103.172.41.147 - - [13/Mar/2025:02:21:26 +0000] "GET /wp-includes/js/zxcvbn.min.js HTTP/2" 200 389493 "https://webcloude.com//wp-login.php" "Mozilla/5.0 (Windows NT 10.0; Win64; x64) AppleWebKit/537.36 (KHTML, like Gecko) Chrome/133.0.0.0 Safari/537.36"
65.109.31.236 - - [13/Mar/2025:02:22:17 +0000] "POST /wp-cron.php?doing_wp_cron=1741832537.2119541168212890625000 HTTP/1.1" 200 20 "-" "WordPress/6.7.2; https://webcloude.com"
65.109.31.236 - - [13/Mar/2025:02:33:14 +0000] "POST /wp-cron.php?doing_wp_cron=1741833194.2382009029388427734375 HTTP/1.1" 200 20 "-" "WordPress/6.7.2; https://webcloude.com"
65.109.31.236 - - [13/Mar/2025:02:03:36 +0000] "POST /wp-cron.php?doing_wp_cron=1741831416.6689579486846923828125 HTTP/1.1" 200 20 "-" "WordPress/6.7.2; https://webcloude.com"
18.119.1.182 - - [13/Mar/2025:02:03:35 +0000] "GET /wp-json/oembed/1.0/embed?url=https%3A%2F%2Fwebcloude.com%2F HTTP/2" 200 1019 "-" "Mozilla/5.0 AppleWebKit/537.36 (KHTML, like Gecko; compatible; ClaudeBot/1.0; +claudebot@anthropic.com)"
202.155.187.11 - - [13/Mar/2025:02:15:43 +0000] "GET /allsitemap.xml/1111/1111.html HTTP/2" 404 136255 "-" "Mozilla/5.0(compatible;Googlebot/2.1;+http://www.google.com/bot.html)"
65.109.31.236 - - [13/Mar/2025:02:33:14 +0000] "POST /wp-cron.php?doing_wp_cron=1741833194.1701869964599609375000 HTTP/1.1" 200 20 "-" "WordPress/6.7.2; https://webcloude.com"
156.254.127.45 - - [13/Mar/2025:02:44:31 +0000] "POST /wp-login.php HTTP/1.1" 302 20 "https://webcloude.com//wp-login.php" "Mozilla/5.0 (Windows NT 10.0; Win64; x64) AppleWebKit/537.36 (KHTML, like Gecko) Chrome/109.0.0.0 Safari/537.36"
156.254.127.45 - - [13/Mar/2025:02:44:33 +0000] "GET /wp-includes/js/thickbox/thickbox.css?ver=6.7.2 HTTP/1.1" 200 824 "https://webcloude.com/wp-admin/" "Mozilla/5.0 (Windows NT 10.0; Win64; x64) AppleWebKit/537.36 (KHTML, like Gecko) Chrome/109.0.0.0 Safari/537.36"
156.254.127.45 - - [13/Mar/2025:02:44:33 +0000] "GET /wp-content/plugins/woocommerce/assets/css/brands-admin.css?ver=9.7.1 HTTP/1.1" 200 61 "https://webcloude.com/wp-admin/" "Mozilla/5.0 (Windows NT 10.0; Win64; x64) AppleWebKit/537.36 (KHTML, like Gecko) Chrome/109.0.0.0 Safari/537.36"
156.254.127.45 - - [13/Mar/2025:02:44:33 +0000] "GET /wp-content/plugins/wpforms-lite/assets/lite/css/dashboard-education.min.css?ver=1.9.4.1 HTTP/1.1" 200 3641 "https://webcloude.com/wp-admin/" "Mozilla/5.0 (Windows NT 10.0; Win64; x64) AppleWebKit/537.36 (KHTML, like Gecko) Chrome/109.0.0.0 Safari/537.36"
156.254.127.45 - - [13/Mar/2025:02:44:33 +0000] "GET /wp-content/plugins/elementor/assets/css/common.min.css?ver=3.27.6 HTTP/1.1" 200 3070 "https://webcloude.com/wp-admin/" "Mozilla/5.0 (Windows NT 10.0; Win64; x64) AppleWebKit/537.36 (KHTML, like Gecko) Chrome/109.0.0.0 Safari/537.36"
156.254.127.45 - - [13/Mar/2025:02:44:33 +0000] "GET /wp-content/plugins/checkout-plugins-stripe-woo/admin/assets/css/notices.css?ver=1.10.1 HTTP/1.1" 200 843 "https://webcloude.com/wp-admin/" "Mozilla/5.0 (Windows NT 10.0; Win64; x64) AppleWebKit/537.36 (KHTML, like Gecko) Chrome/109.0.0.0 Safari/537.36"
156.254.127.45 - - [13/Mar/2025:02:44:33 +0000] "GET /wp-content/plugins/wpforms-lite/assets/lib/jquery.confirm/jquery-confirm.min.css?ver=1.0.0 HTTP/1.1" 200 2864 "https://webcloude.com/wp-admin/" "Mozilla/5.0 (Windows NT 10.0; Win64; x64) AppleWebKit/537.36 (KHTML, like Gecko) Chrome/109.0.0.0 Safari/537.36"
156.254.127.45 - - [13/Mar/2025:02:44:33 +0000] "GET /wp-content/plugins/cartflows/admin/assets/css/notices.css?ver=2.1.8 HTTP/1.1" 200 628 "https://webcloude.com/wp-admin/" "Mozilla/5.0 (Windows NT 10.0; Win64; x64) AppleWebKit/537.36 (KHTML, like Gecko) Chrome/109.0.0.0 Safari/537.36"
156.254.127.45 - - [13/Mar/2025:02:44:33 +0000] "GET /wp-content/plugins/elementor/assets/lib/eicons/css/elementor-icons.min.css?ver=5.35.0 HTTP/1.1" 200 3790 "https://webcloude.com/wp-admin/" "Mozilla/5.0 (Windows NT 10.0; Win64; x64) AppleWebKit/537.36 (KHTML, like Gecko) Chrome/109.0.0.0 Safari/537.36"
156.254.127.45 - - [13/Mar/2025:02:44:33 +0000] "GET /wp-content/plugins/woocommerce/assets/css/dashboard.css?ver=9.7.1 HTTP/1.1" 200 1163 "https://webcloude.com/wp-admin/" "Mozilla/5.0 (Windows NT 10.0; Win64; x64) AppleWebKit/537.36 (KHTML, like Gecko) Chrome/109.0.0.0 Safari/537.36"
156.254.127.45 - - [13/Mar/2025:02:44:33 +0000] "GET /wp-content/plugins/wpforms-lite/assets/css/admin-bar.min.css?ver=1.9.4.1 HTTP/1.1" 200 393 "https://webcloude.com/wp-admin/" "Mozilla/5.0 (Windows NT 10.0; Win64; x64) AppleWebKit/537.36 (KHTML, like Gecko) Chrome/109.0.0.0 Safari/537.36"
156.254.127.45 - - [13/Mar/2025:02:44:33 +0000] "GET /wp-content/plugins/wpforms-lite/assets/css/dashboard-widget.min.css?ver=1.9.4.1 HTTP/1.1" 200 2254 "https://webcloude.com/wp-admin/" "Mozilla/5.0 (Windows NT 10.0; Win64; x64) AppleWebKit/537.36 (KHTML, like Gecko) Chrome/109.0.0.0 Safari/537.36"
156.254.127.45 - - [13/Mar/2025:02:44:33 +0000] "GET /wp-content/plugins/elementor/assets/css/theme-light.min.css?ver=3.27.6 HTTP/1.1" 200 672 "https://webcloude.com/wp-admin/" "Mozilla/5.0 (Windows NT 10.0; Win64; x64) AppleWebKit/537.36 (KHTML, like Gecko) Chrome/109.0.0.0 Safari/537.36"
156.254.127.45 - - [13/Mar/2025:02:44:33 +0000] "GET /wp-content/plugins/woocommerce/assets/css/menu.css?ver=9.7.1 HTTP/1.1" 200 1054 "https://webcloude.com/wp-admin/" "Mozilla/5.0 (Windows NT 10.0; Win64; x64) AppleWebKit/537.36 (KHTML, like Gecko) Chrome/109.0.0.0 Safari/537.36"
156.254.127.45 - - [13/Mar/2025:02:44:33 +0000] "GET /wp-content/plugins/cartflows/libraries/cartflows-plugin-update-notifications/update-notifications.css?ver=2.1.8 HTTP/1.1" 200 306 "https://webcloude.com/wp-admin/" "Mozilla/5.0 (Windows NT 10.0; Win64; x64) AppleWebKit/537.36 (KHTML, like Gecko) Chrome/109.0.0.0 Safari/537.36"
156.254.127.45 - - [13/Mar/2025:02:44:33 +0000] "GET /wp-admin/load-styles.php?c=0&dir=ltr&load%5B%5D=common,forms&ver=you_wp_version HTTP/1.1" 200 18908 "https://webcloude.com/wp-admin/" "Mozilla/5.0 (Windows NT 10.0; Win64; x64) AppleWebKit/537.36 (KHTML, like Gecko) Chrome/109.0.0.0 Safari/537.36"
156.254.127.45 - - [13/Mar/2025:02:44:32 +0000] "GET /wp-admin/ HTTP/1.1" 200 44394 "https://webcloude.com//wp-login.php" "Mozilla/5.0 (Windows NT 10.0; Win64; x64) AppleWebKit/537.36 (KHTML, like Gecko) Chrome/109.0.0.0 Safari/537.36"
156.254.127.45 - - [13/Mar/2025:02:44:33 +0000] "GET /wp-admin/load-styles.php?c=0&dir=ltr&load%5Bchunk_0%5D=dashicons,admin-bar,site-health,common,forms,admin-menu,dashboard,list-tables,edit,revisions,media,themes,about,nav-menus,wp-poi&load%5Bchunk_1%5D=nter,widgets,site-icon,l10n,buttons,wp-auth-check&ver=6.7.2 HTTP/1.1" 200 102461 "https://webcloude.com/wp-admin/" "Mozilla/5.0 (Windows NT 10.0; Win64; x64) AppleWebKit/537.36 (KHTML, like Gecko) Chrome/109.0.0.0 Safari/537.36"
156.254.127.45 - - [13/Mar/2025:02:44:33 +0000] "GET /wp-content/plugins/wpforms-lite/assets/lib/font-awesome/font-awesome.min.css?ver=4.7.0 HTTP/1.1" 200 6701 "https://webcloude.com/wp-admin/" "Mozilla/5.0 (Windows NT 10.0; Win64; x64) AppleWebKit/537.36 (KHTML, like Gecko) Chrome/109.0.0.0 Safari/537.36"
156.254.127.45 - - [13/Mar/2025:02:44:33 +0000] "GET /wp-content/plugins/astra-sites/inc/lib/zip-ai/sidebar/build/sidebar-app.css?ver=2.0.2 HTTP/1.1" 200 5046 "https://webcloude.com/wp-admin/" "Mozilla/5.0 (Windows NT 10.0; Win64; x64) AppleWebKit/537.36 (KHTML, like Gecko) Chrome/109.0.0.0 Safari/537.36"
156.254.127.45 - - [13/Mar/2025:02:44:33 +0000] "GET /wp-content/plugins/elementor/assets/css/admin.min.css?ver=3.27.6 HTTP/1.1" 200 11049 "https://webcloude.com/wp-admin/" "Mozilla/5.0 (Windows NT 10.0; Win64; x64) AppleWebKit/537.36 (KHTML, like Gecko) Chrome/109.0.0.0 Safari/537.36"
