????

Your IP : 18.116.62.210


Current Path : /home/webcloude/access-logs/
Upload File :
Current File : /home/webcloude/access-logs/webcloude.com-ssl_log

43.156.43.77 - - [11/Mar/2025:22:21:09 +0000] "POST /wp-login.php HTTP/1.1" 200 6021 "-" "Mozilla/5.0"
43.156.43.77 - - [11/Mar/2025:22:26:42 +0000] "POST /wp-login.php HTTP/1.1" 200 6021 "-" "Mozilla/5.0"
43.156.43.77 - - [11/Mar/2025:22:54:20 +0000] "POST /wp-login.php HTTP/1.1" 200 6021 "-" "Mozilla/5.0"
2a06:98c0:3600::103 - - [11/Mar/2025:22:56:04 +0000] "GET /wp-admin/setup-config.php HTTP/1.1" 409 1144 "-" "Mozilla/5.0 (Windows NT 10.0; Win64; x64) AppleWebKit/537.36 (KHTML, like Gecko) Chrome/133.0.0.0 Safari/537.36"
43.156.43.77 - - [11/Mar/2025:23:00:03 +0000] "POST /wp-login.php HTTP/1.1" 200 6021 "-" "Mozilla/5.0"
45.90.60.231 - - [11/Mar/2025:23:39:55 +0000] "GET /merchant/z/payment/?order=1 HTTP/1.1" 404 25117 "-" "Mozilla/5.0 (Windows NT 10.0; Win64; x64) AppleWebKit/537.36 (KHTML, like Gecko) Chrome/94.0.4606.61 Safari/537.36"
45.90.60.231 - - [11/Mar/2025:23:39:55 +0000] "GET /favicon.ico HTTP/1.1" 404 1163 "-" "Mozilla/5.0 (Windows NT 10.0; Win64; x64) AppleWebKit/537.36 (KHTML, like Gecko) Chrome/94.0.4606.61 Safari/537.36"
45.90.60.231 - - [11/Mar/2025:23:39:56 +0000] "GET /3ds.php HTTP/1.1" 404 24883 "-" "Mozilla/5.0 (Windows NT 10.0; Win64; x64) AppleWebKit/537.36 (KHTML, like Gecko) Chrome/94.0.4606.61 Safari/537.36"
45.90.60.231 - - [11/Mar/2025:23:39:56 +0000] "GET /favicon.ico HTTP/1.1" 404 1163 "-" "Mozilla/5.0 (Windows NT 10.0; Win64; x64) AppleWebKit/537.36 (KHTML, like Gecko) Chrome/94.0.4606.61 Safari/537.36"
45.90.60.231 - - [11/Mar/2025:23:39:57 +0000] "GET /merchant/code HTTP/1.1" 404 24888 "-" "Mozilla/5.0 (Windows NT 10.0; Win64; x64) AppleWebKit/537.36 (KHTML, like Gecko) Chrome/94.0.4606.61 Safari/537.36"
45.90.60.231 - - [11/Mar/2025:23:39:58 +0000] "GET /favicon.ico HTTP/1.1" 404 1163 "-" "Mozilla/5.0 (Windows NT 10.0; Win64; x64) AppleWebKit/537.36 (KHTML, like Gecko) Chrome/94.0.4606.61 Safari/537.36"
45.90.60.231 - - [11/Mar/2025:23:39:58 +0000] "GET /3ds1633693954432212 HTTP/1.1" 404 24893 "-" "Mozilla/5.0 (Windows NT 10.0; Win64; x64) AppleWebKit/537.36 (KHTML, like Gecko) Chrome/94.0.4606.61 Safari/537.36"
45.90.60.231 - - [11/Mar/2025:23:39:59 +0000] "GET /favicon.ico HTTP/1.1" 404 1163 "-" "Mozilla/5.0 (Windows NT 10.0; Win64; x64) AppleWebKit/537.36 (KHTML, like Gecko) Chrome/94.0.4606.61 Safari/537.36"
2a06:98c0:3600::103 - - [12/Mar/2025:00:11:05 +0000] "GET /wordpress/wp-admin/setup-config.php HTTP/1.1" 404 25105 "-" "Mozilla/5.0 (Windows NT 10.0; Win64; x64) AppleWebKit/537.36 (KHTML, like Gecko) Chrome/133.0.0.0 Safari/537.36"
157.230.38.106 - - [12/Mar/2025:00:19:40 +0000] "GET / HTTP/1.1" 200 184631 "-" "Mozilla/5.0 (Windows NT 10.0; Win64; x64) AppleWebKit/537.36 (KHTML, like Gecko) Chrome/89.0.4389.114 Safari/537.36"
157.230.38.106 - - [12/Mar/2025:00:19:41 +0000] "GET //wp-includes/wlwmanifest.xml HTTP/1.1" 301 0 "-" "Mozilla/5.0 (Windows NT 10.0; Win64; x64) AppleWebKit/537.36 (KHTML, like Gecko) Chrome/89.0.4389.114 Safari/537.36"
157.230.38.106 - - [12/Mar/2025:00:19:41 +0000] "GET //xmlrpc.php?rsd HTTP/1.1" 200 23331 "-" "Mozilla/5.0 (Windows NT 10.0; Win64; x64) AppleWebKit/537.36 (KHTML, like Gecko) Chrome/89.0.4389.114 Safari/537.36"
157.230.38.106 - - [12/Mar/2025:00:19:41 +0000] "GET / HTTP/1.1" 200 184631 "-" "Mozilla/5.0 (Windows NT 10.0; Win64; x64) AppleWebKit/537.36 (KHTML, like Gecko) Chrome/89.0.4389.114 Safari/537.36"
157.230.38.106 - - [12/Mar/2025:00:19:42 +0000] "GET //?author=1 HTTP/1.1" 301 0 "-" "Mozilla/5.0 (Windows NT 10.0; Win64; x64) AppleWebKit/537.36 (KHTML, like Gecko) Chrome/89.0.4389.114 Safari/537.36"
157.230.38.106 - - [12/Mar/2025:00:19:42 +0000] "GET //?author=2 HTTP/1.1" 301 0 "-" "Mozilla/5.0 (Windows NT 10.0; Win64; x64) AppleWebKit/537.36 (KHTML, like Gecko) Chrome/89.0.4389.114 Safari/537.36"
157.230.38.106 - - [12/Mar/2025:00:19:42 +0000] "GET //?author=3 HTTP/1.1" 301 0 "-" "Mozilla/5.0 (Windows NT 10.0; Win64; x64) AppleWebKit/537.36 (KHTML, like Gecko) Chrome/89.0.4389.114 Safari/537.36"
157.230.38.106 - - [11/Mar/2025:22:31:26 +0000] "GET / HTTP/1.1" 200 184631 "-" "Mozilla/5.0 (Windows NT 10.0; Win64; x64) AppleWebKit/537.36 (KHTML, like Gecko) Chrome/89.0.4389.114 Safari/537.36"
157.230.38.106 - - [11/Mar/2025:22:31:27 +0000] "GET //wp-includes/wlwmanifest.xml HTTP/1.1" 301 0 "-" "Mozilla/5.0 (Windows NT 10.0; Win64; x64) AppleWebKit/537.36 (KHTML, like Gecko) Chrome/89.0.4389.114 Safari/537.36"
157.230.38.106 - - [11/Mar/2025:22:31:28 +0000] "GET //xmlrpc.php?rsd HTTP/1.1" 200 23331 "-" "Mozilla/5.0 (Windows NT 10.0; Win64; x64) AppleWebKit/537.36 (KHTML, like Gecko) Chrome/89.0.4389.114 Safari/537.36"
157.230.38.106 - - [11/Mar/2025:22:31:28 +0000] "GET / HTTP/1.1" 200 184631 "-" "Mozilla/5.0 (Windows NT 10.0; Win64; x64) AppleWebKit/537.36 (KHTML, like Gecko) Chrome/89.0.4389.114 Safari/537.36"
157.230.38.106 - - [11/Mar/2025:22:31:29 +0000] "GET //?author=1 HTTP/1.1" 301 0 "-" "Mozilla/5.0 (Windows NT 10.0; Win64; x64) AppleWebKit/537.36 (KHTML, like Gecko) Chrome/89.0.4389.114 Safari/537.36"
157.230.38.106 - - [11/Mar/2025:22:31:30 +0000] "GET //?author=2 HTTP/1.1" 301 0 "-" "Mozilla/5.0 (Windows NT 10.0; Win64; x64) AppleWebKit/537.36 (KHTML, like Gecko) Chrome/89.0.4389.114 Safari/537.36"
157.230.38.106 - - [11/Mar/2025:22:31:30 +0000] "GET //?author=3 HTTP/1.1" 301 0 "-" "Mozilla/5.0 (Windows NT 10.0; Win64; x64) AppleWebKit/537.36 (KHTML, like Gecko) Chrome/89.0.4389.114 Safari/537.36"
157.230.38.106 - - [11/Mar/2025:22:31:31 +0000] "GET //wp-json/wp/v2/users/ HTTP/1.1" 200 1418 "-" "Mozilla/5.0 (Windows NT 10.0; Win64; x64) AppleWebKit/537.36 (KHTML, like Gecko) Chrome/89.0.4389.114 Safari/537.36"
157.230.38.106 - - [11/Mar/2025:22:31:31 +0000] "POST //xmlrpc.php HTTP/1.1" 200 23331 "-" "Mozilla/5.0 (Windows NT 10.0; Win64; x64) AppleWebKit/537.36 (KHTML, like Gecko) Chrome/89.0.4389.114 Safari/537.36"
35.185.14.235 - - [11/Mar/2025:22:35:36 +0000] "GET / HTTP/1.1" 200 184631 "-" "Mozilla/5.0 (Windows NT 10.0; Win64; x64) AppleWebKit/537.36 (KHTML, like Gecko) Chrome/78.0.3904.108 Safari/537.36"
35.185.14.235 - - [11/Mar/2025:22:35:37 +0000] "GET //wp-includes/wlwmanifest.xml HTTP/1.1" 301 0 "-" "Mozilla/5.0 (Windows NT 10.0; Win64; x64) AppleWebKit/537.36 (KHTML, like Gecko) Chrome/78.0.3904.108 Safari/537.36"
35.185.14.235 - - [11/Mar/2025:22:35:37 +0000] "GET //xmlrpc.php?rsd HTTP/1.1" 200 23330 "-" "Mozilla/5.0 (Windows NT 10.0; Win64; x64) AppleWebKit/537.36 (KHTML, like Gecko) Chrome/78.0.3904.108 Safari/537.36"
35.185.14.235 - - [11/Mar/2025:22:35:37 +0000] "GET / HTTP/1.1" 200 184631 "-" "Mozilla/5.0 (Windows NT 10.0; Win64; x64) AppleWebKit/537.36 (KHTML, like Gecko) Chrome/78.0.3904.108 Safari/537.36"
35.185.14.235 - - [11/Mar/2025:22:35:38 +0000] "GET //?author=1 HTTP/1.1" 301 0 "-" "Mozilla/5.0 (Windows NT 10.0; Win64; x64) AppleWebKit/537.36 (KHTML, like Gecko) Chrome/78.0.3904.108 Safari/537.36"
35.185.14.235 - - [11/Mar/2025:22:35:38 +0000] "GET //?author=2 HTTP/1.1" 301 0 "-" "Mozilla/5.0 (Windows NT 10.0; Win64; x64) AppleWebKit/537.36 (KHTML, like Gecko) Chrome/78.0.3904.108 Safari/537.36"
35.185.14.235 - - [11/Mar/2025:22:35:38 +0000] "GET //wp-json/wp/v2/users/ HTTP/1.1" 200 1418 "-" "Mozilla/5.0 (Windows NT 10.0; Win64; x64) AppleWebKit/537.36 (KHTML, like Gecko) Chrome/78.0.3904.108 Safari/537.36"
35.185.14.235 - - [11/Mar/2025:22:35:38 +0000] "POST //xmlrpc.php HTTP/1.1" 200 23330 "-" "Mozilla/5.0 (Windows NT 10.0; Win64; x64) AppleWebKit/537.36 (KHTML, like Gecko) Chrome/78.0.3904.108 Safari/537.36"
65.109.31.236 - - [11/Mar/2025:22:48:48 +0000] "POST /wp-cron.php?doing_wp_cron=1741733328.8367381095886230468750 HTTP/1.1" 200 20 "-" "WordPress/6.7.2; https://webcloude.com"
65.109.31.236 - - [11/Mar/2025:22:54:21 +0000] "POST /wp-cron.php?doing_wp_cron=1741733661.3778560161590576171875 HTTP/1.1" 200 20 "-" "WordPress/6.7.2; https://webcloude.com"
65.109.31.236 - - [11/Mar/2025:23:43:12 +0000] "POST /wp-cron.php?doing_wp_cron=1741736592.9738190174102783203125 HTTP/1.1" 200 20 "-" "WordPress/6.7.2; https://webcloude.com"
65.109.31.236 - - [11/Mar/2025:22:55:47 +0000] "POST /wp-cron.php?doing_wp_cron=1741733746.9710710048675537109375 HTTP/1.1" 200 20 "-" "WordPress/6.7.2; https://webcloude.com"
2a06:98c0:3600::103 - - [11/Mar/2025:22:55:46 +0000] "GET /wordpress/wp-admin/setup-config.php HTTP/1.1" 404 25116 "-" "Mozilla/5.0 (Windows NT 10.0; Win64; x64) AppleWebKit/537.36 (KHTML, like Gecko) Chrome/133.0.0.0 Safari/537.36"
2a06:98c0:3600::103 - - [11/Mar/2025:23:20:17 +0000] "GET /wordpress/wp-admin/setup-config.php HTTP/1.1" 404 25116 "-" "Mozilla/5.0 (Windows NT 10.0; Win64; x64) AppleWebKit/537.36 (KHTML, like Gecko) Chrome/133.0.0.0 Safari/537.36"
65.109.31.236 - - [12/Mar/2025:00:11:10 +0000] "POST /wp-cron.php?doing_wp_cron=1741738270.0411939620971679687500 HTTP/1.1" 200 20 "-" "WordPress/6.7.2; https://webcloude.com"
65.109.31.236 - - [12/Mar/2025:00:31:54 +0000] "POST /wp-cron.php?doing_wp_cron=1741739514.8355329036712646484375 HTTP/1.1" 200 20 "-" "WordPress/6.7.2; https://webcloude.com"
43.130.139.177 - - [12/Mar/2025:00:57:56 +0000] "GET / HTTP/1.1" 200 31620 "http://www.webcloude.com" "Mozilla/5.0 (iPhone; CPU iPhone OS 13_2_3 like Mac OS X) AppleWebKit/605.1.15 (KHTML, like Gecko) Version/13.0.3 Mobile/15E148 Safari/604.1"
157.230.38.106 - - [12/Mar/2025:01:10:51 +0000] "GET / HTTP/1.1" 200 184631 "-" "Mozilla/5.0 (Windows NT 10.0; Win64; x64) AppleWebKit/537.36 (KHTML, like Gecko) Chrome/89.0.4389.114 Safari/537.36"
157.230.38.106 - - [12/Mar/2025:01:10:52 +0000] "GET //wp-includes/wlwmanifest.xml HTTP/1.1" 301 0 "-" "Mozilla/5.0 (Windows NT 10.0; Win64; x64) AppleWebKit/537.36 (KHTML, like Gecko) Chrome/89.0.4389.114 Safari/537.36"
157.230.38.106 - - [12/Mar/2025:01:10:52 +0000] "GET //xmlrpc.php?rsd HTTP/1.1" 200 23331 "-" "Mozilla/5.0 (Windows NT 10.0; Win64; x64) AppleWebKit/537.36 (KHTML, like Gecko) Chrome/89.0.4389.114 Safari/537.36"
157.230.38.106 - - [12/Mar/2025:01:10:53 +0000] "GET / HTTP/1.1" 200 184631 "-" "Mozilla/5.0 (Windows NT 10.0; Win64; x64) AppleWebKit/537.36 (KHTML, like Gecko) Chrome/89.0.4389.114 Safari/537.36"
157.230.38.106 - - [12/Mar/2025:01:10:53 +0000] "GET //?author=1 HTTP/1.1" 301 0 "-" "Mozilla/5.0 (Windows NT 10.0; Win64; x64) AppleWebKit/537.36 (KHTML, like Gecko) Chrome/89.0.4389.114 Safari/537.36"
157.230.38.106 - - [12/Mar/2025:01:10:54 +0000] "GET //?author=2 HTTP/1.1" 301 0 "-" "Mozilla/5.0 (Windows NT 10.0; Win64; x64) AppleWebKit/537.36 (KHTML, like Gecko) Chrome/89.0.4389.114 Safari/537.36"
157.230.38.106 - - [12/Mar/2025:01:10:54 +0000] "GET //?author=3 HTTP/1.1" 301 0 "-" "Mozilla/5.0 (Windows NT 10.0; Win64; x64) AppleWebKit/537.36 (KHTML, like Gecko) Chrome/89.0.4389.114 Safari/537.36"
157.230.38.106 - - [12/Mar/2025:01:10:54 +0000] "GET //wp-json/wp/v2/users/ HTTP/1.1" 200 1418 "-" "Mozilla/5.0 (Windows NT 10.0; Win64; x64) AppleWebKit/537.36 (KHTML, like Gecko) Chrome/89.0.4389.114 Safari/537.36"
157.230.38.106 - - [12/Mar/2025:01:10:55 +0000] "POST //xmlrpc.php HTTP/1.1" 200 23331 "-" "Mozilla/5.0 (Windows NT 10.0; Win64; x64) AppleWebKit/537.36 (KHTML, like Gecko) Chrome/89.0.4389.114 Safari/537.36"
157.230.38.106 - - [12/Mar/2025:01:17:26 +0000] "GET / HTTP/1.1" 200 184631 "-" "Mozilla/5.0 (Windows NT 10.0; Win64; x64) AppleWebKit/537.36 (KHTML, like Gecko) Chrome/89.0.4389.114 Safari/537.36"
157.230.38.106 - - [12/Mar/2025:01:17:27 +0000] "GET //wp-includes/wlwmanifest.xml HTTP/1.1" 301 0 "-" "Mozilla/5.0 (Windows NT 10.0; Win64; x64) AppleWebKit/537.36 (KHTML, like Gecko) Chrome/89.0.4389.114 Safari/537.36"
157.230.38.106 - - [12/Mar/2025:01:17:28 +0000] "GET //xmlrpc.php?rsd HTTP/1.1" 200 23331 "-" "Mozilla/5.0 (Windows NT 10.0; Win64; x64) AppleWebKit/537.36 (KHTML, like Gecko) Chrome/89.0.4389.114 Safari/537.36"
157.230.38.106 - - [12/Mar/2025:01:17:28 +0000] "GET / HTTP/1.1" 200 184631 "-" "Mozilla/5.0 (Windows NT 10.0; Win64; x64) AppleWebKit/537.36 (KHTML, like Gecko) Chrome/89.0.4389.114 Safari/537.36"
65.109.31.236 - - [11/Mar/2025:22:25:59 +0000] "POST /wp-cron.php?doing_wp_cron=1741731959.4533629417419433593750 HTTP/1.1" 200 20 "-" "WordPress/6.7.2; https://webcloude.com"
2a06:98c0:3600::103 - - [11/Mar/2025:22:27:13 +0000] "GET /wp-admin/setup-config.php HTTP/1.1" 409 1144 "-" "Mozilla/5.0 (Windows NT 10.0; Win64; x64) AppleWebKit/537.36 (KHTML, like Gecko) Chrome/133.0.0.0 Safari/537.36"
43.156.43.77 - - [11/Mar/2025:22:15:46 +0000] "POST /wp-login.php HTTP/1.1" 200 6021 "-" "Mozilla/5.0"
65.109.31.236 - - [11/Mar/2025:22:21:10 +0000] "POST /wp-cron.php?doing_wp_cron=1741731670.1699919700622558593750 HTTP/1.1" 200 20 "-" "WordPress/6.7.2; https://webcloude.com"
43.156.43.77 - - [11/Mar/2025:22:32:14 +0000] "POST /wp-login.php HTTP/1.1" 200 6021 "-" "Mozilla/5.0"
43.156.43.77 - - [11/Mar/2025:22:43:17 +0000] "POST /wp-login.php HTTP/1.1" 200 6021 "-" "Mozilla/5.0"
65.109.31.236 - - [11/Mar/2025:23:00:05 +0000] "POST /wp-cron.php?doing_wp_cron=1741734005.0094509124755859375000 HTTP/1.1" 200 20 "-" "WordPress/6.7.2; https://webcloude.com"
2a06:98c0:3600::103 - - [11/Mar/2025:23:20:26 +0000] "GET /wp-admin/setup-config.php HTTP/1.1" 409 1144 "-" "Mozilla/5.0 (Windows NT 10.0; Win64; x64) AppleWebKit/537.36 (KHTML, like Gecko) Chrome/133.0.0.0 Safari/537.36"
43.130.40.120 - - [12/Mar/2025:00:04:45 +0000] "GET / HTTP/1.1" 200 31620 "http://webcloude.com" "Mozilla/5.0 (iPhone; CPU iPhone OS 13_2_3 like Mac OS X) AppleWebKit/605.1.15 (KHTML, like Gecko) Version/13.0.3 Mobile/15E148 Safari/604.1"
2a06:98c0:3600::103 - - [12/Mar/2025:00:52:32 +0000] "GET /wp-admin/setup-config.php HTTP/1.1" 409 1144 "-" "Mozilla/5.0 (Windows NT 10.0; Win64; x64) AppleWebKit/537.36 (KHTML, like Gecko) Chrome/133.0.0.0 Safari/537.36"
93.152.210.197 - - [12/Mar/2025:01:38:13 +0000] "GET //wp-includes/ID3/license.txt HTTP/1.1" 200 1396 "-" "Mozilla/5.0 (Windows NT 10.0; Win64; x64) AppleWebKit/537.36 (KHTML, like Gecko) Chrome/95.0.4638.69 Safari/537.36"
93.152.210.197 - - [12/Mar/2025:01:38:14 +0000] "GET //feed/ HTTP/1.1" 301 0 "-" "Mozilla/5.0 (Windows NT 10.0; Win64; x64) AppleWebKit/537.36 (KHTML, like Gecko) Chrome/95.0.4638.69 Safari/537.36"
93.152.210.197 - - [12/Mar/2025:01:38:14 +0000] "GET //xmlrpc.php?rsd HTTP/1.1" 200 23331 "-" "Mozilla/5.0 (Windows NT 10.0; Win64; x64) AppleWebKit/537.36 (KHTML, like Gecko) Chrome/95.0.4638.69 Safari/537.36"
93.152.210.197 - - [12/Mar/2025:01:38:14 +0000] "GET //blog/wp-includes/wlwmanifest.xml HTTP/1.1" 301 0 "-" "Mozilla/5.0 (Windows NT 10.0; Win64; x64) AppleWebKit/537.36 (KHTML, like Gecko) Chrome/95.0.4638.69 Safari/537.36"
2a06:98c0:3600::103 - - [12/Mar/2025:01:56:52 +0000] "GET /wordpress/wp-admin/setup-config.php HTTP/1.1" 404 25113 "-" "Mozilla/5.0 (Windows NT 10.0; Win64; x64) AppleWebKit/537.36 (KHTML, like Gecko) Chrome/133.0.0.0 Safari/537.36"
170.106.82.209 - - [12/Mar/2025:02:14:12 +0000] "GET / HTTP/1.1" 200 31618 "http://webcloude.com" "Mozilla/5.0 (iPhone; CPU iPhone OS 13_2_3 like Mac OS X) AppleWebKit/605.1.15 (KHTML, like Gecko) Version/13.0.3 Mobile/15E148 Safari/604.1"
65.109.31.236 - - [12/Mar/2025:02:21:09 +0000] "POST /wp-cron.php?doing_wp_cron=1741746069.6773109436035156250000 HTTP/1.1" 200 20 "-" "WordPress/6.7.2; https://webcloude.com"
2a06:98c0:3600::103 - - [12/Mar/2025:02:37:36 +0000] "GET /wordpress/wp-admin/setup-config.php HTTP/1.1" 404 25114 "-" "Mozilla/5.0 (Windows NT 10.0; Win64; x64) AppleWebKit/537.36 (KHTML, like Gecko) Chrome/133.0.0.0 Safari/537.36"
157.230.38.106 - - [11/Mar/2025:22:19:58 +0000] "GET / HTTP/1.1" 200 184631 "-" "Mozilla/5.0 (Windows NT 10.0; Win64; x64) AppleWebKit/537.36 (KHTML, like Gecko) Chrome/89.0.4389.114 Safari/537.36"
157.230.38.106 - - [11/Mar/2025:22:19:59 +0000] "GET //wp-includes/wlwmanifest.xml HTTP/1.1" 301 0 "-" "Mozilla/5.0 (Windows NT 10.0; Win64; x64) AppleWebKit/537.36 (KHTML, like Gecko) Chrome/89.0.4389.114 Safari/537.36"
157.230.38.106 - - [11/Mar/2025:22:20:00 +0000] "GET //xmlrpc.php?rsd HTTP/1.1" 200 23331 "-" "Mozilla/5.0 (Windows NT 10.0; Win64; x64) AppleWebKit/537.36 (KHTML, like Gecko) Chrome/89.0.4389.114 Safari/537.36"
157.230.38.106 - - [11/Mar/2025:22:20:00 +0000] "GET / HTTP/1.1" 200 184631 "-" "Mozilla/5.0 (Windows NT 10.0; Win64; x64) AppleWebKit/537.36 (KHTML, like Gecko) Chrome/89.0.4389.114 Safari/537.36"
157.230.38.106 - - [11/Mar/2025:22:20:01 +0000] "GET //?author=1 HTTP/1.1" 301 0 "-" "Mozilla/5.0 (Windows NT 10.0; Win64; x64) AppleWebKit/537.36 (KHTML, like Gecko) Chrome/89.0.4389.114 Safari/537.36"
157.230.38.106 - - [11/Mar/2025:22:20:02 +0000] "GET //?author=2 HTTP/1.1" 301 0 "-" "Mozilla/5.0 (Windows NT 10.0; Win64; x64) AppleWebKit/537.36 (KHTML, like Gecko) Chrome/89.0.4389.114 Safari/537.36"
157.230.38.106 - - [11/Mar/2025:22:20:02 +0000] "GET //?author=3 HTTP/1.1" 301 0 "-" "Mozilla/5.0 (Windows NT 10.0; Win64; x64) AppleWebKit/537.36 (KHTML, like Gecko) Chrome/89.0.4389.114 Safari/537.36"
157.230.38.106 - - [11/Mar/2025:22:20:03 +0000] "GET //wp-json/wp/v2/users/ HTTP/1.1" 200 1418 "-" "Mozilla/5.0 (Windows NT 10.0; Win64; x64) AppleWebKit/537.36 (KHTML, like Gecko) Chrome/89.0.4389.114 Safari/537.36"
157.230.38.106 - - [11/Mar/2025:22:20:04 +0000] "POST //xmlrpc.php HTTP/1.1" 200 23331 "-" "Mozilla/5.0 (Windows NT 10.0; Win64; x64) AppleWebKit/537.36 (KHTML, like Gecko) Chrome/89.0.4389.114 Safari/537.36"
43.156.43.77 - - [11/Mar/2025:22:37:45 +0000] "POST /wp-login.php HTTP/1.1" 200 6021 "-" "Mozilla/5.0"
65.109.31.236 - - [11/Mar/2025:23:20:17 +0000] "POST /wp-cron.php?doing_wp_cron=1741735217.3288199901580810546875 HTTP/1.1" 200 20 "-" "WordPress/6.7.2; https://webcloude.com"
2a06:98c0:3600::103 - - [11/Mar/2025:23:43:12 +0000] "GET /wordpress/wp-admin/setup-config.php HTTP/1.1" 404 25118 "-" "Mozilla/5.0 (Windows NT 10.0; Win64; x64) AppleWebKit/537.36 (KHTML, like Gecko) Chrome/133.0.0.0 Safari/537.36"
2a06:98c0:3600::103 - - [11/Mar/2025:23:44:26 +0000] "GET /wp-admin/setup-config.php HTTP/1.1" 409 1144 "-" "Mozilla/5.0 (Windows NT 10.0; Win64; x64) AppleWebKit/537.36 (KHTML, like Gecko) Chrome/133.0.0.0 Safari/537.36"
65.109.31.236 - - [12/Mar/2025:00:31:54 +0000] "POST /wp-cron.php?doing_wp_cron=1741739514.7840349674224853515625 HTTP/1.1" 200 20 "-" "WordPress/6.7.2; https://webcloude.com"
94.72.110.40 - - [12/Mar/2025:01:20:24 +0000] "GET / HTTP/1.1" 200 31619 "http://webcloude.com" "Mozilla/5.0 (X11; Linux i686) AppleWebKit/537.36 (KHTML, like Gecko) Chrome/114.0.0.0 Safari/537.36 Vivaldi/5.3.2679.68"
2a06:98c0:3600::103 - - [12/Mar/2025:01:58:02 +0000] "GET /wp-admin/setup-config.php HTTP/1.1" 409 1144 "-" "Mozilla/5.0 (Windows NT 10.0; Win64; x64) AppleWebKit/537.36 (KHTML, like Gecko) Chrome/133.0.0.0 Safari/537.36"
2a06:98c0:3600::103 - - [12/Mar/2025:02:19:23 +0000] "GET /wp-admin/setup-config.php HTTP/1.1" 409 1144 "-" "Mozilla/5.0 (Windows NT 10.0; Win64; x64) AppleWebKit/537.36 (KHTML, like Gecko) Chrome/133.0.0.0 Safari/537.36"
65.109.31.236 - - [12/Mar/2025:02:37:37 +0000] "POST /wp-cron.php?doing_wp_cron=1741747057.4399349689483642578125 HTTP/1.1" 200 20 "-" "WordPress/6.7.2; https://webcloude.com"
65.109.31.236 - - [11/Mar/2025:22:15:46 +0000] "POST /wp-cron.php?doing_wp_cron=1741731346.8994810581207275390625 HTTP/1.1" 200 20 "-" "WordPress/6.7.2; https://webcloude.com"
65.109.31.236 - - [11/Mar/2025:23:20:17 +0000] "POST /wp-cron.php?doing_wp_cron=1741735217.2849190235137939453125 HTTP/1.1" 200 20 "-" "WordPress/6.7.2; https://webcloude.com"
65.109.31.236 - - [12/Mar/2025:00:56:33 +0000] "POST /wp-cron.php?doing_wp_cron=1741740993.8758509159088134765625 HTTP/1.1" 200 20 "-" "WordPress/6.7.2; https://webcloude.com"
2a06:98c0:3600::103 - - [12/Mar/2025:00:56:33 +0000] "GET /wordpress/wp-admin/setup-config.php HTTP/1.1" 404 25115 "-" "Mozilla/5.0 (Windows NT 10.0; Win64; x64) AppleWebKit/537.36 (KHTML, like Gecko) Chrome/133.0.0.0 Safari/537.36"
65.109.31.236 - - [12/Mar/2025:01:14:17 +0000] "POST /wp-cron.php?doing_wp_cron=1741742057.6078200340270996093750 HTTP/1.1" 200 20 "-" "WordPress/6.7.2; https://webcloude.com"
65.109.31.236 - - [12/Mar/2025:01:32:52 +0000] "POST /wp-cron.php?doing_wp_cron=1741743172.9541680812835693359375 HTTP/1.1" 200 20 "-" "WordPress/6.7.2; https://webcloude.com"
65.109.31.236 - - [12/Mar/2025:02:37:37 +0000] "POST /wp-cron.php?doing_wp_cron=1741747057.3408460617065429687500 HTTP/1.1" 200 20 "-" "WordPress/6.7.2; https://webcloude.com"
2a06:98c0:3600::103 - - [12/Mar/2025:00:31:54 +0000] "GET /wordpress/wp-admin/setup-config.php HTTP/1.1" 404 25116 "-" "Mozilla/5.0 (Windows NT 10.0; Win64; x64) AppleWebKit/537.36 (KHTML, like Gecko) Chrome/133.0.0.0 Safari/537.36"
2a06:98c0:3600::103 - - [12/Mar/2025:00:31:58 +0000] "GET /wp-admin/setup-config.php HTTP/1.1" 409 1144 "-" "Mozilla/5.0 (Windows NT 10.0; Win64; x64) AppleWebKit/537.36 (KHTML, like Gecko) Chrome/133.0.0.0 Safari/537.36"
43.153.54.138 - - [12/Mar/2025:01:04:03 +0000] "GET / HTTP/1.1" 200 31621 "http://www.webcloude.com" "Mozilla/5.0 (iPhone; CPU iPhone OS 13_2_3 like Mac OS X) AppleWebKit/605.1.15 (KHTML, like Gecko) Version/13.0.3 Mobile/15E148 Safari/604.1"
65.109.31.236 - - [12/Mar/2025:01:32:53 +0000] "POST /wp-cron.php?doing_wp_cron=1741743173.0218000411987304687500 HTTP/1.1" 200 20 "-" "WordPress/6.7.2; https://webcloude.com"
2a06:98c0:3600::103 - - [12/Mar/2025:01:32:52 +0000] "GET /wordpress/wp-admin/setup-config.php HTTP/1.1" 404 25115 "-" "Mozilla/5.0 (Windows NT 10.0; Win64; x64) AppleWebKit/537.36 (KHTML, like Gecko) Chrome/133.0.0.0 Safari/537.36"
65.109.31.236 - - [12/Mar/2025:01:56:52 +0000] "POST /wp-cron.php?doing_wp_cron=1741744612.3198599815368652343750 HTTP/1.1" 200 20 "-" "WordPress/6.7.2; https://webcloude.com"
2a06:98c0:3600::103 - - [11/Mar/2025:22:25:58 +0000] "GET /wordpress/wp-admin/setup-config.php HTTP/1.1" 404 25116 "-" "Mozilla/5.0 (Windows NT 10.0; Win64; x64) AppleWebKit/537.36 (KHTML, like Gecko) Chrome/133.0.0.0 Safari/537.36"
65.109.31.236 - - [11/Mar/2025:22:26:42 +0000] "POST /wp-cron.php?doing_wp_cron=1741732002.8171219825744628906250 HTTP/1.1" 200 20 "-" "WordPress/6.7.2; https://webcloude.com"
65.109.31.236 - - [11/Mar/2025:22:37:46 +0000] "POST /wp-cron.php?doing_wp_cron=1741732666.1501441001892089843750 HTTP/1.1" 200 20 "-" "WordPress/6.7.2; https://webcloude.com"
65.109.31.236 - - [11/Mar/2025:22:43:18 +0000] "POST /wp-cron.php?doing_wp_cron=1741732998.3090569972991943359375 HTTP/1.1" 200 20 "-" "WordPress/6.7.2; https://webcloude.com"
43.156.43.77 - - [11/Mar/2025:22:48:47 +0000] "POST /wp-login.php HTTP/1.1" 200 6021 "-" "Mozilla/5.0"
2a06:98c0:3600::103 - - [12/Mar/2025:01:14:16 +0000] "GET /wordpress/wp-admin/setup-config.php HTTP/1.1" 404 25114 "-" "Mozilla/5.0 (Windows NT 10.0; Win64; x64) AppleWebKit/537.36 (KHTML, like Gecko) Chrome/133.0.0.0 Safari/537.36"
2a06:98c0:3600::103 - - [12/Mar/2025:01:15:32 +0000] "GET /wp-admin/setup-config.php HTTP/1.1" 409 1144 "-" "Mozilla/5.0 (Windows NT 10.0; Win64; x64) AppleWebKit/537.36 (KHTML, like Gecko) Chrome/133.0.0.0 Safari/537.36"
2a06:98c0:3600::103 - - [12/Mar/2025:01:32:29 +0000] "GET /wp-admin/setup-config.php HTTP/1.1" 409 1144 "-" "Mozilla/5.0 (Windows NT 10.0; Win64; x64) AppleWebKit/537.36 (KHTML, like Gecko) Chrome/133.0.0.0 Safari/537.36"
93.152.210.197 - - [12/Mar/2025:01:38:13 +0000] "GET //wp-includes/ID3/license.txt HTTP/1.1" 200 1396 "-" "Mozilla/5.0 (Windows NT 10.0; Win64; x64) AppleWebKit/537.36 (KHTML, like Gecko) Chrome/95.0.4638.69 Safari/537.36"
93.152.210.197 - - [12/Mar/2025:01:38:14 +0000] "GET //feed/ HTTP/1.1" 301 0 "-" "Mozilla/5.0 (Windows NT 10.0; Win64; x64) AppleWebKit/537.36 (KHTML, like Gecko) Chrome/95.0.4638.69 Safari/537.36"
93.152.210.197 - - [12/Mar/2025:01:38:14 +0000] "GET //xmlrpc.php?rsd HTTP/1.1" 200 23331 "-" "Mozilla/5.0 (Windows NT 10.0; Win64; x64) AppleWebKit/537.36 (KHTML, like Gecko) Chrome/95.0.4638.69 Safari/537.36"
93.152.210.197 - - [12/Mar/2025:01:38:14 +0000] "GET //blog/wp-includes/wlwmanifest.xml HTTP/1.1" 301 0 "-" "Mozilla/5.0 (Windows NT 10.0; Win64; x64) AppleWebKit/537.36 (KHTML, like Gecko) Chrome/95.0.4638.69 Safari/537.36"
157.230.38.106 - - [12/Mar/2025:01:17:28 +0000] "GET //?author=1 HTTP/1.1" 301 0 "-" "Mozilla/5.0 (Windows NT 10.0; Win64; x64) AppleWebKit/537.36 (KHTML, like Gecko) Chrome/89.0.4389.114 Safari/537.36"
157.230.38.106 - - [12/Mar/2025:01:17:29 +0000] "GET //?author=2 HTTP/1.1" 301 0 "-" "Mozilla/5.0 (Windows NT 10.0; Win64; x64) AppleWebKit/537.36 (KHTML, like Gecko) Chrome/89.0.4389.114 Safari/537.36"
157.230.38.106 - - [12/Mar/2025:01:17:29 +0000] "GET //?author=3 HTTP/1.1" 301 0 "-" "Mozilla/5.0 (Windows NT 10.0; Win64; x64) AppleWebKit/537.36 (KHTML, like Gecko) Chrome/89.0.4389.114 Safari/537.36"
157.230.38.106 - - [12/Mar/2025:01:17:29 +0000] "GET //wp-json/wp/v2/users/ HTTP/1.1" 200 1418 "-" "Mozilla/5.0 (Windows NT 10.0; Win64; x64) AppleWebKit/537.36 (KHTML, like Gecko) Chrome/89.0.4389.114 Safari/537.36"
157.230.38.106 - - [12/Mar/2025:01:17:30 +0000] "POST //xmlrpc.php HTTP/1.1" 200 23331 "-" "Mozilla/5.0 (Windows NT 10.0; Win64; x64) AppleWebKit/537.36 (KHTML, like Gecko) Chrome/89.0.4389.114 Safari/537.36"
65.109.31.236 - - [12/Mar/2025:01:32:53 +0000] "POST /wp-cron.php?doing_wp_cron=1741743173.0498490333557128906250 HTTP/1.1" 200 20 "-" "WordPress/6.7.2; https://webcloude.com"
182.42.104.32 - - [12/Mar/2025:01:56:18 +0000] "GET / HTTP/1.1" 200 31619 "http://webcloude.com" "Mozilla/5.0 (iPhone; CPU iPhone OS 13_2_3 like Mac OS X) AppleWebKit/605.1.15 (KHTML, like Gecko) Version/13.0.3 Mobile/15E148 Safari/604.1"
43.135.133.194 - - [12/Mar/2025:02:04:23 +0000] "GET / HTTP/1.1" 200 31621 "http://www.webcloude.com" "Mozilla/5.0 (iPhone; CPU iPhone OS 13_2_3 like Mac OS X) AppleWebKit/605.1.15 (KHTML, like Gecko) Version/13.0.3 Mobile/15E148 Safari/604.1"
2a06:98c0:3600::103 - - [12/Mar/2025:02:21:07 +0000] "GET /wordpress/wp-admin/setup-config.php HTTP/1.1" 404 25114 "-" "Mozilla/5.0 (Windows NT 10.0; Win64; x64) AppleWebKit/537.36 (KHTML, like Gecko) Chrome/133.0.0.0 Safari/537.36"
157.230.38.106 - - [12/Mar/2025:00:19:43 +0000] "GET //wp-json/wp/v2/users/ HTTP/1.1" 200 1418 "-" "Mozilla/5.0 (Windows NT 10.0; Win64; x64) AppleWebKit/537.36 (KHTML, like Gecko) Chrome/89.0.4389.114 Safari/537.36"
157.230.38.106 - - [12/Mar/2025:00:19:43 +0000] "POST //xmlrpc.php HTTP/1.1" 200 23331 "-" "Mozilla/5.0 (Windows NT 10.0; Win64; x64) AppleWebKit/537.36 (KHTML, like Gecko) Chrome/89.0.4389.114 Safari/537.36"
65.109.31.236 - - [12/Mar/2025:00:31:54 +0000] "POST /wp-cron.php?doing_wp_cron=1741739514.8613929748535156250000 HTTP/1.1" 200 20 "-" "WordPress/6.7.2; https://webcloude.com"
94.72.110.40 - - [12/Mar/2025:01:20:24 +0000] "GET /contact-2/ HTTP/1.1" 200 30121 "http://webcloude.com" "Mozilla/5.0 (X11; Linux i686) AppleWebKit/537.36 (KHTML, like Gecko) Chrome/114.0.0.0 Safari/537.36 Vivaldi/5.3.2679.68"
2a06:98c0:3600::103 - - [12/Mar/2025:02:21:55 +0000] "GET /wp-admin/setup-config.php HTTP/1.1" 409 1144 "-" "Mozilla/5.0 (Windows NT 10.0; Win64; x64) AppleWebKit/537.36 (KHTML, like Gecko) Chrome/133.0.0.0 Safari/537.36"
65.109.31.236 - - [12/Mar/2025:02:37:37 +0000] "POST /wp-cron.php?doing_wp_cron=1741747057.4143168926239013671875 HTTP/1.1" 200 20 "-" "WordPress/6.7.2; https://webcloude.com"
65.109.31.236 - - [12/Mar/2025:03:02:39 +0000] "GET /my-account/ HTTP/1.1" 200 160026 "-" "WP Toolkit Client"
65.109.31.236 - - [12/Mar/2025:03:02:40 +0000] "GET /about/ HTTP/1.1" 200 190784 "-" "WP Toolkit Client"
65.109.31.236 - - [12/Mar/2025:03:03:50 +0000] "GET /.wp-toolkit_T/1574-2/ HTTP/1.1" 200 200925 "-" "WP Toolkit Client"
65.109.31.236 - - [12/Mar/2025:03:03:50 +0000] "GET /.wp-toolkit_T/ HTTP/1.1" 200 186273 "-" "WP Toolkit Client"
65.109.31.236 - - [12/Mar/2025:03:03:51 +0000] "GET /.wp-toolkit_T/shop/ HTTP/1.1" 200 136625 "-" "WP Toolkit Client"
65.109.31.236 - - [12/Mar/2025:03:03:53 +0000] "GET /.wp-toolkit_T/product/content-marketing/ HTTP/1.1" 200 146337 "-" "WP Toolkit Client"
65.109.31.236 - - [12/Mar/2025:03:04:21 +0000] "GET /.wp-toolkit_T/all-courses-2/ HTTP/1.1" 200 168143 "-" "WP Toolkit Client"
65.109.31.236 - - [12/Mar/2025:03:04:22 +0000] "GET /.wp-toolkit_T/shop/ HTTP/1.1" 200 136625 "-" "WP Toolkit Client"
65.109.31.236 - - [12/Mar/2025:03:04:22 +0000] "GET /.wp-toolkit_T/cart/ HTTP/1.1" 200 202888 "-" "WP Toolkit Client"
65.109.31.236 - - [12/Mar/2025:03:04:23 +0000] "GET /.wp-toolkit_T/checkout/ HTTP/1.1" 302 0 "-" "WP Toolkit Client"
65.109.31.236 - - [12/Mar/2025:03:04:23 +0000] "GET /.wp-toolkit_T/cart/ HTTP/1.1" 200 202888 "-" "WP Toolkit Client"
65.109.31.236 - - [12/Mar/2025:03:04:26 +0000] "POST /.wp-toolkit_T/wp-cron.php?doing_wp_cron=1741748666.3234128952026367187500 HTTP/1.1" 200 20 "-" "WordPress/6.7.2; https://webcloude.com/.wp-toolkit_T"
2a06:98c0:3600::103 - - [12/Mar/2025:02:59:15 +0000] "GET /wordpress/wp-admin/setup-config.php HTTP/1.1" 404 25114 "-" "Mozilla/5.0 (Windows NT 10.0; Win64; x64) AppleWebKit/537.36 (KHTML, like Gecko) Chrome/133.0.0.0 Safari/537.36"
65.109.31.236 - - [12/Mar/2025:03:02:37 +0000] "GET /sitemap.xml HTTP/1.1" 301 0 "-" "WP Toolkit Client"
65.109.31.236 - - [12/Mar/2025:03:02:37 +0000] "GET /wp-sitemap.xml HTTP/1.1" 200 789 "-" "WP Toolkit Client"
65.109.31.236 - - [12/Mar/2025:03:02:38 +0000] "GET /sample-page/ HTTP/1.1" 200 136762 "-" "WP Toolkit Client"
65.109.31.236 - - [12/Mar/2025:03:02:43 +0000] "GET /shop/ HTTP/1.1" 200 134988 "-" "WP Toolkit Client"
65.109.31.236 - - [12/Mar/2025:03:02:44 +0000] "GET /wp-sitemap-posts-product-1.xml HTTP/1.1" 200 303 "-" "WP Toolkit Client"
65.109.31.236 - - [12/Mar/2025:03:03:46 +0000] "GET /.wp-toolkit_T/my-account/ HTTP/1.1" 200 161304 "-" "WP Toolkit Client"
65.109.31.236 - - [12/Mar/2025:03:04:10 +0000] "GET /.wp-toolkit_T/porttitor-quam-dolor/ HTTP/1.1" 200 148888 "-" "WP Toolkit Client"
65.109.31.236 - - [12/Mar/2025:03:04:13 +0000] "GET /.wp-toolkit_T/sample-page/ HTTP/1.1" 200 137897 "-" "WP Toolkit Client"
65.109.31.236 - - [12/Mar/2025:03:04:27 +0000] "GET /.wp-toolkit_T/author/webcloude/ HTTP/1.1" 200 147641 "-" "WP Toolkit Client"
65.109.31.236 - - [12/Mar/2025:03:02:37 +0000] "GET /wp-sitemap-posts-post-1.xml HTTP/1.1" 200 635 "-" "WP Toolkit Client"
65.109.31.236 - - [12/Mar/2025:03:02:37 +0000] "GET /hello-world/ HTTP/1.1" 200 147218 "-" "WP Toolkit Client"
65.109.31.236 - - [12/Mar/2025:03:02:38 +0000] "GET /porttitor-quam-dolor/ HTTP/1.1" 200 147599 "-" "WP Toolkit Client"
65.109.31.236 - - [12/Mar/2025:03:02:38 +0000] "GET /elit-mattis-platea-rhoncus/ HTTP/1.1" 200 147671 "-" "WP Toolkit Client"
65.109.31.236 - - [12/Mar/2025:03:02:40 +0000] "GET /contact-2/ HTTP/1.1" 200 175201 "-" "WP Toolkit Client"
65.109.31.236 - - [12/Mar/2025:03:02:43 +0000] "GET /all-courses-2/ HTTP/1.1" 200 166725 "-" "WP Toolkit Client"
65.109.31.236 - - [12/Mar/2025:03:02:45 +0000] "GET /step/content-marketing-landing/ HTTP/1.1" 200 175346 "-" "WP Toolkit Client"
65.109.31.236 - - [12/Mar/2025:03:02:46 +0000] "GET /wp-sitemap-taxonomies-category-1.xml HTTP/1.1" 200 256 "-" "WP Toolkit Client"
65.109.31.236 - - [12/Mar/2025:03:02:46 +0000] "GET /product-category/uncategorized/ HTTP/1.1" 200 135588 "-" "WP Toolkit Client"
65.109.31.236 - - [12/Mar/2025:03:03:43 +0000] "GET /.wp-toolkit_T/hello-world/ HTTP/1.1" 200 148465 "-" "WP Toolkit Client"
65.109.31.236 - - [12/Mar/2025:03:03:44 +0000] "GET /.wp-toolkit_T/elit-mattis-platea-rhoncus/ HTTP/1.1" 200 148960 "-" "WP Toolkit Client"
65.109.31.236 - - [12/Mar/2025:03:03:45 +0000] "GET /.wp-toolkit_T/sample-page/ HTTP/1.1" 200 137897 "-" "WP Toolkit Client"
65.109.31.236 - - [12/Mar/2025:03:03:47 +0000] "GET /.wp-toolkit_T/about/ HTTP/1.1" 200 192328 "-" "WP Toolkit Client"
65.109.31.236 - - [12/Mar/2025:03:04:15 +0000] "GET /.wp-toolkit_T/my-account/ HTTP/1.1" 200 161304 "-" "WP Toolkit Client"
65.109.31.236 - - [12/Mar/2025:03:04:18 +0000] "GET /.wp-toolkit_T/blog/ HTTP/1.1" 200 148407 "-" "WP Toolkit Client"
65.109.31.236 - - [12/Mar/2025:03:04:18 +0000] "GET /.wp-toolkit_T/all-courses/ HTTP/1.1" 200 173892 "-" "WP Toolkit Client"
65.109.31.236 - - [12/Mar/2025:03:04:20 +0000] "GET /.wp-toolkit_T/1573-2/ HTTP/1.1" 200 200927 "-" "WP Toolkit Client"
65.109.31.236 - - [12/Mar/2025:03:04:25 +0000] "GET /.wp-toolkit_T/step/content-marketing-checkout/ HTTP/1.1" 200 198705 "-" "WP Toolkit Client"
2a06:98c0:3600::103 - - [12/Mar/2025:03:01:29 +0000] "GET /wp-admin/setup-config.php HTTP/1.1" 409 1144 "-" "Mozilla/5.0 (Windows NT 10.0; Win64; x64) AppleWebKit/537.36 (KHTML, like Gecko) Chrome/133.0.0.0 Safari/537.36"
65.109.31.236 - - [12/Mar/2025:03:02:40 +0000] "GET /resource/ HTTP/1.1" 200 183663 "-" "WP Toolkit Client"
65.109.31.236 - - [12/Mar/2025:03:02:44 +0000] "GET /my-account-2/ HTTP/1.1" 200 139699 "-" "WP Toolkit Client"
65.109.31.236 - - [12/Mar/2025:03:03:45 +0000] "GET /.wp-toolkit_T/home/ HTTP/1.1" 200 168176 "-" "WP Toolkit Client"
65.109.31.236 - - [12/Mar/2025:03:03:46 +0000] "GET /.wp-toolkit_T/contact-2/ HTTP/1.1" 200 176565 "-" "WP Toolkit Client"
65.109.31.236 - - [12/Mar/2025:03:03:47 +0000] "GET /.wp-toolkit_T/resource/ HTTP/1.1" 200 185305 "-" "WP Toolkit Client"
65.109.31.236 - - [12/Mar/2025:03:03:48 +0000] "GET /.wp-toolkit_T/all-courses/ HTTP/1.1" 200 173892 "-" "WP Toolkit Client"
65.109.31.236 - - [12/Mar/2025:03:03:51 +0000] "GET /.wp-toolkit_T/all-courses-2/ HTTP/1.1" 200 168143 "-" "WP Toolkit Client"
65.109.31.236 - - [12/Mar/2025:03:03:51 +0000] "GET /.wp-toolkit_T/cart/ HTTP/1.1" 200 202888 "-" "WP Toolkit Client"
65.109.31.236 - - [12/Mar/2025:03:03:52 +0000] "GET /.wp-toolkit_T/checkout/ HTTP/1.1" 302 0 "-" "WP Toolkit Client"
65.109.31.236 - - [12/Mar/2025:03:03:52 +0000] "GET /.wp-toolkit_T/cart/ HTTP/1.1" 200 202888 "-" "WP Toolkit Client"
65.109.31.236 - - [12/Mar/2025:03:04:13 +0000] "GET /.wp-toolkit_T/elit-mattis-platea-rhoncus/ HTTP/1.1" 200 148960 "-" "WP Toolkit Client"
65.109.31.236 - - [12/Mar/2025:03:04:14 +0000] "GET /.wp-toolkit_T/home/ HTTP/1.1" 200 168176 "-" "WP Toolkit Client"
65.109.31.236 - - [12/Mar/2025:03:04:18 +0000] "GET /.wp-toolkit_T/contact/ HTTP/1.1" 200 174456 "-" "WP Toolkit Client"
65.109.31.236 - - [12/Mar/2025:03:04:20 +0000] "GET /.wp-toolkit_T/1574-2/ HTTP/1.1" 200 200925 "-" "WP Toolkit Client"
65.109.31.236 - - [12/Mar/2025:03:04:26 +0000] "GET /.wp-toolkit_T/step/content-marketing-thank-you/ HTTP/1.1" 500 2490 "-" "WP Toolkit Client"
65.109.31.236 - - [12/Mar/2025:03:04:26 +0000] "GET /.wp-toolkit_T/category/uncategorized/ HTTP/1.1" 200 147119 "-" "WP Toolkit Client"
65.109.31.236 - - [12/Mar/2025:03:04:28 +0000] "POST /wp-cron.php?doing_wp_cron=1741748668.3609249591827392578125 HTTP/1.1" 200 20 "-" "WordPress/6.7.2; https://webcloude.com"
65.109.31.236 - - [12/Mar/2025:03:02:37 +0000] "GET /smart-update-sitemap.xml HTTP/1.1" 404 134212 "-" "WP Toolkit Client"
65.109.31.236 - - [12/Mar/2025:03:02:38 +0000] "GET /nisl-eleifend-vulputate-ultricies/ HTTP/1.1" 200 147618 "-" "WP Toolkit Client"
65.109.31.236 - - [12/Mar/2025:03:02:39 +0000] "GET /home/ HTTP/1.1" 200 166831 "-" "WP Toolkit Client"
65.109.31.236 - - [12/Mar/2025:03:02:41 +0000] "GET /blog/ HTTP/1.1" 200 146950 "-" "WP Toolkit Client"
65.109.31.236 - - [12/Mar/2025:03:02:43 +0000] "GET / HTTP/1.1" 200 184631 "-" "WP Toolkit Client"
65.109.31.236 - - [12/Mar/2025:03:02:46 +0000] "GET /wp-sitemap-taxonomies-product_cat-1.xml HTTP/1.1" 200 264 "-" "WP Toolkit Client"
65.109.31.236 - - [12/Mar/2025:03:03:44 +0000] "GET /.wp-toolkit_T/nisl-eleifend-vulputate-ultricies/ HTTP/1.1" 200 148907 "-" "WP Toolkit Client"
65.109.31.236 - - [12/Mar/2025:03:03:48 +0000] "GET /.wp-toolkit_T/contact/ HTTP/1.1" 200 174456 "-" "WP Toolkit Client"
65.109.31.236 - - [12/Mar/2025:03:03:54 +0000] "GET /.wp-toolkit_T/category/uncategorized/ HTTP/1.1" 200 147119 "-" "WP Toolkit Client"
65.109.31.236 - - [12/Mar/2025:03:03:55 +0000] "GET /.wp-toolkit_T/author/webcloude/ HTTP/1.1" 200 147641 "-" "WP Toolkit Client"
65.109.31.236 - - [12/Mar/2025:03:04:24 +0000] "GET /.wp-toolkit_T/product/content-marketing/ HTTP/1.1" 200 146337 "-" "WP Toolkit Client"
65.109.31.236 - - [12/Mar/2025:02:59:16 +0000] "POST /wp-cron.php?doing_wp_cron=1741748356.1648280620574951171875 HTTP/1.1" 200 20 "-" "WordPress/6.7.2; https://webcloude.com"
65.109.31.236 - - [12/Mar/2025:03:02:26 +0000] "POST /wp-cron.php?doing_wp_cron=1741748546.4552960395812988281250 HTTP/1.1" 200 20 "-" "WordPress/6.7.2; https://webcloude.com"
65.109.31.236 - - [12/Mar/2025:03:02:41 +0000] "GET /contact/ HTTP/1.1" 200 172995 "-" "WP Toolkit Client"
65.109.31.236 - - [12/Mar/2025:03:02:45 +0000] "GET /wp-sitemap-posts-cartflows_step-1.xml HTTP/1.1" 200 549 "-" "WP Toolkit Client"
65.109.31.236 - - [12/Mar/2025:03:02:46 +0000] "GET /category/uncategorized/ HTTP/1.1" 200 145568 "-" "WP Toolkit Client"
65.109.31.236 - - [12/Mar/2025:03:03:44 +0000] "GET /.wp-toolkit_T/porttitor-quam-dolor/ HTTP/1.1" 200 148888 "-" "WP Toolkit Client"
65.109.31.236 - - [12/Mar/2025:03:03:52 +0000] "GET /.wp-toolkit_T/my-account-2/ HTTP/1.1" 200 140859 "-" "WP Toolkit Client"
65.109.31.236 - - [12/Mar/2025:03:03:54 +0000] "GET /.wp-toolkit_T/step/content-marketing-checkout/ HTTP/1.1" 200 198507 "-" "WP Toolkit Client"
65.109.31.236 - - [12/Mar/2025:03:04:08 +0000] "GET /.wp-toolkit_T/hello-world/ HTTP/1.1" 200 148465 "-" "WP Toolkit Client"
65.109.31.236 - - [12/Mar/2025:03:04:15 +0000] "GET /.wp-toolkit_T/contact-2/ HTTP/1.1" 200 176565 "-" "WP Toolkit Client"
65.109.31.236 - - [12/Mar/2025:03:04:24 +0000] "GET /.wp-toolkit_T/step/content-marketing-landing/ HTTP/1.1" 200 176795 "-" "WP Toolkit Client"
2a06:98c0:3600::103 - - [12/Mar/2025:02:40:59 +0000] "GET /wp-admin/setup-config.php HTTP/1.1" 409 1144 "-" "Mozilla/5.0 (Windows NT 10.0; Win64; x64) AppleWebKit/537.36 (KHTML, like Gecko) Chrome/133.0.0.0 Safari/537.36"
65.109.31.236 - - [12/Mar/2025:03:02:41 +0000] "GET /all-courses/ HTTP/1.1" 200 172516 "-" "WP Toolkit Client"
65.109.31.236 - - [12/Mar/2025:03:02:43 +0000] "GET /cart/ HTTP/1.1" 200 201654 "-" "WP Toolkit Client"
65.109.31.236 - - [12/Mar/2025:03:02:44 +0000] "GET /checkout/ HTTP/1.1" 302 0 "-" "WP Toolkit Client"
65.109.31.236 - - [12/Mar/2025:03:02:44 +0000] "GET /cart/ HTTP/1.1" 200 201654 "-" "WP Toolkit Client"
65.109.31.236 - - [12/Mar/2025:03:02:44 +0000] "GET /product/content-marketing/ HTTP/1.1" 200 145104 "-" "WP Toolkit Client"
65.109.31.236 - - [12/Mar/2025:03:02:45 +0000] "GET /step/content-marketing-checkout/ HTTP/1.1" 200 197056 "-" "WP Toolkit Client"
65.109.31.236 - - [12/Mar/2025:03:02:45 +0000] "GET /step/content-marketing-thank-you/ HTTP/1.1" 500 2513 "-" "WP Toolkit Client"
65.109.31.236 - - [12/Mar/2025:03:02:46 +0000] "GET /wp-sitemap-users-1.xml HTTP/1.1" 200 250 "-" "WP Toolkit Client"
65.109.31.236 - - [12/Mar/2025:03:02:47 +0000] "GET /author/webcloude/ HTTP/1.1" 200 146090 "-" "WP Toolkit Client"
65.109.31.236 - - [12/Mar/2025:03:03:26 +0000] "POST /wp-cron.php?doing_wp_cron=1741748606.0729169845581054687500 HTTP/1.1" 200 20 "-" "WordPress/6.7.2; https://webcloude.com"
65.109.31.236 - - [12/Mar/2025:03:03:48 +0000] "GET /.wp-toolkit_T/blog/ HTTP/1.1" 200 148407 "-" "WP Toolkit Client"
65.109.31.236 - - [12/Mar/2025:03:03:49 +0000] "GET /.wp-toolkit_T/home-2/ HTTP/1.1" 200 202583 "-" "WP Toolkit Client"
65.109.31.236 - - [12/Mar/2025:03:03:53 +0000] "GET /.wp-toolkit_T/step/content-marketing-landing/ HTTP/1.1" 200 176795 "-" "WP Toolkit Client"
65.109.31.236 - - [12/Mar/2025:03:03:55 +0000] "GET /.wp-toolkit_T/product-category/uncategorized/ HTTP/1.1" 200 136621 "-" "WP Toolkit Client"
65.109.31.236 - - [12/Mar/2025:03:04:16 +0000] "GET /.wp-toolkit_T/about/ HTTP/1.1" 200 192328 "-" "WP Toolkit Client"
65.109.31.236 - - [12/Mar/2025:03:04:17 +0000] "GET /.wp-toolkit_T/resource/ HTTP/1.1" 200 185305 "-" "WP Toolkit Client"
65.109.31.236 - - [12/Mar/2025:03:04:19 +0000] "GET /.wp-toolkit_T/home-2/ HTTP/1.1" 200 202583 "-" "WP Toolkit Client"
65.109.31.236 - - [12/Mar/2025:03:04:24 +0000] "GET /.wp-toolkit_T/my-account-2/ HTTP/1.1" 200 140859 "-" "WP Toolkit Client"
65.109.31.236 - - [12/Mar/2025:03:04:26 +0000] "GET /.wp-toolkit_T/product-category/uncategorized/ HTTP/1.1" 200 136621 "-" "WP Toolkit Client"
65.109.31.236 - - [12/Mar/2025:03:04:34 +0000] "POST /wp-cron.php?doing_wp_cron=1741748674.2635018825531005859375 HTTP/1.1" 200 20 "-" "WordPress/6.7.2; https://webcloude.com"
65.109.31.236 - - [12/Mar/2025:03:02:38 +0000] "GET /wp-sitemap-posts-page-1.xml HTTP/1.1" 200 2014 "-" "WP Toolkit Client"
65.109.31.236 - - [12/Mar/2025:03:02:39 +0000] "GET /about-2/ HTTP/1.1" 200 196130 "-" "WP Toolkit Client"
65.109.31.236 - - [12/Mar/2025:03:02:42 +0000] "GET /home-2/ HTTP/1.1" 200 200913 "-" "WP Toolkit Client"
65.109.31.236 - - [12/Mar/2025:03:02:42 +0000] "GET /1573-2/ HTTP/1.1" 200 199676 "-" "WP Toolkit Client"
65.109.31.236 - - [12/Mar/2025:03:02:42 +0000] "GET /1574-2/ HTTP/1.1" 200 199393 "-" "WP Toolkit Client"
65.109.31.236 - - [12/Mar/2025:03:03:25 +0000] "POST /wp-cron.php?doing_wp_cron=1741748605.8174409866333007812500 HTTP/1.1" 200 20 "-" "WordPress/6.7.2; https://webcloude.com"
65.109.31.236 - - [12/Mar/2025:03:03:46 +0000] "GET /.wp-toolkit_T/about-2/ HTTP/1.1" 200 197856 "-" "WP Toolkit Client"
65.109.31.236 - - [12/Mar/2025:03:03:49 +0000] "GET /.wp-toolkit_T/1573-2/ HTTP/1.1" 200 200927 "-" "WP Toolkit Client"
65.109.31.236 - - [12/Mar/2025:03:03:54 +0000] "GET /.wp-toolkit_T/step/content-marketing-thank-you/ HTTP/1.1" 500 2490 "-" "WP Toolkit Client"
65.109.31.236 - - [12/Mar/2025:03:04:12 +0000] "GET /.wp-toolkit_T/nisl-eleifend-vulputate-ultricies/ HTTP/1.1" 200 148907 "-" "WP Toolkit Client"
65.109.31.236 - - [12/Mar/2025:03:04:14 +0000] "GET /.wp-toolkit_T/about-2/ HTTP/1.1" 200 197856 "-" "WP Toolkit Client"
65.109.31.236 - - [12/Mar/2025:03:04:21 +0000] "GET /.wp-toolkit_T/ HTTP/1.1" 200 186273 "-" "WP Toolkit Client"
65.109.31.236 - - [12/Mar/2025:04:04:23 +0000] "POST /wp-cron.php?doing_wp_cron=1741752263.0047709941864013671875 HTTP/1.1" 200 20 "-" "WordPress/6.7.2; https://webcloude.com"
2a06:98c0:3600::103 - - [12/Mar/2025:04:06:36 +0000] "GET /wp-admin/setup-config.php HTTP/1.1" 409 1144 "-" "Mozilla/5.0 (Windows NT 10.0; Win64; x64) AppleWebKit/537.36 (KHTML, like Gecko) Chrome/133.0.0.0 Safari/537.36"
2a06:98c0:3600::103 - - [12/Mar/2025:03:43:18 +0000] "GET /wp-admin/setup-config.php HTTP/1.1" 409 1144 "-" "Mozilla/5.0 (Windows NT 10.0; Win64; x64) AppleWebKit/537.36 (KHTML, like Gecko) Chrome/133.0.0.0 Safari/537.36"
65.109.31.236 - - [12/Mar/2025:03:44:36 +0000] "POST /wp-cron.php?doing_wp_cron=1741751076.3757879734039306640625 HTTP/1.1" 200 20 "-" "WordPress/6.7.2; https://webcloude.com"
2a06:98c0:3600::103 - - [12/Mar/2025:03:44:36 +0000] "GET /wordpress/wp-admin/setup-config.php HTTP/1.1" 404 25136 "-" "Mozilla/5.0 (Windows NT 10.0; Win64; x64) AppleWebKit/537.36 (KHTML, like Gecko) Chrome/133.0.0.0 Safari/537.36"
2a06:98c0:3600::103 - - [12/Mar/2025:04:04:22 +0000] "GET /wordpress/wp-admin/setup-config.php HTTP/1.1" 404 25137 "-" "Mozilla/5.0 (Windows NT 10.0; Win64; x64) AppleWebKit/537.36 (KHTML, like Gecko) Chrome/133.0.0.0 Safari/537.36"
65.109.31.236 - - [12/Mar/2025:03:22:40 +0000] "POST /wp-cron.php?doing_wp_cron=1741749760.3264958858489990234375 HTTP/1.1" 200 20 "-" "WordPress/6.7.2; https://webcloude.com"
65.109.31.236 - - [12/Mar/2025:04:23:58 +0000] "POST /wp-cron.php?doing_wp_cron=1741753438.0512840747833251953125 HTTP/1.1" 200 20 "-" "WordPress/6.7.2; https://webcloude.com"
2a06:98c0:3600::103 - - [12/Mar/2025:03:18:52 +0000] "GET /wp-admin/setup-config.php HTTP/1.1" 409 1144 "-" "Mozilla/5.0 (Windows NT 10.0; Win64; x64) AppleWebKit/537.36 (KHTML, like Gecko) Chrome/133.0.0.0 Safari/537.36"
2a06:98c0:3600::103 - - [12/Mar/2025:04:23:57 +0000] "GET /wordpress/wp-admin/setup-config.php HTTP/1.1" 404 25136 "-" "Mozilla/5.0 (Windows NT 10.0; Win64; x64) AppleWebKit/537.36 (KHTML, like Gecko) Chrome/133.0.0.0 Safari/537.36"
2a06:98c0:3600::103 - - [12/Mar/2025:03:22:39 +0000] "GET /wordpress/wp-admin/setup-config.php HTTP/1.1" 404 25135 "-" "Mozilla/5.0 (Windows NT 10.0; Win64; x64) AppleWebKit/537.36 (KHTML, like Gecko) Chrome/133.0.0.0 Safari/537.36"
156.237.55.114 - - [12/Mar/2025:03:52:49 +0000] "GET / HTTP/1.1" 200 31623 "http://webcloude.com/contact-us" "Mozilla/5.0 (Windows NT 10.0; Win64; x64) AppleWebKit/537.36 (KHTML, like Gecko) Chrome/129.0.0.0 Safari/537.3"
2a06:98c0:3600::103 - - [12/Mar/2025:04:23:24 +0000] "GET /wp-admin/setup-config.php HTTP/1.1" 409 1144 "-" "Mozilla/5.0 (Windows NT 10.0; Win64; x64) AppleWebKit/537.36 (KHTML, like Gecko) Chrome/133.0.0.0 Safari/537.36"
2a06:98c0:3600::103 - - [12/Mar/2025:05:25:32 +0000] "GET /wordpress/wp-admin/setup-config.php HTTP/1.1" 404 25137 "-" "Mozilla/5.0 (Windows NT 10.0; Win64; x64) AppleWebKit/537.36 (KHTML, like Gecko) Chrome/133.0.0.0 Safari/537.36"
74.63.207.120 - - [12/Mar/2025:06:29:38 +0000] "POST /wp-login.php HTTP/1.1" 403 1154 "-" "Mozilla/5.0"
65.109.31.236 - - [12/Mar/2025:06:42:26 +0000] "POST /wp-cron.php?doing_wp_cron=1741761746.2779049873352050781250 HTTP/1.1" 200 20 "-" "WordPress/6.7.2; https://webcloude.com"
35.170.244.253 - - [12/Mar/2025:07:03:25 +0000] "GET / HTTP/1.1" 200 31617 "-" "Mozilla/5.0 (Windows NT 10.0; Win64; x64) AppleWebKit/537.36 (KHTML, like Gecko) Chrome/103.0.5060.66 Safari/537.36 Edg/103.0.1264.44"
35.170.244.253 - - [12/Mar/2025:07:03:25 +0000] "GET /wp-content/themes/astra/assets/css/minified/main.min.css?ver=4.9.0 HTTP/1.1" 200 8789 "https://webcloude.com/" "Mozilla/5.0 (Windows NT 10.0; Win64; x64) AppleWebKit/537.36 (KHTML, like Gecko) Chrome/103.0.5060.66 Safari/537.36 Edg/103.0.1264.44"
35.170.244.253 - - [12/Mar/2025:07:03:25 +0000] "GET /wp-content/themes/astra/assets/css/minified/compatibility/woocommerce/woocommerce-layout-grid.min.css?ver=4.9.0 HTTP/1.1" 200 1995 "https://webcloude.com/" "Mozilla/5.0 (Windows NT 10.0; Win64; x64) AppleWebKit/537.36 (KHTML, like Gecko) Chrome/103.0.5060.66 Safari/537.36 Edg/103.0.1264.44"
35.170.244.253 - - [12/Mar/2025:07:03:25 +0000] "GET /wp-content/plugins/woocommerce/assets/css/brands.css?ver=9.7.1 HTTP/1.1" 200 684 "https://webcloude.com/" "Mozilla/5.0 (Windows NT 10.0; Win64; x64) AppleWebKit/537.36 (KHTML, like Gecko) Chrome/103.0.5060.66 Safari/537.36 Edg/103.0.1264.44"
35.170.244.253 - - [12/Mar/2025:07:03:25 +0000] "GET /wp-content/plugins/elementor/assets/lib/font-awesome/css/all.min.css?ver=3.27.6 HTTP/1.1" 200 12868 "https://webcloude.com/" "Mozilla/5.0 (Windows NT 10.0; Win64; x64) AppleWebKit/537.36 (KHTML, like Gecko) Chrome/103.0.5060.66 Safari/537.36 Edg/103.0.1264.44"
35.170.244.253 - - [12/Mar/2025:07:03:25 +0000] "GET /wp-content/uploads/astra-addon/astra-addon-67cec7518f7873-81616659.css?ver=4.9.1 HTTP/1.1" 200 3673 "https://webcloude.com/" "Mozilla/5.0 (Windows NT 10.0; Win64; x64) AppleWebKit/537.36 (KHTML, like Gecko) Chrome/103.0.5060.66 Safari/537.36 Edg/103.0.1264.44"
35.170.244.253 - - [12/Mar/2025:07:03:25 +0000] "GET /wp-content/plugins/elementor/assets/css/widget-image-box.min.css?ver=3.27.6 HTTP/1.1" 200 365 "https://webcloude.com/" "Mozilla/5.0 (Windows NT 10.0; Win64; x64) AppleWebKit/537.36 (KHTML, like Gecko) Chrome/103.0.5060.66 Safari/537.36 Edg/103.0.1264.44"
35.170.244.253 - - [12/Mar/2025:07:03:26 +0000] "GET /wp-content/plugins/elementor/assets/css/widget-icon-box.min.css?ver=3.27.6 HTTP/1.1" 200 736 "https://webcloude.com/" "Mozilla/5.0 (Windows NT 10.0; Win64; x64) AppleWebKit/537.36 (KHTML, like Gecko) Chrome/103.0.5060.66 Safari/537.36 Edg/103.0.1264.44"
35.170.244.253 - - [12/Mar/2025:07:03:26 +0000] "GET /wp-content/plugins/elementor/assets/css/conditionals/shapes.min.css?ver=3.27.6 HTTP/1.1" 200 288 "https://webcloude.com/" "Mozilla/5.0 (Windows NT 10.0; Win64; x64) AppleWebKit/537.36 (KHTML, like Gecko) Chrome/103.0.5060.66 Safari/537.36 Edg/103.0.1264.44"
35.170.244.253 - - [12/Mar/2025:07:03:26 +0000] "GET /wp-content/plugins/elementor/assets/css/widget-image-gallery.min.css?ver=3.27.6 HTTP/1.1" 200 385 "https://webcloude.com/" "Mozilla/5.0 (Windows NT 10.0; Win64; x64) AppleWebKit/537.36 (KHTML, like Gecko) Chrome/103.0.5060.66 Safari/537.36 Edg/103.0.1264.44"
35.170.244.253 - - [12/Mar/2025:07:03:26 +0000] "GET /wp-content/uploads/elementor/css/post-25066.css?ver=1741751570 HTTP/1.1" 200 3010 "https://webcloude.com/" "Mozilla/5.0 (Windows NT 10.0; Win64; x64) AppleWebKit/537.36 (KHTML, like Gecko) Chrome/103.0.5060.66 Safari/537.36 Edg/103.0.1264.44"
65.109.31.236 - - [12/Mar/2025:04:43:09 +0000] "POST /wp-cron.php?doing_wp_cron=1741754589.9890410900115966796875 HTTP/1.1" 200 20 "-" "WordPress/6.7.2; https://webcloude.com"
65.109.31.236 - - [12/Mar/2025:05:04:17 +0000] "POST /wp-cron.php?doing_wp_cron=1741755857.4580659866333007812500 HTTP/1.1" 200 20 "-" "WordPress/6.7.2; https://webcloude.com"
74.63.207.120 - - [12/Mar/2025:06:28:34 +0000] "POST /wp-login.php HTTP/1.1" 403 1154 "-" "Mozilla/5.0"
2a06:98c0:3600::103 - - [12/Mar/2025:06:49:07 +0000] "GET /wp-admin/setup-config.php HTTP/1.1" 409 1144 "-" "Mozilla/5.0 (Windows NT 10.0; Win64; x64) AppleWebKit/537.36 (KHTML, like Gecko) Chrome/133.0.0.0 Safari/537.36"
35.170.244.253 - - [12/Mar/2025:07:03:25 +0000] "GET /wp-content/themes/astra/assets/css/minified/compatibility/woocommerce/woocommerce-grid.min.css?ver=4.9.0 HTTP/1.1" 200 16249 "https://webcloude.com/" "Mozilla/5.0 (Windows NT 10.0; Win64; x64) AppleWebKit/537.36 (KHTML, like Gecko) Chrome/103.0.5060.66 Safari/537.36 Edg/103.0.1264.44"
35.170.244.253 - - [12/Mar/2025:07:03:26 +0000] "GET /wp-content/plugins/elementor/assets/lib/font-awesome/css/v4-shims.min.css?ver=3.27.6 HTTP/1.1" 200 4229 "https://webcloude.com/" "Mozilla/5.0 (Windows NT 10.0; Win64; x64) AppleWebKit/537.36 (KHTML, like Gecko) Chrome/103.0.5060.66 Safari/537.36 Edg/103.0.1264.44"
