18.118.82.212 - - [13/Mar/2025:21:40:00 +0000] "GET /xmlrpc.php?filesrc=%2Fhome%2Fwebcloude%2Fpublic_html%2Fwp-comments-post.php&path=%2Fhome%2Fwebcloude%2Fpublic_html HTTP/2" 200 1722 "-" "Mozilla/5.0 AppleWebKit/537.36 (KHTML, like Gecko; compatible; ClaudeBot/1.0; +claudebot@anthropic.com)"
18.118.82.212 - - [13/Mar/2025:21:40:00 +0000] "GET /wp-json/oembed/1.0/embed?format=xml&url=https%3A%2F%2Fwebcloude.com%2Fabout-2%2F HTTP/2" 200 1064 "-" "Mozilla/5.0 AppleWebKit/537.36 (KHTML, like Gecko; compatible; ClaudeBot/1.0; +claudebot@anthropic.com)"
47.242.224.70 - - [13/Mar/2025:18:52:03 +0000] "GET / HTTP/1.1" 200 31623 "https://www.webcloude.com" "Mozilla/5.0 (Windows NT 6.1; WOW64; rv:64.0) Gecko/20100101 Firefox/64.0"
3.17.59.50 - - [13/Mar/2025:20:03:23 +0000] "GET /wp-content/plugins/elementor/assets/css/widget-social-icons.min.css HTTP/2" 200 1069 "-" "Mozilla/5.0 AppleWebKit/537.36 (KHTML, like Gecko; compatible; ClaudeBot/1.0; +claudebot@anthropic.com)"
3.15.137.192 - - [13/Mar/2025:20:22:46 +0000] "GET /xmlrpc.php?path=%2Fhome%2Fwebcloude%2Fpublic_html%2F.tmb HTTP/2" 200 742 "-" "Mozilla/5.0 AppleWebKit/537.36 (KHTML, like Gecko; compatible; ClaudeBot/1.0; +claudebot@anthropic.com)"
65.109.31.236 - - [13/Mar/2025:20:26:38 +0000] "POST /wp-cron.php?doing_wp_cron=1741897598.4769918918609619140625 HTTP/1.1" 200 20 "-" "WordPress/6.7.2; https://webcloude.com"
66.249.64.234 - - [13/Mar/2025:20:34:11 +0000] "GET /wp-sitemap.xml HTTP/1.1" 200 6011 "-" "Mozilla/5.0 (compatible; Googlebot/2.1; +http://www.google.com/bot.html)"
2a06:98c0:3600::103 - - [13/Mar/2025:21:09:04 +0000] "GET /wordpress/wp-admin/setup-config.php HTTP/1.1" 404 25136 "-" "Mozilla/5.0 (Windows NT 10.0; Win64; x64) AppleWebKit/537.36 (KHTML, like Gecko) Chrome/133.0.0.0 Safari/537.36"
2a06:98c0:3600::103 - - [13/Mar/2025:21:10:48 +0000] "GET /wp-admin/setup-config.php HTTP/1.1" 409 1144 "-" "Mozilla/5.0 (Windows NT 10.0; Win64; x64) AppleWebKit/537.36 (KHTML, like Gecko) Chrome/133.0.0.0 Safari/537.36"
2a06:98c0:3600::103 - - [13/Mar/2025:21:31:18 +0000] "GET /wp-admin/setup-config.php HTTP/1.1" 409 1144 "-" "Mozilla/5.0 (Windows NT 10.0; Win64; x64) AppleWebKit/537.36 (KHTML, like Gecko) Chrome/133.0.0.0 Safari/537.36"
190.92.154.173 - - [13/Mar/2025:21:33:28 +0000] "POST /wp-login.php HTTP/2" 200 2137 "https://webcloude.com" "Mozilla/5.0 (Macintosh; Intel Mac OS X 14_4_1) AppleWebKit/605.1.15 (KHTML, like Gecko) Version/17.3.1 Safari/605.1.15"
3.23.101.186 - - [13/Mar/2025:21:35:31 +0000] "GET /wp-content/uploads/2019/06/instructor-1-free-img.jpg HTTP/2" 200 27480 "-" "Mozilla/5.0 AppleWebKit/537.36 (KHTML, like Gecko; compatible; ClaudeBot/1.0; +claudebot@anthropic.com)"
3.23.101.186 - - [13/Mar/2025:21:35:31 +0000] "GET /xmlrpc.php?filesrc=%2Fhome%2Fwebcloude%2Fpublic_html%2Fwp-links-opml.php&path=%2Fhome%2Fwebcloude%2Fpublic_html HTTP/2" 200 1801 "-" "Mozilla/5.0 AppleWebKit/537.36 (KHTML, like Gecko; compatible; ClaudeBot/1.0; +claudebot@anthropic.com)"
65.109.31.236 - - [13/Mar/2025:21:40:01 +0000] "POST /wp-cron.php?doing_wp_cron=1741902001.2547290325164794921875 HTTP/1.1" 200 20 "-" "WordPress/6.7.2; https://webcloude.com"
65.109.31.236 - - [13/Mar/2025:21:52:41 +0000] "POST /wp-cron.php?doing_wp_cron=1741902761.7010691165924072265625 HTTP/1.1" 200 20 "-" "WordPress/6.7.2; https://webcloude.com"
65.109.31.236 - - [13/Mar/2025:21:52:41 +0000] "POST /wp-cron.php?doing_wp_cron=1741902761.7319889068603515625000 HTTP/1.1" 200 20 "-" "WordPress/6.7.2; https://webcloude.com"
3.12.149.200 - - [13/Mar/2025:22:16:30 +0000] "GET /xmlrpc.php?filesrc=%2Fhome%2Fwebcloude%2Fpublic_html%2Fwp-config-sample.php&path=%2Fhome%2Fwebcloude%2Fpublic_html HTTP/2" 200 1969 "-" "Mozilla/5.0 AppleWebKit/537.36 (KHTML, like Gecko; compatible; ClaudeBot/1.0; +claudebot@anthropic.com)"
3.133.139.156 - - [13/Mar/2025:22:23:32 +0000] "GET /wp-content/plugins/elementor/assets/css/conditionals/apple-webkit.min.css HTTP/2" 200 472 "-" "Mozilla/5.0 AppleWebKit/537.36 (KHTML, like Gecko; compatible; ClaudeBot/1.0; +claudebot@anthropic.com)"
65.109.31.236 - - [13/Mar/2025:22:24:15 +0000] "POST /wp-cron.php?doing_wp_cron=1741904655.7781600952148437500000 HTTP/1.1" 200 20 "-" "WordPress/6.7.2; https://webcloude.com"
2a06:98c0:3600::103 - - [13/Mar/2025:23:07:22 +0000] "GET /wp-admin/setup-config.php HTTP/1.1" 409 1144 "-" "Mozilla/5.0 (Windows NT 10.0; Win64; x64) AppleWebKit/537.36 (KHTML, like Gecko) Chrome/133.0.0.0 Safari/537.36"
65.109.31.236 - - [13/Mar/2025:23:19:40 +0000] "POST /wp-cron.php?doing_wp_cron=1741907979.9748940467834472656250 HTTP/1.1" 200 20 "-" "WordPress/6.7.2; https://webcloude.com"
65.109.31.236 - - [13/Mar/2025:17:31:10 +0000] "POST /wp-cron.php?doing_wp_cron=1741887070.3408260345458984375000 HTTP/1.1" 200 20 "-" "WordPress/6.7.2; https://webcloude.com"
2a06:98c0:3600::103 - - [13/Mar/2025:17:37:20 +0000] "GET /wp-admin/setup-config.php HTTP/1.1" 409 1144 "-" "Mozilla/5.0 (Windows NT 10.0; Win64; x64) AppleWebKit/537.36 (KHTML, like Gecko) Chrome/133.0.0.0 Safari/537.36"
3.15.42.24 - - [13/Mar/2025:17:52:59 +0000] "GET /.git/config HTTP/1.1" 403 1154 "-" "Mozilla/5.0 (iPad; CPU OS 13_0 like Mac OS X) AppleWebKit/605.1.15 (KHTML, like Gecko) CriOS/76.0.3809.81 Mobile/15E148 Safari/605.1"
65.109.31.236 - - [13/Mar/2025:18:25:35 +0000] "POST /wp-cron.php?doing_wp_cron=1741890335.4163908958435058593750 HTTP/1.1" 200 20 "-" "WordPress/6.7.2; https://webcloude.com"
4.240.72.125 - - [13/Mar/2025:18:33:06 +0000] "POST /xmlrpc.php HTTP/2" 200 1754 "https://webcloude.com" "Mozilla/5.0 (Macintosh; Intel Mac OS X 13_3) AppleWebKit/537.36 (KHTML, like Gecko) Chrome/126.0.0.0 Safari/537.36"
65.109.31.236 - - [13/Mar/2025:19:12:32 +0000] "POST /wp-cron.php?doing_wp_cron=1741893152.7120780944824218750000 HTTP/1.1" 200 20 "-" "WordPress/6.7.2; https://webcloude.com"
199.188.207.168 - - [13/Mar/2025:19:41:48 +0000] "POST /xmlrpc.php HTTP/2" 200 1756 "https://webcloude.com" "Mozilla/5.0 (Macintosh; Intel Mac OS X 13_3) AppleWebKit/537.36 (KHTML, like Gecko) Chrome/126.0.0.0 Safari/537.36 Edg/126.0.0.0"
18.117.165.239 - - [13/Mar/2025:19:48:52 +0000] "GET /wp-content/uploads/2019/06/instructor-4-free-img.jpg HTTP/2" 200 14740 "-" "Mozilla/5.0 AppleWebKit/537.36 (KHTML, like Gecko; compatible; ClaudeBot/1.0; +claudebot@anthropic.com)"
2a06:98c0:3600::103 - - [13/Mar/2025:19:58:08 +0000] "GET /wordpress/wp-admin/setup-config.php HTTP/1.1" 404 25137 "-" "Mozilla/5.0 (Windows NT 10.0; Win64; x64) AppleWebKit/537.36 (KHTML, like Gecko) Chrome/133.0.0.0 Safari/537.36"
208.109.173.103 - - [13/Mar/2025:20:18:15 +0000] "POST /xmlrpc.php HTTP/2" 200 1756 "https://webcloude.com" "Mozilla/5.0 (Windows NT 10.0; Win64; x64) AppleWebKit/537.36 (KHTML, like Gecko) Chrome/113.0.5672.93 Safari/537.36"
3.143.215.114 - - [13/Mar/2025:20:42:33 +0000] "GET /wp-content/uploads/elementor/css/post-25067.css HTTP/2" 200 1188 "-" "Mozilla/5.0 AppleWebKit/537.36 (KHTML, like Gecko; compatible; ClaudeBot/1.0; +claudebot@anthropic.com)"
54.36.209.164 - - [13/Mar/2025:20:43:19 +0000] "POST /wp-login.php HTTP/2" 200 2137 "https://webcloude.com" "Mozilla/5.0 (Windows NT 10.0; Win64; x64; rv:128.0) Gecko/20100101 Firefox/128.0"
65.109.31.236 - - [13/Mar/2025:21:08:13 +0000] "POST /wp-cron.php?doing_wp_cron=1741900093.5752890110015869140625 HTTP/1.1" 200 20 "-" "WordPress/6.7.2; https://webcloude.com"
3.22.71.254 - - [13/Mar/2025:21:37:42 +0000] "GET /wp-content/uploads/elementor/css/post-158.css HTTP/2" 200 3188 "-" "Mozilla/5.0 AppleWebKit/537.36 (KHTML, like Gecko; compatible; ClaudeBot/1.0; +claudebot@anthropic.com)"
65.109.31.236 - - [13/Mar/2025:21:45:25 +0000] "POST /wp-cron.php?doing_wp_cron=1741902325.5529890060424804687500 HTTP/1.1" 200 20 "-" "WordPress/6.7.2; https://webcloude.com"
3.140.250.157 - - [13/Mar/2025:22:04:55 +0000] "GET /xmlrpc.php?path=%2Fhome HTTP/2" 200 7192 "-" "Mozilla/5.0 AppleWebKit/537.36 (KHTML, like Gecko; compatible; ClaudeBot/1.0; +claudebot@anthropic.com)"
65.109.31.236 - - [13/Mar/2025:22:33:40 +0000] "POST /wp-cron.php?doing_wp_cron=1741905220.3508551120758056640625 HTTP/1.1" 200 20 "-" "WordPress/6.7.2; https://webcloude.com"
65.109.31.236 - - [13/Mar/2025:22:57:59 +0000] "POST /wp-cron.php?doing_wp_cron=1741906679.0085940361022949218750 HTTP/1.1" 200 20 "-" "WordPress/6.7.2; https://webcloude.com"
18.216.93.197 - - [13/Mar/2025:23:28:52 +0000] "GET /xmlrpc.php?path=%2Fhome%2Fwebcloude%2Fpublic_html%2Fwp-includes HTTP/2" 200 8421 "-" "Mozilla/5.0 AppleWebKit/537.36 (KHTML, like Gecko; compatible; ClaudeBot/1.0; +claudebot@anthropic.com)"
3.145.21.186 - - [13/Mar/2025:21:45:24 +0000] "GET /?p=324 HTTP/2" 301 20 "-" "Mozilla/5.0 AppleWebKit/537.36 (KHTML, like Gecko; compatible; ClaudeBot/1.0; +claudebot@anthropic.com)"
3.145.21.186 - - [13/Mar/2025:21:45:24 +0000] "GET /wp-json/oembed/1.0/embed?format=xml&url=https%3A%2F%2Fwebcloude.com%2Fall-courses-2%2F HTTP/2" 200 1071 "-" "Mozilla/5.0 AppleWebKit/537.36 (KHTML, like Gecko; compatible; ClaudeBot/1.0; +claudebot@anthropic.com)"
3.145.21.186 - - [13/Mar/2025:21:45:25 +0000] "GET /my-account/ HTTP/2" 200 27838 "https://webcloude.com/?p=324" "Mozilla/5.0 AppleWebKit/537.36 (KHTML, like Gecko; compatible; ClaudeBot/1.0; +claudebot@anthropic.com)"
162.207.59.231 - - [13/Mar/2025:21:58:43 +0000] "POST /xmlrpc.php HTTP/2" 200 1756 "https://webcloude.com" "Mozilla/5.0 (Macintosh; Intel Mac OS X 13.3; rv:126.0) Gecko/20100101 Firefox/126.0"
162.207.59.231 - - [13/Mar/2025:21:58:43 +0000] "POST /wp-login.php HTTP/2" 200 2137 "https://webcloude.com" "Mozilla/5.0 (Windows NT 10.0; Win64; x64) AppleWebKit/537.36 (KHTML, like Gecko) Chrome/114.0.5735.199 Safari/537.36 Edg/114.0.1823.67"
116.204.78.140 - - [13/Mar/2025:22:24:14 +0000] "POST /xmlrpc.php HTTP/2" 200 1756 "https://webcloude.com" "Mozilla/5.0 (Windows NT 10.0; Win64; x64) AppleWebKit/537.36 (KHTML, like Gecko) Chrome/113.0.5672.126 Safari/537.36 Edg/113.0.1774.50"
18.227.111.48 - - [13/Mar/2025:22:41:42 +0000] "GET /xmlrpc.php?filesrc=%2Fhome%2Fwebcloude%2Fpublic_html%2Fwp-config.php&path=%2Fhome%2Fwebcloude%2Fpublic_html HTTP/2" 200 2395 "-" "Mozilla/5.0 AppleWebKit/537.36 (KHTML, like Gecko; compatible; ClaudeBot/1.0; +claudebot@anthropic.com)"
66.249.64.234 - - [13/Mar/2025:22:56:33 +0000] "POST /get-message-notify HTTP/1.1" 200 19968 "https://webcloude.com/380382849.shtml" "Mozilla/5.0 (Linux; Android 6.0.1; Nexus 5X Build/MMB29P) AppleWebKit/537.36 (KHTML, like Gecko) Chrome/133.0.6943.141 Mobile Safari/537.36 (compatible; Googlebot/2.1; +http://www.google.com/bot.html)"
3.145.183.156 - - [13/Mar/2025:23:21:53 +0000] "GET /xmlrpc.php?filesrc=%2Fhome%2Fwebcloude%2Fpublic_html%2Fwp-activatebb.php&path=%2Fhome%2Fwebcloude%2Fpublic_html HTTP/2" 200 687 "-" "Mozilla/5.0 AppleWebKit/537.36 (KHTML, like Gecko; compatible; ClaudeBot/1.0; +claudebot@anthropic.com)"
3.145.183.156 - - [13/Mar/2025:23:21:53 +0000] "GET /xmlrpc.php?path=%2Fhome%2Fwebcloude%2Fpublic_html%2Fwp-content HTTP/2" 200 1105 "-" "Mozilla/5.0 AppleWebKit/537.36 (KHTML, like Gecko; compatible; ClaudeBot/1.0; +claudebot@anthropic.com)"
18.119.0.35 - - [13/Mar/2025:23:27:25 +0000] "GET /xmlrpc.php?filesrc=%2Fhome%2Fwebcloude%2Fpublic_html%2Fxmlrpc.php&path=%2Fhome%2Fwebcloude%2Fpublic_html HTTP/2" 200 7350 "-" "Mozilla/5.0 AppleWebKit/537.36 (KHTML, like Gecko; compatible; ClaudeBot/1.0; +claudebot@anthropic.com)"
3.148.144.246 - - [13/Mar/2025:23:30:51 +0000] "GET /xmlrpc.php?path=%2Fhome%2Fwebcloude HTTP/2" 200 1631 "-" "Mozilla/5.0 AppleWebKit/537.36 (KHTML, like Gecko; compatible; ClaudeBot/1.0; +claudebot@anthropic.com)"
3.148.144.246 - - [13/Mar/2025:23:30:51 +0000] "GET /wp-json/wp/v2/pages/25067 HTTP/2" 200 2736 "-" "Mozilla/5.0 AppleWebKit/537.36 (KHTML, like Gecko; compatible; ClaudeBot/1.0; +claudebot@anthropic.com)"
18.188.46.93 - - [13/Mar/2025:23:32:20 +0000] "GET /xmlrpc.php?filesrc=%2Fhome%2Fwebcloude%2Fpublic_html%2Fwp-settings.php&path=%2Fhome%2Fwebcloude%2Fpublic_html HTTP/2" 200 6600 "-" "Mozilla/5.0 AppleWebKit/537.36 (KHTML, like Gecko; compatible; ClaudeBot/1.0; +claudebot@anthropic.com)"
2a06:98c0:3600::103 - - [13/Mar/2025:23:33:24 +0000] "GET /wp-admin/setup-config.php HTTP/1.1" 409 1144 "-" "Mozilla/5.0 (Windows NT 10.0; Win64; x64) AppleWebKit/537.36 (KHTML, like Gecko) Chrome/133.0.0.0 Safari/537.36"
18.218.254.84 - - [13/Mar/2025:23:35:43 +0000] "GET /wp-content/uploads/2019/06/instructor-3-free-img.jpg HTTP/2" 200 27717 "-" "Mozilla/5.0 AppleWebKit/537.36 (KHTML, like Gecko; compatible; ClaudeBot/1.0; +claudebot@anthropic.com)"
34.48.114.13 - - [13/Mar/2025:21:08:16 +0000] "GET //xmlrpc.php?rsd HTTP/1.1" 200 24132 "-" "Mozilla/5.0 (Windows NT 10.0; Win64; x64) AppleWebKit/537.36 (KHTML, like Gecko) Chrome/78.0.3904.108 Safari/537.36"
34.48.114.13 - - [13/Mar/2025:21:08:16 +0000] "GET / HTTP/1.1" 200 184631 "-" "Mozilla/5.0 (Windows NT 10.0; Win64; x64) AppleWebKit/537.36 (KHTML, like Gecko) Chrome/78.0.3904.108 Safari/537.36"
34.48.114.13 - - [13/Mar/2025:21:08:16 +0000] "GET //?author=1 HTTP/1.1" 301 0 "-" "Mozilla/5.0 (Windows NT 10.0; Win64; x64) AppleWebKit/537.36 (KHTML, like Gecko) Chrome/78.0.3904.108 Safari/537.36"
34.48.114.13 - - [13/Mar/2025:21:08:17 +0000] "GET //?author=2 HTTP/1.1" 301 0 "-" "Mozilla/5.0 (Windows NT 10.0; Win64; x64) AppleWebKit/537.36 (KHTML, like Gecko) Chrome/78.0.3904.108 Safari/537.36"
34.48.114.13 - - [13/Mar/2025:21:08:17 +0000] "GET //wp-json/wp/v2/users/ HTTP/1.1" 200 1418 "-" "Mozilla/5.0 (Windows NT 10.0; Win64; x64) AppleWebKit/537.36 (KHTML, like Gecko) Chrome/78.0.3904.108 Safari/537.36"
34.48.114.13 - - [13/Mar/2025:21:08:17 +0000] "POST //xmlrpc.php HTTP/1.1" 200 24132 "-" "Mozilla/5.0 (Windows NT 10.0; Win64; x64) AppleWebKit/537.36 (KHTML, like Gecko) Chrome/78.0.3904.108 Safari/537.36"
2a06:98c0:3600::103 - - [13/Mar/2025:21:31:52 +0000] "GET /wordpress/wp-admin/setup-config.php HTTP/1.1" 404 25137 "-" "Mozilla/5.0 (Windows NT 10.0; Win64; x64) AppleWebKit/537.36 (KHTML, like Gecko) Chrome/133.0.0.0 Safari/537.36"
49.51.183.220 - - [13/Mar/2025:21:55:51 +0000] "GET / HTTP/1.1" 200 31621 "http://www.webcloude.com" "Mozilla/5.0 (iPhone; CPU iPhone OS 13_2_3 like Mac OS X) AppleWebKit/605.1.15 (KHTML, like Gecko) Version/13.0.3 Mobile/15E148 Safari/604.1"
2a06:98c0:3600::103 - - [13/Mar/2025:22:19:33 +0000] "GET /wordpress/wp-admin/setup-config.php HTTP/1.1" 404 25137 "-" "Mozilla/5.0 (Windows NT 10.0; Win64; x64) AppleWebKit/537.36 (KHTML, like Gecko) Chrome/133.0.0.0 Safari/537.36"
18.220.199.255 - - [13/Mar/2025:22:39:19 +0000] "GET /xmlrpc.php?path=%2Fhome%2Fwebcloude%2Fpublic_html%2Fwp-admin HTTP/2" 200 3719 "-" "Mozilla/5.0 AppleWebKit/537.36 (KHTML, like Gecko; compatible; ClaudeBot/1.0; +claudebot@anthropic.com)"
2a06:98c0:3600::103 - - [13/Mar/2025:22:47:24 +0000] "GET /wordpress/wp-admin/setup-config.php HTTP/1.1" 404 25137 "-" "Mozilla/5.0 (Windows NT 10.0; Win64; x64) AppleWebKit/537.36 (KHTML, like Gecko) Chrome/133.0.0.0 Safari/537.36"
65.109.31.236 - - [13/Mar/2025:22:55:25 +0000] "POST /wp-cron.php?doing_wp_cron=1741906525.4799818992614746093750 HTTP/1.1" 200 20 "-" "WordPress/6.7.2; https://webcloude.com"
66.249.64.234 - - [13/Mar/2025:22:56:11 +0000] "GET /380382849.shtml HTTP/1.1" 200 19933 "-" "Mozilla/5.0 (Linux; Android 6.0.1; Nexus 5X Build/MMB29P) AppleWebKit/537.36 (KHTML, like Gecko) Chrome/133.0.6943.141 Mobile Safari/537.36 (compatible; GoogleOther)"
18.218.72.253 - - [13/Mar/2025:22:57:58 +0000] "GET /wp-json/oembed/1.0/embed?url=https%3A%2F%2Fwebcloude.com%2Fabout-2%2F HTTP/2" 200 1027 "-" "Mozilla/5.0 AppleWebKit/537.36 (KHTML, like Gecko; compatible; ClaudeBot/1.0; +claudebot@anthropic.com)"
18.223.171.101 - - [13/Mar/2025:23:04:24 +0000] "GET /xmlrpc.php?filesrc=%2Fhome%2Fwebcloude%2Fpublic_html%2Fwp-signup.php&path=%2Fhome%2Fwebcloude%2Fpublic_html HTTP/2" 200 8784 "-" "Mozilla/5.0 AppleWebKit/537.36 (KHTML, like Gecko; compatible; ClaudeBot/1.0; +claudebot@anthropic.com)"
65.109.31.236 - - [13/Mar/2025:23:51:16 +0000] "POST /wp-cron.php?doing_wp_cron=1741909876.1284248828887939453125 HTTP/1.1" 200 20 "-" "WordPress/6.7.2; https://webcloude.com"
2a06:98c0:3600::103 - - [14/Mar/2025:00:12:35 +0000] "GET /wp-admin/setup-config.php HTTP/1.1" 409 1144 "-" "Mozilla/5.0 (Windows NT 10.0; Win64; x64) AppleWebKit/537.36 (KHTML, like Gecko) Chrome/133.0.0.0 Safari/537.36"
2a06:98c0:3600::103 - - [14/Mar/2025:00:37:15 +0000] "GET /wordpress/wp-admin/setup-config.php HTTP/1.1" 404 25137 "-" "Mozilla/5.0 (Windows NT 10.0; Win64; x64) AppleWebKit/537.36 (KHTML, like Gecko) Chrome/133.0.0.0 Safari/537.36"
65.109.31.236 - - [13/Mar/2025:21:09:06 +0000] "POST /wp-cron.php?doing_wp_cron=1741900145.9533040523529052734375 HTTP/1.1" 200 20 "-" "WordPress/6.7.2; https://webcloude.com"
91.84.87.137 - - [13/Mar/2025:21:20:06 +0000] "GET / HTTP/2" 200 0 "-" "Mozilla/5.0 (Linux; Android 6.0; Nexus 5 Build/MRA58N) AppleWebKit/537.36 (KHTML, like Gecko) Chrome/130.0.0.0 Mobile Safari/537.36"
18.188.190.212 - - [13/Mar/2025:21:50:34 +0000] "GET /wp-content/uploads/2025/03/about-2-free-img.jpg HTTP/2" 200 8890 "-" "Mozilla/5.0 AppleWebKit/537.36 (KHTML, like Gecko; compatible; ClaudeBot/1.0; +claudebot@anthropic.com)"
65.109.31.236 - - [13/Mar/2025:21:52:41 +0000] "POST /wp-cron.php?doing_wp_cron=1741902761.7580320835113525390625 HTTP/1.1" 200 20 "-" "WordPress/6.7.2; https://webcloude.com"
3.14.153.55 - - [13/Mar/2025:21:54:57 +0000] "GET /xmlrpc.php?filesrc=%2Fhome%2Fwebcloude%2Fpublic_html%2F.htaccess&path=%2Fhome%2Fwebcloude%2Fpublic_html HTTP/2" 200 1118 "-" "Mozilla/5.0 AppleWebKit/537.36 (KHTML, like Gecko; compatible; ClaudeBot/1.0; +claudebot@anthropic.com)"
3.14.153.55 - - [13/Mar/2025:21:54:57 +0000] "GET /xmlrpc.php?filesrc=%2Fhome%2Fwebcloude%2Fpublic_html%2Freadme.html&path=%2Fhome%2Fwebcloude%2Fpublic_html HTTP/2" 200 3742 "-" "Mozilla/5.0 AppleWebKit/537.36 (KHTML, like Gecko; compatible; ClaudeBot/1.0; +claudebot@anthropic.com)"
65.109.31.236 - - [13/Mar/2025:21:55:12 +0000] "POST /wp-cron.php?doing_wp_cron=1741902912.7238569259643554687500 HTTP/1.1" 200 20 "-" "WordPress/6.7.2; https://webcloude.com"
2a06:98c0:3600::103 - - [13/Mar/2025:21:55:08 +0000] "GET /wordpress/wp-admin/setup-config.php HTTP/1.1" 404 25137 "-" "Mozilla/5.0 (Windows NT 10.0; Win64; x64) AppleWebKit/537.36 (KHTML, like Gecko) Chrome/133.0.0.0 Safari/537.36"
2a06:98c0:3600::103 - - [13/Mar/2025:21:56:33 +0000] "GET /wp-admin/setup-config.php HTTP/1.1" 409 1144 "-" "Mozilla/5.0 (Windows NT 10.0; Win64; x64) AppleWebKit/537.36 (KHTML, like Gecko) Chrome/133.0.0.0 Safari/537.36"
18.218.46.26 - - [13/Mar/2025:21:57:28 +0000] "GET /wp-content/uploads/2019/06/instructor-2-free-img.jpg HTTP/2" 200 22589 "-" "Mozilla/5.0 AppleWebKit/537.36 (KHTML, like Gecko; compatible; ClaudeBot/1.0; +claudebot@anthropic.com)"
3.147.2.160 - - [13/Mar/2025:22:07:04 +0000] "GET /wp-json/oembed/1.0/embed?url=https%3A%2F%2Fwebcloude.com%2Fmy-account%2F HTTP/2" 200 1035 "-" "Mozilla/5.0 AppleWebKit/537.36 (KHTML, like Gecko; compatible; ClaudeBot/1.0; +claudebot@anthropic.com)"
65.109.31.236 - - [13/Mar/2025:22:19:33 +0000] "POST /wp-cron.php?doing_wp_cron=1741904373.7679209709167480468750 HTTP/1.1" 200 20 "-" "WordPress/6.7.2; https://webcloude.com"
2a06:98c0:3600::103 - - [13/Mar/2025:22:20:01 +0000] "GET /wp-admin/setup-config.php HTTP/1.1" 409 1144 "-" "Mozilla/5.0 (Windows NT 10.0; Win64; x64) AppleWebKit/537.36 (KHTML, like Gecko) Chrome/133.0.0.0 Safari/537.36"
43.166.134.47 - - [13/Mar/2025:22:46:29 +0000] "GET / HTTP/1.1" 200 31618 "http://webcloude.com" "Mozilla/5.0 (iPhone; CPU iPhone OS 13_2_3 like Mac OS X) AppleWebKit/605.1.15 (KHTML, like Gecko) Version/13.0.3 Mobile/15E148 Safari/604.1"
3.15.34.191 - - [13/Mar/2025:23:19:39 +0000] "GET /wp-json/oembed/1.0/embed?format=xml&url=https%3A%2F%2Fwebcloude.com%2Fmy-account%2F HTTP/2" 200 1069 "-" "Mozilla/5.0 AppleWebKit/537.36 (KHTML, like Gecko; compatible; ClaudeBot/1.0; +claudebot@anthropic.com)"
43.153.76.247 - - [14/Mar/2025:00:05:13 +0000] "GET / HTTP/1.1" 200 31619 "http://webcloude.com" "Mozilla/5.0 (iPhone; CPU iPhone OS 13_2_3 like Mac OS X) AppleWebKit/605.1.15 (KHTML, like Gecko) Version/13.0.3 Mobile/15E148 Safari/604.1"
162.214.205.75 - - [14/Mar/2025:00:36:40 +0000] "POST /xmlrpc.php HTTP/2" 200 1756 "https://webcloude.com" "Mozilla/5.0 (Macintosh; Intel Mac OS X 10.15; rv:126.0) Gecko/20100101 Firefox/126.0"
103.3.226.8 - - [14/Mar/2025:00:46:35 +0000] "GET /product.php?allsitemap.xml?sxallsitemap.xml HTTP/2" 200 11 "-" "Mozilla/5.0(compatible;Googlebot/2.1;+http://www.google.com/bot.html)"
3.144.105.255 - - [13/Mar/2025:22:02:01 +0000] "GET /xmlrpc.php?filesrc=%2Fhome%2Fwebcloude%2Fpublic_html%2Fwp-trackback.php&path=%2Fhome%2Fwebcloude%2Fpublic_html HTTP/2" 200 2534 "-" "Mozilla/5.0 AppleWebKit/537.36 (KHTML, like Gecko; compatible; ClaudeBot/1.0; +claudebot@anthropic.com)"
65.109.31.236 - - [13/Mar/2025:22:07:11 +0000] "POST /wp-cron.php?doing_wp_cron=1741903631.0284910202026367187500 HTTP/1.1" 200 20 "-" "WordPress/6.7.2; https://webcloude.com"
65.109.31.236 - - [13/Mar/2025:22:13:43 +0000] "POST /wp-cron.php?doing_wp_cron=1741904023.0792698860168457031250 HTTP/1.1" 200 20 "-" "WordPress/6.7.2; https://webcloude.com"
18.119.104.149 - - [13/Mar/2025:22:13:42 +0000] "GET /?p=158 HTTP/2" 301 20 "-" "Mozilla/5.0 AppleWebKit/537.36 (KHTML, like Gecko; compatible; ClaudeBot/1.0; +claudebot@anthropic.com)"
18.119.104.149 - - [13/Mar/2025:22:13:43 +0000] "GET /about-2/ HTTP/2" 200 31975 "https://webcloude.com/?p=158" "Mozilla/5.0 AppleWebKit/537.36 (KHTML, like Gecko; compatible; ClaudeBot/1.0; +claudebot@anthropic.com)"
18.175.234.107 - - [13/Mar/2025:22:33:39 +0000] "POST /wp-content/plugins/about.php HTTP/1.1" 404 25127 "http://webcloude.com" "Mozilla/5.0 (Windows NT 10.0; Win64; x64) AppleWebKit/537.36 (KHTML, like Gecko) Chrome/91.0.4472.124 Safari/537.36"
2a06:98c0:3600::103 - - [13/Mar/2025:23:08:51 +0000] "GET /wordpress/wp-admin/setup-config.php HTTP/1.1" 404 25136 "-" "Mozilla/5.0 (Windows NT 10.0; Win64; x64) AppleWebKit/537.36 (KHTML, like Gecko) Chrome/133.0.0.0 Safari/537.36"
185.104.44.170 - - [13/Mar/2025:23:16:02 +0000] "POST /xmlrpc.php HTTP/2" 200 1755 "https://webcloude.com" "Mozilla/5.0 (Macintosh; Intel Mac OS X 14_6) AppleWebKit/605.1.15 (KHTML, like Gecko) Version/17.5 Safari/605.1.15"
2a06:98c0:3600::103 - - [13/Mar/2025:23:30:04 +0000] "GET /wp-admin/setup-config.php HTTP/1.1" 409 1144 "-" "Mozilla/5.0 (Windows NT 10.0; Win64; x64) AppleWebKit/537.36 (KHTML, like Gecko) Chrome/133.0.0.0 Safari/537.36"
162.213.249.63 - - [13/Mar/2025:23:42:45 +0000] "POST /wp-login.php HTTP/2" 200 2137 "https://webcloude.com" "Mozilla/5.0 (Windows NT 10.0; Win64; x64; rv:126.0) Gecko/20100101 Firefox/126.0"
65.109.31.236 - - [14/Mar/2025:00:10:11 +0000] "POST /wp-cron.php?doing_wp_cron=1741911011.5879559516906738281250 HTTP/1.1" 200 20 "-" "WordPress/6.7.2; https://webcloude.com"
2a06:98c0:3600::103 - - [14/Mar/2025:00:15:52 +0000] "GET /wordpress/wp-admin/setup-config.php HTTP/1.1" 404 25138 "-" "Mozilla/5.0 (Windows NT 10.0; Win64; x64) AppleWebKit/537.36 (KHTML, like Gecko) Chrome/133.0.0.0 Safari/537.36"
162.214.205.75 - - [14/Mar/2025:00:36:40 +0000] "POST /wp-login.php HTTP/2" 200 2138 "https://webcloude.com" "Mozilla/5.0 (Windows NT 10.0; Win64; x64) AppleWebKit/537.36 (KHTML, like Gecko) Chrome/112.0.5615.138 Safari/537.36 Edg/112.0.1722.68"
104.238.20.75 - - [14/Mar/2025:00:46:28 +0000] "GET /allsitemap.xml/sxallsitemap.xml HTTP/2" 200 12 "-" "Mozilla/5.0(compatible;Googlebot/2.1;+http://www.google.com/bot.html)"
65.109.31.236 - - [14/Mar/2025:00:58:51 +0000] "POST /wp-cron.php?doing_wp_cron=1741913931.7395620346069335937500 HTTP/1.1" 200 20 "-" "WordPress/6.7.2; https://webcloude.com"
180.235.149.185 - - [14/Mar/2025:01:04:10 +0000] "POST /xmlrpc.php HTTP/2" 200 1755 "https://webcloude.com" "Mozilla/5.0 (Windows NT 10.0; Win64; x64; rv:125.0.1) Gecko/20100101 Firefox/125.0.1"
65.109.31.236 - - [14/Mar/2025:01:19:10 +0000] "POST /wp-cron.php?doing_wp_cron=1741915150.7212629318237304687500 HTTP/1.1" 200 20 "-" "WordPress/6.7.2; https://webcloude.com"
65.109.31.236 - - [14/Mar/2025:01:31:55 +0000] "POST /wp-cron.php?doing_wp_cron=1741915915.8722341060638427734375 HTTP/1.1" 200 20 "-" "WordPress/6.7.2; https://webcloude.com"
65.109.31.236 - - [14/Mar/2025:01:43:43 +0000] "POST /wp-cron.php?doing_wp_cron=1741916623.4112279415130615234375 HTTP/1.1" 200 20 "-" "WordPress/6.7.2; https://webcloude.com"
18.219.80.142 - - [13/Mar/2025:21:48:07 +0000] "GET /xmlrpc.php?filesrc=%2Fhome%2Fwebcloude%2Fpublic_html%2Fwp-cron.php&path=%2Fhome%2Fwebcloude%2Fpublic_html HTTP/2" 200 2760 "-" "Mozilla/5.0 AppleWebKit/537.36 (KHTML, like Gecko; compatible; ClaudeBot/1.0; +claudebot@anthropic.com)"
3.145.36.137 - - [13/Mar/2025:21:52:40 +0000] "GET /robots.txt HTTP/2" 200 120 "-" "Mozilla/5.0 AppleWebKit/537.36 (KHTML, like Gecko; compatible; ClaudeBot/1.0; +claudebot@anthropic.com)"
3.145.36.137 - - [13/Mar/2025:21:52:40 +0000] "GET /?p=25067 HTTP/2" 301 20 "-" "Mozilla/5.0 AppleWebKit/537.36 (KHTML, like Gecko; compatible; ClaudeBot/1.0; +claudebot@anthropic.com)"
3.145.36.137 - - [13/Mar/2025:21:52:41 +0000] "GET /all-courses-2/ HTTP/2" 200 28783 "https://webcloude.com/?p=25067" "Mozilla/5.0 AppleWebKit/537.36 (KHTML, like Gecko; compatible; ClaudeBot/1.0; +claudebot@anthropic.com)"
65.109.31.236 - - [13/Mar/2025:21:58:44 +0000] "POST /wp-cron.php?doing_wp_cron=1741903124.8629589080810546875000 HTTP/1.1" 200 20 "-" "WordPress/6.7.2; https://webcloude.com"
3.139.94.189 - - [13/Mar/2025:22:11:54 +0000] "GET /wp-content/uploads/2025/03/about-1-free-img.jpg HTTP/2" 200 10190 "-" "Mozilla/5.0 AppleWebKit/537.36 (KHTML, like Gecko; compatible; ClaudeBot/1.0; +claudebot@anthropic.com)"
3.139.94.189 - - [13/Mar/2025:22:11:54 +0000] "GET /xmlrpc.php?filesrc=%2Fhome%2Fwebcloude%2Fpublic_html%2Fwp-load.php&path=%2Fhome%2Fwebcloude%2Fpublic_html HTTP/2" 200 2313 "-" "Mozilla/5.0 AppleWebKit/537.36 (KHTML, like Gecko; compatible; ClaudeBot/1.0; +claudebot@anthropic.com)"
116.204.78.140 - - [13/Mar/2025:22:24:14 +0000] "POST /wp-login.php HTTP/2" 200 2137 "https://webcloude.com" "Mozilla/5.0 (Windows NT 10.0; Win64; x64; rv:126.0) Gecko/20100101 Firefox/126.0"
2a06:98c0:3600::103 - - [13/Mar/2025:22:46:29 +0000] "GET /wp-admin/setup-config.php HTTP/1.1" 409 1144 "-" "Mozilla/5.0 (Windows NT 10.0; Win64; x64) AppleWebKit/537.36 (KHTML, like Gecko) Chrome/133.0.0.0 Safari/537.36"
2a06:98c0:3600::103 - - [13/Mar/2025:23:32:16 +0000] "GET /wordpress/wp-admin/setup-config.php HTTP/1.1" 404 25136 "-" "Mozilla/5.0 (Windows NT 10.0; Win64; x64) AppleWebKit/537.36 (KHTML, like Gecko) Chrome/133.0.0.0 Safari/537.36"
2a06:98c0:3600::103 - - [13/Mar/2025:23:51:15 +0000] "GET /wordpress/wp-admin/setup-config.php HTTP/1.1" 404 25136 "-" "Mozilla/5.0 (Windows NT 10.0; Win64; x64) AppleWebKit/537.36 (KHTML, like Gecko) Chrome/133.0.0.0 Safari/537.36"
52.14.115.102 - - [13/Mar/2025:23:53:07 +0000] "GET /wp-content/uploads/elementor/css/post-324.css HTTP/2" 200 696 "-" "Mozilla/5.0 AppleWebKit/537.36 (KHTML, like Gecko; compatible; ClaudeBot/1.0; +claudebot@anthropic.com)"
3.19.66.38 - - [13/Mar/2025:23:55:00 +0000] "GET /xmlrpc.php?filesrc=%2Fhome%2Fwebcloude%2Fpublic_html%2Fwp-blog-header.php&path=%2Fhome%2Fwebcloude%2Fpublic_html HTTP/2" 200 875 "-" "Mozilla/5.0 AppleWebKit/537.36 (KHTML, like Gecko; compatible; ClaudeBot/1.0; +claudebot@anthropic.com)"
159.223.91.15 - - [14/Mar/2025:00:09:33 +0000] "POST /xmlrpc.php HTTP/2" 200 1755 "https://webcloude.com" "Mozilla/5.0 (Macintosh; Intel Mac OS X 14.5) AppleWebKit/618.3.5 (KHTML, like Gecko) Version/17.4 Safari/618.3.5"
23.27.145.155 - - [14/Mar/2025:00:10:10 +0000] "GET / HTTP/1.1" 200 31618 "-" "Mozilla/5.0 (X11; Linux i686; rv:109.0) Gecko/20100101 Firefox/120.0"
65.109.31.236 - - [14/Mar/2025:00:36:41 +0000] "POST /wp-cron.php?doing_wp_cron=1741912601.4297800064086914062500 HTTP/1.1" 200 20 "-" "WordPress/6.7.2; https://webcloude.com"
180.235.149.185 - - [14/Mar/2025:01:04:11 +0000] "POST /wp-login.php HTTP/2" 200 2138 "https://webcloude.com" "Mozilla/5.0 (Macintosh; Intel Mac OS X 14_6) AppleWebKit/605.1.15 (KHTML, like Gecko) Version/17.5 Safari/605.1.15"
65.109.31.236 - - [14/Mar/2025:01:26:39 +0000] "POST /wp-cron.php?doing_wp_cron=1741915599.9052350521087646484375 HTTP/1.1" 200 20 "-" "WordPress/6.7.2; https://webcloude.com"
65.109.31.236 - - [14/Mar/2025:02:05:09 +0000] "POST /wp-cron.php?doing_wp_cron=1741917909.8533999919891357421875 HTTP/1.1" 200 20 "-" "WordPress/6.7.2; https://webcloude.com"
134.209.146.211 - - [13/Mar/2025:21:06:34 +0000] "GET //wp-json/wp/v2/users/ HTTP/1.1" 200 1418 "-" "Mozilla/5.0 (Windows NT 10.0; Win64; x64) AppleWebKit/537.36 (KHTML, like Gecko) Chrome/78.0.3904.108 Safari/537.36"
134.209.146.211 - - [13/Mar/2025:21:06:35 +0000] "POST //xmlrpc.php HTTP/1.1" 200 24135 "-" "Mozilla/5.0 (Windows NT 10.0; Win64; x64) AppleWebKit/537.36 (KHTML, like Gecko) Chrome/78.0.3904.108 Safari/537.36"
2a06:98c0:3600::103 - - [13/Mar/2025:21:58:50 +0000] "GET /wordpress/wp-admin/setup-config.php HTTP/1.1" 404 25135 "-" "Mozilla/5.0 (Windows NT 10.0; Win64; x64) AppleWebKit/537.36 (KHTML, like Gecko) Chrome/133.0.0.0 Safari/537.36"
3.147.79.7 - - [13/Mar/2025:22:18:59 +0000] "GET /wp-content/plugins/elementor/assets/css/widget-text-editor.min.css HTTP/2" 200 197 "-" "Mozilla/5.0 AppleWebKit/537.36 (KHTML, like Gecko; compatible; ClaudeBot/1.0; +claudebot@anthropic.com)"
18.189.13.48 - - [13/Mar/2025:22:34:18 +0000] "GET /xmlrpc.php?filesrc=%2Fhome%2Fwebcloude%2Fpublic_html%2Ferror_log&path=%2Fhome%2Fwebcloude%2Fpublic_html HTTP/2" 200 848 "-" "Mozilla/5.0 AppleWebKit/537.36 (KHTML, like Gecko; compatible; ClaudeBot/1.0; +claudebot@anthropic.com)"
65.109.31.236 - - [13/Mar/2025:22:47:24 +0000] "POST /wp-cron.php?doing_wp_cron=1741906044.2537600994110107421875 HTTP/1.1" 200 20 "-" "WordPress/6.7.2; https://webcloude.com"
18.189.192.75 - - [13/Mar/2025:22:55:24 +0000] "GET /robots.txt HTTP/2" 200 120 "-" "Mozilla/5.0 AppleWebKit/537.36 (KHTML, like Gecko; compatible; ClaudeBot/1.0; +claudebot@anthropic.com)"
18.189.192.75 - - [13/Mar/2025:22:55:24 +0000] "GET /wp-json/wp/v2/pages/158 HTTP/2" 200 5769 "-" "Mozilla/5.0 AppleWebKit/537.36 (KHTML, like Gecko; compatible; ClaudeBot/1.0; +claudebot@anthropic.com)"
65.109.31.236 - - [13/Mar/2025:23:08:51 +0000] "POST /wp-cron.php?doing_wp_cron=1741907331.3842940330505371093750 HTTP/1.1" 200 20 "-" "WordPress/6.7.2; https://webcloude.com"
65.109.31.236 - - [13/Mar/2025:23:16:06 +0000] "POST /wp-cron.php?doing_wp_cron=1741907766.1486289501190185546875 HTTP/1.1" 200 20 "-" "WordPress/6.7.2; https://webcloude.com"
185.104.44.170 - - [13/Mar/2025:23:16:02 +0000] "POST /wp-login.php HTTP/2" 200 2137 "https://webcloude.com" "Mozilla/5.0 (Windows NT 10.0; Win64; x64; rv:125.0.1) Gecko/20100101 Firefox/125.0.1"
18.190.219.249 - - [13/Mar/2025:23:43:53 +0000] "GET /xmlrpc.php?filesrc=%2Fhome%2Fwebcloude%2Fpublic_html%2Fwp-activate.php&path=%2Fhome%2Fwebcloude%2Fpublic_html HTTP/2" 200 3215 "-" "Mozilla/5.0 AppleWebKit/537.36 (KHTML, like Gecko; compatible; ClaudeBot/1.0; +claudebot@anthropic.com)"
2a06:98c0:3600::103 - - [13/Mar/2025:23:54:11 +0000] "GET /wp-admin/setup-config.php HTTP/1.1" 409 1144 "-" "Mozilla/5.0 (Windows NT 10.0; Win64; x64) AppleWebKit/537.36 (KHTML, like Gecko) Chrome/133.0.0.0 Safari/537.36"
65.109.31.236 - - [14/Mar/2025:00:09:35 +0000] "POST /wp-cron.php?doing_wp_cron=1741910975.6190979480743408203125 HTTP/1.1" 200 20 "-" "WordPress/6.7.2; https://webcloude.com"
65.109.31.236 - - [14/Mar/2025:00:10:11 +0000] "POST /wp-cron.php?doing_wp_cron=1741911011.7383220195770263671875 HTTP/1.1" 200 20 "-" "WordPress/6.7.2; https://webcloude.com"
2a06:98c0:3600::103 - - [14/Mar/2025:00:58:50 +0000] "GET /wordpress/wp-admin/setup-config.php HTTP/1.1" 404 25137 "-" "Mozilla/5.0 (Windows NT 10.0; Win64; x64) AppleWebKit/537.36 (KHTML, like Gecko) Chrome/133.0.0.0 Safari/537.36"
65.109.31.236 - - [14/Mar/2025:01:42:29 +0000] "POST /wp-cron.php?doing_wp_cron=1741916549.5820279121398925781250 HTTP/1.1" 200 20 "-" "WordPress/6.7.2; https://webcloude.com"
2a06:98c0:3600::103 - - [14/Mar/2025:02:48:45 +0000] "GET /wordpress/wp-admin/setup-config.php HTTP/1.1" 404 25137 "-" "Mozilla/5.0 (Windows NT 10.0; Win64; x64) AppleWebKit/537.36 (KHTML, like Gecko) Chrome/133.0.0.0 Safari/537.36"
65.109.31.236 - - [14/Mar/2025:03:03:38 +0000] "GET / HTTP/1.1" 200 184631 "-" "WP Toolkit Client"
65.109.31.236 - - [14/Mar/2025:03:03:40 +0000] "GET /all-courses/ HTTP/1.1" 200 172516 "-" "WP Toolkit Client"
65.109.31.236 - - [13/Mar/2025:23:30:52 +0000] "POST /wp-cron.php?doing_wp_cron=1741908652.1880140304565429687500 HTTP/1.1" 200 20 "-" "WordPress/6.7.2; https://webcloude.com"
162.213.249.63 - - [13/Mar/2025:23:42:45 +0000] "POST /xmlrpc.php HTTP/2" 200 1757 "https://webcloude.com" "Mozilla/5.0 (Macintosh; Intel Mac OS X 10_15_7; rv:126.0) Gecko/20100101 Firefox/126.0"
93.113.150.159 - - [14/Mar/2025:00:46:50 +0000] "GET /product.php?allsitemap.xml?1111/1111.html HTTP/2" 200 140406 "-" "Mozilla/5.0(compatible;Googlebot/2.1;+http://www.google.com/bot.html)"
2a06:98c0:3600::103 - - [14/Mar/2025:01:41:54 +0000] "GET /wp-admin/setup-config.php HTTP/1.1" 409 1144 "-" "Mozilla/5.0 (Windows NT 10.0; Win64; x64) AppleWebKit/537.36 (KHTML, like Gecko) Chrome/133.0.0.0 Safari/537.36"
198.235.24.245 - - [14/Mar/2025:01:42:29 +0000] "GET / HTTP/1.1" 200 184631 "-" "Expanse, a Palo Alto Networks company, searches across the global IPv4 space multiple times per day to identify customers' presences on the Internet. If you would like to be excluded from our scans, please send IP addresses/domains to: scaninfo@paloaltonetworks.com"
2a06:98c0:3600::103 - - [14/Mar/2025:01:43:43 +0000] "GET /wordpress/wp-admin/setup-config.php HTTP/1.1" 404 25138 "-" "Mozilla/5.0 (Windows NT 10.0; Win64; x64) AppleWebKit/537.36 (KHTML, like Gecko) Chrome/133.0.0.0 Safari/537.36"
170.106.143.6 - - [14/Mar/2025:02:03:53 +0000] "GET / HTTP/1.1" 200 31621 "http://www.webcloude.com" "Mozilla/5.0 (iPhone; CPU iPhone OS 13_2_3 like Mac OS X) AppleWebKit/605.1.15 (KHTML, like Gecko) Version/13.0.3 Mobile/15E148 Safari/604.1"
2a06:98c0:3600::103 - - [14/Mar/2025:02:28:09 +0000] "GET /wordpress/wp-admin/setup-config.php HTTP/1.1" 404 25138 "-" "Mozilla/5.0 (Windows NT 10.0; Win64; x64) AppleWebKit/537.36 (KHTML, like Gecko) Chrome/133.0.0.0 Safari/537.36"
134.209.146.211 - - [14/Mar/2025:02:30:22 +0000] "GET / HTTP/1.1" 200 184631 "-" "Mozilla/5.0 (Windows NT 10.0; Win64; x64) AppleWebKit/537.36 (KHTML, like Gecko) Chrome/78.0.3904.108 Safari/537.36"
134.209.146.211 - - [14/Mar/2025:02:30:23 +0000] "GET //wp-includes/wlwmanifest.xml HTTP/1.1" 200 1 "-" "Mozilla/5.0 (Windows NT 10.0; Win64; x64) AppleWebKit/537.36 (KHTML, like Gecko) Chrome/78.0.3904.108 Safari/537.36"
134.209.146.211 - - [14/Mar/2025:02:30:24 +0000] "GET //xmlrpc.php?rsd HTTP/1.1" 200 24135 "-" "Mozilla/5.0 (Windows NT 10.0; Win64; x64) AppleWebKit/537.36 (KHTML, like Gecko) Chrome/78.0.3904.108 Safari/537.36"
134.209.146.211 - - [14/Mar/2025:02:30:25 +0000] "GET / HTTP/1.1" 200 184631 "-" "Mozilla/5.0 (Windows NT 10.0; Win64; x64) AppleWebKit/537.36 (KHTML, like Gecko) Chrome/78.0.3904.108 Safari/537.36"
134.209.146.211 - - [14/Mar/2025:02:30:26 +0000] "GET //?author=1 HTTP/1.1" 301 0 "-" "Mozilla/5.0 (Windows NT 10.0; Win64; x64) AppleWebKit/537.36 (KHTML, like Gecko) Chrome/78.0.3904.108 Safari/537.36"
134.209.146.211 - - [14/Mar/2025:02:30:26 +0000] "GET //?author=2 HTTP/1.1" 301 0 "-" "Mozilla/5.0 (Windows NT 10.0; Win64; x64) AppleWebKit/537.36 (KHTML, like Gecko) Chrome/78.0.3904.108 Safari/537.36"
134.209.146.211 - - [14/Mar/2025:02:30:27 +0000] "GET //wp-json/wp/v2/users/ HTTP/1.1" 200 1418 "-" "Mozilla/5.0 (Windows NT 10.0; Win64; x64) AppleWebKit/537.36 (KHTML, like Gecko) Chrome/78.0.3904.108 Safari/537.36"
134.209.146.211 - - [14/Mar/2025:02:30:28 +0000] "POST //xmlrpc.php HTTP/1.1" 200 24135 "-" "Mozilla/5.0 (Windows NT 10.0; Win64; x64) AppleWebKit/537.36 (KHTML, like Gecko) Chrome/78.0.3904.108 Safari/537.36"
65.109.31.236 - - [14/Mar/2025:03:03:36 +0000] "GET /cart/ HTTP/1.1" 200 201654 "-" "WP Toolkit Client"
65.109.31.236 - - [14/Mar/2025:03:03:37 +0000] "GET /porttitor-quam-dolor/ HTTP/1.1" 200 147599 "-" "WP Toolkit Client"
65.109.31.236 - - [14/Mar/2025:03:04:23 +0000] "POST /wp-cron.php?doing_wp_cron=1741921463.5616269111633300781250 HTTP/1.1" 200 20 "-" "WordPress/6.7.2; https://webcloude.com"
65.109.31.236 - - [14/Mar/2025:03:04:49 +0000] "GET /.wp-toolkit_Y/about/ HTTP/1.1" 200 192328 "-" "WP Toolkit Client"
2a06:98c0:3600::103 - - [14/Mar/2025:00:57:34 +0000] "GET /wp-admin/setup-config.php HTTP/1.1" 409 1144 "-" "Mozilla/5.0 (Windows NT 10.0; Win64; x64) AppleWebKit/537.36 (KHTML, like Gecko) Chrome/133.0.0.0 Safari/537.36"
65.109.31.236 - - [14/Mar/2025:01:19:11 +0000] "POST /wp-cron.php?doing_wp_cron=1741915151.0705280303955078125000 HTTP/1.1" 200 20 "-" "WordPress/6.7.2; https://webcloude.com"
205.210.31.17 - - [14/Mar/2025:01:26:39 +0000] "GET / HTTP/1.1" 301 0 "-" "Expanse, a Palo Alto Networks company, searches across the global IPv4 space multiple times per day to identify customers' presences on the Internet. If you would like to be excluded from our scans, please send IP addresses/domains to: scaninfo@paloaltonetworks.com"
208.109.173.103 - - [14/Mar/2025:02:27:16 +0000] "POST /wp-login.php HTTP/2" 200 2138 "https://webcloude.com" "Mozilla/5.0 (Macintosh; Intel Mac OS X 10_15_7; rv:127.0) Gecko/20100101 Firefox/127.0"
103.213.38.117 - - [14/Mar/2025:02:55:08 +0000] "POST /xmlrpc.php HTTP/2" 200 1754 "https://webcloude.com" "Mozilla/5.0 (Windows NT 11.0; Win64; x64; rv:126.0) Gecko/20100101 Firefox/126.0"
65.109.31.236 - - [14/Mar/2025:03:03:24 +0000] "POST /wp-cron.php?doing_wp_cron=1741921404.1976270675659179687500 HTTP/1.1" 200 20 "-" "WordPress/6.7.2; https://webcloude.com"
65.109.31.236 - - [14/Mar/2025:03:03:37 +0000] "GET /my-account-2/ HTTP/1.1" 200 139699 "-" "WP Toolkit Client"
65.109.31.236 - - [14/Mar/2025:03:03:38 +0000] "GET /contact-2/ HTTP/1.1" 200 175203 "-" "WP Toolkit Client"
65.109.31.236 - - [14/Mar/2025:03:03:38 +0000] "GET /all-courses-2/ HTTP/1.1" 200 166725 "-" "WP Toolkit Client"
65.109.31.236 - - [14/Mar/2025:03:03:39 +0000] "GET /1574-2/ HTTP/1.1" 200 199702 "-" "WP Toolkit Client"
65.109.31.236 - - [14/Mar/2025:03:03:39 +0000] "GET /about/ HTTP/1.1" 200 190784 "-" "WP Toolkit Client"
65.109.31.236 - - [14/Mar/2025:03:03:42 +0000] "GET /sample-page/ HTTP/1.1" 200 136762 "-" "WP Toolkit Client"
65.109.31.236 - - [14/Mar/2025:03:04:43 +0000] "GET /.wp-toolkit_Y/shop/ HTTP/1.1" 200 136625 "-" "WP Toolkit Client"
65.109.31.236 - - [14/Mar/2025:03:04:45 +0000] "GET /.wp-toolkit_Y/nisl-eleifend-vulputate-ultricies/ HTTP/1.1" 200 148907 "-" "WP Toolkit Client"
65.109.31.236 - - [14/Mar/2025:03:04:51 +0000] "GET /.wp-toolkit_Y/home/ HTTP/1.1" 200 168176 "-" "WP Toolkit Client"
65.109.31.236 - - [14/Mar/2025:03:05:03 +0000] "GET /.wp-toolkit_Y/checkout/ HTTP/1.1" 302 0 "-" "WP Toolkit Client"
65.109.31.236 - - [14/Mar/2025:03:05:04 +0000] "GET /.wp-toolkit_Y/cart/ HTTP/1.1" 200 202888 "-" "WP Toolkit Client"
65.109.31.236 - - [14/Mar/2025:03:03:42 +0000] "GET /hello-world/ HTTP/1.1" 200 147218 "-" "WP Toolkit Client"
65.109.31.236 - - [14/Mar/2025:03:04:41 +0000] "GET /.wp-toolkit_Y HTTP/1.1" 301 707 "-" "WP Toolkit Client"
65.109.31.236 - - [14/Mar/2025:03:04:41 +0000] "GET /.wp-toolkit_Y/ HTTP/1.1" 200 186273 "-" "WP Toolkit Client"
65.109.31.236 - - [14/Mar/2025:03:04:44 +0000] "GET /.wp-toolkit_Y/my-account-2/ HTTP/1.1" 200 140859 "-" "WP Toolkit Client"
65.109.31.236 - - [14/Mar/2025:03:04:46 +0000] "GET /.wp-toolkit_Y/contact-2/ HTTP/1.1" 200 176562 "-" "WP Toolkit Client"
65.109.31.236 - - [14/Mar/2025:03:04:47 +0000] "GET /.wp-toolkit_Y/1573-2/ HTTP/1.1" 200 200927 "-" "WP Toolkit Client"
65.109.31.236 - - [14/Mar/2025:03:04:48 +0000] "GET /.wp-toolkit_Y/1574-2/ HTTP/1.1" 200 200925 "-" "WP Toolkit Client"
65.109.31.236 - - [14/Mar/2025:03:04:57 +0000] "POST /.wp-toolkit_Y/wp-admin/admin-ajax.php?action=elementor_1_elementor_updater&nonce=330637b971 HTTP/1.1" 200 20 "-" "WordPress/6.7.2; https://webcloude.com/.wp-toolkit_Y"
65.109.31.236 - - [14/Mar/2025:03:05:03 +0000] "GET /.wp-toolkit_Y/cart/ HTTP/1.1" 200 202888 "-" "WP Toolkit Client"
65.109.31.236 - - [14/Mar/2025:03:05:41 +0000] "POST /wp-admin/admin-ajax.php?action=elementor_1_elementor_updater&nonce=3f42b179c1 HTTP/1.1" 200 20 "-" "WordPress/6.7.2; https://webcloude.com"
65.109.31.236 - - [14/Mar/2025:03:04:49 +0000] "GET /.wp-toolkit_Y/blog/ HTTP/1.1" 200 148407 "-" "WP Toolkit Client"
65.109.31.236 - - [14/Mar/2025:03:05:07 +0000] "GET /.wp-toolkit_Y/my-account-2/ HTTP/1.1" 200 140859 "-" "WP Toolkit Client"
65.109.31.236 - - [14/Mar/2025:03:05:09 +0000] "GET /.wp-toolkit_Y/porttitor-quam-dolor/ HTTP/1.1" 200 148888 "-" "WP Toolkit Client"
65.109.31.236 - - [14/Mar/2025:03:05:19 +0000] "GET /.wp-toolkit_Y/contact-2/ HTTP/1.1" 200 176563 "-" "WP Toolkit Client"
65.109.31.236 - - [14/Mar/2025:03:05:20 +0000] "GET /.wp-toolkit_Y/about-2/ HTTP/1.1" 200 197856 "-" "WP Toolkit Client"
65.109.31.236 - - [14/Mar/2025:03:05:27 +0000] "GET /.wp-toolkit_Y/blog/ HTTP/1.1" 200 148407 "-" "WP Toolkit Client"
65.109.31.236 - - [14/Mar/2025:03:05:29 +0000] "GET /.wp-toolkit_Y/home/ HTTP/1.1" 200 168176 "-" "WP Toolkit Client"
65.109.31.236 - - [14/Mar/2025:00:15:53 +0000] "POST /wp-cron.php?doing_wp_cron=1741911353.6091818809509277343750 HTTP/1.1" 200 20 "-" "WordPress/6.7.2; https://webcloude.com"
170.106.73.216 - - [14/Mar/2025:01:04:15 +0000] "GET / HTTP/1.1" 200 31622 "http://www.webcloude.com" "Mozilla/5.0 (iPhone; CPU iPhone OS 13_2_3 like Mac OS X) AppleWebKit/605.1.15 (KHTML, like Gecko) Version/13.0.3 Mobile/15E148 Safari/604.1"
2a06:98c0:3600::103 - - [14/Mar/2025:01:18:47 +0000] "GET /wp-admin/setup-config.php HTTP/1.1" 409 1144 "-" "Mozilla/5.0 (Windows NT 10.0; Win64; x64) AppleWebKit/537.36 (KHTML, like Gecko) Chrome/133.0.0.0 Safari/537.36"
2a06:98c0:3600::103 - - [14/Mar/2025:01:19:06 +0000] "GET /wordpress/wp-admin/setup-config.php HTTP/1.1" 404 25136 "-" "Mozilla/5.0 (Windows NT 10.0; Win64; x64) AppleWebKit/537.36 (KHTML, like Gecko) Chrome/133.0.0.0 Safari/537.36"
103.213.38.117 - - [14/Mar/2025:02:55:10 +0000] "POST /wp-login.php HTTP/2" 200 2138 "https://webcloude.com" "Mozilla/5.0 (Macintosh; Intel Mac OS X 10_15_7) AppleWebKit/537.36 (KHTML, like Gecko) Chrome/112.0.5615.138 Safari/537.36"
65.109.31.236 - - [14/Mar/2025:03:03:34 +0000] "GET /smart-update-sitemap.xml HTTP/1.1" 200 141634 "-" "WP Toolkit Client"
65.109.31.236 - - [14/Mar/2025:03:03:36 +0000] "GET /checkout/ HTTP/1.1" 302 0 "-" "WP Toolkit Client"
65.109.31.236 - - [14/Mar/2025:03:03:37 +0000] "GET /cart/ HTTP/1.1" 200 201654 "-" "WP Toolkit Client"
65.109.31.236 - - [14/Mar/2025:03:03:38 +0000] "GET /about-2/ HTTP/1.1" 200 196130 "-" "WP Toolkit Client"
65.109.31.236 - - [14/Mar/2025:03:04:46 +0000] "GET /.wp-toolkit_Y/about-2/ HTTP/1.1" 200 197856 "-" "WP Toolkit Client"
65.109.31.236 - - [14/Mar/2025:03:04:48 +0000] "GET /.wp-toolkit_Y/contact/ HTTP/1.1" 200 174456 "-" "WP Toolkit Client"
65.109.31.236 - - [14/Mar/2025:03:04:51 +0000] "GET /.wp-toolkit_Y/hello-world/ HTTP/1.1" 200 148465 "-" "WP Toolkit Client"
65.109.31.236 - - [14/Mar/2025:03:04:51 +0000] "GET /.wp-toolkit_Y/sample-page/ HTTP/1.1" 200 137897 "-" "WP Toolkit Client"
65.109.31.236 - - [14/Mar/2025:03:05:12 +0000] "GET /.wp-toolkit_Y/nisl-eleifend-vulputate-ultricies/ HTTP/1.1" 200 148907 "-" "WP Toolkit Client"
65.109.31.236 - - [14/Mar/2025:03:05:28 +0000] "GET /.wp-toolkit_Y/resource/ HTTP/1.1" 200 185305 "-" "WP Toolkit Client"
65.109.31.236 - - [14/Mar/2025:01:04:13 +0000] "POST /wp-cron.php?doing_wp_cron=1741914253.3144381046295166015625 HTTP/1.1" 200 20 "-" "WordPress/6.7.2; https://webcloude.com"
188.165.54.175 - - [14/Mar/2025:01:31:55 +0000] "POST /wp-login.php HTTP/2" 200 2138 "https://webcloude.com" "Mozilla/5.0 (Windows NT 10.0; Win64; x64; rv:127.0) Gecko/20100101 Firefox/127.0"
2a06:98c0:3600::103 - - [14/Mar/2025:02:27:46 +0000] "GET /wp-admin/setup-config.php HTTP/1.1" 409 1144 "-" "Mozilla/5.0 (Windows NT 10.0; Win64; x64) AppleWebKit/537.36 (KHTML, like Gecko) Chrome/133.0.0.0 Safari/537.36"
65.109.31.236 - - [14/Mar/2025:03:03:39 +0000] "GET /1573-2/ HTTP/1.1" 200 199676 "-" "WP Toolkit Client"
65.109.31.236 - - [14/Mar/2025:03:03:40 +0000] "GET /blog/ HTTP/1.1" 200 146950 "-" "WP Toolkit Client"
65.109.31.236 - - [14/Mar/2025:03:03:41 +0000] "GET /home-2/ HTTP/1.1" 200 200913 "-" "WP Toolkit Client"
65.109.31.236 - - [14/Mar/2025:03:04:45 +0000] "GET /.wp-toolkit_Y/elit-mattis-platea-rhoncus/ HTTP/1.1" 200 148960 "-" "WP Toolkit Client"
65.109.31.236 - - [14/Mar/2025:03:04:46 +0000] "GET /.wp-toolkit_Y/my-account/ HTTP/1.1" 200 161304 "-" "WP Toolkit Client"
65.109.31.236 - - [14/Mar/2025:03:04:47 +0000] "GET /.wp-toolkit_Y/ HTTP/1.1" 200 186273 "-" "WP Toolkit Client"
65.109.31.236 - - [14/Mar/2025:03:04:50 +0000] "GET /.wp-toolkit_Y/home-2/ HTTP/1.1" 200 202583 "-" "WP Toolkit Client"
65.109.31.236 - - [14/Mar/2025:03:05:24 +0000] "POST /.wp-toolkit_Y/wp-cron.php?doing_wp_cron=1741921524.3653030395507812500000 HTTP/1.1" 200 20 "-" "WordPress/6.7.2; https://webcloude.com/.wp-toolkit_Y"
65.109.31.236 - - [14/Mar/2025:03:05:24 +0000] "GET /.wp-toolkit_Y/1574-2/ HTTP/1.1" 200 200925 "-" "WP Toolkit Client"
65.109.31.236 - - [14/Mar/2025:03:05:27 +0000] "GET /.wp-toolkit_Y/all-courses/ HTTP/1.1" 200 173892 "-" "WP Toolkit Client"
208.109.173.103 - - [14/Mar/2025:02:27:15 +0000] "POST /xmlrpc.php HTTP/2" 200 1756 "https://webcloude.com" "Mozilla/5.0 (Macintosh; Intel Mac OS X 10_15_7; rv:128.0) Gecko/20100101 Firefox/128.0"
65.109.31.236 - - [14/Mar/2025:02:28:10 +0000] "POST /wp-cron.php?doing_wp_cron=1741919290.1505839824676513671875 HTTP/1.1" 200 20 "-" "WordPress/6.7.2; https://webcloude.com"
2a06:98c0:3600::103 - - [14/Mar/2025:02:47:43 +0000] "GET /wp-admin/setup-config.php HTTP/1.1" 409 1144 "-" "Mozilla/5.0 (Windows NT 10.0; Win64; x64) AppleWebKit/537.36 (KHTML, like Gecko) Chrome/133.0.0.0 Safari/537.36"
65.109.31.236 - - [14/Mar/2025:03:03:35 +0000] "GET /sitemap.xml HTTP/1.1" 200 141644 "-" "WP Toolkit Client"
65.109.31.236 - - [14/Mar/2025:03:03:40 +0000] "GET /resource/ HTTP/1.1" 200 183663 "-" "WP Toolkit Client"
65.109.31.236 - - [14/Mar/2025:03:04:32 +0000] "POST /wp-cron.php?doing_wp_cron=1741921472.8833560943603515625000 HTTP/1.1" 200 20 "-" "WordPress/6.7.2; https://webcloude.com"
65.109.31.236 - - [14/Mar/2025:03:04:47 +0000] "GET /.wp-toolkit_Y/all-courses-2/ HTTP/1.1" 200 168143 "-" "WP Toolkit Client"
65.109.31.236 - - [14/Mar/2025:03:04:50 +0000] "GET /.wp-toolkit_Y/resource/ HTTP/1.1" 200 185305 "-" "WP Toolkit Client"
65.109.31.236 - - [14/Mar/2025:03:05:01 +0000] "GET /.wp-toolkit_Y HTTP/1.1" 301 707 "-" "WP Toolkit Client"
65.109.31.236 - - [14/Mar/2025:03:05:01 +0000] "GET /.wp-toolkit_Y/ HTTP/1.1" 200 186273 "-" "WP Toolkit Client"
65.109.31.236 - - [14/Mar/2025:03:05:02 +0000] "GET /.wp-toolkit_Y/shop/ HTTP/1.1" 200 136625 "-" "WP Toolkit Client"
65.109.31.236 - - [14/Mar/2025:03:05:22 +0000] "GET /.wp-toolkit_Y/ HTTP/1.1" 200 186273 "-" "WP Toolkit Client"
65.109.31.236 - - [14/Mar/2025:03:05:22 +0000] "GET /.wp-toolkit_Y/all-courses-2/ HTTP/1.1" 200 168143 "-" "WP Toolkit Client"
65.109.31.236 - - [14/Mar/2025:03:05:25 +0000] "GET /.wp-toolkit_Y/contact/ HTTP/1.1" 200 174456 "-" "WP Toolkit Client"
65.109.31.236 - - [14/Mar/2025:03:05:30 +0000] "GET /.wp-toolkit_Y/hello-world/ HTTP/1.1" 200 148465 "-" "WP Toolkit Client"
65.109.31.236 - - [14/Mar/2025:03:05:31 +0000] "POST /wp-cron.php?doing_wp_cron=1741921531.8504860401153564453125 HTTP/1.1" 200 20 "-" "WordPress/6.7.2; https://webcloude.com"
65.109.31.236 - - [13/Mar/2025:23:32:17 +0000] "POST /wp-cron.php?doing_wp_cron=1741908737.2216880321502685546875 HTTP/1.1" 200 20 "-" "WordPress/6.7.2; https://webcloude.com"
65.109.31.236 - - [13/Mar/2025:23:42:33 +0000] "POST /wp-cron.php?doing_wp_cron=1741909353.2509050369262695312500 HTTP/1.1" 200 20 "-" "WordPress/6.7.2; https://webcloude.com"
52.14.232.226 - - [13/Mar/2025:23:42:32 +0000] "GET /wp-json/wp/v2/pages/324 HTTP/2" 200 1760 "-" "Mozilla/5.0 AppleWebKit/537.36 (KHTML, like Gecko; compatible; ClaudeBot/1.0; +claudebot@anthropic.com)"
159.223.91.15 - - [14/Mar/2025:00:09:34 +0000] "POST /wp-login.php HTTP/2" 200 2138 "https://webcloude.com" "Mozilla/5.0 (Windows NT 10.0; Win64; x64) AppleWebKit/537.36 (KHTML, like Gecko) Chrome/112.0.5615.138 Safari/537.36 Edg/112.0.1722.68"
2a06:98c0:3600::103 - - [14/Mar/2025:00:37:57 +0000] "GET /wp-admin/setup-config.php HTTP/1.1" 409 1144 "-" "Mozilla/5.0 (Windows NT 10.0; Win64; x64) AppleWebKit/537.36 (KHTML, like Gecko) Chrome/133.0.0.0 Safari/537.36"
65.109.31.236 - - [14/Mar/2025:01:19:11 +0000] "POST /wp-cron.php?doing_wp_cron=1741915150.9198150634765625000000 HTTP/1.1" 200 20 "-" "WordPress/6.7.2; https://webcloude.com"
188.165.54.175 - - [14/Mar/2025:01:31:54 +0000] "POST /xmlrpc.php HTTP/2" 200 1755 "https://webcloude.com" "Mozilla/5.0 (Windows NT 10.0; Win64; x64) AppleWebKit/537.36 (KHTML, like Gecko) Chrome/113.0.5672.93 Safari/537.36"
34.19.33.173 - - [14/Mar/2025:02:00:30 +0000] "GET /.git/config HTTP/1.1" 403 1154 "-" "-"
65.109.31.236 - - [14/Mar/2025:02:48:46 +0000] "POST /wp-cron.php?doing_wp_cron=1741920526.5536410808563232421875 HTTP/1.1" 200 20 "-" "WordPress/6.7.2; https://webcloude.com"
65.109.31.236 - - [14/Mar/2025:02:55:17 +0000] "POST /wp-cron.php?doing_wp_cron=1741920916.9911971092224121093750 HTTP/1.1" 200 20 "-" "WordPress/6.7.2; https://webcloude.com"
65.109.31.236 - - [14/Mar/2025:03:03:36 +0000] "GET / HTTP/1.1" 200 184631 "-" "WP Toolkit Client"
65.109.31.236 - - [14/Mar/2025:03:03:36 +0000] "GET /shop/ HTTP/1.1" 200 135606 "-" "WP Toolkit Client"
65.109.31.236 - - [14/Mar/2025:03:03:37 +0000] "GET /elit-mattis-platea-rhoncus/ HTTP/1.1" 200 147671 "-" "WP Toolkit Client"
