139.99.52.207 - - [13/Mar/2025:12:32:20 +0000] "POST //wp-login.php HTTP/1.1" 200 6022 "https://webcloude.com//wp-login.php" "Mozilla/5.0 (Windows NT 10.0; Win64; x64) AppleWebKit/537.36 (KHTML, like Gecko) Chrome/89.0.4389.114 Safari/537.36"
139.99.52.207 - - [13/Mar/2025:12:32:21 +0000] "POST //wp-login.php HTTP/1.1" 200 6022 "https://webcloude.com//wp-login.php" "Mozilla/5.0 (Windows NT 10.0; Win64; x64) AppleWebKit/537.36 (KHTML, like Gecko) Chrome/89.0.4389.114 Safari/537.36"
139.99.52.207 - - [13/Mar/2025:12:32:22 +0000] "POST //wp-login.php HTTP/1.1" 200 6022 "https://webcloude.com//wp-login.php" "Mozilla/5.0 (Windows NT 10.0; Win64; x64) AppleWebKit/537.36 (KHTML, like Gecko) Chrome/89.0.4389.114 Safari/537.36"
139.99.52.207 - - [13/Mar/2025:12:32:23 +0000] "POST //wp-login.php HTTP/1.1" 200 6022 "https://webcloude.com//wp-login.php" "Mozilla/5.0 (Windows NT 10.0; Win64; x64) AppleWebKit/537.36 (KHTML, like Gecko) Chrome/89.0.4389.114 Safari/537.36"
139.99.52.207 - - [13/Mar/2025:12:32:25 +0000] "POST //wp-login.php HTTP/1.1" 200 6022 "https://webcloude.com//wp-login.php" "Mozilla/5.0 (Windows NT 10.0; Win64; x64) AppleWebKit/537.36 (KHTML, like Gecko) Chrome/89.0.4389.114 Safari/537.36"
139.99.52.207 - - [13/Mar/2025:12:32:29 +0000] "POST //wp-login.php HTTP/1.1" 200 6022 "https://webcloude.com//wp-login.php" "Mozilla/5.0 (Windows NT 10.0; Win64; x64) AppleWebKit/537.36 (KHTML, like Gecko) Chrome/89.0.4389.114 Safari/537.36"
139.99.52.207 - - [13/Mar/2025:12:32:32 +0000] "POST //wp-login.php HTTP/1.1" 200 6022 "https://webcloude.com//wp-login.php" "Mozilla/5.0 (Windows NT 10.0; Win64; x64) AppleWebKit/537.36 (KHTML, like Gecko) Chrome/89.0.4389.114 Safari/537.36"
139.99.52.207 - - [13/Mar/2025:12:32:36 +0000] "POST //wp-login.php HTTP/1.1" 200 6022 "https://webcloude.com//wp-login.php" "Mozilla/5.0 (Windows NT 10.0; Win64; x64) AppleWebKit/537.36 (KHTML, like Gecko) Chrome/89.0.4389.114 Safari/537.36"
2a06:98c0:3600::103 - - [13/Mar/2025:13:00:08 +0000] "GET /wp-admin/setup-config.php HTTP/1.1" 409 1144 "-" "Mozilla/5.0 (Windows NT 10.0; Win64; x64) AppleWebKit/537.36 (KHTML, like Gecko) Chrome/133.0.0.0 Safari/537.36"
2a06:98c0:3600::103 - - [13/Mar/2025:15:53:34 +0000] "GET /wordpress/wp-admin/setup-config.php HTTP/1.1" 404 25137 "-" "Mozilla/5.0 (Windows NT 10.0; Win64; x64) AppleWebKit/537.36 (KHTML, like Gecko) Chrome/133.0.0.0 Safari/537.36"
2a06:98c0:3600::103 - - [13/Mar/2025:15:29:20 +0000] "GET /wordpress/wp-admin/setup-config.php HTTP/1.1" 404 25136 "-" "Mozilla/5.0 (Windows NT 10.0; Win64; x64) AppleWebKit/537.36 (KHTML, like Gecko) Chrome/133.0.0.0 Safari/537.36"
2a06:98c0:3600::103 - - [13/Mar/2025:15:56:37 +0000] "GET /wp-admin/setup-config.php HTTP/1.1" 409 1144 "-" "Mozilla/5.0 (Windows NT 10.0; Win64; x64) AppleWebKit/537.36 (KHTML, like Gecko) Chrome/133.0.0.0 Safari/537.36"
43.159.132.207 - - [13/Mar/2025:16:06:31 +0000] "GET / HTTP/1.1" 200 31620 "http://www.webcloude.com" "Mozilla/5.0 (iPhone; CPU iPhone OS 13_2_3 like Mac OS X) AppleWebKit/605.1.15 (KHTML, like Gecko) Version/13.0.3 Mobile/15E148 Safari/604.1"
34.27.116.103 - - [13/Mar/2025:16:10:54 +0000] "GET / HTTP/1.1" 200 184631 "-" "Mozilla/5.0 (Windows NT 10.0; Win64; x64) AppleWebKit/537.36 (KHTML, like Gecko) Chrome/78.0.3904.108 Safari/537.36"
34.27.116.103 - - [13/Mar/2025:16:10:55 +0000] "GET //wp-includes/wlwmanifest.xml HTTP/1.1" 200 1 "-" "Mozilla/5.0 (Windows NT 10.0; Win64; x64) AppleWebKit/537.36 (KHTML, like Gecko) Chrome/78.0.3904.108 Safari/537.36"
34.27.116.103 - - [13/Mar/2025:16:10:56 +0000] "GET //xmlrpc.php?rsd HTTP/1.1" 200 24133 "-" "Mozilla/5.0 (Windows NT 10.0; Win64; x64) AppleWebKit/537.36 (KHTML, like Gecko) Chrome/78.0.3904.108 Safari/537.36"
34.27.116.103 - - [13/Mar/2025:16:10:56 +0000] "GET / HTTP/1.1" 200 184631 "-" "Mozilla/5.0 (Windows NT 10.0; Win64; x64) AppleWebKit/537.36 (KHTML, like Gecko) Chrome/78.0.3904.108 Safari/537.36"
34.27.116.103 - - [13/Mar/2025:16:10:57 +0000] "GET //?author=1 HTTP/1.1" 301 0 "-" "Mozilla/5.0 (Windows NT 10.0; Win64; x64) AppleWebKit/537.36 (KHTML, like Gecko) Chrome/78.0.3904.108 Safari/537.36"
34.27.116.103 - - [13/Mar/2025:16:10:57 +0000] "GET //?author=2 HTTP/1.1" 301 0 "-" "Mozilla/5.0 (Windows NT 10.0; Win64; x64) AppleWebKit/537.36 (KHTML, like Gecko) Chrome/78.0.3904.108 Safari/537.36"
34.27.116.103 - - [13/Mar/2025:16:10:57 +0000] "GET //wp-json/wp/v2/users/ HTTP/1.1" 200 1418 "-" "Mozilla/5.0 (Windows NT 10.0; Win64; x64) AppleWebKit/537.36 (KHTML, like Gecko) Chrome/78.0.3904.108 Safari/537.36"
34.27.116.103 - - [13/Mar/2025:16:10:58 +0000] "POST //xmlrpc.php HTTP/1.1" 200 24133 "-" "Mozilla/5.0 (Windows NT 10.0; Win64; x64) AppleWebKit/537.36 (KHTML, like Gecko) Chrome/78.0.3904.108 Safari/537.36"
65.109.31.236 - - [13/Mar/2025:16:19:25 +0000] "POST /wp-cron.php?doing_wp_cron=1741882765.1770749092102050781250 HTTP/1.1" 200 20 "-" "WordPress/6.7.2; https://webcloude.com"
2a06:98c0:3600::103 - - [13/Mar/2025:16:45:50 +0000] "GET /wp-admin/setup-config.php HTTP/1.1" 409 1144 "-" "Mozilla/5.0 (Windows NT 10.0; Win64; x64) AppleWebKit/537.36 (KHTML, like Gecko) Chrome/133.0.0.0 Safari/537.36"
91.121.44.198 - - [13/Mar/2025:17:07:34 +0000] "POST /xmlrpc.php HTTP/2" 200 1755 "https://webcloude.com" "Mozilla/5.0 (Macintosh; Intel Mac OS X 10_15_7) AppleWebKit/537.36 (KHTML, like Gecko) Chrome/112.0.5615.138 Safari/537.36"
2a06:98c0:3600::103 - - [13/Mar/2025:17:08:44 +0000] "GET /wp-admin/setup-config.php HTTP/1.1" 409 1144 "-" "Mozilla/5.0 (Windows NT 10.0; Win64; x64) AppleWebKit/537.36 (KHTML, like Gecko) Chrome/133.0.0.0 Safari/537.36"
2a06:98c0:3600::103 - - [13/Mar/2025:17:09:35 +0000] "GET /wordpress/wp-admin/setup-config.php HTTP/1.1" 404 25136 "-" "Mozilla/5.0 (Windows NT 10.0; Win64; x64) AppleWebKit/537.36 (KHTML, like Gecko) Chrome/133.0.0.0 Safari/537.36"
17.241.227.165 - - [13/Mar/2025:17:31:59 +0000] "GET /robots.txt HTTP/1.1" 200 120 "-" "Mozilla/5.0 (Macintosh; Intel Mac OS X 10_15_7) AppleWebKit/605.1.15 (KHTML, like Gecko) Version/17.4 Safari/605.1.15 (Applebot/0.1; +http://www.apple.com/go/applebot)"
17.241.227.165 - - [13/Mar/2025:17:31:59 +0000] "GET /wp-content/uploads/2025/03/logo-2.png HTTP/1.1" 200 1275 "-" "Mozilla/5.0 (Macintosh; Intel Mac OS X 10_15_7) AppleWebKit/605.1.15 (KHTML, like Gecko) Version/17.4 Safari/605.1.15 (Applebot/0.1; +http://www.apple.com/go/applebot)"
43.153.119.119 - - [13/Mar/2025:15:03:14 +0000] "GET / HTTP/1.1" 200 31620 "http://www.webcloude.com" "Mozilla/5.0 (iPhone; CPU iPhone OS 13_2_3 like Mac OS X) AppleWebKit/605.1.15 (KHTML, like Gecko) Version/13.0.3 Mobile/15E148 Safari/604.1"
2a06:98c0:3600::103 - - [13/Mar/2025:15:05:20 +0000] "GET /wordpress/wp-admin/setup-config.php HTTP/1.1" 404 25136 "-" "Mozilla/5.0 (Windows NT 10.0; Win64; x64) AppleWebKit/537.36 (KHTML, like Gecko) Chrome/133.0.0.0 Safari/537.36"
68.178.146.19 - - [13/Mar/2025:15:40:11 +0000] "POST /xmlrpc.php HTTP/2" 200 1755 "https://webcloude.com" "Mozilla/5.0 (Macintosh; Intel Mac OS X 10_15_7; rv:129.0) Gecko/20100101 Firefox/129.0"
65.109.31.236 - - [13/Mar/2025:15:53:34 +0000] "POST /wp-cron.php?doing_wp_cron=1741881214.3038389682769775390625 HTTP/1.1" 200 20 "-" "WordPress/6.7.2; https://webcloude.com"
3.15.42.24 - - [13/Mar/2025:15:56:17 +0000] "GET /.git/config HTTP/1.1" 403 1154 "-" "osee2unifiedRelease/1466 osee2unifiedReleaseVersion/6.9.1 Mozilla/5.0 (iPhone; CPU iPhone OS 12_4 like Mac OS X) AppleWebKit/605.1.15 (KHTML, like Gecko) Mobile/15E148"
34.56.31.240 - - [13/Mar/2025:16:03:23 +0000] "GET / HTTP/1.1" 200 184631 "-" "Mozilla/5.0 (Windows NT 10.0; Win64; x64) AppleWebKit/537.36 (KHTML, like Gecko) Chrome/78.0.3904.108 Safari/537.36"
34.56.31.240 - - [13/Mar/2025:16:03:24 +0000] "GET //wp-includes/wlwmanifest.xml HTTP/1.1" 200 1 "-" "Mozilla/5.0 (Windows NT 10.0; Win64; x64) AppleWebKit/537.36 (KHTML, like Gecko) Chrome/78.0.3904.108 Safari/537.36"
34.56.31.240 - - [13/Mar/2025:16:03:25 +0000] "GET //xmlrpc.php?rsd HTTP/1.1" 200 24132 "-" "Mozilla/5.0 (Windows NT 10.0; Win64; x64) AppleWebKit/537.36 (KHTML, like Gecko) Chrome/78.0.3904.108 Safari/537.36"
34.56.31.240 - - [13/Mar/2025:16:03:25 +0000] "GET / HTTP/1.1" 200 184631 "-" "Mozilla/5.0 (Windows NT 10.0; Win64; x64) AppleWebKit/537.36 (KHTML, like Gecko) Chrome/78.0.3904.108 Safari/537.36"
34.56.31.240 - - [13/Mar/2025:16:03:26 +0000] "GET //?author=1 HTTP/1.1" 301 0 "-" "Mozilla/5.0 (Windows NT 10.0; Win64; x64) AppleWebKit/537.36 (KHTML, like Gecko) Chrome/78.0.3904.108 Safari/537.36"
34.56.31.240 - - [13/Mar/2025:16:03:26 +0000] "GET //?author=2 HTTP/1.1" 301 0 "-" "Mozilla/5.0 (Windows NT 10.0; Win64; x64) AppleWebKit/537.36 (KHTML, like Gecko) Chrome/78.0.3904.108 Safari/537.36"
34.56.31.240 - - [13/Mar/2025:16:03:27 +0000] "GET //wp-json/wp/v2/users/ HTTP/1.1" 200 1418 "-" "Mozilla/5.0 (Windows NT 10.0; Win64; x64) AppleWebKit/537.36 (KHTML, like Gecko) Chrome/78.0.3904.108 Safari/537.36"
34.56.31.240 - - [13/Mar/2025:16:03:27 +0000] "POST //xmlrpc.php HTTP/1.1" 200 24132 "-" "Mozilla/5.0 (Windows NT 10.0; Win64; x64) AppleWebKit/537.36 (KHTML, like Gecko) Chrome/78.0.3904.108 Safari/537.36"
2a06:98c0:3600::103 - - [13/Mar/2025:16:21:17 +0000] "GET /wp-admin/setup-config.php HTTP/1.1" 409 1144 "-" "Mozilla/5.0 (Windows NT 10.0; Win64; x64) AppleWebKit/537.36 (KHTML, like Gecko) Chrome/133.0.0.0 Safari/537.36"
65.109.31.236 - - [13/Mar/2025:16:42:54 +0000] "POST /wp-cron.php?doing_wp_cron=1741884174.3752820491790771484375 HTTP/1.1" 200 20 "-" "WordPress/6.7.2; https://webcloude.com"
65.109.31.236 - - [13/Mar/2025:17:34:11 +0000] "POST /wp-cron.php?doing_wp_cron=1741887251.5794289112091064453125 HTTP/1.1" 200 20 "-" "WordPress/6.7.2; https://webcloude.com"
94.46.176.39 - - [13/Mar/2025:17:41:12 +0000] "POST /xmlrpc.php HTTP/2" 200 1754 "https://webcloude.com" "Mozilla/5.0 (Windows NT 10.0; Win64; x64) AppleWebKit/537.36 (KHTML, like Gecko) Chrome/114.0.5735.199 Safari/537.36 Edg/114.0.1823.67"
148.72.126.119 - - [13/Mar/2025:18:15:40 +0000] "POST /xmlrpc.php HTTP/2" 200 1756 "https://webcloude.com" "Mozilla/5.0 (Windows NT 10.0; Win64; x64) AppleWebKit/537.36 (KHTML, like Gecko) Chrome/126.0.0.0 Safari/537.36"
2a06:98c0:3600::103 - - [13/Mar/2025:18:25:34 +0000] "GET /wordpress/wp-admin/setup-config.php HTTP/1.1" 404 25137 "-" "Mozilla/5.0 (Windows NT 10.0; Win64; x64) AppleWebKit/537.36 (KHTML, like Gecko) Chrome/133.0.0.0 Safari/537.36"
106.219.161.102 - - [13/Mar/2025:10:54:14 +0000] "GET /contact-2/ HTTP/1.1" 200 30117 "http://webcloude.com" "Mozilla/5.0 (X11; Linux i686; rv:114.0) Gecko/20100101 Firefox/114.0"
43.130.72.177 - - [13/Mar/2025:10:58:49 +0000] "GET / HTTP/1.1" 200 31621 "http://www.webcloude.com" "Mozilla/5.0 (iPhone; CPU iPhone OS 13_2_3 like Mac OS X) AppleWebKit/605.1.15 (KHTML, like Gecko) Version/13.0.3 Mobile/15E148 Safari/604.1"
2a06:98c0:3600::103 - - [13/Mar/2025:11:00:15 +0000] "GET /wordpress/wp-admin/setup-config.php HTTP/1.1" 404 25138 "-" "Mozilla/5.0 (Windows NT 10.0; Win64; x64) AppleWebKit/537.36 (KHTML, like Gecko) Chrome/133.0.0.0 Safari/537.36"
65.109.31.236 - - [13/Mar/2025:11:26:03 +0000] "POST /wp-cron.php?doing_wp_cron=1741865163.3086938858032226562500 HTTP/1.1" 200 20 "-" "WordPress/6.7.2; https://webcloude.com"
65.109.31.236 - - [13/Mar/2025:11:50:23 +0000] "POST /wp-cron.php?doing_wp_cron=1741866623.0388600826263427734375 HTTP/1.1" 200 20 "-" "WordPress/6.7.2; https://webcloude.com"
170.106.110.146 - - [13/Mar/2025:12:05:12 +0000] "GET / HTTP/1.1" 200 31621 "http://www.webcloude.com" "Mozilla/5.0 (iPhone; CPU iPhone OS 13_2_3 like Mac OS X) AppleWebKit/605.1.15 (KHTML, like Gecko) Version/13.0.3 Mobile/15E148 Safari/604.1"
2a06:98c0:3600::103 - - [13/Mar/2025:12:36:05 +0000] "GET /wp-admin/setup-config.php HTTP/1.1" 409 1144 "-" "Mozilla/5.0 (Windows NT 10.0; Win64; x64) AppleWebKit/537.36 (KHTML, like Gecko) Chrome/133.0.0.0 Safari/537.36"
65.109.31.236 - - [13/Mar/2025:12:58:11 +0000] "POST /wp-cron.php?doing_wp_cron=1741870691.5566470623016357421875 HTTP/1.1" 200 20 "-" "WordPress/6.7.2; https://webcloude.com"
2a06:98c0:3600::103 - - [13/Mar/2025:12:58:09 +0000] "GET /wordpress/wp-admin/setup-config.php HTTP/1.1" 404 25136 "-" "Mozilla/5.0 (Windows NT 10.0; Win64; x64) AppleWebKit/537.36 (KHTML, like Gecko) Chrome/133.0.0.0 Safari/537.36"
165.227.71.208 - - [13/Mar/2025:13:15:47 +0000] "GET / HTTP/1.1" 200 31616 "-" "Mozilla/5.0 (compatible)"
115.245.68.141 - - [13/Mar/2025:13:29:30 +0000] "POST /xmlrpc.php HTTP/2" 200 1756 "https://webcloude.com" "Mozilla/5.0 (Macintosh; Intel Mac OS X 10.15; rv:126.0) Gecko/20100101 Firefox/126.0"
2a06:98c0:3600::103 - - [13/Mar/2025:14:12:01 +0000] "GET /wp-admin/setup-config.php HTTP/1.1" 409 1144 "-" "Mozilla/5.0 (Windows NT 10.0; Win64; x64) AppleWebKit/537.36 (KHTML, like Gecko) Chrome/133.0.0.0 Safari/537.36"
190.92.154.173 - - [13/Mar/2025:14:44:09 +0000] "POST /xmlrpc.php HTTP/2" 200 1754 "https://webcloude.com" "Mozilla/5.0 (Macintosh; Intel Mac OS X 10_15_7; rv:129.0) Gecko/20100101 Firefox/129.0"
4.234.9.215 - - [13/Mar/2025:15:11:32 +0000] "GET /.env HTTP/1.1" 403 1154 "-" "Mozilla/5.0 (X11; Linux x86_64) AppleWebKit/537.36 (KHTML, like Gecko) Chrome/81.0.4044.129 Safari/537.36"
109.69.108.156 - - [13/Mar/2025:17:31:08 +0000] "GET /contact-2/ HTTP/1.1" 200 30112 "-" "Mozilla/5.0 (X11; Linux i686; rv:114.0) Gecko/20100101 Firefox/114.0"
176.123.10.50 - - [13/Mar/2025:17:34:09 +0000] "GET / HTTP/1.1" 301 20 "-" "Mozilla/5.0 (Linux; Android 8.0.0; Moto Z2 Play) AppleWebKit/537.36 (KHTML, like Gecko) Chrome/76.0.3809.111 Mobile Safari/537.36"
2a06:98c0:3600::103 - - [13/Mar/2025:17:35:32 +0000] "GET /wordpress/wp-admin/setup-config.php HTTP/1.1" 404 25137 "-" "Mozilla/5.0 (Windows NT 10.0; Win64; x64) AppleWebKit/537.36 (KHTML, like Gecko) Chrome/133.0.0.0 Safari/537.36"
2a06:98c0:3600::103 - - [13/Mar/2025:18:00:40 +0000] "GET /wp-admin/setup-config.php HTTP/1.1" 409 1144 "-" "Mozilla/5.0 (Windows NT 10.0; Win64; x64) AppleWebKit/537.36 (KHTML, like Gecko) Chrome/133.0.0.0 Safari/537.36"
65.109.31.236 - - [13/Mar/2025:18:01:32 +0000] "POST /wp-cron.php?doing_wp_cron=1741888892.0532929897308349609375 HTTP/1.1" 200 20 "-" "WordPress/6.7.2; https://webcloude.com"
47.242.224.70 - - [13/Mar/2025:18:52:01 +0000] "GET / HTTP/1.1" 301 20 "-" "Mozilla/5.0 (Windows NT 6.1; WOW64; rv:64.0) Gecko/20100101 Firefox/64.0"
65.109.31.236 - - [13/Mar/2025:09:51:16 +0000] "POST /wp-cron.php?doing_wp_cron=1741859476.8830130100250244140625 HTTP/1.1" 200 20 "-" "WordPress/6.7.2; https://webcloude.com"
2a06:98c0:3600::103 - - [13/Mar/2025:09:51:16 +0000] "GET /wordpress/wp-admin/setup-config.php HTTP/1.1" 404 25139 "-" "Mozilla/5.0 (Windows NT 10.0; Win64; x64) AppleWebKit/537.36 (KHTML, like Gecko) Chrome/133.0.0.0 Safari/537.36"
2a06:98c0:3600::103 - - [13/Mar/2025:10:39:22 +0000] "GET /wordpress/wp-admin/setup-config.php HTTP/1.1" 404 25139 "-" "Mozilla/5.0 (Windows NT 10.0; Win64; x64) AppleWebKit/537.36 (KHTML, like Gecko) Chrome/133.0.0.0 Safari/537.36"
106.219.161.102 - - [13/Mar/2025:10:54:13 +0000] "GET / HTTP/1.1" 200 31620 "http://webcloude.com" "Mozilla/5.0 (X11; Linux i686; rv:114.0) Gecko/20100101 Firefox/114.0"
106.219.161.102 - - [13/Mar/2025:10:54:15 +0000] "POST /contact-2/ HTTP/1.1" 200 29871 "https://webcloude.com/contact-2/" "Mozilla/5.0 (X11; Linux i686; rv:114.0) Gecko/20100101 Firefox/114.0"
2a06:98c0:3600::103 - - [13/Mar/2025:11:25:57 +0000] "GET /wp-admin/setup-config.php HTTP/1.1" 409 1144 "-" "Mozilla/5.0 (Windows NT 10.0; Win64; x64) AppleWebKit/537.36 (KHTML, like Gecko) Chrome/133.0.0.0 Safari/537.36"
65.109.31.236 - - [13/Mar/2025:11:48:57 +0000] "POST /wp-cron.php?doing_wp_cron=1741866537.4871718883514404296875 HTTP/1.1" 200 20 "-" "WordPress/6.7.2; https://webcloude.com"
65.109.31.236 - - [13/Mar/2025:12:11:11 +0000] "POST /wp-cron.php?doing_wp_cron=1741867871.7942349910736083984375 HTTP/1.1" 200 20 "-" "WordPress/6.7.2; https://webcloude.com"
65.109.31.236 - - [13/Mar/2025:12:35:06 +0000] "POST /wp-cron.php?doing_wp_cron=1741869305.8567969799041748046875 HTTP/1.1" 200 20 "-" "WordPress/6.7.2; https://webcloude.com"
2a06:98c0:3600::103 - - [13/Mar/2025:13:26:21 +0000] "GET /wordpress/wp-admin/setup-config.php HTTP/1.1" 404 25136 "-" "Mozilla/5.0 (Windows NT 10.0; Win64; x64) AppleWebKit/537.36 (KHTML, like Gecko) Chrome/133.0.0.0 Safari/537.36"
84.8.142.45 - - [13/Mar/2025:13:31:30 +0000] "GET / HTTP/2" 200 184651 "http://webcloude.com" "Go-http-client/2.0"
3.16.89.125 - - [13/Mar/2025:14:15:22 +0000] "GET /xmlrpc.php?path=%2Fhome%2Fwebcloude%2Fpublic_html%2F.wp-cli%2Fcache%2Fplugin HTTP/2" 200 766 "-" "Mozilla/5.0 AppleWebKit/537.36 (KHTML, like Gecko; compatible; ClaudeBot/1.0; +claudebot@anthropic.com)"
188.165.54.175 - - [13/Mar/2025:14:25:11 +0000] "POST /xmlrpc.php HTTP/2" 200 1755 "https://webcloude.com" "Mozilla/5.0 (Windows NT 10.0; Win64; x64) AppleWebKit/537.36 (KHTML, like Gecko) Chrome/115.0.5790.171 Safari/537.36 Edg/115.0.1901.203"
2a06:98c0:3600::103 - - [13/Mar/2025:16:42:53 +0000] "GET /wordpress/wp-admin/setup-config.php HTTP/1.1" 404 25136 "-" "Mozilla/5.0 (Windows NT 10.0; Win64; x64) AppleWebKit/537.36 (KHTML, like Gecko) Chrome/133.0.0.0 Safari/537.36"
2a06:98c0:3600::103 - - [13/Mar/2025:18:24:08 +0000] "GET /wp-admin/setup-config.php HTTP/1.1" 409 1144 "-" "Mozilla/5.0 (Windows NT 10.0; Win64; x64) AppleWebKit/537.36 (KHTML, like Gecko) Chrome/133.0.0.0 Safari/537.36"
47.242.224.70 - - [13/Mar/2025:18:52:01 +0000] "GET / HTTP/1.1" 200 31617 "-" "Mozilla/5.0 (Windows NT 5.1) AppleWebKit/537.36 (KHTML, like Gecko) Chrome/35.0.2117.157 Safari/537.36"
47.89.187.81 - - [13/Mar/2025:19:01:49 +0000] "GET / HTTP/1.1" 200 31615 "-" "Go-http-client/1.1"
47.90.149.238 - - [13/Mar/2025:19:01:53 +0000] "GET / HTTP/1.1" 200 31617 "-" "Go-http-client/1.1"
2a06:98c0:3600::103 - - [13/Mar/2025:19:12:31 +0000] "GET /wordpress/wp-admin/setup-config.php HTTP/1.1" 404 25135 "-" "Mozilla/5.0 (Windows NT 10.0; Win64; x64) AppleWebKit/537.36 (KHTML, like Gecko) Chrome/133.0.0.0 Safari/537.36"
2a06:98c0:3600::103 - - [13/Mar/2025:19:38:02 +0000] "GET /wp-admin/setup-config.php HTTP/1.1" 409 1144 "-" "Mozilla/5.0 (Windows NT 10.0; Win64; x64) AppleWebKit/537.36 (KHTML, like Gecko) Chrome/133.0.0.0 Safari/537.36"
3.142.199.81 - - [13/Mar/2025:19:43:00 +0000] "GET /robots.txt HTTP/2" 200 120 "-" "Mozilla/5.0 AppleWebKit/537.36 (KHTML, like Gecko; compatible; ClaudeBot/1.0; +claudebot@anthropic.com)"
124.220.171.218 - - [13/Mar/2025:08:58:47 +0000] "GET / HTTP/1.1" 200 31616 "-" "Mozilla/5.0 (Linux; Android 10; LIO-AN00 Build/HUAWEILIO-AN00; wv) MicroMessenger Weixin QQ AppleWebKit/537.36 (KHTML, like Gecko) Version/4.0 Chrome/78.0.3904.62 XWEB/2692 MMWEBSDK/200901 Mobile Safari/537.36"
3.16.123.144 - - [13/Mar/2025:10:39:13 +0000] "GET /robots.txt HTTP/2" 200 120 "-" "Mozilla/5.0 AppleWebKit/537.36 (KHTML, like Gecko; compatible; ClaudeBot/1.0; +claudebot@anthropic.com)"
3.16.123.144 - - [13/Mar/2025:10:39:13 +0000] "GET /product.php?sitemap.xml HTTP/2" 200 5846 "-" "Mozilla/5.0 AppleWebKit/537.36 (KHTML, like Gecko; compatible; ClaudeBot/1.0; +claudebot@anthropic.com)"
2a06:98c0:3600::103 - - [13/Mar/2025:12:09:43 +0000] "GET /wp-admin/setup-config.php HTTP/1.1" 409 1144 "-" "Mozilla/5.0 (Windows NT 10.0; Win64; x64) AppleWebKit/537.36 (KHTML, like Gecko) Chrome/133.0.0.0 Safari/537.36"
162.214.205.75 - - [13/Mar/2025:12:33:54 +0000] "POST /xmlrpc.php HTTP/2" 200 1756 "https://webcloude.com" "Mozilla/5.0 (Macintosh; Intel Mac OS X 14_4_1) AppleWebKit/605.1.15 (KHTML, like Gecko) Version/17.3.1 Safari/605.1.15"
65.109.31.236 - - [13/Mar/2025:12:36:53 +0000] "POST /wp-cron.php?doing_wp_cron=1741869413.4011089801788330078125 HTTP/1.1" 200 20 "-" "WordPress/6.7.2; https://webcloude.com"
165.227.71.208 - - [13/Mar/2025:13:15:51 +0000] "GET /favicon.ico HTTP/1.1" 404 1163 "https://webcloude.com/" "Mozilla/5.0 (compatible)"
65.109.31.236 - - [13/Mar/2025:13:48:32 +0000] "POST /wp-cron.php?doing_wp_cron=1741873712.8669478893280029296875 HTTP/1.1" 200 20 "-" "WordPress/6.7.2; https://webcloude.com"
65.109.31.236 - - [13/Mar/2025:13:48:32 +0000] "POST /wp-cron.php?doing_wp_cron=1741873712.9613280296325683593750 HTTP/1.1" 200 20 "-" "WordPress/6.7.2; https://webcloude.com"
45.39.200.97 - - [13/Mar/2025:14:45:13 +0000] "GET / HTTP/1.1" 200 31620 "http://webcloude.com/contact-us" "Mozilla/5.0 (Windows NT 10.0; Win64; x64) AppleWebKit/537.36 (KHTML, like Gecko) Chrome/129.0.0.0 Safari/537.3"
2a06:98c0:3600::103 - - [13/Mar/2025:15:29:30 +0000] "GET /wp-admin/setup-config.php HTTP/1.1" 409 1144 "-" "Mozilla/5.0 (Windows NT 10.0; Win64; x64) AppleWebKit/537.36 (KHTML, like Gecko) Chrome/133.0.0.0 Safari/537.36"
52.21.209.231 - - [13/Mar/2025:16:15:56 +0000] "POST /xmlrpc.php HTTP/2" 200 1755 "https://webcloude.com" "Mozilla/5.0 (Windows NT 10.0; Win64; x64) AppleWebKit/537.36 (KHTML, like Gecko) Chrome/115.0.5790.102 Safari/537.36"
95.216.25.188 - - [13/Mar/2025:16:33:32 +0000] "POST /xmlrpc.php HTTP/2" 200 1755 "https://webcloude.com" "Mozilla/5.0 (Windows NT 10.0; Win64; x64) AppleWebKit/537.36 (KHTML, like Gecko) Chrome/126.0.0.0 Safari/537.36"
116.204.78.140 - - [13/Mar/2025:16:50:38 +0000] "POST /xmlrpc.php HTTP/2" 200 1756 "https://webcloude.com" "Mozilla/5.0 (Windows NT 10.0; Win64; x64) AppleWebKit/537.36 (KHTML, like Gecko) Chrome/126.0.0.0 Safari/537.36 Edg/126.0.0.0"
178.32.112.62 - - [13/Mar/2025:17:24:26 +0000] "POST /xmlrpc.php HTTP/2" 200 1755 "https://webcloude.com" "Mozilla/5.0 (Windows NT 10.0; Win64; x64) AppleWebKit/537.36 (KHTML, like Gecko) Chrome/114.0.5735.134 Safari/537.36"
2a06:98c0:3600::103 - - [13/Mar/2025:18:01:31 +0000] "GET /wordpress/wp-admin/setup-config.php HTTP/1.1" 404 25135 "-" "Mozilla/5.0 (Windows NT 10.0; Win64; x64) AppleWebKit/537.36 (KHTML, like Gecko) Chrome/133.0.0.0 Safari/537.36"
43.153.19.83 - - [13/Mar/2025:18:03:48 +0000] "GET / HTTP/1.1" 200 31618 "http://webcloude.com" "Mozilla/5.0 (iPhone; CPU iPhone OS 13_2_3 like Mac OS X) AppleWebKit/605.1.15 (KHTML, like Gecko) Version/13.0.3 Mobile/15E148 Safari/604.1"
2a06:98c0:3600::103 - - [13/Mar/2025:19:14:08 +0000] "GET /wp-admin/setup-config.php HTTP/1.1" 409 1144 "-" "Mozilla/5.0 (Windows NT 10.0; Win64; x64) AppleWebKit/537.36 (KHTML, like Gecko) Chrome/133.0.0.0 Safari/537.36"
208.109.173.103 - - [13/Mar/2025:20:18:15 +0000] "POST /wp-login.php HTTP/2" 200 2163 "https://webcloude.com" "Mozilla/5.0 (Macintosh; Intel Mac OS X 14.3) AppleWebKit/614.31.14 (KHTML, like Gecko) Version/17.0.96 Safari/614.31.14"
106.205.198.5 - - [13/Mar/2025:20:18:47 +0000] "GET / HTTP/2" 200 31616 "-" "Mozilla/5.0 (iPhone; CPU iPhone OS 18_2_1 like Mac OS X) AppleWebKit/605.1.15 (KHTML, like Gecko) Version/18.2 Mobile/15E148 Safari/604.1"
106.205.198.5 - - [13/Mar/2025:20:18:47 +0000] "GET /wp-content/plugins/elementor/assets/lib/font-awesome/js/v4-shims.min.js?ver=3.27.6 HTTP/2" 304 0 "https://webcloude.com/" "Mozilla/5.0 (iPhone; CPU iPhone OS 18_2_1 like Mac OS X) AppleWebKit/605.1.15 (KHTML, like Gecko) Version/18.2 Mobile/15E148 Safari/604.1"
106.205.198.5 - - [13/Mar/2025:20:18:47 +0000] "GET /wp-content/plugins/woocommerce/assets/js/jquery-blockui/jquery.blockUI.min.js?ver=2.7.0-wc.9.7.1 HTTP/2" 304 0 "https://webcloude.com/" "Mozilla/5.0 (iPhone; CPU iPhone OS 18_2_1 like Mac OS X) AppleWebKit/605.1.15 (KHTML, like Gecko) Version/18.2 Mobile/15E148 Safari/604.1"
106.205.198.5 - - [13/Mar/2025:20:18:47 +0000] "GET /wp-content/plugins/woocommerce/assets/js/frontend/add-to-cart.min.js?ver=9.7.1 HTTP/2" 304 0 "https://webcloude.com/" "Mozilla/5.0 (iPhone; CPU iPhone OS 18_2_1 like Mac OS X) AppleWebKit/605.1.15 (KHTML, like Gecko) Version/18.2 Mobile/15E148 Safari/604.1"
106.205.198.5 - - [13/Mar/2025:20:18:47 +0000] "GET /wp-content/plugins/woocommerce/assets/js/frontend/woocommerce.min.js?ver=9.7.1 HTTP/2" 304 0 "https://webcloude.com/" "Mozilla/5.0 (iPhone; CPU iPhone OS 18_2_1 like Mac OS X) AppleWebKit/605.1.15 (KHTML, like Gecko) Version/18.2 Mobile/15E148 Safari/604.1"
106.205.198.5 - - [13/Mar/2025:20:18:47 +0000] "GET /wp-content/plugins/woocommerce/assets/js/js-cookie/js.cookie.min.js?ver=2.1.4-wc.9.7.1 HTTP/2" 304 0 "https://webcloude.com/" "Mozilla/5.0 (iPhone; CPU iPhone OS 18_2_1 like Mac OS X) AppleWebKit/605.1.15 (KHTML, like Gecko) Version/18.2 Mobile/15E148 Safari/604.1"
106.205.198.5 - - [13/Mar/2025:20:18:47 +0000] "GET /wp-content/plugins/presto-player/src/player/player-static.js?ver=1741603404 HTTP/2" 304 0 "https://webcloude.com/" "Mozilla/5.0 (iPhone; CPU iPhone OS 18_2_1 like Mac OS X) AppleWebKit/605.1.15 (KHTML, like Gecko) Version/18.2 Mobile/15E148 Safari/604.1"
106.205.198.5 - - [13/Mar/2025:20:18:47 +0000] "GET /wp-content/uploads/astra-addon/astra-addon-67cec751911a93-77625639.js?ver=4.9.1 HTTP/2" 304 0 "https://webcloude.com/" "Mozilla/5.0 (iPhone; CPU iPhone OS 18_2_1 like Mac OS X) AppleWebKit/605.1.15 (KHTML, like Gecko) Version/18.2 Mobile/15E148 Safari/604.1"
106.205.198.5 - - [13/Mar/2025:20:18:47 +0000] "GET /wp-content/plugins/woocommerce/assets/js/sourcebuster/sourcebuster.min.js?ver=9.7.1 HTTP/2" 304 0 "https://webcloude.com/" "Mozilla/5.0 (iPhone; CPU iPhone OS 18_2_1 like Mac OS X) AppleWebKit/605.1.15 (KHTML, like Gecko) Version/18.2 Mobile/15E148 Safari/604.1"
106.205.198.5 - - [13/Mar/2025:20:18:47 +0000] "GET /wp-content/plugins/elementor/assets/js/frontend.min.js?ver=3.27.6 HTTP/2" 304 0 "https://webcloude.com/" "Mozilla/5.0 (iPhone; CPU iPhone OS 18_2_1 like Mac OS X) AppleWebKit/605.1.15 (KHTML, like Gecko) Version/18.2 Mobile/15E148 Safari/604.1"
106.205.198.5 - - [13/Mar/2025:20:18:47 +0000] "GET /wp-content/plugins/elementor/assets/js/webpack.runtime.min.js?ver=3.27.6 HTTP/2" 304 0 "https://webcloude.com/" "Mozilla/5.0 (iPhone; CPU iPhone OS 18_2_1 like Mac OS X) AppleWebKit/605.1.15 (KHTML, like Gecko) Version/18.2 Mobile/15E148 Safari/604.1"
106.205.198.5 - - [13/Mar/2025:20:18:47 +0000] "GET /wp-content/plugins/elementor/assets/js/frontend-modules.min.js?ver=3.27.6 HTTP/2" 304 0 "https://webcloude.com/" "Mozilla/5.0 (iPhone; CPU iPhone OS 18_2_1 like Mac OS X) AppleWebKit/605.1.15 (KHTML, like Gecko) Version/18.2 Mobile/15E148 Safari/604.1"
106.205.198.5 - - [13/Mar/2025:20:18:47 +0000] "GET /wp-content/plugins/wpforms-lite/assets/lib/jquery.validate.min.js?ver=1.21.0 HTTP/2" 304 0 "https://webcloude.com/" "Mozilla/5.0 (iPhone; CPU iPhone OS 18_2_1 like Mac OS X) AppleWebKit/605.1.15 (KHTML, like Gecko) Version/18.2 Mobile/15E148 Safari/604.1"
3.142.199.81 - - [13/Mar/2025:19:43:00 +0000] "GET /wp-json/oembed/1.0/embed?url=https%3A%2F%2Fwebcloude.com%2Fall-courses-2%2F HTTP/2" 200 1034 "-" "Mozilla/5.0 AppleWebKit/537.36 (KHTML, like Gecko; compatible; ClaudeBot/1.0; +claudebot@anthropic.com)"
65.109.31.236 - - [13/Mar/2025:19:53:26 +0000] "POST /wp-cron.php?doing_wp_cron=1741895606.2438969612121582031250 HTTP/1.1" 200 20 "-" "WordPress/6.7.2; https://webcloude.com"
159.223.62.30 - - [13/Mar/2025:20:17:37 +0000] "GET / HTTP/1.1" 200 184631 "-" "Mozilla/5.0 (Windows NT 10.0; Win64; x64) AppleWebKit/537.36 (KHTML, like Gecko) Chrome/89.0.4389.114 Safari/537.36"
159.223.62.30 - - [13/Mar/2025:20:17:38 +0000] "GET //wp-includes/wlwmanifest.xml HTTP/1.1" 200 1 "-" "Mozilla/5.0 (Windows NT 10.0; Win64; x64) AppleWebKit/537.36 (KHTML, like Gecko) Chrome/89.0.4389.114 Safari/537.36"
159.223.62.30 - - [13/Mar/2025:20:17:39 +0000] "GET //xmlrpc.php?rsd HTTP/1.1" 200 24133 "-" "Mozilla/5.0 (Windows NT 10.0; Win64; x64) AppleWebKit/537.36 (KHTML, like Gecko) Chrome/89.0.4389.114 Safari/537.36"
159.223.62.30 - - [13/Mar/2025:20:17:40 +0000] "GET / HTTP/1.1" 200 184631 "-" "Mozilla/5.0 (Windows NT 10.0; Win64; x64) AppleWebKit/537.36 (KHTML, like Gecko) Chrome/89.0.4389.114 Safari/537.36"
159.223.62.30 - - [13/Mar/2025:20:17:40 +0000] "GET //?author=1 HTTP/1.1" 301 0 "-" "Mozilla/5.0 (Windows NT 10.0; Win64; x64) AppleWebKit/537.36 (KHTML, like Gecko) Chrome/89.0.4389.114 Safari/537.36"
159.223.62.30 - - [13/Mar/2025:20:17:41 +0000] "GET //?author=2 HTTP/1.1" 301 0 "-" "Mozilla/5.0 (Windows NT 10.0; Win64; x64) AppleWebKit/537.36 (KHTML, like Gecko) Chrome/89.0.4389.114 Safari/537.36"
159.223.62.30 - - [13/Mar/2025:20:17:41 +0000] "GET //?author=3 HTTP/1.1" 301 0 "-" "Mozilla/5.0 (Windows NT 10.0; Win64; x64) AppleWebKit/537.36 (KHTML, like Gecko) Chrome/89.0.4389.114 Safari/537.36"
159.223.62.30 - - [13/Mar/2025:20:17:42 +0000] "GET //wp-json/wp/v2/users/ HTTP/1.1" 200 1418 "-" "Mozilla/5.0 (Windows NT 10.0; Win64; x64) AppleWebKit/537.36 (KHTML, like Gecko) Chrome/89.0.4389.114 Safari/537.36"
159.223.62.30 - - [13/Mar/2025:20:17:42 +0000] "POST //xmlrpc.php HTTP/1.1" 200 24133 "-" "Mozilla/5.0 (Windows NT 10.0; Win64; x64) AppleWebKit/537.36 (KHTML, like Gecko) Chrome/89.0.4389.114 Safari/537.36"
2a06:98c0:3600::103 - - [13/Mar/2025:20:26:37 +0000] "GET /wordpress/wp-admin/setup-config.php HTTP/1.1" 404 25137 "-" "Mozilla/5.0 (Windows NT 10.0; Win64; x64) AppleWebKit/537.36 (KHTML, like Gecko) Chrome/133.0.0.0 Safari/537.36"
3.145.17.126 - - [13/Mar/2025:20:55:07 +0000] "GET /xmlrpc.php?filesrc=%2Fhome%2Fwebcloude%2Fpublic_html%2Findex.php&path=%2Fhome%2Fwebcloude%2Fpublic_html HTTP/2" 200 3682 "-" "Mozilla/5.0 AppleWebKit/537.36 (KHTML, like Gecko; compatible; ClaudeBot/1.0; +claudebot@anthropic.com)"
134.209.146.211 - - [13/Mar/2025:21:06:31 +0000] "GET / HTTP/1.1" 200 184631 "-" "Mozilla/5.0 (Windows NT 10.0; Win64; x64) AppleWebKit/537.36 (KHTML, like Gecko) Chrome/78.0.3904.108 Safari/537.36"
134.209.146.211 - - [13/Mar/2025:21:06:32 +0000] "GET //wp-includes/wlwmanifest.xml HTTP/1.1" 200 1 "-" "Mozilla/5.0 (Windows NT 10.0; Win64; x64) AppleWebKit/537.36 (KHTML, like Gecko) Chrome/78.0.3904.108 Safari/537.36"
134.209.146.211 - - [13/Mar/2025:21:06:33 +0000] "GET //xmlrpc.php?rsd HTTP/1.1" 200 24135 "-" "Mozilla/5.0 (Windows NT 10.0; Win64; x64) AppleWebKit/537.36 (KHTML, like Gecko) Chrome/78.0.3904.108 Safari/537.36"
134.209.146.211 - - [13/Mar/2025:21:06:33 +0000] "GET / HTTP/1.1" 200 184631 "-" "Mozilla/5.0 (Windows NT 10.0; Win64; x64) AppleWebKit/537.36 (KHTML, like Gecko) Chrome/78.0.3904.108 Safari/537.36"
134.209.146.211 - - [13/Mar/2025:21:06:34 +0000] "GET //?author=1 HTTP/1.1" 301 0 "-" "Mozilla/5.0 (Windows NT 10.0; Win64; x64) AppleWebKit/537.36 (KHTML, like Gecko) Chrome/78.0.3904.108 Safari/537.36"
134.209.146.211 - - [13/Mar/2025:21:06:34 +0000] "GET //?author=2 HTTP/1.1" 301 0 "-" "Mozilla/5.0 (Windows NT 10.0; Win64; x64) AppleWebKit/537.36 (KHTML, like Gecko) Chrome/78.0.3904.108 Safari/537.36"
43.130.228.73 - - [13/Mar/2025:16:56:00 +0000] "GET / HTTP/1.1" 200 31618 "http://webcloude.com" "Mozilla/5.0 (iPhone; CPU iPhone OS 13_2_3 like Mac OS X) AppleWebKit/605.1.15 (KHTML, like Gecko) Version/13.0.3 Mobile/15E148 Safari/604.1"
134.209.146.211 - - [13/Mar/2025:17:03:12 +0000] "GET / HTTP/1.1" 200 184631 "-" "Mozilla/5.0 (Windows NT 10.0; Win64; x64) AppleWebKit/537.36 (KHTML, like Gecko) Chrome/78.0.3904.108 Safari/537.36"
134.209.146.211 - - [13/Mar/2025:17:03:13 +0000] "GET //wp-includes/wlwmanifest.xml HTTP/1.1" 200 1 "-" "Mozilla/5.0 (Windows NT 10.0; Win64; x64) AppleWebKit/537.36 (KHTML, like Gecko) Chrome/78.0.3904.108 Safari/537.36"
134.209.146.211 - - [13/Mar/2025:17:03:14 +0000] "GET //xmlrpc.php?rsd HTTP/1.1" 200 24135 "-" "Mozilla/5.0 (Windows NT 10.0; Win64; x64) AppleWebKit/537.36 (KHTML, like Gecko) Chrome/78.0.3904.108 Safari/537.36"
134.209.146.211 - - [13/Mar/2025:17:03:14 +0000] "GET / HTTP/1.1" 200 184631 "-" "Mozilla/5.0 (Windows NT 10.0; Win64; x64) AppleWebKit/537.36 (KHTML, like Gecko) Chrome/78.0.3904.108 Safari/537.36"
134.209.146.211 - - [13/Mar/2025:17:03:15 +0000] "GET //?author=1 HTTP/1.1" 301 0 "-" "Mozilla/5.0 (Windows NT 10.0; Win64; x64) AppleWebKit/537.36 (KHTML, like Gecko) Chrome/78.0.3904.108 Safari/537.36"
134.209.146.211 - - [13/Mar/2025:17:03:16 +0000] "GET //?author=2 HTTP/1.1" 301 0 "-" "Mozilla/5.0 (Windows NT 10.0; Win64; x64) AppleWebKit/537.36 (KHTML, like Gecko) Chrome/78.0.3904.108 Safari/537.36"
134.209.146.211 - - [13/Mar/2025:17:03:16 +0000] "GET //wp-json/wp/v2/users/ HTTP/1.1" 200 1418 "-" "Mozilla/5.0 (Windows NT 10.0; Win64; x64) AppleWebKit/537.36 (KHTML, like Gecko) Chrome/78.0.3904.108 Safari/537.36"
134.209.146.211 - - [13/Mar/2025:17:03:17 +0000] "POST //xmlrpc.php HTTP/1.1" 200 24135 "-" "Mozilla/5.0 (Windows NT 10.0; Win64; x64) AppleWebKit/537.36 (KHTML, like Gecko) Chrome/78.0.3904.108 Safari/537.36"
198.54.114.98 - - [13/Mar/2025:17:58:26 +0000] "POST /xmlrpc.php HTTP/2" 403 1154 "https://webcloude.com" "Mozilla/5.0 (Macintosh; Intel Mac OS X 10_15_7; rv:129.0) Gecko/20100101 Firefox/129.0"
45.67.14.64 - - [13/Mar/2025:18:50:05 +0000] "POST /xmlrpc.php HTTP/2" 200 1754 "https://webcloude.com" "Mozilla/5.0 (Windows NT 10.0; Win64; x64) AppleWebKit/537.36 (KHTML, like Gecko) Chrome/115.0.5790.171 Safari/537.36 Edg/115.0.1901.203"
65.109.31.236 - - [13/Mar/2025:19:01:49 +0000] "POST /wp-cron.php?doing_wp_cron=1741892509.6920950412750244140625 HTTP/1.1" 200 20 "-" "WordPress/6.7.2; https://webcloude.com"
65.109.31.236 - - [13/Mar/2025:19:01:49 +0000] "POST /wp-cron.php?doing_wp_cron=1741892509.6921000480651855468750 HTTP/1.1" 200 20 "-" "WordPress/6.7.2; https://webcloude.com"
2a06:98c0:3600::103 - - [13/Mar/2025:19:37:33 +0000] "GET /wordpress/wp-admin/setup-config.php HTTP/1.1" 404 25137 "-" "Mozilla/5.0 (Windows NT 10.0; Win64; x64) AppleWebKit/537.36 (KHTML, like Gecko) Chrome/133.0.0.0 Safari/537.36"
2a06:98c0:3600::103 - - [13/Mar/2025:20:24:19 +0000] "GET /wp-admin/setup-config.php HTTP/1.1" 409 1144 "-" "Mozilla/5.0 (Windows NT 10.0; Win64; x64) AppleWebKit/537.36 (KHTML, like Gecko) Chrome/133.0.0.0 Safari/537.36"
2a06:98c0:3600::103 - - [13/Mar/2025:20:48:44 +0000] "GET /wp-admin/setup-config.php HTTP/1.1" 409 1144 "-" "Mozilla/5.0 (Windows NT 10.0; Win64; x64) AppleWebKit/537.36 (KHTML, like Gecko) Chrome/133.0.0.0 Safari/537.36"
52.15.60.240 - - [13/Mar/2025:20:57:23 +0000] "GET /xmlrpc.php?filesrc=%2Fhome%2Fwebcloude%2Fpublic_html%2Fwp-mail.php&path=%2Fhome%2Fwebcloude%2Fpublic_html HTTP/2" 200 3661 "-" "Mozilla/5.0 AppleWebKit/537.36 (KHTML, like Gecko; compatible; ClaudeBot/1.0; +claudebot@anthropic.com)"
34.48.114.13 - - [13/Mar/2025:21:08:14 +0000] "GET / HTTP/1.1" 200 184631 "-" "Mozilla/5.0 (Windows NT 10.0; Win64; x64) AppleWebKit/537.36 (KHTML, like Gecko) Chrome/78.0.3904.108 Safari/537.36"
34.48.114.13 - - [13/Mar/2025:21:08:15 +0000] "GET //wp-includes/wlwmanifest.xml HTTP/1.1" 200 1 "-" "Mozilla/5.0 (Windows NT 10.0; Win64; x64) AppleWebKit/537.36 (KHTML, like Gecko) Chrome/78.0.3904.108 Safari/537.36"
190.92.154.173 - - [13/Mar/2025:19:07:22 +0000] "POST /xmlrpc.php HTTP/2" 200 1754 "https://webcloude.com" "Mozilla/5.0 (Windows NT 10.0; Win64; x64; rv:125.0.1) Gecko/20100101 Firefox/125.0.1"
65.109.31.236 - - [13/Mar/2025:19:43:01 +0000] "POST /wp-cron.php?doing_wp_cron=1741894981.4991939067840576171875 HTTP/1.1" 200 20 "-" "WordPress/6.7.2; https://webcloude.com"
159.223.62.30 - - [13/Mar/2025:19:53:35 +0000] "GET / HTTP/1.1" 200 184631 "-" "Mozilla/5.0 (Windows NT 10.0; Win64; x64) AppleWebKit/537.36 (KHTML, like Gecko) Chrome/89.0.4389.114 Safari/537.36"
159.223.62.30 - - [13/Mar/2025:19:53:36 +0000] "GET //wp-includes/wlwmanifest.xml HTTP/1.1" 200 1 "-" "Mozilla/5.0 (Windows NT 10.0; Win64; x64) AppleWebKit/537.36 (KHTML, like Gecko) Chrome/89.0.4389.114 Safari/537.36"
159.223.62.30 - - [13/Mar/2025:19:53:38 +0000] "GET //xmlrpc.php?rsd HTTP/1.1" 200 24133 "-" "Mozilla/5.0 (Windows NT 10.0; Win64; x64) AppleWebKit/537.36 (KHTML, like Gecko) Chrome/89.0.4389.114 Safari/537.36"
159.223.62.30 - - [13/Mar/2025:19:53:38 +0000] "GET / HTTP/1.1" 200 184631 "-" "Mozilla/5.0 (Windows NT 10.0; Win64; x64) AppleWebKit/537.36 (KHTML, like Gecko) Chrome/89.0.4389.114 Safari/537.36"
159.223.62.30 - - [13/Mar/2025:19:53:39 +0000] "GET //?author=1 HTTP/1.1" 301 0 "-" "Mozilla/5.0 (Windows NT 10.0; Win64; x64) AppleWebKit/537.36 (KHTML, like Gecko) Chrome/89.0.4389.114 Safari/537.36"
159.223.62.30 - - [13/Mar/2025:19:53:39 +0000] "GET //?author=2 HTTP/1.1" 301 0 "-" "Mozilla/5.0 (Windows NT 10.0; Win64; x64) AppleWebKit/537.36 (KHTML, like Gecko) Chrome/89.0.4389.114 Safari/537.36"
159.223.62.30 - - [13/Mar/2025:19:53:39 +0000] "GET //?author=3 HTTP/1.1" 301 0 "-" "Mozilla/5.0 (Windows NT 10.0; Win64; x64) AppleWebKit/537.36 (KHTML, like Gecko) Chrome/89.0.4389.114 Safari/537.36"
159.223.62.30 - - [13/Mar/2025:19:53:40 +0000] "GET //wp-json/wp/v2/users/ HTTP/1.1" 200 1418 "-" "Mozilla/5.0 (Windows NT 10.0; Win64; x64) AppleWebKit/537.36 (KHTML, like Gecko) Chrome/89.0.4389.114 Safari/537.36"
159.223.62.30 - - [13/Mar/2025:19:53:40 +0000] "POST //xmlrpc.php HTTP/1.1" 200 24133 "-" "Mozilla/5.0 (Windows NT 10.0; Win64; x64) AppleWebKit/537.36 (KHTML, like Gecko) Chrome/89.0.4389.114 Safari/537.36"
65.109.31.236 - - [13/Mar/2025:19:58:10 +0000] "POST /wp-cron.php?doing_wp_cron=1741895890.4266800880432128906250 HTTP/1.1" 200 20 "-" "WordPress/6.7.2; https://webcloude.com"
134.209.146.211 - - [13/Mar/2025:20:18:36 +0000] "GET / HTTP/1.1" 200 184631 "-" "Mozilla/5.0 (Windows NT 10.0; Win64; x64) AppleWebKit/537.36 (KHTML, like Gecko) Chrome/78.0.3904.108 Safari/537.36"
134.209.146.211 - - [13/Mar/2025:20:18:37 +0000] "GET //wp-includes/wlwmanifest.xml HTTP/1.1" 200 1 "-" "Mozilla/5.0 (Windows NT 10.0; Win64; x64) AppleWebKit/537.36 (KHTML, like Gecko) Chrome/78.0.3904.108 Safari/537.36"
134.209.146.211 - - [13/Mar/2025:20:18:38 +0000] "GET //xmlrpc.php?rsd HTTP/1.1" 200 24135 "-" "Mozilla/5.0 (Windows NT 10.0; Win64; x64) AppleWebKit/537.36 (KHTML, like Gecko) Chrome/78.0.3904.108 Safari/537.36"
134.209.146.211 - - [13/Mar/2025:20:18:38 +0000] "GET / HTTP/1.1" 200 184631 "-" "Mozilla/5.0 (Windows NT 10.0; Win64; x64) AppleWebKit/537.36 (KHTML, like Gecko) Chrome/78.0.3904.108 Safari/537.36"
134.209.146.211 - - [13/Mar/2025:20:18:39 +0000] "GET //?author=1 HTTP/1.1" 301 0 "-" "Mozilla/5.0 (Windows NT 10.0; Win64; x64) AppleWebKit/537.36 (KHTML, like Gecko) Chrome/78.0.3904.108 Safari/537.36"
134.209.146.211 - - [13/Mar/2025:20:18:39 +0000] "GET //?author=2 HTTP/1.1" 301 0 "-" "Mozilla/5.0 (Windows NT 10.0; Win64; x64) AppleWebKit/537.36 (KHTML, like Gecko) Chrome/78.0.3904.108 Safari/537.36"
134.209.146.211 - - [13/Mar/2025:20:18:40 +0000] "GET //wp-json/wp/v2/users/ HTTP/1.1" 200 1418 "-" "Mozilla/5.0 (Windows NT 10.0; Win64; x64) AppleWebKit/537.36 (KHTML, like Gecko) Chrome/78.0.3904.108 Safari/537.36"
134.209.146.211 - - [13/Mar/2025:20:18:40 +0000] "POST //xmlrpc.php HTTP/1.1" 200 24135 "-" "Mozilla/5.0 (Windows NT 10.0; Win64; x64) AppleWebKit/537.36 (KHTML, like Gecko) Chrome/78.0.3904.108 Safari/537.36"
106.205.198.5 - - [13/Mar/2025:20:18:47 +0000] "GET /wp-content/plugins/wpforms-lite/assets/lib/mailcheck.min.js?ver=1.1.2 HTTP/2" 304 0 "https://webcloude.com/" "Mozilla/5.0 (iPhone; CPU iPhone OS 18_2_1 like Mac OS X) AppleWebKit/605.1.15 (KHTML, like Gecko) Version/18.2 Mobile/15E148 Safari/604.1"
106.205.198.5 - - [13/Mar/2025:20:18:47 +0000] "GET /wp-content/plugins/woocommerce/assets/js/frontend/order-attribution.min.js?ver=9.7.1 HTTP/2" 304 0 "https://webcloude.com/" "Mozilla/5.0 (iPhone; CPU iPhone OS 18_2_1 like Mac OS X) AppleWebKit/605.1.15 (KHTML, like Gecko) Version/18.2 Mobile/15E148 Safari/604.1"
106.205.198.5 - - [13/Mar/2025:20:18:47 +0000] "GET /wp-content/plugins/wpforms-lite/assets/lib/punycode.min.js?ver=1.0.0 HTTP/2" 304 0 "https://webcloude.com/" "Mozilla/5.0 (iPhone; CPU iPhone OS 18_2_1 like Mac OS X) AppleWebKit/605.1.15 (KHTML, like Gecko) Version/18.2 Mobile/15E148 Safari/604.1"
106.205.198.5 - - [13/Mar/2025:20:18:47 +0000] "GET /wp-content/plugins/wpforms-lite/assets/js/share/utils.min.js?ver=1.9.4.1 HTTP/2" 304 0 "https://webcloude.com/" "Mozilla/5.0 (iPhone; CPU iPhone OS 18_2_1 like Mac OS X) AppleWebKit/605.1.15 (KHTML, like Gecko) Version/18.2 Mobile/15E148 Safari/604.1"
106.205.198.5 - - [13/Mar/2025:20:18:47 +0000] "GET /wp-content/plugins/wpforms-lite/assets/js/frontend/wpforms.min.js?ver=1.9.4.1 HTTP/2" 304 0 "https://webcloude.com/" "Mozilla/5.0 (iPhone; CPU iPhone OS 18_2_1 like Mac OS X) AppleWebKit/605.1.15 (KHTML, like Gecko) Version/18.2 Mobile/15E148 Safari/604.1"
106.205.198.5 - - [13/Mar/2025:20:18:48 +0000] "GET /wp-content/plugins/presto-player/dist/components/web-components/web-components.esm.js?ver=1741603403 HTTP/2" 304 0 "https://webcloude.com/" "Mozilla/5.0 (iPhone; CPU iPhone OS 18_2_1 like Mac OS X) AppleWebKit/605.1.15 (KHTML, like Gecko) Version/18.2 Mobile/15E148 Safari/604.1"
106.205.198.5 - - [13/Mar/2025:20:18:48 +0000] "GET /wp-content/plugins/elementor/assets/js/accordion.36aa4c8c4eba17bc8e03.bundle.min.js HTTP/2" 304 0 "https://webcloude.com/" "Mozilla/5.0 (iPhone; CPU iPhone OS 18_2_1 like Mac OS X) AppleWebKit/605.1.15 (KHTML, like Gecko) Version/18.2 Mobile/15E148 Safari/604.1"
106.205.198.5 - - [13/Mar/2025:20:18:48 +0000] "GET /wp-content/plugins/presto-player/dist/components/web-components/p-43f79dfb.js HTTP/2" 304 0 "https://webcloude.com/" "Mozilla/5.0 (iPhone; CPU iPhone OS 18_2_1 like Mac OS X) AppleWebKit/605.1.15 (KHTML, like Gecko) Version/18.2 Mobile/15E148 Safari/604.1"
106.205.198.5 - - [13/Mar/2025:20:18:48 +0000] "GET /wp-content/plugins/presto-player/dist/components/web-components/p-e1255160.js HTTP/2" 304 0 "https://webcloude.com/" "Mozilla/5.0 (iPhone; CPU iPhone OS 18_2_1 like Mac OS X) AppleWebKit/605.1.15 (KHTML, like Gecko) Version/18.2 Mobile/15E148 Safari/604.1"
106.205.198.5 - - [13/Mar/2025:20:18:50 +0000] "GET / HTTP/2" 200 31616 "-" "Mozilla/5.0 (iPhone; CPU iPhone OS 18_2_1 like Mac OS X) AppleWebKit/605.1.15 (KHTML, like Gecko) Version/18.2 Mobile/15E148 Safari/604.1"
66.249.64.234 - - [13/Mar/2025:20:27:49 +0000] "GET /robots.txt HTTP/1.1" 200 120 "-" "Mozilla/5.0 (compatible; Googlebot/2.1; +http://www.google.com/bot.html)"
3.12.160.150 - - [13/Mar/2025:20:36:42 +0000] "GET /xmlrpc.php?path=%2F HTTP/2" 200 1661 "-" "Mozilla/5.0 AppleWebKit/537.36 (KHTML, like Gecko; compatible; ClaudeBot/1.0; +claudebot@anthropic.com)"
43.153.96.233 - - [13/Mar/2025:21:05:31 +0000] "GET / HTTP/1.1" 200 31619 "http://www.webcloude.com" "Mozilla/5.0 (iPhone; CPU iPhone OS 13_2_3 like Mac OS X) AppleWebKit/605.1.15 (KHTML, like Gecko) Version/13.0.3 Mobile/15E148 Safari/604.1"
180.235.149.185 - - [13/Mar/2025:21:08:11 +0000] "POST /xmlrpc.php HTTP/2" 200 1755 "https://webcloude.com" "Mozilla/5.0 (Windows NT 10.0; Win64; x64) AppleWebKit/537.36 (KHTML, like Gecko) Chrome/116.0.5845.96 Safari/537.36"
3.145.21.186 - - [13/Mar/2025:21:45:24 +0000] "GET /xmlrpc.php?path=%2Fhome%2Fwebcloude%2Fpublic_html%2Fcgi-bin HTTP/2" 200 745 "-" "Mozilla/5.0 AppleWebKit/537.36 (KHTML, like Gecko; compatible; ClaudeBot/1.0; +claudebot@anthropic.com)"
47.250.156.29 - - [13/Mar/2025:19:01:49 +0000] "GET / HTTP/1.1" 200 31615 "-" "Go-http-client/1.1"
2a06:98c0:3600::103 - - [13/Mar/2025:19:10:26 +0000] "GET /wp-admin/setup-config.php HTTP/1.1" 409 1144 "-" "Mozilla/5.0 (Windows NT 10.0; Win64; x64) AppleWebKit/537.36 (KHTML, like Gecko) Chrome/133.0.0.0 Safari/537.36"
162.213.255.38 - - [13/Mar/2025:19:24:40 +0000] "POST /xmlrpc.php HTTP/2" 200 1757 "https://webcloude.com" "Mozilla/5.0 (Macintosh; Intel Mac OS X 10_15_7; rv:127.0) Gecko/20100101 Firefox/127.0"
65.109.31.236 - - [13/Mar/2025:19:37:34 +0000] "POST /wp-cron.php?doing_wp_cron=1741894654.1065471172332763671875 HTTP/1.1" 200 20 "-" "WordPress/6.7.2; https://webcloude.com"
37.187.26.72 - - [13/Mar/2025:19:53:25 +0000] "POST /wp-login.php HTTP/2" 200 2163 "https://webcloude.com" "Mozilla/5.0 (Macintosh; Intel Mac OS X 10_15_7; rv:128.0) Gecko/20100101 Firefox/128.0"
2a06:98c0:3600::103 - - [13/Mar/2025:20:01:21 +0000] "GET /wp-admin/setup-config.php HTTP/1.1" 409 1144 "-" "Mozilla/5.0 (Windows NT 10.0; Win64; x64) AppleWebKit/537.36 (KHTML, like Gecko) Chrome/133.0.0.0 Safari/537.36"
159.223.62.30 - - [13/Mar/2025:20:17:43 +0000] "GET / HTTP/1.1" 200 184631 "-" "Mozilla/5.0 (Windows NT 10.0; Win64; x64) AppleWebKit/537.36 (KHTML, like Gecko) Chrome/89.0.4389.114 Safari/537.36"
159.223.62.30 - - [13/Mar/2025:20:17:44 +0000] "GET //wp-includes/wlwmanifest.xml HTTP/1.1" 200 1 "-" "Mozilla/5.0 (Windows NT 10.0; Win64; x64) AppleWebKit/537.36 (KHTML, like Gecko) Chrome/89.0.4389.114 Safari/537.36"
159.223.62.30 - - [13/Mar/2025:20:17:45 +0000] "GET //xmlrpc.php?rsd HTTP/1.1" 200 24133 "-" "Mozilla/5.0 (Windows NT 10.0; Win64; x64) AppleWebKit/537.36 (KHTML, like Gecko) Chrome/89.0.4389.114 Safari/537.36"
159.223.62.30 - - [13/Mar/2025:20:17:45 +0000] "GET / HTTP/1.1" 200 184631 "-" "Mozilla/5.0 (Windows NT 10.0; Win64; x64) AppleWebKit/537.36 (KHTML, like Gecko) Chrome/89.0.4389.114 Safari/537.36"
159.223.62.30 - - [13/Mar/2025:20:17:46 +0000] "GET //?author=1 HTTP/1.1" 301 0 "-" "Mozilla/5.0 (Windows NT 10.0; Win64; x64) AppleWebKit/537.36 (KHTML, like Gecko) Chrome/89.0.4389.114 Safari/537.36"
159.223.62.30 - - [13/Mar/2025:20:17:46 +0000] "GET //?author=2 HTTP/1.1" 301 0 "-" "Mozilla/5.0 (Windows NT 10.0; Win64; x64) AppleWebKit/537.36 (KHTML, like Gecko) Chrome/89.0.4389.114 Safari/537.36"
159.223.62.30 - - [13/Mar/2025:20:17:46 +0000] "GET //?author=3 HTTP/1.1" 301 0 "-" "Mozilla/5.0 (Windows NT 10.0; Win64; x64) AppleWebKit/537.36 (KHTML, like Gecko) Chrome/89.0.4389.114 Safari/537.36"
159.223.62.30 - - [13/Mar/2025:20:17:47 +0000] "GET //wp-json/wp/v2/users/ HTTP/1.1" 200 1418 "-" "Mozilla/5.0 (Windows NT 10.0; Win64; x64) AppleWebKit/537.36 (KHTML, like Gecko) Chrome/89.0.4389.114 Safari/537.36"
159.223.62.30 - - [13/Mar/2025:20:17:47 +0000] "POST //xmlrpc.php HTTP/1.1" 200 24133 "-" "Mozilla/5.0 (Windows NT 10.0; Win64; x64) AppleWebKit/537.36 (KHTML, like Gecko) Chrome/89.0.4389.114 Safari/537.36"
54.36.209.164 - - [13/Mar/2025:20:43:18 +0000] "POST /xmlrpc.php HTTP/2" 200 1756 "https://webcloude.com" "Mozilla/5.0 (Macintosh; Intel Mac OS X 14_4_1) AppleWebKit/605.1.15 (KHTML, like Gecko) Version/17.3.1 Safari/605.1.15"
65.109.31.236 - - [13/Mar/2025:20:43:19 +0000] "POST /wp-cron.php?doing_wp_cron=1741898599.8406469821929931640625 HTTP/1.1" 200 20 "-" "WordPress/6.7.2; https://webcloude.com"
180.235.149.185 - - [13/Mar/2025:21:08:12 +0000] "POST /wp-login.php HTTP/2" 200 2137 "https://webcloude.com" "Mozilla/5.0 (Macintosh; Intel Mac OS X 13.3; rv:126.0) Gecko/20100101 Firefox/126.0"
3.144.104.136 - - [13/Mar/2025:21:13:39 +0000] "GET /xmlrpc.php?path=%2Fhome%2Fwebcloude%2Fpublic_html HTTP/2" 200 1755 "-" "Mozilla/5.0 AppleWebKit/537.36 (KHTML, like Gecko; compatible; ClaudeBot/1.0; +claudebot@anthropic.com)"
65.109.31.236 - - [13/Mar/2025:21:45:25 +0000] "POST /wp-cron.php?doing_wp_cron=1741902325.5528619289398193359375 HTTP/1.1" 200 20 "-" "WordPress/6.7.2; https://webcloude.com"
159.223.62.30 - - [13/Mar/2025:16:48:50 +0000] "GET //wp-json/wp/v2/users/ HTTP/1.1" 200 1418 "-" "Mozilla/5.0 (Windows NT 10.0; Win64; x64) AppleWebKit/537.36 (KHTML, like Gecko) Chrome/89.0.4389.114 Safari/537.36"
159.223.62.30 - - [13/Mar/2025:16:48:51 +0000] "POST //xmlrpc.php HTTP/1.1" 403 1154 "-" "Mozilla/5.0 (Windows NT 10.0; Win64; x64) AppleWebKit/537.36 (KHTML, like Gecko) Chrome/89.0.4389.114 Safari/537.36"
65.109.31.236 - - [13/Mar/2025:17:09:36 +0000] "POST /wp-cron.php?doing_wp_cron=1741885776.0564320087432861328125 HTTP/1.1" 200 20 "-" "WordPress/6.7.2; https://webcloude.com"
109.69.108.156 - - [13/Mar/2025:17:31:10 +0000] "POST /contact-2/ HTTP/1.1" 200 29869 "https://webcloude.com/contact-2/" "Mozilla/5.0 (X11; Linux i686; rv:114.0) Gecko/20100101 Firefox/114.0"
65.109.31.236 - - [13/Mar/2025:17:35:32 +0000] "POST /wp-cron.php?doing_wp_cron=1741887332.9465029239654541015625 HTTP/1.1" 200 20 "-" "WordPress/6.7.2; https://webcloude.com"
120.71.59.24 - - [13/Mar/2025:18:02:29 +0000] "GET / HTTP/1.1" 200 31618 "http://webcloude.com" "Mozilla/5.0 (iPhone; CPU iPhone OS 13_2_3 like Mac OS X) AppleWebKit/605.1.15 (KHTML, like Gecko) Version/13.0.3 Mobile/15E148 Safari/604.1"
138.246.253.24 - - [13/Mar/2025:18:22:27 +0000] "GET /robots.txt HTTP/1.1" 200 120 "-" "Mozilla/5.0 (Windows NT 10.0; Win64; x64) AppleWebKit/537.36 (KHTML, like Gecko) Chrome/103.0.5060.134 Safari/537.36"
65.109.31.236 - - [13/Mar/2025:18:52:02 +0000] "POST /wp-cron.php?doing_wp_cron=1741891922.9478299617767333984375 HTTP/1.1" 200 20 "-" "WordPress/6.7.2; https://webcloude.com"
8.209.99.111 - - [13/Mar/2025:19:01:48 +0000] "GET / HTTP/1.1" 200 31615 "-" "Go-http-client/1.1"
37.187.26.72 - - [13/Mar/2025:19:53:25 +0000] "POST /xmlrpc.php HTTP/2" 200 1754 "https://webcloude.com" "Mozilla/5.0 (Windows NT 10.0; Win64; x64) AppleWebKit/537.36 (KHTML, like Gecko) Chrome/115.0.5790.171 Safari/537.36 Edg/115.0.1901.203"
18.118.0.158 - - [13/Mar/2025:20:29:53 +0000] "GET /xmlrpc.php?path=%2Fhome%2Fwebcloude%2Fpublic_html%2F.well-known HTTP/2" 200 915 "-" "Mozilla/5.0 AppleWebKit/537.36 (KHTML, like Gecko; compatible; ClaudeBot/1.0; +claudebot@anthropic.com)"
2a06:98c0:3600::103 - - [13/Mar/2025:20:46:52 +0000] "GET /wordpress/wp-admin/setup-config.php HTTP/1.1" 404 25136 "-" "Mozilla/5.0 (Windows NT 10.0; Win64; x64) AppleWebKit/537.36 (KHTML, like Gecko) Chrome/133.0.0.0 Safari/537.36"
18.118.105.93 - - [13/Mar/2025:20:51:12 +0000] "GET /robots.txt HTTP/2" 200 120 "-" "Mozilla/5.0 AppleWebKit/537.36 (KHTML, like Gecko; compatible; ClaudeBot/1.0; +claudebot@anthropic.com)"
18.118.105.93 - - [13/Mar/2025:20:51:12 +0000] "GET /xmlrpc.php?filesrc=%2Fhome%2Fwebcloude%2Fpublic_html%2Flicense.txt&path=%2Fhome%2Fwebcloude%2Fpublic_html HTTP/2" 200 7997 "-" "Mozilla/5.0 AppleWebKit/537.36 (KHTML, like Gecko; compatible; ClaudeBot/1.0; +claudebot@anthropic.com)"
65.109.31.236 - - [13/Mar/2025:21:31:53 +0000] "POST /wp-cron.php?doing_wp_cron=1741901513.2679839134216308593750 HTTP/1.1" 200 20 "-" "WordPress/6.7.2; https://webcloude.com"
190.92.154.173 - - [13/Mar/2025:21:33:27 +0000] "POST /xmlrpc.php HTTP/2" 200 1754 "https://webcloude.com" "Mozilla/5.0 (Macintosh; Intel Mac OS X 14.3) AppleWebKit/614.31.14 (KHTML, like Gecko) Version/17.0.96 Safari/614.31.14"
